000
CDUS45 KRIW 300738
CLIGEY


CLIMATE REPORT
NATIONAL WEATHER SERVICE RIVERTON WY
138 AM MDT THU JUL 30 2015


...................................

...THE GREYBULL WY CLIMATE SUMMARY FOR JULY 29 2015...

CLIMATE NORMAL PERIOD 1981 TO 2010
CLIMATE RECORD PERIOD 1998 TO 2015


WEATHER ITEM   OBSERVED TIME   RECORD YEAR NORMAL DEPARTURE LAST
                VALUE   (LST)  VALUE       VALUE  FROM      YEAR
                                                  NORMAL
..................................................................
TEMPERATURE (F)
 YESTERDAY
  MAXIMUM         84    449 PM 103    2006  92     -8       82
  MINIMUM         46R   507 AM  53    2009  58    -12       61
  AVERAGE         65                        75    -10       72

PRECIPITATION (IN)
  YESTERDAY        0.00          0.01 2010   0.02  -0.02      T
  MONTH TO DATE    T                         0.63  -0.63     0.21
  SINCE JUN 1      0.25                      1.83  -1.58     1.15
  SINCE JAN 1      1.83                      5.00  -3.17     2.85

DEGREE DAYS
 HEATING
  YESTERDAY        0                         0      0        0
  MONTH TO DATE    3                         1      2        0
  SINCE JUN 1      3                        71    -68       56
  SINCE JUL 1      3                         1      2        0

 COOLING
  YESTERDAY        0                        10    -10        7
  MONTH TO DATE  246                       258    -12      329
  SINCE JUN 1    491                       364    127      378
  SINCE JAN 1    496                       384    112      420
..................................................................


WIND (MPH)
  HIGHEST WIND SPEED     9   HIGHEST WIND DIRECTION     W (260)
  HIGHEST GUST SPEED    14   HIGHEST GUST DIRECTION     E (100)
  AVERAGE WIND SPEED     3.6


SKY COVER
  POSSIBLE SUNSHINE  MM
  AVERAGE SKY COVER 0.0


WEATHER CONDITIONS
 THE FOLLOWING WEATHER WAS RECORDED YESTERDAY.
  NO SIGNIFICANT WEATHER WAS OBSERVED.


RELATIVE HUMIDITY (PERCENT)
 HIGHEST    71           400 AM
 LOWEST     13           400 PM
 AVERAGE    42

..........................................................


THE GREYBULL WY CLIMATE NORMALS FOR TODAY
                         NORMAL    RECORD    YEAR
 MAXIMUM TEMPERATURE (F)   92       101      2000
 MINIMUM TEMPERATURE (F)   58        45      2009


SUNRISE AND SUNSET
JULY 30 2015..........SUNRISE   557 AM MDT   SUNSET   840 PM MDT
JULY 31 2015..........SUNRISE   558 AM MDT   SUNSET   839 PM MDT


-  INDICATES NEGATIVE NUMBERS.
R  INDICATES RECORD WAS SET OR TIED.
MM INDICATES DATA IS MISSING.
T  INDICATES TRACE AMOUNT.




$$
