000
CDUS45 KRIW 310733
CLIGEY


CLIMATE REPORT
NATIONAL WEATHER SERVICE RIVERTON WY
126 AM MDT FRI OCT 31 2014


...................................

...THE GREYBULL WY CLIMATE SUMMARY FOR OCTOBER 30 2014...

CLIMATE NORMAL PERIOD 1981 TO 2010
CLIMATE RECORD PERIOD 1998 TO 2014


WEATHER ITEM   OBSERVED TIME   RECORD YEAR NORMAL DEPARTURE LAST
                VALUE   (LST)  VALUE       VALUE  FROM      YEAR
                                                  NORMAL
..................................................................
TEMPERATURE (F)
 YESTERDAY
  MAXIMUM         64    251 PM  67    2008  54     10       46
  MINIMUM         29    515 AM  10    2002  27      2       28
  AVERAGE         47                        40      7       37

PRECIPITATION (IN)
  YESTERDAY        0.00          0.08 2007   0.01  -0.01     0.00
  MONTH TO DATE    0.01                      0.59  -0.58     1.09
  SINCE SEP 1      0.87                      1.47  -0.60     2.20
  SINCE JAN 1      4.73                      6.92  -2.19     4.82

DEGREE DAYS
 HEATING
  YESTERDAY       18                        25     -7       28
  MONTH TO DATE  377                       564   -187      663
  SINCE SEP 1    529                       774   -245      785
  SINCE JUL 1    556                       795   -239      785

 COOLING
  YESTERDAY        0                         0      0        0
  MONTH TO DATE    0                         0      0        0
  SINCE SEP 1     43                        36      7       96
  SINCE JAN 1    698                       669     29     1005
..................................................................


WIND (MPH)
  HIGHEST WIND SPEED    10   HIGHEST WIND DIRECTION     S (160)
  HIGHEST GUST SPEED    13   HIGHEST GUST DIRECTION     S (160)
  AVERAGE WIND SPEED     3.1


SKY COVER
  POSSIBLE SUNSHINE  MM
  AVERAGE SKY COVER 0.1


WEATHER CONDITIONS
 THE FOLLOWING WEATHER WAS RECORDED YESTERDAY.
  NO SIGNIFICANT WEATHER WAS OBSERVED.


RELATIVE HUMIDITY (PERCENT)
 HIGHEST    69           500 AM
 LOWEST     25           300 PM
 AVERAGE    47

..........................................................


THE GREYBULL WY CLIMATE NORMALS FOR TODAY
                         NORMAL    RECORD    YEAR
 MAXIMUM TEMPERATURE (F)   53        76      1999
 MINIMUM TEMPERATURE (F)   26         9      2006


SUNRISE AND SUNSET
OCTOBER 31 2014.......SUNRISE   748 AM MDT   SUNSET   603 PM MDT
NOVEMBER  1 2014......SUNRISE   750 AM MDT   SUNSET   601 PM MDT


-  INDICATES NEGATIVE NUMBERS.
R  INDICATES RECORD WAS SET OR TIED.
MM INDICATES DATA IS MISSING.
T  INDICATES TRACE AMOUNT.




$$
