000
CDUS45 KRIW 230735
CLIGEY


CLIMATE REPORT
NATIONAL WEATHER SERVICE RIVERTON WY
127 AM MDT SAT AUG 23 2014


...................................

...THE GREYBULL WY CLIMATE SUMMARY FOR AUGUST 22 2014...

CLIMATE NORMAL PERIOD 1981 TO 2010
CLIMATE RECORD PERIOD 1998 TO 2014


WEATHER ITEM   OBSERVED TIME   RECORD YEAR NORMAL DEPARTURE LAST
                VALUE   (LST)  VALUE       VALUE  FROM      YEAR
                                                  NORMAL
..................................................................
TEMPERATURE (F)
 YESTERDAY
  MAXIMUM         71    544 PM  98    2011  88    -17       90
                                      2010
                                      2006
  MINIMUM         56    602 AM  53    2009  53      3       64
                                      2008
                                      2007
  AVERAGE         64                        71     -7       77

PRECIPITATION (IN)
  YESTERDAY        0.24R         0.24 2007   0.02   0.22      T
  MONTH TO DATE    0.54                      0.24   0.30      T
  SINCE JUN 1      1.69                      2.10  -0.41     0.72
  SINCE JAN 1      3.39                      5.27  -1.88     2.62

DEGREE DAYS
 HEATING
  YESTERDAY        1                         0      1        0
  MONTH TO DATE    1                         0      1        0
  SINCE JUN 1     57                        76    -19       36
  SINCE JUL 1      1                         6     -5        0

 COOLING
  YESTERDAY        0                         6     -6       12
  MONTH TO DATE  204                       185     19      217
  SINCE JUN 1    597                       568     29      773
  SINCE JAN 1    639                       588     51      800
..................................................................


WIND (MPH)
  HIGHEST WIND SPEED    20   HIGHEST WIND DIRECTION    NW (300)
  HIGHEST GUST SPEED    24   HIGHEST GUST DIRECTION     W (290)
  AVERAGE WIND SPEED     6.3


SKY COVER
  POSSIBLE SUNSHINE  MM
  AVERAGE SKY COVER 0.6


WEATHER CONDITIONS
 THE FOLLOWING WEATHER WAS RECORDED YESTERDAY.
  THUNDERSTORM
  RAIN
  LIGHT RAIN
  FOG


RELATIVE HUMIDITY (PERCENT)
 HIGHEST   100           500 AM
 LOWEST     53           600 PM
 AVERAGE    77

..........................................................


THE GREYBULL WY CLIMATE NORMALS FOR TODAY
                         NORMAL    RECORD    YEAR
 MAXIMUM TEMPERATURE (F)   88        98      2006
 MINIMUM TEMPERATURE (F)   53        45      2008


SUNRISE AND SUNSET
AUGUST 23 2014........SUNRISE   624 AM MDT   SUNSET   804 PM MDT
AUGUST 24 2014........SUNRISE   626 AM MDT   SUNSET   803 PM MDT


-  INDICATES NEGATIVE NUMBERS.
R  INDICATES RECORD WAS SET OR TIED.
MM INDICATES DATA IS MISSING.
T  INDICATES TRACE AMOUNT.




$$
