000
CDUS45 KRIW 300740
CLIGEY


CLIMATE REPORT
NATIONAL WEATHER SERVICE RIVERTON WY
126 AM MDT SUN AUG 30 2015


...................................

...THE GREYBULL WY CLIMATE SUMMARY FOR AUGUST 29 2015...

CLIMATE NORMAL PERIOD 1981 TO 2010
CLIMATE RECORD PERIOD 1998 TO 2015


WEATHER ITEM   OBSERVED TIME   RECORD YEAR NORMAL DEPARTURE LAST
                VALUE   (LST)  VALUE       VALUE  FROM      YEAR
                                                  NORMAL
..................................................................
TEMPERATURE (F)
 YESTERDAY
  MAXIMUM         97    320 PM 100    2012  85     12       84
  MINIMUM         53    612 AM  46    2005  51      2       57
  AVERAGE         75                        68      7       71

PRECIPITATION (IN)
  YESTERDAY        0.00          T    2010   0.02  -0.02      T
                                      2010
                                      2014
  MONTH TO DATE    0.09                      0.38  -0.29     0.98
  SINCE JUN 1      0.34                      2.24  -1.90     2.13
  SINCE JAN 1      1.92                      5.41  -3.49     3.83

DEGREE DAYS
 HEATING
  YESTERDAY        0                         2     -2        0
  MONTH TO DATE   25                         8     17       24
  SINCE JUN 1     28                        84    -56       80
  SINCE JUL 1     28                        14     14       24

 COOLING
  YESTERDAY       10                         4      6        6
  MONTH TO DATE  218                       221     -3      216
  SINCE JUN 1    725                       604    121      609
  SINCE JAN 1    730                       624    106      651
..................................................................


WIND (MPH)
  HIGHEST WIND SPEED    16   HIGHEST WIND DIRECTION     S (200)
  HIGHEST GUST SPEED    20   HIGHEST GUST DIRECTION     S (170)
  AVERAGE WIND SPEED     5.7


SKY COVER
  POSSIBLE SUNSHINE  MM
  AVERAGE SKY COVER 0.0


WEATHER CONDITIONS
 THE FOLLOWING WEATHER WAS RECORDED YESTERDAY.
  NO SIGNIFICANT WEATHER WAS OBSERVED.


RELATIVE HUMIDITY (PERCENT)
 HIGHEST    54           600 AM
 LOWEST      9           300 PM
 AVERAGE    32

..........................................................


THE GREYBULL WY CLIMATE NORMALS FOR TODAY
                         NORMAL    RECORD    YEAR
 MAXIMUM TEMPERATURE (F)   85        98      1999
 MINIMUM TEMPERATURE (F)   50        43      2005


SUNRISE AND SUNSET
AUGUST 30 2015........SUNRISE   632 AM MDT   SUNSET   753 PM MDT
AUGUST 31 2015........SUNRISE   634 AM MDT   SUNSET   751 PM MDT


-  INDICATES NEGATIVE NUMBERS.
R  INDICATES RECORD WAS SET OR TIED.
MM INDICATES DATA IS MISSING.
T  INDICATES TRACE AMOUNT.




$$
