000
CDUS45 KRIW 230729
CLIGEY


CLIMATE REPORT
NATIONAL WEATHER SERVICE RIVERTON WY
128 AM MDT SUN APR 23 2017


...................................

...THE GREYBULL WY CLIMATE SUMMARY FOR APRIL 22 2017...

CLIMATE NORMAL PERIOD 1981 TO 2010
CLIMATE RECORD PERIOD 1998 TO 2017


WEATHER ITEM   OBSERVED TIME   RECORD YEAR NORMAL DEPARTURE LAST
                VALUE   (LST)  VALUE       VALUE  FROM      YEAR
                                                  NORMAL
..................................................................
TEMPERATURE (F)
 YESTERDAY
  MAXIMUM         57    521 PM  84    2016  63     -6       84
  MINIMUM         37    450 AM  19    2008  34      3       44
  AVERAGE         47                        48     -1       64

PRECIPITATION (IN)
  YESTERDAY        0.00          0.04 2003   0.03  -0.03     0.00
  MONTH TO DATE    0.42                      0.47  -0.05     0.25
  SINCE MAR 1      0.72                      0.87  -0.15     0.61
  SINCE JAN 1      0.93                      1.28  -0.35     0.72

DEGREE DAYS
 HEATING
  YESTERDAY       18                        17      1        1
  MONTH TO DATE  372                       436    -64      305
  SINCE MAR 1   1016                      1307   -291     1053
  SINCE JUL 1   7057                      7278   -221     6206

 COOLING
  YESTERDAY        0                         0      0        0
  MONTH TO DATE    0                         0      0        0
  SINCE MAR 1      0                         0      0        0
  SINCE JAN 1      0                         0      0        0
..................................................................


WIND (MPH)
  HIGHEST WIND SPEED    23   HIGHEST WIND DIRECTION    SE (150)
  HIGHEST GUST SPEED    28   HIGHEST GUST DIRECTION    SE (130)
  AVERAGE WIND SPEED     9.1


SKY COVER
  POSSIBLE SUNSHINE  MM
  AVERAGE SKY COVER 0.5


WEATHER CONDITIONS
 THE FOLLOWING WEATHER WAS RECORDED YESTERDAY.
  NO SIGNIFICANT WEATHER WAS OBSERVED.


RELATIVE HUMIDITY (PERCENT)
 HIGHEST    92           400 AM
 LOWEST     43           400 PM
 AVERAGE    68

..........................................................


THE GREYBULL WY CLIMATE NORMALS FOR TODAY
                         NORMAL    RECORD    YEAR
 MAXIMUM TEMPERATURE (F)   63        88      2012
 MINIMUM TEMPERATURE (F)   35        14      2013


SUNRISE AND SUNSET
APRIL 23 2017.........SUNRISE   614 AM MDT   SUNSET   807 PM MDT
APRIL 24 2017.........SUNRISE   613 AM MDT   SUNSET   809 PM MDT


-  INDICATES NEGATIVE NUMBERS.
R  INDICATES RECORD WAS SET OR TIED.
MM INDICATES DATA IS MISSING.
T  INDICATES TRACE AMOUNT.




$$
