000
CDUS43 KIND 200531
CLIGEZ


CLIMATE REPORT
NATIONAL WEATHER SERVICE INDIANAPOLIS IN
1231 AM EST MON NOV 20 2017


...................................

...THE SHELBYVILLE IN CLIMATE SUMMARY FOR NOVEMBER 19 2017...

CLIMATE NORMAL PERIOD 1981 TO 2010
CLIMATE RECORD PERIOD 9999 TO 9999


WEATHER ITEM   OBSERVED TIME   NORMAL DEPARTURE LAST
                VALUE   (LST)  VALUE  FROM      YEAR
                                      NORMAL
......................................................
TEMPERATURE (F)
 YESTERDAY
  MAXIMUM         40    221 AM  52    -12       46
  MINIMUM         26   1159 PM  33     -7       34
  AVERAGE         33            42     -9       40

PRECIPITATION (IN)
  YESTERDAY        0.00          0.13  -0.13      T
  MONTH TO DATE    6.46          2.36   4.10     0.74
  SINCE SEP 1     13.04          8.64   4.40     6.61
  SINCE JAN 1     45.93         38.92   7.01    39.80

DEGREE DAYS
 HEATING
  YESTERDAY       32            23      9       25
  MONTH TO DATE  344           360    -16      260
  SINCE SEP 1    648           789   -141      430
  SINCE JUL 1    648           795   -147      432

 COOLING
  YESTERDAY        0             0      0        0
  MONTH TO DATE    0             0      0        7
  SINCE SEP 1    196           107     89      291
  SINCE JAN 1   1132           913    219     1470
......................................................


WIND (MPH)
  HIGHEST WIND SPEED    24   HIGHEST WIND DIRECTION    NW (300)
  HIGHEST GUST SPEED    31   HIGHEST GUST DIRECTION    NW (300)
  AVERAGE WIND SPEED    11.7


SKY COVER
  AVERAGE SKY COVER 0.7


WEATHER CONDITIONS
 THE FOLLOWING WEATHER WAS RECORDED YESTERDAY.
  NO SIGNIFICANT WEATHER WAS OBSERVED.


RELATIVE HUMIDITY (PERCENT)
 HIGHEST    81          1000 PM
 LOWEST     56           400 PM
 AVERAGE    69

..........................................................


THE SHELBYVILLE IN CLIMATE NORMALS FOR TODAY
                         NORMAL
 MAXIMUM TEMPERATURE (F)   51
 MINIMUM TEMPERATURE (F)   33


SUNRISE AND SUNSET
NOVEMBER 20 2017......SUNRISE   733 AM EST   SUNSET   524 PM EST
NOVEMBER 21 2017......SUNRISE   734 AM EST   SUNSET   524 PM EST


-  INDICATES NEGATIVE NUMBERS.
R  INDICATES RECORD WAS SET OR TIED.
MM INDICATES DATA IS MISSING.
T  INDICATES TRACE AMOUNT.




$$
