932
CDUS43 KIND 100532
CLIGEZ


CLIMATE REPORT
NATIONAL WEATHER SERVICE INDIANAPOLIS IN
1232 AM EST WED FEB 10 2016


...................................

...THE SHELBYVILLE IN CLIMATE SUMMARY FOR FEBRUARY 9 2016...

CLIMATE NORMAL PERIOD 1981 TO 2010
CLIMATE RECORD PERIOD 9999 TO 9999


WEATHER ITEM   OBSERVED TIME   NORMAL DEPARTURE LAST
                VALUE   (LST)  VALUE  FROM      YEAR
                                      NORMAL
......................................................
TEMPERATURE (F)
 YESTERDAY
  MAXIMUM         24    419 PM  38    -14       41
  MINIMUM         16   1153 PM  22     -6       28
  AVERAGE         20            30    -10       35

PRECIPITATION (IN)
  YESTERDAY        T             0.09  -0.09     0.00
  MONTH TO DATE    1.14          0.75   0.39     0.42
  SINCE DEC 1      8.66          6.41   2.25     5.32
  SINCE JAN 1      2.50          3.14  -0.64     2.34

DEGREE DAYS
 HEATING
  YESTERDAY       45            35     10       30
  MONTH TO DATE  257           318    -61      294
  SINCE DEC 1   1895          2472   -577     2322
  SINCE JUL 1   2622          3547   -925     3506

 COOLING
  YESTERDAY        0             0      0        0
  MONTH TO DATE    0             0      0        0
  SINCE DEC 1      1             0      1        0
  SINCE JAN 1      0             0      0        0
......................................................


WIND (MPH)
  HIGHEST WIND SPEED    20   HIGHEST WIND DIRECTION     W (270)
  HIGHEST GUST SPEED    24   HIGHEST GUST DIRECTION     W (280)
  AVERAGE WIND SPEED    14.0


SKY COVER
  AVERAGE SKY COVER 0.9


WEATHER CONDITIONS
 THE FOLLOWING WEATHER WAS RECORDED YESTERDAY.
  LIGHT SNOW
  FOG
  HAZE


RELATIVE HUMIDITY (PERCENT)
 HIGHEST    84           400 AM
 LOWEST     67           800 PM
 AVERAGE    76

..........................................................


THE SHELBYVILLE IN CLIMATE NORMALS FOR TODAY
                         NORMAL
 MAXIMUM TEMPERATURE (F)   38
 MINIMUM TEMPERATURE (F)   23


SUNRISE AND SUNSET
FEBRUARY 10 2016......SUNRISE   742 AM EST   SUNSET   613 PM EST
FEBRUARY 11 2016......SUNRISE   741 AM EST   SUNSET   614 PM EST


-  INDICATES NEGATIVE NUMBERS.
R  INDICATES RECORD WAS SET OR TIED.
MM INDICATES DATA IS MISSING.
T  INDICATES TRACE AMOUNT.




$$
