000
CDUS43 KIND 230532
CLIGEZ


CLIMATE REPORT
NATIONAL WEATHER SERVICE INDIANAPOLIS IN
132 AM EDT SUN APR 23 2017


...................................

...THE SHELBYVILLE IN CLIMATE SUMMARY FOR APRIL 22 2017...

CLIMATE NORMAL PERIOD 1981 TO 2010
CLIMATE RECORD PERIOD 9999 TO 9999


WEATHER ITEM   OBSERVED TIME   NORMAL DEPARTURE LAST
                VALUE   (LST)  VALUE  FROM      YEAR
                                      NORMAL
......................................................
TEMPERATURE (F)
 YESTERDAY
  MAXIMUM         59    611 PM  66     -7       69
  MINIMUM         46   1159 PM  44      2       50
  AVERAGE         53            55     -2       60

PRECIPITATION (IN)
  YESTERDAY        0.00          0.15  -0.15     0.25
  MONTH TO DATE    1.28          2.90  -1.62     2.96
  SINCE MAR 1      4.96          6.33  -1.37     7.71
  SINCE JAN 1     10.40         11.08  -0.68    12.35

DEGREE DAYS
 HEATING
  YESTERDAY       12            10      2        5
  MONTH TO DATE  157           304   -147      289
  SINCE MAR 1    781          1024   -243      736
  SINCE JUL 1   3964          5187  -1223     3905

 COOLING
  YESTERDAY        0             0      0        0
  MONTH TO DATE   40             0     40        8
  SINCE MAR 1     44             1     43        8
  SINCE JAN 1     44             1     43        8
......................................................


WIND (MPH)
  HIGHEST WIND SPEED    24   HIGHEST WIND DIRECTION    NE (60)
  HIGHEST GUST SPEED    29   HIGHEST GUST DIRECTION    NE (60)
  AVERAGE WIND SPEED    12.9


SKY COVER
  AVERAGE SKY COVER 0.2


WEATHER CONDITIONS
 THE FOLLOWING WEATHER WAS RECORDED YESTERDAY.
  NO SIGNIFICANT WEATHER WAS OBSERVED.


RELATIVE HUMIDITY (PERCENT)
 HIGHEST    71          1200 AM
 LOWEST     43           600 PM
 AVERAGE    57

..........................................................


THE SHELBYVILLE IN CLIMATE NORMALS FOR TODAY
                         NORMAL
 MAXIMUM TEMPERATURE (F)   66
 MINIMUM TEMPERATURE (F)   45


SUNRISE AND SUNSET
APRIL 23 2017.........SUNRISE   654 AM EDT   SUNSET   829 PM EDT
APRIL 24 2017.........SUNRISE   653 AM EDT   SUNSET   830 PM EDT


-  INDICATES NEGATIVE NUMBERS.
R  INDICATES RECORD WAS SET OR TIED.
MM INDICATES DATA IS MISSING.
T  INDICATES TRACE AMOUNT.




$$
