000
CDUS43 KIND 250541
CLIGEZ


CLIMATE REPORT
NATIONAL WEATHER SERVICE INDIANAPOLIS IN
140 AM EDT MON SEP 25 2017


...................................

...THE SHELBYVILLE IN CLIMATE SUMMARY FOR SEPTEMBER 24 2017...

CLIMATE NORMAL PERIOD 1981 TO 2010
CLIMATE RECORD PERIOD 9999 TO 9999


WEATHER ITEM   OBSERVED TIME   NORMAL DEPARTURE LAST
                VALUE   (LST)  VALUE  FROM      YEAR
                                      NORMAL
......................................................
TEMPERATURE (F)
 YESTERDAY
  MAXIMUM         93    345 PM  75     18       87
  MINIMUM         63   1159 PM  50     13       67
  AVERAGE         78            62     16       77

PRECIPITATION (IN)
  YESTERDAY        0.00          0.09  -0.09     0.00
  MONTH TO DATE    1.76          2.52  -0.76     2.51
  SINCE SEP 1      1.76          2.52  -0.76     2.51
  SINCE JAN 1     34.65         32.80   1.85    35.70

DEGREE DAYS
 HEATING
  YESTERDAY        0             4     -4        0
  MONTH TO DATE   41            44     -3        0
  SINCE SEP 1     41            44     -3        0
  SINCE JUL 1     41            50     -9        2

 COOLING
  YESTERDAY       13             2     11       12
  MONTH TO DATE  117            85     32      208
  SINCE SEP 1    117            85     32      208
  SINCE JAN 1   1053           891    162     1387
......................................................


WIND (MPH)
  HIGHEST WIND SPEED    12   HIGHEST WIND DIRECTION     E (110)
  HIGHEST GUST SPEED    20   HIGHEST GUST DIRECTION    SE (120)
  AVERAGE WIND SPEED     5.6


SKY COVER
  AVERAGE SKY COVER 0.0


WEATHER CONDITIONS
 THE FOLLOWING WEATHER WAS RECORDED YESTERDAY.
  NO SIGNIFICANT WEATHER WAS OBSERVED.


RELATIVE HUMIDITY (PERCENT)
 HIGHEST    87           200 AM
 LOWEST     26           400 PM
 AVERAGE    57

..........................................................


THE SHELBYVILLE IN CLIMATE NORMALS FOR TODAY
                         NORMAL
 MAXIMUM TEMPERATURE (F)   74
 MINIMUM TEMPERATURE (F)   49


SUNRISE AND SUNSET
SEPTEMBER 25 2017.....SUNRISE   734 AM EDT   SUNSET   735 PM EDT
SEPTEMBER 26 2017.....SUNRISE   735 AM EDT   SUNSET   733 PM EDT


-  INDICATES NEGATIVE NUMBERS.
R  INDICATES RECORD WAS SET OR TIED.
MM INDICATES DATA IS MISSING.
T  INDICATES TRACE AMOUNT.




$$
