000
CDUS43 KFGF 280638
CLIGFK


CLIMATE REPORT
NATIONAL WEATHER SERVICE EASTERN NORTH DAKOTA/GRAND FORKS
1237 AM CST WED JAN 28 2015


...................................

...THE GRAND FORKS INTL AP ND CLIMATE SUMMARY FOR JANUARY 27 2015...

CLIMATE NORMAL PERIOD 1981 TO 2010
CLIMATE RECORD PERIOD 1941 TO 2015


WEATHER ITEM   OBSERVED TIME   RECORD YEAR NORMAL DEPARTURE LAST
                VALUE   (LST)  VALUE       VALUE  FROM      YEAR
                                                  NORMAL
..................................................................
TEMPERATURE (F)
 YESTERDAY
  MAXIMUM         33   1159 PM  41    1990  17     16       -9
  MINIMUM         25    524 AM -31    2004  -3     28      -22
                                      1966
  AVERAGE         29                         7     22      -15

PRECIPITATION (IN)
  YESTERDAY        0.00          0.34 1956   0.01  -0.01     0.00
  MONTH TO DATE    0.42                      0.48  -0.06     0.66
  SINCE DEC 1      0.64                      1.09  -0.45     1.48
  SINCE JAN 1      0.42                      0.48  -0.06     0.66

SNOWFALL (IN)
  YESTERDAY        0.0           4.6  1956   0.3   -0.3      0.0
  MONTH TO DATE    3.8                       9.5   -5.7     15.9
  SINCE DEC 1      5.6                      20.2  -14.6     38.7
  SINCE JUL 1      9.6                      29.4  -19.8     40.3
  SNOW DEPTH       T

DEGREE DAYS
 HEATING
  YESTERDAY       36                        58    -22       80
  MONTH TO DATE 1431                      1579   -148     1706
  SINCE DEC 1   2883                      3239   -356     3714
  SINCE JUL 1   5027                      5438   -411     5825

 COOLING
  YESTERDAY        0                         0      0        0
  MONTH TO DATE    0                         0      0        0
  SINCE DEC 1      0                         0      0        0
  SINCE JAN 1      0                         0      0        0
..................................................................


WIND (MPH)
  HIGHEST WIND SPEED    21   HIGHEST WIND DIRECTION     S (180)
  HIGHEST GUST SPEED    30   HIGHEST GUST DIRECTION     S (180)
  AVERAGE WIND SPEED    12.5


SKY COVER
  POSSIBLE SUNSHINE  MM
  AVERAGE SKY COVER 1.0


WEATHER CONDITIONS
 THE FOLLOWING WEATHER WAS RECORDED YESTERDAY.
  FOG
  FOG W/VISIBILITY <= 1/4 MILE


RELATIVE HUMIDITY (PERCENT)
 HIGHEST   100          1200 AM
 LOWEST     85           500 PM
 AVERAGE    93

..........................................................


THE GRAND FORKS INTL AP ND CLIMATE NORMALS FOR TODAY
                         NORMAL    RECORD    YEAR
 MAXIMUM TEMPERATURE (F)   18        38      1942
 MINIMUM TEMPERATURE (F)   -3       -37      2004


SUNRISE AND SUNSET
JANUARY 28 2015.......SUNRISE   801 AM CST   SUNSET   522 PM CST
JANUARY 29 2015.......SUNRISE   800 AM CST   SUNSET   524 PM CST


-  INDICATES NEGATIVE NUMBERS.
R  INDICATES RECORD WAS SET OR TIED.
MM INDICATES DATA IS MISSING.
T  INDICATES TRACE AMOUNT.




$$
