000
CDUS43 KFGF 252158
CLIGFK


CLIMATE REPORT
NATIONAL WEATHER SERVICE EASTERN NORTH DAKOTA/GRAND FORKS
458 PM CDT MON MAY 25 2015


...................................

...THE GRAND FORKS INTL AP ND CLIMATE SUMMARY FOR MAY 25 2015...
VALID TODAY AS OF 0400 PM LOCAL TIME.

CLIMATE NORMAL PERIOD 1981 TO 2010
CLIMATE RECORD PERIOD 1941 TO 2015


WEATHER ITEM   OBSERVED TIME   RECORD YEAR NORMAL DEPARTURE LAST
                VALUE   (LST)  VALUE       VALUE  FROM      YEAR
                                                  NORMAL
..................................................................
TEMPERATURE (F)
 TODAY
  MAXIMUM         74    259 PM  90    1978  71      3       86
                                      1959
  MINIMUM         53    323 AM  29    1893  45      8       59
  AVERAGE         64                        58      6       73

PRECIPITATION (IN)
  TODAY            0.00          0.78 1926   0.09  -0.09     0.22
  MONTH TO DATE    3.80                      2.08   1.72     1.97
  SINCE MAR 1      4.84                      4.05   0.79     5.52
  SINCE JAN 1      5.66                      5.12   0.54     6.59

SNOWFALL (IN)
  TODAY            0.0          MM      MM   0.0    0.0      0.0
  MONTH TO DATE    T                         0.1   -0.1      0.0
  SINCE MAR 1      2.7                      10.2   -7.5     14.6
  SINCE JUL 1     17.0                      47.4  -30.4     60.3
  SNOW DEPTH       0

DEGREE DAYS
 HEATING
  TODAY            1                         8     -7        0
  MONTH TO DATE  327                       292     35      366
  SINCE MAR 1   1985                      2220   -235     2645
  SINCE JUL 1   8902                      9370   -468    10540

 COOLING
  TODAY            0                         1     -1        8
  MONTH TO DATE    0                        10    -10       19
  SINCE MAR 1      0                        11    -11       19
  SINCE JAN 1      0                        11    -11       19
..................................................................


WIND (MPH)
  HIGHEST WIND SPEED    12   HIGHEST WIND DIRECTION    NW (320)
  HIGHEST GUST SPEED    14   HIGHEST GUST DIRECTION     W (280)
  AVERAGE WIND SPEED     4.8


SKY COVER
  POSSIBLE SUNSHINE  MM
  AVERAGE SKY COVER 0.8


WEATHER CONDITIONS
 THE FOLLOWING WEATHER WAS RECORDED TODAY.
  NO SIGNIFICANT WEATHER WAS OBSERVED.


RELATIVE HUMIDITY (PERCENT)
 HIGHEST    93           300 AM
 LOWEST     44           200 PM
 AVERAGE    69

..........................................................


THE GRAND FORKS INTL AP ND CLIMATE NORMALS FOR TOMORROW
                         NORMAL    RECORD    YEAR
 MAXIMUM TEMPERATURE (F)   71        92      1931
 MINIMUM TEMPERATURE (F)   45        29      1984
                                             1961


SUNRISE AND SUNSET
MAY 25 2015...........SUNRISE   539 AM CDT   SUNSET   913 PM CDT
MAY 26 2015...........SUNRISE   538 AM CDT   SUNSET   914 PM CDT


-  INDICATES NEGATIVE NUMBERS.
R  INDICATES RECORD WAS SET OR TIED.
MM INDICATES DATA IS MISSING.
T  INDICATES TRACE AMOUNT.




$$
