000
CDUS43 KFGF 260657
CLIGFK


CLIMATE REPORT
NATIONAL WEATHER SERVICE EASTERN NORTH DAKOTA/GRAND FORKS
157 AM CDT WED APR 26 2017


...................................

...THE GRAND FORKS INTL AP ND CLIMATE SUMMARY FOR APRIL 25 2017...

CLIMATE NORMAL PERIOD 1981 TO 2010
CLIMATE RECORD PERIOD 1941 TO 2017


WEATHER ITEM   OBSERVED TIME   RECORD YEAR NORMAL DEPARTURE LAST
                VALUE   (LST)  VALUE       VALUE  FROM      YEAR
                                                  NORMAL
..................................................................
TEMPERATURE (F)
 YESTERDAY
  MAXIMUM         38    520 PM  81    1977  60    -22       44
  MINIMUM         32    701 AM  18    1958  34     -2       38
  AVERAGE         35                        47    -12       41

PRECIPITATION (IN)
  YESTERDAY        0.00          0.58 1960   0.05  -0.05     0.45
  MONTH TO DATE    1.23                      0.77   0.46     1.56
  SINCE MAR 1      2.08                      1.73   0.35     2.11
  SINCE JAN 1      2.93                      2.80   0.13     2.69

SNOWFALL (IN)
  YESTERDAY        0.0           3.0  1960   0.1   -0.1      0.0
  MONTH TO DATE    0.9                       2.4   -1.5      0.3
  SINCE MAR 1      1.1                       9.6   -8.5      2.5
  SINCE JUL 1     39.4                      46.8   -7.4     28.4
  SNOW DEPTH       0

DEGREE DAYS
 HEATING
  YESTERDAY       30                        18     12       24
  MONTH TO DATE  505                       610   -105      636
  SINCE MAR 1   1660                      1845   -185     1525
  SINCE JUL 1   7629                      8995  -1366     7504

 COOLING
  YESTERDAY        0                         0      0        0
  MONTH TO DATE    0                         0      0        0
  SINCE MAR 1      0                         0      0        0
  SINCE JAN 1      0                         0      0        0
..................................................................


WIND (MPH)
  HIGHEST WIND SPEED    31   HIGHEST WIND DIRECTION     N (10)
  HIGHEST GUST SPEED    38   HIGHEST GUST DIRECTION     N (360)
  AVERAGE WIND SPEED    22.2


SKY COVER
  POSSIBLE SUNSHINE  MM
  AVERAGE SKY COVER 1.0


WEATHER CONDITIONS
 THE FOLLOWING WEATHER WAS RECORDED YESTERDAY.
  NO SIGNIFICANT WEATHER WAS OBSERVED.


RELATIVE HUMIDITY (PERCENT)
 HIGHEST    92           300 AM
 LOWEST     70           400 PM
 AVERAGE    81

..........................................................


THE GRAND FORKS INTL AP ND CLIMATE NORMALS FOR TODAY
                         NORMAL    RECORD    YEAR
 MAXIMUM TEMPERATURE (F)   61        90      1952
 MINIMUM TEMPERATURE (F)   34        18      2002


SUNRISE AND SUNSET
APRIL 26 2017.........SUNRISE   619 AM CDT   SUNSET   835 PM CDT
APRIL 27 2017.........SUNRISE   617 AM CDT   SUNSET   837 PM CDT


-  INDICATES NEGATIVE NUMBERS.
R  INDICATES RECORD WAS SET OR TIED.
MM INDICATES DATA IS MISSING.
T  INDICATES TRACE AMOUNT.




$$
