000
CDUS43 KFGF 212330
CLIGFK


CLIMATE REPORT
NATIONAL WEATHER SERVICE EASTERN NORTH DAKOTA/GRAND FORKS
506 PM CST TUE NOV 21 2017


...................................

...THE GRAND FORKS INTL AP ND CLIMATE SUMMARY FOR NOVEMBER 21 2017...
VALID TODAY AS OF 0400 PM LOCAL TIME.

CLIMATE NORMAL PERIOD 1981 TO 2010
CLIMATE RECORD PERIOD 1948 TO 2017


WEATHER ITEM   OBSERVED TIME   RECORD YEAR NORMAL DEPARTURE LAST
                VALUE   (LST)  VALUE       VALUE  FROM      YEAR
                                                  NORMAL
..................................................................
TEMPERATURE (F)
 TODAY
  MAXIMUM         22    321 PM  60    2006  31     -9       38
  MINIMUM         12    826 AM -15    1985  14     -2       19
  AVERAGE         17                        23     -6       29

PRECIPITATION (IN)
  TODAY            T             0.20 1973   0.03  -0.03      T
  MONTH TO DATE    0.83                      0.75   0.08     0.01
  SINCE SEP 1      5.40                      4.77   0.63     5.27
  SINCE JAN 1     16.45                     20.00  -3.55    23.79

SNOWFALL (IN)
  TODAY           MM             2.0  1973   0.3   MM        0.0
  MONTH TO DATE    4.1                       4.8   -0.7      0.0
  SINCE SEP 1      4.3                       6.3   -2.0      0.0
  SINCE JUL 1      4.3                       6.3   -2.0      0.0
  SNOW DEPTH       3

DEGREE DAYS
 HEATING
  TODAY           48                        42      6       36
  MONTH TO DATE  915                       761    154      456
  SINCE SEP 1   1658                      1710    -52     1180
  SINCE JUL 1   1677                      1792   -115     1208

 COOLING
  TODAY            0                         0      0        0
  MONTH TO DATE    0                         0      0        0
  SINCE SEP 1     36                        27      9       30
  SINCE JAN 1    411                       379     32      434
..................................................................


WIND (MPH)
  HIGHEST WIND SPEED    32   HIGHEST WIND DIRECTION    NW (330)
  HIGHEST GUST SPEED    45   HIGHEST GUST DIRECTION     N (340)
  AVERAGE WIND SPEED    21.1


SKY COVER
  POSSIBLE SUNSHINE  MM
  AVERAGE SKY COVER 0.6


WEATHER CONDITIONS
 THE FOLLOWING WEATHER WAS RECORDED TODAY.
  LIGHT SNOW
  FOG


RELATIVE HUMIDITY (PERCENT)
 HIGHEST    84           900 AM
 LOWEST     62           200 PM
 AVERAGE    73

..........................................................


THE GRAND FORKS INTL AP ND CLIMATE NORMALS FOR TOMORROW
                         NORMAL    RECORD    YEAR
 MAXIMUM TEMPERATURE (F)   31        62      2006
 MINIMUM TEMPERATURE (F)   13       -12      1977


SUNRISE AND SUNSET
NOVEMBER 21 2017......SUNRISE   744 AM CST   SUNSET   445 PM CST
NOVEMBER 22 2017......SUNRISE   746 AM CST   SUNSET   444 PM CST


-  INDICATES NEGATIVE NUMBERS.
R  INDICATES RECORD WAS SET OR TIED.
MM INDICATES DATA IS MISSING.
T  INDICATES TRACE AMOUNT.




$$
