388
CDUS43 KFGF 090635
CLIGFK


CLIMATE REPORT
NATIONAL WEATHER SERVICE EASTERN NORTH DAKOTA/GRAND FORKS
1234 AM CST FRI DEC 9 2016


...................................

...THE GRAND FORKS INTL AP ND CLIMATE SUMMARY FOR DECEMBER 8 2016...

CLIMATE NORMAL PERIOD 1981 TO 2010
CLIMATE RECORD PERIOD 1941 TO 2016


WEATHER ITEM   OBSERVED TIME   RECORD YEAR NORMAL DEPARTURE LAST
                VALUE   (LST)  VALUE       VALUE  FROM      YEAR
                                                  NORMAL
..................................................................
TEMPERATURE (F)
 YESTERDAY
  MAXIMUM         19    116 AM  53    1990  23     -4       41
  MINIMUM          8   1159 PM -26    2007   5      3       23
  AVERAGE         14                        14      0       32

PRECIPITATION (IN)
  YESTERDAY        0.03          0.30 1945   0.02   0.01      T
  MONTH TO DATE    0.70                      0.16   0.54     0.26
  SINCE DEC 1      0.70                      0.16   0.54     0.26
  SINCE JAN 1     25.82                     20.36   5.46    20.51

SNOWFALL (IN)
  YESTERDAY        0.8           4.3  1995   0.3    0.5       T
  MONTH TO DATE   17.6                       2.6   15.0      4.3
  SINCE DEC 1     17.6                       2.6   15.0      4.3
  SINCE JUL 1     18.7                      11.8    6.9      7.0
  SNOW DEPTH       9

DEGREE DAYS
 HEATING
  YESTERDAY       51                        51      0       33
  MONTH TO DATE  311                       396    -85      302
  SINCE DEC 1    311                       396    -85      302
  SINCE JUL 1   1779                      2595   -816     1967

 COOLING
  YESTERDAY        0                         0      0        0
  MONTH TO DATE    0                         0      0        0
  SINCE DEC 1      0                         0      0        0
  SINCE JAN 1    434                       379     55      476
..................................................................


WIND (MPH)
  HIGHEST WIND SPEED    28   HIGHEST WIND DIRECTION    NW (330)
  HIGHEST GUST SPEED    32   HIGHEST GUST DIRECTION    NW (330)
  AVERAGE WIND SPEED    17.3


SKY COVER
  POSSIBLE SUNSHINE  MM
  AVERAGE SKY COVER 1.0


WEATHER CONDITIONS
 THE FOLLOWING WEATHER WAS RECORDED YESTERDAY.
  LIGHT SNOW
  FOG
  BLOWING SNOW


RELATIVE HUMIDITY (PERCENT)
 HIGHEST    84          1200 AM
 LOWEST     73           200 PM
 AVERAGE    79

..........................................................


THE GRAND FORKS INTL AP ND CLIMATE NORMALS FOR TODAY
                         NORMAL    RECORD    YEAR
 MAXIMUM TEMPERATURE (F)   22        56      1990
 MINIMUM TEMPERATURE (F)    5       -28      1977


SUNRISE AND SUNSET
DECEMBER  9 2016......SUNRISE   807 AM CST   SUNSET   436 PM CST
DECEMBER 10 2016......SUNRISE   808 AM CST   SUNSET   436 PM CST


-  INDICATES NEGATIVE NUMBERS.
R  INDICATES RECORD WAS SET OR TIED.
MM INDICATES DATA IS MISSING.
T  INDICATES TRACE AMOUNT.




$$
