000
CDUS41 KALY 290623
CLIGFL


CLIMATE REPORT
NATIONAL WEATHER SERVICE ALBANY NY
222 AM EDT FRI MAY 29 2015


...................................

...THE GLENS FALLS NY CLIMATE SUMMARY FOR MAY 28 2015...

CLIMATE NORMAL PERIOD 1981 TO 2010
CLIMATE RECORD PERIOD 1949 TO 2015


WEATHER ITEM   OBSERVED TIME   RECORD YEAR NORMAL DEPARTURE LAST
                VALUE   (LST)  VALUE       VALUE  FROM      YEAR
                                                  NORMAL
..................................................................
TEMPERATURE (F)
 YESTERDAY
  MAXIMUM         80   1225 PM  88    1988  72      8       58
  MINIMUM         58   1159 PM  34    2008  47     11       47
  AVERAGE         69                        59     10       53

PRECIPITATION (IN)
  YESTERDAY        0.00          0.96 1984   0.11  -0.11      T
  MONTH TO DATE    1.47                      3.26  -1.79     2.72
  SINCE MAR 1      4.12                      9.20  -5.08     8.26
  SINCE JAN 1      6.17                     14.14  -7.97    12.79

DEGREE DAYS
 HEATING
  YESTERDAY        0                         7     -7       12
  MONTH TO DATE  128                       292   -164      199
  SINCE MAR 1   1910                      1948    -38     2103
  SINCE JUL 1   7591                      7568     23     7872

 COOLING
  YESTERDAY        4                         1      3        0
  MONTH TO DATE   68                         5     63       20
  SINCE MAR 1     68                         6     62       20
  SINCE JAN 1     68                         6     62       20
..................................................................


WIND (MPH)
  HIGHEST WIND SPEED    24   HIGHEST WIND DIRECTION     W (290)
  HIGHEST GUST SPEED    32   HIGHEST GUST DIRECTION     W (290)
  AVERAGE WIND SPEED     8.8


SKY COVER
  AVERAGE SKY COVER 0.7



RELATIVE HUMIDITY (PERCENT)
 HIGHEST    93           200 AM
 LOWEST     47           200 PM
 AVERAGE    70

..........................................................


THE GLENS FALLS NY CLIMATE NORMALS FOR TODAY
                         NORMAL    RECORD    YEAR
 MAXIMUM TEMPERATURE (F)   72        88      2012
 MINIMUM TEMPERATURE (F)   47        30      1967


SUNRISE AND SUNSET
MAY 29 2015...........SUNRISE   519 AM EDT   SUNSET   825 PM EDT
MAY 30 2015...........SUNRISE   518 AM EDT   SUNSET   826 PM EDT


-  INDICATES NEGATIVE NUMBERS.
R  INDICATES RECORD WAS SET OR TIED.
MM INDICATES DATA IS MISSING.
T  INDICATES TRACE AMOUNT.




$$
