000
CDUS41 KALY 230624
CLIGFL


CLIMATE REPORT
NATIONAL WEATHER SERVICE ALBANY NY
123 AM EST TUE JAN 23 2018


...................................

...THE GLENS FALLS NY CLIMATE SUMMARY FOR JANUARY 22 2018...

CLIMATE NORMAL PERIOD 1981 TO 2010
CLIMATE RECORD PERIOD 1949 TO 2018


WEATHER ITEM   OBSERVED TIME   RECORD YEAR NORMAL DEPARTURE LAST
                VALUE   (LST)  VALUE       VALUE  FROM      YEAR
                                                  NORMAL
..................................................................
TEMPERATURE (F)
 YESTERDAY
  MAXIMUM         32    326 AM  54    1959  28      4       41
  MINIMUM         28    725 PM -25    1984   7     21       31
  AVERAGE         30                        17     13       36

PRECIPITATION (IN)
  YESTERDAY        0.02          0.98 1958   0.10  -0.08     0.08
  MONTH TO DATE    1.51                      2.04  -0.53     1.22
  SINCE DEC 1      3.83                      5.09  -1.26     4.09
  SINCE JAN 1      1.51                      2.04  -0.53     1.22

DEGREE DAYS
 HEATING
  YESTERDAY       35                        48    -13       29
  MONTH TO DATE 1079                      1036     43      806
  SINCE DEC 1   2453                      2276    177     1951
  SINCE JUL 1   3864                      3974   -110     3267

 COOLING
  YESTERDAY        0                         0      0        0
  MONTH TO DATE    0                         0      0        0
  SINCE DEC 1      0                         0      0        0
  SINCE JAN 1      0                         0      0        0
..................................................................


WIND (MPH)
  HIGHEST WIND SPEED    12   HIGHEST WIND DIRECTION     E (70)
  HIGHEST GUST SPEED    13   HIGHEST GUST DIRECTION     E (70)
  AVERAGE WIND SPEED     4.0


SKY COVER
  AVERAGE SKY COVER 1.0



RELATIVE HUMIDITY (PERCENT)
 HIGHEST   100          1200 AM
 LOWEST     78          1100 AM
 AVERAGE    89

..........................................................


THE GLENS FALLS NY CLIMATE NORMALS FOR TODAY
                         NORMAL    RECORD    YEAR
 MAXIMUM TEMPERATURE (F)   29        52      1957
 MINIMUM TEMPERATURE (F)    7       -32      1976


SUNRISE AND SUNSET
JANUARY 23 2018.......SUNRISE   719 AM EST   SUNSET   454 PM EST
JANUARY 24 2018.......SUNRISE   718 AM EST   SUNSET   456 PM EST


-  INDICATES NEGATIVE NUMBERS.
R  INDICATES RECORD WAS SET OR TIED.
MM INDICATES DATA IS MISSING.
T  INDICATES TRACE AMOUNT.




$$
