000
CDUS41 KALY 310627
CLIGFL


CLIMATE REPORT
NATIONAL WEATHER SERVICE ALBANY NY
222 AM EDT FRI JUL 31 2015


...................................

...THE GLENS FALLS NY CLIMATE SUMMARY FOR JULY 30 2015...

CLIMATE NORMAL PERIOD 1981 TO 2010
CLIMATE RECORD PERIOD 1949 TO 2015


WEATHER ITEM   OBSERVED TIME   RECORD YEAR NORMAL DEPARTURE LAST
                VALUE   (LST)  VALUE       VALUE  FROM      YEAR
                                                  NORMAL
..................................................................
TEMPERATURE (F)
 YESTERDAY
  MAXIMUM         85    433 PM  94    1949  81      4       76
  MINIMUM         65    459 AM  43    1968  57      8       58
  AVERAGE         75                        69      6       67

PRECIPITATION (IN)
  YESTERDAY        0.87          1.90 1960   0.14   0.73     0.00
  MONTH TO DATE    2.22                      3.96  -1.74     5.65
  SINCE JUN 1      8.44                      7.51   0.93    10.05
  SINCE JAN 1     15.75                     22.00  -6.25    23.16

DEGREE DAYS
 HEATING
  YESTERDAY        0                         1     -1        0
  MONTH TO DATE   11                        30    -19        1
  SINCE JUN 1     90                       120    -30       33
  SINCE JUL 1     11                        30    -19        1

 COOLING
  YESTERDAY       10                         4      6        2
  MONTH TO DATE  171                       141     30      158
  SINCE JUN 1    237                       210     27      232
  SINCE JAN 1    313                       222     91      252
..................................................................


WIND (MPH)
  HIGHEST WIND SPEED    15   HIGHEST WIND DIRECTION    SW (220)
  HIGHEST GUST SPEED    20   HIGHEST GUST DIRECTION    SW (240)
  AVERAGE WIND SPEED     5.5


SKY COVER
  AVERAGE SKY COVER 0.3



RELATIVE HUMIDITY (PERCENT)
 HIGHEST    93           200 AM
 LOWEST     46           600 PM
 AVERAGE    70

..........................................................


THE GLENS FALLS NY CLIMATE NORMALS FOR TODAY
                         NORMAL    RECORD    YEAR
 MAXIMUM TEMPERATURE (F)   81        91      2002
 MINIMUM TEMPERATURE (F)   57        42      2010


SUNRISE AND SUNSET
JULY 31 2015..........SUNRISE   543 AM EDT   SUNSET   818 PM EDT
AUGUST  1 2015........SUNRISE   544 AM EDT   SUNSET   817 PM EDT


-  INDICATES NEGATIVE NUMBERS.
R  INDICATES RECORD WAS SET OR TIED.
MM INDICATES DATA IS MISSING.
T  INDICATES TRACE AMOUNT.




$$
