000
CDUS44 KSHV 132233
CLIGGG


CLIMATE REPORT
NATIONAL WEATHER SERVICE SHREVEPORT, LA
432 PM CST SAT FEB 13 2016


...................................

...THE LONGVIEW CLIMATE SUMMARY FOR FEBRUARY 13 2016...
VALID TODAY AS OF 0400 PM LOCAL TIME.

CLIMATE NORMAL PERIOD 1981 TO 2010
CLIMATE RECORD PERIOD 1902 TO 2016


WEATHER ITEM   OBSERVED TIME   RECORD YEAR NORMAL DEPARTURE LAST
                VALUE   (LST)  VALUE       VALUE  FROM      YEAR
                                                  NORMAL
..................................................................
TEMPERATURE (F)
 TODAY
  MAXIMUM         60    358 PM  85    1938  61     -1       63
  MINIMUM         40    719 AM   5    1905  38      2       33
  AVERAGE         50                        50      0       48

PRECIPITATION (IN)
  TODAY            0.00          1.74 1906   0.14  -0.14     0.00
  MONTH TO DATE    0.24                      1.76  -1.52     0.25
  SINCE DEC 1      8.02                      9.57  -1.55     7.97
  SINCE JAN 1      1.96                      5.08  -3.12     5.67

SNOWFALL (IN)
  TODAY            0.0
  MONTH TO DATE    0.0
  SINCE DEC 1      0.0
  SINCE JUL 1      0.0
  SNOW DEPTH       0

DEGREE DAYS
 HEATING
  TODAY           15                        16     -1       17
  MONTH TO DATE  195                       218    -23      187
  SINCE DEC 1   1114                      1329   -215     1236
  SINCE JUL 1   1314                      1701   -387     1646

 COOLING
  TODAY            0                         0      0        0
  MONTH TO DATE    0                         0      0        0
  SINCE DEC 1     22                        10     12        5
  SINCE JAN 1      0                         4     -4        0
..................................................................


WIND (MPH)
  HIGHEST WIND SPEED    17   HIGHEST WIND DIRECTION     E (80)
  HIGHEST GUST SPEED    21   HIGHEST GUST DIRECTION     E (80)
  AVERAGE WIND SPEED     7.6


SKY COVER
  POSSIBLE SUNSHINE  MM
  AVERAGE SKY COVER 0.0


WEATHER CONDITIONS
 THE FOLLOWING WEATHER WAS RECORDED TODAY.
  NO SIGNIFICANT WEATHER WAS OBSERVED.


RELATIVE HUMIDITY (PERCENT)
 HIGHEST    76           600 AM
 LOWEST     37           300 PM
 AVERAGE    57

..........................................................


THE LONGVIEW CLIMATE NORMALS FOR TOMORROW
                         NORMAL    RECORD    YEAR
 MAXIMUM TEMPERATURE (F)   61        85      1945
 MINIMUM TEMPERATURE (F)   38         5      1905


SUNRISE AND SUNSET
FEBRUARY 13 2016......SUNRISE   704 AM CST   SUNSET   603 PM CST
FEBRUARY 14 2016......SUNRISE   703 AM CST   SUNSET   604 PM CST


-  INDICATES NEGATIVE NUMBERS.
R  INDICATES RECORD WAS SET OR TIED.
MM INDICATES DATA IS MISSING.
T  INDICATES TRACE AMOUNT.




$$
