984
CDUS44 KSHV 242142
CLIGGG


CLIMATE REPORT
NATIONAL WEATHER SERVICE SHREVEPORT, LA
441 PM CDT SAT SEP 24 2016


...................................

...THE LONGVIEW CLIMATE SUMMARY FOR SEPTEMBER 24 2016...
VALID TODAY AS OF 0400 PM LOCAL TIME.

CLIMATE NORMAL PERIOD 1981 TO 2010
CLIMATE RECORD PERIOD 1902 TO 2016


WEATHER ITEM   OBSERVED TIME   RECORD YEAR NORMAL DEPARTURE LAST
                VALUE   (LST)  VALUE       VALUE  FROM      YEAR
                                                  NORMAL
..................................................................
TEMPERATURE (F)
 TODAY
  MAXIMUM         92    259 PM 101    1939  85      7       92
  MINIMUM         71    644 AM  46    1994  62      9       66
  AVERAGE         82                        73      9       79

PRECIPITATION (IN)
  TODAY            0.00          3.43 2005   0.12  -0.12     0.00
  MONTH TO DATE    0.03                      2.57  -2.54     0.04
  SINCE DEC 1     46.79                     37.71   9.08    45.74
  SINCE JAN 1     40.73                     33.22   7.51    43.44

DEGREE DAYS
 HEATING
  TODAY            0                         0      0        0
  MONTH TO DATE    0                         0      0        0
  SINCE SEP 1      0                         0      0        0
  SINCE JUL 1      0                         0      0        0

 COOLING
  TODAY           17                         9      8       14
  MONTH TO DATE  384                       294     90      389
  SINCE SEP 1    384                       294     90      389
  SINCE JAN 1   2429                      2234    195     2561
..................................................................


WIND (MPH)
  HIGHEST WIND SPEED    15   HIGHEST WIND DIRECTION     S (160)
  HIGHEST GUST SPEED    23   HIGHEST GUST DIRECTION     S (160)
  AVERAGE WIND SPEED     6.3


SKY COVER
  POSSIBLE SUNSHINE  MM
  AVERAGE SKY COVER 0.3


WEATHER CONDITIONS
 THE FOLLOWING WEATHER WAS RECORDED TODAY.
  FOG


RELATIVE HUMIDITY (PERCENT)
 HIGHEST   100           300 AM
 LOWEST     44           300 PM
 AVERAGE    72

..........................................................


THE LONGVIEW CLIMATE NORMALS FOR TOMORROW
                         NORMAL    RECORD    YEAR
 MAXIMUM TEMPERATURE (F)   85       100      1945
 MINIMUM TEMPERATURE (F)   61        45      1994


SUNRISE AND SUNSET
SEPTEMBER 24 2016.....SUNRISE   709 AM CDT   SUNSET   712 PM CDT
SEPTEMBER 25 2016.....SUNRISE   709 AM CDT   SUNSET   711 PM CDT


-  INDICATES NEGATIVE NUMBERS.
R  INDICATES RECORD WAS SET OR TIED.
MM INDICATES DATA IS MISSING.
T  INDICATES TRACE AMOUNT.




$$
