000
CDUS44 KSHV 030853
CLIGGG


CLIMATE REPORT
NATIONAL WEATHER SERVICE SHREVEPORT, LA
253 AM CST TUE MAR 3 2015


...................................

...THE LONGVIEW CLIMATE SUMMARY FOR MARCH 2 2015...

CLIMATE NORMAL PERIOD 1981 TO 2010
CLIMATE RECORD PERIOD 1902 TO 2015


WEATHER ITEM   OBSERVED TIME   RECORD YEAR NORMAL DEPARTURE LAST
                VALUE   (LST)  VALUE       VALUE  FROM      YEAR
                                                  NORMAL
..................................................................
TEMPERATURE (F)
 YESTERDAY
  MAXIMUM         44    512 PM  85    1972  66    -22       69
  MINIMUM         42   1114 PM  17    1980  43     -1       24
  AVERAGE         43                        54    -11       47

PRECIPITATION (IN)
  YESTERDAY        0.05          1.34 1960   0.14  -0.09     0.81
  MONTH TO DATE    0.12                      0.28  -0.16     0.81
  SINCE DEC 1     11.23                     12.13  -0.90     7.94
  SINCE JAN 1      8.93                      7.64   1.29     3.79

SNOWFALL (IN)
  YESTERDAY        0.0
  MONTH TO DATE    0.0
  SINCE MAR 1      0.0
  SINCE JUL 1      2.9
  SNOW DEPTH       0

DEGREE DAYS
 HEATING
  YESTERDAY       22                        11     11       18
  MONTH TO DATE   46                        23     23       18
  SINCE MAR 1     46                        23     23       18
  SINCE JUL 1   2024                      1927     97     2142

 COOLING
  YESTERDAY        0                         1     -1        0
  MONTH TO DATE    0                         2     -2        3
  SINCE MAR 1      0                         2     -2        3
  SINCE JAN 1      0                        14    -14        8
..................................................................


WIND (MPH)
  HIGHEST WIND SPEED    12   HIGHEST WIND DIRECTION     E (70)
  HIGHEST GUST SPEED    16   HIGHEST GUST DIRECTION    NE (30)
  AVERAGE WIND SPEED     6.6


SKY COVER
  POSSIBLE SUNSHINE  MM
  AVERAGE SKY COVER 1.0


WEATHER CONDITIONS
 THE FOLLOWING WEATHER WAS RECORDED YESTERDAY.
  LIGHT RAIN
  FOG


RELATIVE HUMIDITY (PERCENT)
 HIGHEST    96           100 AM
 LOWEST     89           500 AM
 AVERAGE    93

..........................................................


THE LONGVIEW CLIMATE NORMALS FOR TODAY
                         NORMAL    RECORD    YEAR
 MAXIMUM TEMPERATURE (F)   66        81      1941
 MINIMUM TEMPERATURE (F)   43        18      1980


SUNRISE AND SUNSET
MARCH  3 2015.........SUNRISE   644 AM CST   SUNSET   618 PM CST
MARCH  4 2015.........SUNRISE   643 AM CST   SUNSET   619 PM CST


-  INDICATES NEGATIVE NUMBERS.
R  INDICATES RECORD WAS SET OR TIED.
MM INDICATES DATA IS MISSING.
T  INDICATES TRACE AMOUNT.




$$
