000
CDUS44 KSHV 050733
CLIGGG


CLIMATE REPORT
NATIONAL WEATHER SERVICE SHREVEPORT, LA
231 AM CDT WED AUG 5 2015


...................................

...THE LONGVIEW CLIMATE SUMMARY FOR AUGUST 4 2015...

CLIMATE NORMAL PERIOD 1981 TO 2010
CLIMATE RECORD PERIOD 1902 TO 2015


WEATHER ITEM   OBSERVED TIME   RECORD YEAR NORMAL DEPARTURE LAST
                VALUE   (LST)  VALUE       VALUE  FROM      YEAR
                                                  NORMAL
..................................................................
TEMPERATURE (F)
 YESTERDAY
  MAXIMUM        100    337 PM 109    2011  94      6       91
  MINIMUM         73    554 AM  61    1920  73      0       72
  AVERAGE         87                        84      3       82

PRECIPITATION (IN)
  YESTERDAY        0.00          1.30 1904   0.08  -0.08     0.00
  MONTH TO DATE    0.00                      0.32  -0.32     0.17
  SINCE DEC 1     43.91                     32.44  11.47    30.11
  SINCE JAN 1     41.61                     27.95  13.66    25.96

SNOWFALL (IN)
  YESTERDAY        0.0
  MONTH TO DATE    0.0
  SINCE JUN 1      0.0
  SINCE JUL 1      0.0
  SNOW DEPTH       0

DEGREE DAYS
 HEATING
  YESTERDAY        0                         0      0        0
  MONTH TO DATE    0                         0      0        0
  SINCE JUN 1      0                         0      0        0
  SINCE JUL 1      0                         0      0        0

 COOLING
  YESTERDAY       22                        19      3       17
  MONTH TO DATE   80                        76      4       50
  SINCE JUN 1   1187                      1087    100      996
  SINCE JAN 1   1645                      1466    179     1350
..................................................................


WIND (MPH)
  HIGHEST WIND SPEED    15   HIGHEST WIND DIRECTION     S (160)
  HIGHEST GUST SPEED    19   HIGHEST GUST DIRECTION     S (170)
  AVERAGE WIND SPEED     5.9


SKY COVER
  POSSIBLE SUNSHINE  MM
  AVERAGE SKY COVER 0.1


WEATHER CONDITIONS
 THE FOLLOWING WEATHER WAS RECORDED YESTERDAY.
  NO SIGNIFICANT WEATHER WAS OBSERVED.


RELATIVE HUMIDITY (PERCENT)
 HIGHEST    79           500 AM
 LOWEST     31           300 PM
 AVERAGE    55

..........................................................


THE LONGVIEW CLIMATE NORMALS FOR TODAY
                         NORMAL    RECORD    YEAR
 MAXIMUM TEMPERATURE (F)   94       109      1964
 MINIMUM TEMPERATURE (F)   73        60      1920


SUNRISE AND SUNSET
AUGUST  5 2015........SUNRISE   636 AM CDT   SUNSET   813 PM CDT
AUGUST  6 2015........SUNRISE   637 AM CDT   SUNSET   812 PM CDT


-  INDICATES NEGATIVE NUMBERS.
R  INDICATES RECORD WAS SET OR TIED.
MM INDICATES DATA IS MISSING.
T  INDICATES TRACE AMOUNT.




$$
