000
CDUS44 KSHV 160831
CLIGGG


CLIMATE REPORT
NATIONAL WEATHER SERVICE SHREVEPORT, LA
231 AM CST SAT DEC 16 2017


...................................

...THE LONGVIEW CLIMATE SUMMARY FOR DECEMBER 15 2017...

CLIMATE NORMAL PERIOD 1981 TO 2010
CLIMATE RECORD PERIOD 1902 TO 2017


WEATHER ITEM   OBSERVED TIME   RECORD YEAR NORMAL DEPARTURE LAST
                VALUE   (LST)  VALUE       VALUE  FROM      YEAR
                                                  NORMAL
..................................................................
TEMPERATURE (F)
 YESTERDAY
  MAXIMUM         56    400 PM  80    1995  58     -2       46
  MINIMUM         32   1159 PM  16    1958  37     -5       40
  AVERAGE         44                        48     -4       43

PRECIPITATION (IN)
  YESTERDAY        0.00          4.08 1992   0.13  -0.13     0.00
  MONTH TO DATE    0.51                      2.35  -1.84     2.70
  SINCE DEC 1      0.51                      2.35  -1.84     2.70
  SINCE JAN 1     40.01                     45.41  -5.40    47.32

SNOWFALL (IN)
  YESTERDAY        0.0
  MONTH TO DATE    0.0
  SINCE DEC 1      0.0
  SINCE JUL 1      0.0
  SNOW DEPTH       0

DEGREE DAYS
 HEATING
  YESTERDAY       21                        17      4       22
  MONTH TO DATE  216                       241    -25      242
  SINCE DEC 1    216                       241    -25      242
  SINCE JUL 1    496                       613   -117      402

 COOLING
  YESTERDAY        0                         0      0        0
  MONTH TO DATE    4                         0      4        0
  SINCE DEC 1      4                         0      4        0
  SINCE JAN 1   2703                      2417    286     2729
..................................................................


WIND (MPH)
  HIGHEST WIND SPEED    12   HIGHEST WIND DIRECTION    NW (300)
  HIGHEST GUST SPEED    17   HIGHEST GUST DIRECTION     N (360)
  AVERAGE WIND SPEED     3.5


SKY COVER
  POSSIBLE SUNSHINE  MM
  AVERAGE SKY COVER 0.0


WEATHER CONDITIONS
 THE FOLLOWING WEATHER WAS RECORDED YESTERDAY.
  NO SIGNIFICANT WEATHER WAS OBSERVED.


RELATIVE HUMIDITY (PERCENT)
 HIGHEST    89           800 AM
 LOWEST     38           400 PM
 AVERAGE    64

..........................................................


THE LONGVIEW CLIMATE NORMALS FOR TODAY
                         NORMAL    RECORD    YEAR
 MAXIMUM TEMPERATURE (F)   58        83      1908
 MINIMUM TEMPERATURE (F)   37        17      1955


SUNRISE AND SUNSET
DECEMBER 16 2017......SUNRISE   714 AM CST   SUNSET   516 PM CST
DECEMBER 17 2017......SUNRISE   714 AM CST   SUNSET   516 PM CST


-  INDICATES NEGATIVE NUMBERS.
R  INDICATES RECORD WAS SET OR TIED.
MM INDICATES DATA IS MISSING.
T  INDICATES TRACE AMOUNT.




$$
