000
CDUS44 KSHV 200749
CLIGGG


CLIMATE REPORT
NATIONAL WEATHER SERVICE SHREVEPORT, LA
248 AM CDT SAT SEP 20 2014


...................................

...THE LONGVIEW CLIMATE SUMMARY FOR SEPTEMBER 19 2014...

CLIMATE NORMAL PERIOD 1981 TO 2010
CLIMATE RECORD PERIOD 1902 TO 2014


WEATHER ITEM   OBSERVED TIME   RECORD YEAR NORMAL DEPARTURE LAST
                VALUE   (LST)  VALUE       VALUE  FROM      YEAR
                                                  NORMAL
..................................................................
TEMPERATURE (F)
 YESTERDAY
  MAXIMUM         89    429 PM 101    1939  87      2       96
  MINIMUM         67    619 AM  49    1903  63      4       75
  AVERAGE         78                        75      3       86

PRECIPITATION (IN)
  YESTERDAY        0.00          3.26 2002   0.10  -0.10     0.25
  MONTH TO DATE    0.73                      2.00  -1.27     0.63
  SINCE DEC 1     30.90                     37.14  -6.24    25.31
  SINCE JAN 1     26.75                     32.65  -5.90    20.96

SNOWFALL (IN)
  YESTERDAY        0.0
  MONTH TO DATE    0.0
  SINCE SEP 1      0.0
  SINCE JUL 1      0.0
  SNOW DEPTH       0

DEGREE DAYS
 HEATING
  YESTERDAY        0                         0      0        0
  MONTH TO DATE    0                         0      0        0
  SINCE SEP 1      0                         0      0        0
  SINCE JUL 1      0                         0      0        0

 COOLING
  YESTERDAY       13                        10      3       21
  MONTH TO DATE  308                       247     61      379
  SINCE SEP 1    308                       247     61      379
  SINCE JAN 1   2162                      2187    -25     2474
..................................................................


WIND (MPH)
  HIGHEST WIND SPEED    14   HIGHEST WIND DIRECTION    NE (60)
  HIGHEST GUST SPEED    18   HIGHEST GUST DIRECTION     E (70)
  AVERAGE WIND SPEED     3.9


SKY COVER
  POSSIBLE SUNSHINE  MM
  AVERAGE SKY COVER 0.3


WEATHER CONDITIONS
 THE FOLLOWING WEATHER WAS RECORDED YESTERDAY.
  NO SIGNIFICANT WEATHER WAS OBSERVED.


RELATIVE HUMIDITY (PERCENT)
 HIGHEST    93           100 AM
 LOWEST     51           600 PM
 AVERAGE    72

..........................................................


THE LONGVIEW CLIMATE NORMALS FOR TODAY
                         NORMAL    RECORD    YEAR
 MAXIMUM TEMPERATURE (F)   86       103      1956
 MINIMUM TEMPERATURE (F)   63        50      1991


SUNRISE AND SUNSET
SEPTEMBER 20 2014.....SUNRISE   706 AM CDT   SUNSET   718 PM CDT
SEPTEMBER 21 2014.....SUNRISE   706 AM CDT   SUNSET   717 PM CDT


-  INDICATES NEGATIVE NUMBERS.
R  INDICATES RECORD WAS SET OR TIED.
MM INDICATES DATA IS MISSING.
T  INDICATES TRACE AMOUNT.




$$
