000
CDUS44 KSHV 010746
CLIGGG


CLIMATE REPORT
NATIONAL WEATHER SERVICE SHREVEPORT, LA
241 AM CDT WED OCT 1 2014


...................................

...THE LONGVIEW CLIMATE SUMMARY FOR SEPTEMBER 30 2014...

CLIMATE NORMAL PERIOD 1981 TO 2010
CLIMATE RECORD PERIOD 1902 TO 2014


WEATHER ITEM   OBSERVED TIME   RECORD YEAR NORMAL DEPARTURE LAST
                VALUE   (LST)  VALUE       VALUE  FROM      YEAR
                                                  NORMAL
..................................................................
TEMPERATURE (F)
 YESTERDAY
  MAXIMUM         92    306 PM 101    1938  83      9       85
  MINIMUM         68    141 AM  38    1920  59      9       69
  AVERAGE         80                        71      9       77

PRECIPITATION (IN)
  YESTERDAY        T             1.27 1980   0.12  -0.12     0.00
  MONTH TO DATE    0.73                      3.34  -2.61     6.54
  SINCE DEC 1     30.90                     38.48  -7.58    31.22
  SINCE JAN 1     26.75                     33.99  -7.24    26.87

SNOWFALL (IN)
  YESTERDAY        0.0
  MONTH TO DATE    0.0
  SINCE SEP 1      0.0
  SINCE JUL 1      0.0
  SNOW DEPTH       0

DEGREE DAYS
 HEATING
  YESTERDAY        0                         1     -1        0
  MONTH TO DATE    0                         4     -4        0
  SINCE SEP 1      0                         6     -6        0
  SINCE JUL 1      0                         6     -6        0

 COOLING
  YESTERDAY       15                         7      8       12
  MONTH TO DATE  426                       339     87      485
  SINCE SEP 1    426                       339     87      485
  SINCE JAN 1   2280                      2279      1     2580
..................................................................


WIND (MPH)
  HIGHEST WIND SPEED    13   HIGHEST WIND DIRECTION     S (180)
  HIGHEST GUST SPEED    16   HIGHEST GUST DIRECTION     S (190)
  AVERAGE WIND SPEED     4.6


SKY COVER
  POSSIBLE SUNSHINE  MM
  AVERAGE SKY COVER 0.5


WEATHER CONDITIONS
 THE FOLLOWING WEATHER WAS RECORDED YESTERDAY.
  NO SIGNIFICANT WEATHER WAS OBSERVED.


RELATIVE HUMIDITY (PERCENT)
 HIGHEST    90          1200 AM
 LOWEST     46           100 PM
 AVERAGE    68

..........................................................


THE LONGVIEW CLIMATE NORMALS FOR TODAY
                         NORMAL    RECORD    YEAR
 MAXIMUM TEMPERATURE (F)   83       101      1938
 MINIMUM TEMPERATURE (F)   59        44      1949


SUNRISE AND SUNSET
OCTOBER  1 2014.......SUNRISE   713 AM CDT   SUNSET   704 PM CDT
OCTOBER  2 2014.......SUNRISE   714 AM CDT   SUNSET   702 PM CDT


-  INDICATES NEGATIVE NUMBERS.
R  INDICATES RECORD WAS SET OR TIED.
MM INDICATES DATA IS MISSING.
T  INDICATES TRACE AMOUNT.




$$
