000
CDUS44 KSHV 212144
CLIGGG


CLIMATE REPORT
NATIONAL WEATHER SERVICE SHREVEPORT, LA
443 PM CDT TUE OCT 21 2014


...................................

...THE LONGVIEW CLIMATE SUMMARY FOR OCTOBER 21 2014...
VALID TODAY AS OF 0400 PM LOCAL TIME.

CLIMATE NORMAL PERIOD 1981 TO 2010
CLIMATE RECORD PERIOD 1902 TO 2014


WEATHER ITEM   OBSERVED TIME   RECORD YEAR NORMAL DEPARTURE LAST
                VALUE   (LST)  VALUE       VALUE  FROM      YEAR
                                                  NORMAL
..................................................................
TEMPERATURE (F)
 TODAY
  MAXIMUM         81    246 PM  94    1934  77      4       74
  MINIMUM         54    645 AM  34    1966  53      1       53
  AVERAGE         68                        65      3       64

PRECIPITATION (IN)
  TODAY            0.00          1.26 1984   0.16  -0.16     0.01
  MONTH TO DATE    5.26                      3.20   2.06     1.52
  SINCE DEC 1     36.16                     41.68  -5.52    32.74
  SINCE JAN 1     32.01                     37.19  -5.18    28.39

SNOWFALL (IN)
  TODAY            0.0
  MONTH TO DATE    0.0
  SINCE SEP 1      0.0
  SINCE JUL 1      0.0
  SNOW DEPTH       0

DEGREE DAYS
 HEATING
  TODAY            0                         3     -3        1
  MONTH TO DATE    8                        38    -30       34
  SINCE SEP 1      8                        44    -36       34
  SINCE JUL 1      8                        44    -36       34

 COOLING
  TODAY            3                         3      0        0
  MONTH TO DATE  132                        90     42      118
  SINCE SEP 1    558                       429    129      603
  SINCE JAN 1   2412                      2369     43     2698
..................................................................


WIND (MPH)
  HIGHEST WIND SPEED     8   HIGHEST WIND DIRECTION     E (70)
  HIGHEST GUST SPEED    11   HIGHEST GUST DIRECTION     E (70)
  AVERAGE WIND SPEED     1.3


SKY COVER
  POSSIBLE SUNSHINE  MM
  AVERAGE SKY COVER 0.1


WEATHER CONDITIONS
 THE FOLLOWING WEATHER WAS RECORDED TODAY.
  FOG


RELATIVE HUMIDITY (PERCENT)
 HIGHEST    93          1200 AM
 LOWEST     51           100 PM
 AVERAGE    72

..........................................................


THE LONGVIEW CLIMATE NORMALS FOR TOMORROW
                         NORMAL    RECORD    YEAR
 MAXIMUM TEMPERATURE (F)   76        95      1934
 MINIMUM TEMPERATURE (F)   52        32      1937


SUNRISE AND SUNSET
OCTOBER 21 2014.......SUNRISE   727 AM CDT   SUNSET   639 PM CDT
OCTOBER 22 2014.......SUNRISE   728 AM CDT   SUNSET   638 PM CDT


-  INDICATES NEGATIVE NUMBERS.
R  INDICATES RECORD WAS SET OR TIED.
MM INDICATES DATA IS MISSING.
T  INDICATES TRACE AMOUNT.




$$
