000
CDUS44 KSHV 282227
CLIGGG


CLIMATE REPORT
NATIONAL WEATHER SERVICE SHREVEPORT, LA
526 PM CDT FRI AUG 28 2015


...................................

...THE LONGVIEW CLIMATE SUMMARY FOR AUGUST 28 2015...
VALID TODAY AS OF 0500 PM LOCAL TIME.

CLIMATE NORMAL PERIOD 1981 TO 2010
CLIMATE RECORD PERIOD 1902 TO 2015


WEATHER ITEM   OBSERVED TIME   RECORD YEAR NORMAL DEPARTURE LAST
                VALUE   (LST)  VALUE       VALUE  FROM      YEAR
                                                  NORMAL
..................................................................
TEMPERATURE (F)
 TODAY
  MAXIMUM         90    243 PM 108    1943  93     -3       95
  MINIMUM         65    627 AM  56    1992  70     -5       71
  AVERAGE         78                        82     -4       83

PRECIPITATION (IN)
  TODAY            0.00          2.20 1940   0.09  -0.09     0.00
  MONTH TO DATE    1.79                      2.70  -0.91     0.22
  SINCE DEC 1     45.70                     34.82  10.88    30.16
  SINCE JAN 1     43.40                     30.33  13.07    26.01

DEGREE DAYS
 HEATING
  TODAY            0                         0      0        0
  MONTH TO DATE    0                         0      0        0
  SINCE JUN 1      0                         0      0        0
  SINCE JUL 1      0                         0      0        0

 COOLING
  TODAY           13                        16     -3       18
  MONTH TO DATE  558                       503     55      496
  SINCE JUN 1   1665                      1514    151     1442
  SINCE JAN 1   2123                      1893    230     1796
..................................................................


WIND (MPH)
  HIGHEST WIND SPEED    10   HIGHEST WIND DIRECTION     E (70)
  HIGHEST GUST SPEED    12   HIGHEST GUST DIRECTION     E (70)
  AVERAGE WIND SPEED     4.2


SKY COVER
  POSSIBLE SUNSHINE  MM
  AVERAGE SKY COVER 0.0


WEATHER CONDITIONS
 THE FOLLOWING WEATHER WAS RECORDED TODAY.
  NO SIGNIFICANT WEATHER WAS OBSERVED.


RELATIVE HUMIDITY (PERCENT)
 HIGHEST    93           600 AM
 LOWEST     41           200 PM
 AVERAGE    67

..........................................................


THE LONGVIEW CLIMATE NORMALS FOR TOMORROW
                         NORMAL    RECORD    YEAR
 MAXIMUM TEMPERATURE (F)   93       103      2000
 MINIMUM TEMPERATURE (F)   70        55      1992


SUNRISE AND SUNSET
AUGUST 28 2015........SUNRISE   651 AM CDT   SUNSET   748 PM CDT
AUGUST 29 2015........SUNRISE   652 AM CDT   SUNSET   747 PM CDT


-  INDICATES NEGATIVE NUMBERS.
R  INDICATES RECORD WAS SET OR TIED.
MM INDICATES DATA IS MISSING.
T  INDICATES TRACE AMOUNT.




$$
