000
CDUS45 KGGW 261231
CLIGGW


CLIMATE REPORT
NATIONAL WEATHER SERVICE GLASGOW MT
630 AM MDT FRI AUG 26 2016


...................................

...THE GLASGOW MT CLIMATE SUMMARY FOR AUGUST 26 2016...
VALID AS OF 0600 AM LOCAL TIME.

CLIMATE NORMAL PERIOD 1981 TO 2010
CLIMATE RECORD PERIOD 1893 TO 2016


WEATHER ITEM   OBSERVED TIME   RECORD YEAR NORMAL DEPARTURE LAST
                VALUE   (LST)  VALUE       VALUE  FROM      YEAR
                                                  NORMAL
..................................................................
TEMPERATURE (F)
 TODAY
  MINIMUM         53    527 AM  34    1935  53      0       56

PRECIPITATION (IN)
  TODAY            T             0.41 1954   0.03  -0.03     0.00
                                      1903
  MONTH TO DATE    0.51                      1.06  -0.55     0.65
  SINCE OCT 1     18.63                     10.54   8.09    10.56
  SINCE JAN 1     15.65                      8.99   6.66     9.30

SNOWFALL (IN)
  TODAY            0.0           0.0  2002   0.0    0.0      0.0
                                      2001
                                      2000
  MONTH TO DATE    0.0                       0.0    0.0      0.0
  SINCE JUN 1      0.0                       0.0    0.0      0.0
  SINCE JUL 1      0.0                       0.0    0.0      0.0
  SNOW DEPTH       0

DEGREE DAYS
 HEATING
  TODAY           10                         2      8        0
  MONTH TO DATE   32                        21     11       43
  SINCE JUN 1     72                       144    -72       94
  SINCE JUL 1     40                        39      1       48

 COOLING
  TODAY            0                         4     -4       10
  MONTH TO DATE  125                       177    -52      181
  SINCE JUN 1    360                       459    -99      529
  SINCE JAN 1    371                       476   -105      529
..................................................................





WEATHER CONDITIONS
 THE FOLLOWING WEATHER WAS RECORDED TODAY.
  LIGHT RAIN


RELATIVE HUMIDITY (PERCENT)
 HIGHEST    77           200 AM

..........................................................


THE GLASGOW MT CLIMATE NORMALS FOR TOMORROW
                         NORMAL    RECORD    YEAR
 MAXIMUM TEMPERATURE (F)   81       102      1971
 MINIMUM TEMPERATURE (F)   53        35      1935
                                             1895


SUNRISE AND SUNSET
AUGUST 26 2016........SUNRISE   617 AM MDT   SUNSET   758 PM MDT
AUGUST 27 2016........SUNRISE   618 AM MDT   SUNSET   757 PM MDT


-  INDICATES NEGATIVE NUMBERS.
R  INDICATES RECORD WAS SET OR TIED.
MM INDICATES DATA IS MISSING.
T  INDICATES TRACE AMOUNT.

$$
