000
CDUS45 KGGW 201332
CLIGGW


CLIMATE REPORT
NATIONAL WEATHER SERVICE GLASGOW MT
631 AM MST SAT JAN 20 2018


...................................

...THE GLASGOW MT CLIMATE SUMMARY FOR JANUARY 20 2018...
VALID AS OF 0600 AM LOCAL TIME.

CLIMATE NORMAL PERIOD 1981 TO 2010
CLIMATE RECORD PERIOD 1893 TO 2018


WEATHER ITEM   OBSERVED TIME   RECORD YEAR NORMAL DEPARTURE LAST
                VALUE   (LST)  VALUE       VALUE  FROM      YEAR
                                                  NORMAL
..................................................................
TEMPERATURE (F)
 TODAY
  MINIMUM         18    600 AM -49    1954   4     14       22

PRECIPITATION (IN)
  TODAY            0.00          0.30 1950   0.01  -0.01     0.00
  MONTH TO DATE    0.34                      0.27   0.07     0.43
  SINCE OCT 1      2.14                      1.82   0.32     3.96
  SINCE JAN 1      0.34                      0.27   0.07     0.43

SNOWFALL (IN)
  TODAY            0.0           2.7  1972   0.3   -0.3      0.0
  MONTH TO DATE    6.3                       5.8    0.5     11.6
  SINCE DEC 1     19.4                      13.8    5.6     20.8
  SINCE JUL 1     21.0                      20.4    0.6     21.2
  SNOW DEPTH       3

DEGREE DAYS
 HEATING
  TODAY           44                        51     -7       36
  MONTH TO DATE 1141                      1035    106     1225
  SINCE DEC 1   2618                      2544     74     2862
  SINCE JUL 1   4553                      4537     16     4481

 COOLING
  TODAY            0                         0      0        0
  MONTH TO DATE    0                         0      0        0
  SINCE DEC 1      0                         0      0        0
  SINCE JAN 1      0                         0      0        0
..................................................................





WEATHER CONDITIONS
 THE FOLLOWING WEATHER WAS RECORDED TODAY.
  NO SIGNIFICANT WEATHER WAS OBSERVED.


RELATIVE HUMIDITY (PERCENT)
 HIGHEST    77           200 AM

..........................................................


THE GLASGOW MT CLIMATE NORMALS FOR TOMORROW
                         NORMAL    RECORD    YEAR
 MAXIMUM TEMPERATURE (F)   24        55      1919
 MINIMUM TEMPERATURE (F)    4       -44      1935
                                             1927


SUNRISE AND SUNSET
JANUARY 20 2018.......SUNRISE   748 AM MST   SUNSET   448 PM MST
JANUARY 21 2018.......SUNRISE   747 AM MST   SUNSET   449 PM MST


-  INDICATES NEGATIVE NUMBERS.
R  INDICATES RECORD WAS SET OR TIED.
MM INDICATES DATA IS MISSING.
T  INDICATES TRACE AMOUNT.


SNOW DEPTH TAKEN AT 12Z/5AM.

$$
