000
CDUS45 KGGW 240741
CLIGGW


CLIMATE REPORT
NATIONAL WEATHER SERVICE GLASGOW MT
140 AM MDT TUE OCT 24 2017


...................................

...THE GLASGOW MT CLIMATE SUMMARY FOR OCTOBER 23 2017...

CLIMATE NORMAL PERIOD 1981 TO 2010
CLIMATE RECORD PERIOD 1893 TO 2017


WEATHER ITEM   OBSERVED TIME   RECORD YEAR NORMAL DEPARTURE LAST
                VALUE   (LST)  VALUE       VALUE  FROM      YEAR
                                                  NORMAL
..................................................................
TEMPERATURE (F)
 YESTERDAY
  MAXIMUM         60    128 PM  78    1903  54      6       57
  MINIMUM         31   1144 PM  11    2002  30      1       27
  AVERAGE         46                        42      4       42

PRECIPITATION (IN)
  YESTERDAY        0.00          0.85 1954   0.02  -0.02     0.00
  MONTH TO DATE    0.88                      0.62   0.26     2.38
  SINCE OCT 1      0.88                      0.62   0.26     2.38
  SINCE JAN 1      5.72                     10.73  -5.01    19.71

SNOWFALL (IN)
  YESTERDAY        0.0           2.0  1919   0.0    0.0      0.0
  MONTH TO DATE    0.7                       0.8   -0.1      0.4
  SINCE SEP 1      0.7                       1.0   -0.3      0.4
  SINCE JUL 1      0.7                       1.0   -0.3      0.4
  SNOW DEPTH       0

DEGREE DAYS
 HEATING
  YESTERDAY       19                        23     -4       23
  MONTH TO DATE  416                       426    -10      461
  SINCE SEP 1    642                       667    -25      685
  SINCE JUL 1    649                       720    -71      719

 COOLING
  YESTERDAY        0                         0      0        0
  MONTH TO DATE    0                         0      0        0
  SINCE SEP 1     54                        37     17       29
  SINCE JAN 1    684                       532    152      434
..................................................................


WIND (MPH)
  HIGHEST WIND SPEED    33   HIGHEST WIND DIRECTION    NW (320)
  HIGHEST GUST SPEED    41   HIGHEST GUST DIRECTION    NW (320)
  AVERAGE WIND SPEED    14.1


SKY COVER
  POSSIBLE SUNSHINE  MM
  AVERAGE SKY COVER 0.1


WEATHER CONDITIONS
 THE FOLLOWING WEATHER WAS RECORDED YESTERDAY.
  NO SIGNIFICANT WEATHER WAS OBSERVED.


RELATIVE HUMIDITY (PERCENT)
 HIGHEST    82          1200 AM
 LOWEST     24           400 PM
 AVERAGE    53

..........................................................


THE GLASGOW MT CLIMATE NORMALS FOR TODAY
                         NORMAL    RECORD    YEAR
 MAXIMUM TEMPERATURE (F)   53        80      1915
 MINIMUM TEMPERATURE (F)   29        -1      1919


SUNRISE AND SUNSET
OCTOBER 24 2017.......SUNRISE   740 AM MDT   SUNSET   600 PM MDT
OCTOBER 25 2017.......SUNRISE   742 AM MDT   SUNSET   559 PM MDT


-  INDICATES NEGATIVE NUMBERS.
R  INDICATES RECORD WAS SET OR TIED.
MM INDICATES DATA IS MISSING.
T  INDICATES TRACE AMOUNT.




$$
