000
CDUS45 KGGW 310016
CLIGGW

CLIMATE REPORT
NATIONAL WEATHER SERVICE GLASGOW MT
615 PM MDT SAT JUL 30 2016


...................................

...THE GLASGOW MT CLIMATE SUMMARY FOR JULY 30 2016...
VALID TODAY AS OF 0500 PM LOCAL TIME.

CLIMATE NORMAL PERIOD 1981 TO 2010
CLIMATE RECORD PERIOD 1893 TO 2016


WEATHER ITEM   OBSERVED TIME   RECORD YEAR NORMAL DEPARTURE LAST
                VALUE   (LST)  VALUE       VALUE  FROM      YEAR
                                                  NORMAL
..................................................................
TEMPERATURE (F)
 TODAY
  MAXIMUM         90        MM 107    1926  87      3       86
  MINIMUM         59        MM  40    1917  59      0       54
  AVERAGE         75                        73      2       70

PRECIPITATION (IN)
  TODAY            0.00          1.04 1961   0.04  -0.04      T
  MONTH TO DATE    3.37                      1.73   1.64     1.75
  SINCE OCT 1     18.07                      9.43   8.64     9.91
  SINCE JAN 1     15.09                      7.88   7.21     8.65

SNOWFALL (IN)
  TODAY            0.0           0.0  2002   0.0    0.0      0.0
                                      2001
                                      2000
  MONTH TO DATE    0.0                       0.0    0.0      0.0
  SINCE JUN 1      0.0                       0.0    0.0      0.0
  SINCE JUL 1      0.0                       0.0    0.0      0.0
  SNOW DEPTH       0

DEGREE DAYS
 HEATING
  TODAY            0                         0      0        0
  MONTH TO DATE    8                        15     -7        5
  SINCE JUN 1     40                       120    -80       51
  SINCE JUL 1      8                        15     -7        5

 COOLING
  TODAY           10                         8      2        5
  MONTH TO DATE  155                       199    -44      210
  SINCE JUN 1    224                       274    -50      337
  SINCE JAN 1    235                       291    -56      337
..................................................................


WIND (MPH)
  HIGHEST WIND SPEED    16   HIGHEST WIND DIRECTION    SE (150)
  HIGHEST GUST SPEED    21   HIGHEST GUST DIRECTION    SE (150)
  AVERAGE WIND SPEED    10.8


SKY COVER
  POSSIBLE SUNSHINE  MM
  AVERAGE SKY COVER 0.0


WEATHER CONDITIONS
 THE FOLLOWING WEATHER WAS RECORDED TODAY.
  NO SIGNIFICANT WEATHER WAS OBSERVED.


RELATIVE HUMIDITY (PERCENT)
 HIGHEST    80           300 AM
 LOWEST     27           200 PM
 AVERAGE    54

..........................................................


THE GLASGOW MT CLIMATE NORMALS FOR TOMORROW
                         NORMAL    RECORD    YEAR
 MAXIMUM TEMPERATURE (F)   87       113      1900
 MINIMUM TEMPERATURE (F)   59        41      1894


SUNRISE AND SUNSET
JULY 30 2016..........SUNRISE   540 AM MDT   SUNSET   845 PM MDT
JULY 31 2016..........SUNRISE   542 AM MDT   SUNSET   843 PM MDT


-  INDICATES NEGATIVE NUMBERS.
R  INDICATES RECORD WAS SET OR TIED.
MM INDICATES DATA IS MISSING.
T  INDICATES TRACE AMOUNT.




$$
