000
CDUS45 KGGW 230741
CLIGGW


CLIMATE REPORT
NATIONAL WEATHER SERVICE GLASGOW MT
1240 AM MST THU FEB 23 2017


...................................

...THE GLASGOW MT CLIMATE SUMMARY FOR FEBRUARY 22 2017...

CLIMATE NORMAL PERIOD 1981 TO 2010
CLIMATE RECORD PERIOD 1893 TO 2017


WEATHER ITEM   OBSERVED TIME   RECORD YEAR NORMAL DEPARTURE LAST
                VALUE   (LST)  VALUE       VALUE  FROM      YEAR
                                                  NORMAL
..................................................................
TEMPERATURE (F)
 YESTERDAY
  MAXIMUM         33    423 PM  66    2002  32      1       46
  MINIMUM         24   1159 PM -34    1918  12     12       23
  AVERAGE         29                        22      7       35

PRECIPITATION (IN)
  YESTERDAY        0.07          0.44 2012   0.02   0.05     0.00
  MONTH TO DATE    0.49                      0.20   0.29     0.24
  SINCE OCT 1      4.49                      2.12   2.37     3.56
  SINCE JAN 1      0.96                      0.57   0.39     0.58

SNOWFALL (IN)
  YESTERDAY        0.6           3.5  1982   0.1    0.5      0.0
  MONTH TO DATE    7.6                       3.4    4.2      1.6
  SINCE DEC 1     29.5                      19.4   10.1     20.0
  SINCE JUL 1     29.9                      26.0    3.9     21.0
  SNOW DEPTH       T  (12Z / 5AM MST)

DEGREE DAYS
 HEATING
  YESTERDAY       36                        43     -7       30
  MONTH TO DATE  916                      1029   -113      754
  SINCE DEC 1   4230                      4125    105     3596
  SINCE JUL 1   5849                      6118   -269     5258

 COOLING
  YESTERDAY        0                         0      0        0
  MONTH TO DATE    0                         0      0        0
  SINCE DEC 1      0                         0      0        0
  SINCE JAN 1      0                         0      0        0
..................................................................


WIND (MPH)
  HIGHEST WIND SPEED    14   HIGHEST WIND DIRECTION    NE (50)
  HIGHEST GUST SPEED    17   HIGHEST GUST DIRECTION    NE (50)
  AVERAGE WIND SPEED     5.1


SKY COVER
  POSSIBLE SUNSHINE  MM
  AVERAGE SKY COVER 0.8


WEATHER CONDITIONS
 THE FOLLOWING WEATHER WAS RECORDED YESTERDAY.
  LIGHT SNOW
  FOG
  HAZE


RELATIVE HUMIDITY (PERCENT)
 HIGHEST   100           400 AM
 LOWEST     78          1200 PM
 AVERAGE    89

..........................................................


THE GLASGOW MT CLIMATE NORMALS FOR TODAY
                         NORMAL    RECORD    YEAR
 MAXIMUM TEMPERATURE (F)   32        59      1976
 MINIMUM TEMPERATURE (F)   12       -27      1917


SUNRISE AND SUNSET
FEBRUARY 23 2017......SUNRISE   658 AM MST   SUNSET   542 PM MST
FEBRUARY 24 2017......SUNRISE   657 AM MST   SUNSET   544 PM MST


-  INDICATES NEGATIVE NUMBERS.
R  INDICATES RECORD WAS SET OR TIED.
MM INDICATES DATA IS MISSING.
T  INDICATES TRACE AMOUNT.




$$
