000
CDUS45 KGGW 250015
CLIGGW


CLIMATE REPORT
NATIONAL WEATHER SERVICE GLASGOW MT
615 PM MDT FRI MAR 24 2017


...................................

...THE GLASGOW MT CLIMATE SUMMARY FOR MARCH 24 2017...
VALID TODAY AS OF 0500 PM LOCAL TIME.

CLIMATE NORMAL PERIOD 1981 TO 2010
CLIMATE RECORD PERIOD 1893 TO 2017


WEATHER ITEM   OBSERVED TIME   RECORD YEAR NORMAL DEPARTURE LAST
                VALUE   (LST)  VALUE       VALUE  FROM      YEAR
                                                  NORMAL
..................................................................
TEMPERATURE (F)
 TODAY
  MAXIMUM         65        MM  76    2007  47     18       56
                                      1911
  MINIMUM         27        MM -16    1965  24      3       23
  AVERAGE         46                        36     10       40

PRECIPITATION (IN)
  TODAY            0.00          1.00 1904   0.02  -0.02     0.00
  MONTH TO DATE    0.38                      0.30   0.08     0.41
  SINCE OCT 1      4.93                      2.48   2.45     4.00
  SINCE JAN 1      1.40                      0.93   0.47     1.02

SNOWFALL (IN)
  TODAY            0.0           3.4  1937   0.2   -0.2      0.0
  MONTH TO DATE    6.2                       3.8    2.4      2.9
  SINCE MAR 1      6.2                       3.8    2.4      2.9
  SINCE JUL 1     37.7                      30.8    6.9     24.4
  SNOW DEPTH       0

DEGREE DAYS
 HEATING
  TODAY           19                        29    -10       25
  MONTH TO DATE  827                       840    -13      597
  SINCE MAR 1    827                       840    -13      597
  SINCE JUL 1   6934                      7210   -276     6062

 COOLING
  TODAY            0                         0      0        0
  MONTH TO DATE    0                         0      0        0
  SINCE MAR 1      0                         0      0        0
  SINCE JAN 1      0                         0      0        0
..................................................................


WIND (MPH)
  HIGHEST WIND SPEED    20   HIGHEST WIND DIRECTION     S (170)
  HIGHEST GUST SPEED    24   HIGHEST GUST DIRECTION     S (170)
  AVERAGE WIND SPEED     9.7


SKY COVER
  POSSIBLE SUNSHINE  MM
  AVERAGE SKY COVER 0.0


WEATHER CONDITIONS
 THE FOLLOWING WEATHER WAS RECORDED TODAY.
  NO SIGNIFICANT WEATHER WAS OBSERVED.


RELATIVE HUMIDITY (PERCENT)
 HIGHEST    89           800 AM
 LOWEST     24           200 PM
 AVERAGE    57

..........................................................


THE GLASGOW MT CLIMATE NORMALS FOR TOMORROW
                         NORMAL    RECORD    YEAR
 MAXIMUM TEMPERATURE (F)   47        74      2007
 MINIMUM TEMPERATURE (F)   25       -15      1908


SUNRISE AND SUNSET
MARCH 24 2017.........SUNRISE   700 AM MDT   SUNSET   726 PM MDT
MARCH 25 2017.........SUNRISE   658 AM MDT   SUNSET   727 PM MDT


-  INDICATES NEGATIVE NUMBERS.
R  INDICATES RECORD WAS SET OR TIED.
MM INDICATES DATA IS MISSING.
T  INDICATES TRACE AMOUNT.




$$
