000
CDUS45 KGGW 250016
CLIGGW


CLIMATE REPORT
NATIONAL WEATHER SERVICE GLASGOW MT
615 PM MDT SAT SEP 24 2016


...................................

...THE GLASGOW MT CLIMATE SUMMARY FOR SEPTEMBER 24 2016...
VALID TODAY AS OF 0500 PM LOCAL TIME.

CLIMATE NORMAL PERIOD 1981 TO 2010
CLIMATE RECORD PERIOD 1893 TO 2016


WEATHER ITEM   OBSERVED TIME   RECORD YEAR NORMAL DEPARTURE LAST
                VALUE   (LST)  VALUE       VALUE  FROM      YEAR
                                                  NORMAL
..................................................................
TEMPERATURE (F)
 TODAY
  MAXIMUM         54    233 PM  93    1917  68    -14       81
  MINIMUM         44    111 AM  20    1926  41      3       43
  AVERAGE         49                        54     -5       62

PRECIPITATION (IN)
  TODAY            0.21          0.89 1931   0.03   0.18     0.00
  MONTH TO DATE    1.67                      0.75   0.92     0.57
  SINCE OCT 1     20.31                     11.47   8.84    11.32
  SINCE JAN 1     17.33                      9.92   7.41    10.06

SNOWFALL (IN)
  TODAY            0.0           2.3  1951   0.0    0.0      0.0
  MONTH TO DATE    0.0                       0.1   -0.1      0.0
  SINCE SEP 1      0.0                       0.1   -0.1      0.0
  SINCE JUL 1      0.0                       0.1   -0.1      0.0
  SNOW DEPTH       0

DEGREE DAYS
 HEATING
  TODAY           16                        11      5        3
  MONTH TO DATE  196                       167     29      127
  SINCE SEP 1    196                       167     29      127
  SINCE JUL 1    230                       220     10      177

 COOLING
  TODAY            0                         0      0        0
  MONTH TO DATE   26                        37    -11       31
  SINCE SEP 1     26                        37    -11       31
  SINCE JAN 1    431                       532   -101      595
..................................................................


WIND (MPH)
  HIGHEST WIND SPEED    23   HIGHEST WIND DIRECTION    NW (320)
  HIGHEST GUST SPEED    33   HIGHEST GUST DIRECTION    NW (320)
  AVERAGE WIND SPEED    10.9


SKY COVER
  POSSIBLE SUNSHINE  MM
  AVERAGE SKY COVER 1.0


WEATHER CONDITIONS
 THE FOLLOWING WEATHER WAS RECORDED TODAY.
  RAIN
  LIGHT RAIN
  FOG
  FOG W/VISIBILITY <= 1/4 MILE


RELATIVE HUMIDITY (PERCENT)
 HIGHEST   100           100 AM
 LOWEST     77           400 PM
 AVERAGE    89

..........................................................


THE GLASGOW MT CLIMATE NORMALS FOR TOMORROW
                         NORMAL    RECORD    YEAR
 MAXIMUM TEMPERATURE (F)   67        93      2015
 MINIMUM TEMPERATURE (F)   41        14      1928


SUNRISE AND SUNSET
SEPTEMBER 24 2016.....SUNRISE   657 AM MDT   SUNSET   659 PM MDT
SEPTEMBER 25 2016.....SUNRISE   658 AM MDT   SUNSET   657 PM MDT


-  INDICATES NEGATIVE NUMBERS.
R  INDICATES RECORD WAS SET OR TIED.
MM INDICATES DATA IS MISSING.
T  INDICATES TRACE AMOUNT.

$$
