473
CDUS45 KGGW 021233
CLIGGW


CLIMATE REPORT
NATIONAL WEATHER SERVICE GLASGOW MT
633 AM MDT MON MAY 2 2016


...................................

...THE GLASGOW MT CLIMATE SUMMARY FOR MAY 2 2016...
VALID AS OF 0600 AM LOCAL TIME.

CLIMATE NORMAL PERIOD 1981 TO 2010
CLIMATE RECORD PERIOD 1893 TO 2016


WEATHER ITEM   OBSERVED TIME   RECORD YEAR NORMAL DEPARTURE LAST
                VALUE   (LST)  VALUE       VALUE  FROM      YEAR
                                                  NORMAL
..................................................................
TEMPERATURE (F)
 TODAY
  MINIMUM         40    513 AM  18    1954  37      3       43

PRECIPITATION (IN)
  TODAY            0.00          0.79 1952   0.05  -0.05     0.00
  MONTH TO DATE    0.00                      0.09  -0.09     0.00
  SINCE OCT 1      6.73                      3.54   3.19     4.26
  SINCE JAN 1      3.75                      1.99   1.76     3.00

SNOWFALL (IN)
  TODAY            0.0           0.5  1954   0.0    0.0      0.0
  MONTH TO DATE    0.0                       0.1   -0.1      0.0
  SINCE MAR 1      6.1                       6.7   -0.6      8.1
  SINCE JUL 1     27.6                      33.7   -6.1     43.2
  SNOW DEPTH       0

DEGREE DAYS
 HEATING
  TODAY           20                        15      5        8
  MONTH TO DATE   34                        30      4       16
  SINCE MAR 1   1357                      1667   -310     1357
  SINCE JUL 1   6822                      8037  -1215     7441

 COOLING
  TODAY            0                         0      0        0
  MONTH TO DATE    0                         0      0        0
  SINCE MAR 1      0                         1     -1        0
  SINCE JAN 1      0                         1     -1        0
..................................................................





WEATHER CONDITIONS
 THE FOLLOWING WEATHER WAS RECORDED TODAY.
  NO SIGNIFICANT WEATHER WAS OBSERVED.


RELATIVE HUMIDITY (PERCENT)
 HIGHEST    73           500 AM

..........................................................


THE GLASGOW MT CLIMATE NORMALS FOR TOMORROW
                         NORMAL    RECORD    YEAR
 MAXIMUM TEMPERATURE (F)   64        87      1918
                                             1901
 MINIMUM TEMPERATURE (F)   38        17      1954


SUNRISE AND SUNSET
MAY  2 2016...........SUNRISE   545 AM MDT   SUNSET   822 PM MDT
MAY  3 2016...........SUNRISE   544 AM MDT   SUNSET   824 PM MDT


-  INDICATES NEGATIVE NUMBERS.
R  INDICATES RECORD WAS SET OR TIED.
MM INDICATES DATA IS MISSING.
T  INDICATES TRACE AMOUNT.




$$
