000
CDUS45 KGJT 280810
CLIGJT


CLIMATE REPORT
NATIONAL WEATHER SERVICE GRAND JUNCTION CO
108 AM MST SAT FEB 28 2015


...................................

...THE GRAND JUNCTION CO CLIMATE SUMMARY FOR FEBRUARY 27 2015...

CLIMATE NORMAL PERIOD 1981 TO 2010
CLIMATE RECORD PERIOD 1893 TO 2015


WEATHER ITEM   OBSERVED TIME   RECORD YEAR NORMAL DEPARTURE LAST
                VALUE   (LST)  VALUE       VALUE  FROM      YEAR
                                                  NORMAL
..................................................................
TEMPERATURE (F)
 YESTERDAY
  MAXIMUM         43    300 PM  68    1904  51     -8       52
  MINIMUM         26   1159 PM   4    1971  28     -2       35
  AVERAGE         35                        39     -4       44

PRECIPITATION (IN)
  YESTERDAY        0.03          0.44 1960   0.02   0.01     0.10
  MONTH TO DATE    0.13                      0.52  -0.39     0.71
  SINCE DEC 1      1.92                      1.69   0.23     2.34
  SINCE JAN 1      0.86                      1.10  -0.24     1.38

SNOWFALL (IN)
  YESTERDAY        0.4           5.9  1960   0.1    0.3       T
  MONTH TO DATE    1.7                       3.1   -1.4      2.6
  SINCE DEC 1      8.6                      12.9   -4.3     20.9
  SINCE JUL 1      8.6                      15.4   -6.8     25.7
  SNOW DEPTH       T

DEGREE DAYS
 HEATING
  YESTERDAY       30                        26      4       21
  MONTH TO DATE  683                       828   -145      806
  SINCE DEC 1   2729                      3126   -397     3576
  SINCE JUL 1   3953                      4354   -401     4915

 COOLING
  YESTERDAY        0                         0      0        0
  MONTH TO DATE    0                         0      0        0
  SINCE DEC 1      0                         0      0        0
  SINCE JAN 1      0                         0      0        0
..................................................................


WIND (MPH)
  HIGHEST WIND SPEED    14   HIGHEST WIND DIRECTION    SE (120)
  HIGHEST GUST SPEED    17   HIGHEST GUST DIRECTION    SE (120)
  AVERAGE WIND SPEED     6.3


SKY COVER
  POSSIBLE SUNSHINE  MM
  AVERAGE SKY COVER 0.7


WEATHER CONDITIONS
 THE FOLLOWING WEATHER WAS RECORDED YESTERDAY.
  LIGHT SNOW
  FOG


RELATIVE HUMIDITY (PERCENT)
 HIGHEST   100           400 AM
 LOWEST     46           200 PM
 AVERAGE    73

..........................................................


THE GRAND JUNCTION CO CLIMATE NORMALS FOR TODAY
                         NORMAL    RECORD    YEAR
 MAXIMUM TEMPERATURE (F)   51        66      1921
 MINIMUM TEMPERATURE (F)   28         5      1893


SUNRISE AND SUNSET
FEBRUARY 28 2015......SUNRISE   648 AM MST   SUNSET   605 PM MST
MARCH  1 2015.........SUNRISE   647 AM MST   SUNSET   607 PM MST


-  INDICATES NEGATIVE NUMBERS.
R  INDICATES RECORD WAS SET OR TIED.
MM INDICATES DATA IS MISSING.
T  INDICATES TRACE AMOUNT.




$$
