000
CDUS45 KGJT 280917
CLIGJT


CLIMATE REPORT
NATIONAL WEATHER SERVICE GRAND JUNCTION CO
215 AM MST TUE FEB 28 2017


...................................

...THE GRAND JUNCTION CO CLIMATE SUMMARY FOR FEBRUARY 27 2017...

CLIMATE NORMAL PERIOD 1981 TO 2010
CLIMATE RECORD PERIOD 1893 TO 2017


WEATHER ITEM   OBSERVED TIME   RECORD YEAR NORMAL DEPARTURE LAST
                VALUE   (LST)  VALUE       VALUE  FROM      YEAR
                                                  NORMAL
..................................................................
TEMPERATURE (F)
 YESTERDAY
  MAXIMUM         50    415 PM  68    1904  51     -1       59
  MINIMUM         37   1127 PM   4    1971  28      9       28
  AVERAGE         44                        39      5       44

PRECIPITATION (IN)
  YESTERDAY        0.00          0.44 1960   0.02  -0.02     0.00
  MONTH TO DATE    0.34                      0.52  -0.18     0.45
  SINCE DEC 1      2.08                      1.69   0.39     2.06
  SINCE JAN 1      1.35                      1.10   0.25     1.37

SNOWFALL (IN)
  YESTERDAY        0.0           5.9  1960   0.1   -0.1      0.0
  MONTH TO DATE    T                         3.1   -3.1      4.7
  SINCE DEC 1     11.2                      12.9   -1.7     24.0
  SINCE JUL 1     11.7                      15.4   -3.7     27.4
  SNOW DEPTH       0

DEGREE DAYS
 HEATING
  YESTERDAY       21                        26     -5       21
  MONTH TO DATE  612                       828   -216      902
  SINCE DEC 1   2743                      3126   -383     3390
  SINCE JUL 1   3613                      4354   -741     4439

 COOLING
  YESTERDAY        0                         0      0        0
  MONTH TO DATE    0                         0      0        0
  SINCE DEC 1      0                         0      0        0
  SINCE JAN 1      0                         0      0        0
..................................................................


WIND (MPH)
  HIGHEST WIND SPEED    26   HIGHEST WIND DIRECTION    SW (230)
  HIGHEST GUST SPEED    37   HIGHEST GUST DIRECTION    SW (240)
  AVERAGE WIND SPEED    14.4


SKY COVER
  POSSIBLE SUNSHINE  MM
  AVERAGE SKY COVER 0.9


WEATHER CONDITIONS
 THE FOLLOWING WEATHER WAS RECORDED YESTERDAY.
  NO SIGNIFICANT WEATHER WAS OBSERVED.


RELATIVE HUMIDITY (PERCENT)
 HIGHEST    85          1100 PM
 LOWEST     26           500 PM
 AVERAGE    56

..........................................................


THE GRAND JUNCTION CO CLIMATE NORMALS FOR TODAY
                         NORMAL    RECORD    YEAR
 MAXIMUM TEMPERATURE (F)   51        66      1921
 MINIMUM TEMPERATURE (F)   28         5      1893


SUNRISE AND SUNSET
FEBRUARY 28 2017......SUNRISE   648 AM MST   SUNSET   606 PM MST
MARCH  1 2017.........SUNRISE   646 AM MST   SUNSET   607 PM MST


-  INDICATES NEGATIVE NUMBERS.
R  INDICATES RECORD WAS SET OR TIED.
MM INDICATES DATA IS MISSING.
T  INDICATES TRACE AMOUNT.




$$
