000
CDUS45 KGJT 290733
CLIGJT


CLIMATE REPORT
NATIONAL WEATHER SERVICE GRAND JUNCTION CO
130 AM MDT FRI MAY 29 2015


...................................

...THE GRAND JUNCTION CO CLIMATE SUMMARY FOR MAY 28 2015...

CLIMATE NORMAL PERIOD 1981 TO 2010
CLIMATE RECORD PERIOD 1893 TO 2015


WEATHER ITEM   OBSERVED TIME   RECORD YEAR NORMAL DEPARTURE LAST
                VALUE   (LST)  VALUE       VALUE  FROM      YEAR
                                                  NORMAL
..................................................................
TEMPERATURE (F)
 YESTERDAY
  MAXIMUM         74    105 PM  96    2000  81     -7       92
  MINIMUM         48   1153 PM  35    1908  50     -2       56
  AVERAGE         61                        66     -5       74

PRECIPITATION (IN)
  YESTERDAY        0.03          0.56 1924   0.02   0.01      T
  MONTH TO DATE    1.85                      0.81   1.04     1.48
  SINCE MAR 1      4.24                      2.64   1.60     2.39
  SINCE JAN 1      5.10                      3.76   1.34     3.77

SNOWFALL (IN)
  YESTERDAY        0.0           0.0  2014   0.0    0.0      0.0
  MONTH TO DATE    0.1                       0.1    0.0      0.0
  SINCE MAR 1      4.0                       3.6    0.4       T
  SINCE JUL 1     12.6                      19.1   -6.5     25.7
  SNOW DEPTH       0

DEGREE DAYS
 HEATING
  YESTERDAY        4                         2      2        0
  MONTH TO DATE  220                       148     72      204
  SINCE MAR 1   1175                      1203    -28     1312
  SINCE JUL 1   5160                      5582   -422     6250

 COOLING
  YESTERDAY        0                         3     -3        9
  MONTH TO DATE    2                        38    -36       35
  SINCE MAR 1      2                        41    -39       35
  SINCE JAN 1      2                        41    -39       35
..................................................................


WIND (MPH)
  HIGHEST WIND SPEED    37   HIGHEST WIND DIRECTION    NW (330)
  HIGHEST GUST SPEED    46   HIGHEST GUST DIRECTION    NW (330)
  AVERAGE WIND SPEED     6.7


SKY COVER
  POSSIBLE SUNSHINE  MM
  AVERAGE SKY COVER 0.2


WEATHER CONDITIONS
 THE FOLLOWING WEATHER WAS RECORDED YESTERDAY.
  THUNDERSTORM
  LIGHT RAIN


RELATIVE HUMIDITY (PERCENT)
 HIGHEST    93           500 AM
 LOWEST     27           100 PM
 AVERAGE    60

..........................................................


THE GRAND JUNCTION CO CLIMATE NORMALS FOR TODAY
                         NORMAL    RECORD    YEAR
 MAXIMUM TEMPERATURE (F)   81       101      2000
 MINIMUM TEMPERATURE (F)   51        34      2006


SUNRISE AND SUNSET
MAY 29 2015...........SUNRISE   552 AM MDT   SUNSET   832 PM MDT
MAY 30 2015...........SUNRISE   551 AM MDT   SUNSET   833 PM MDT


-  INDICATES NEGATIVE NUMBERS.
R  INDICATES RECORD WAS SET OR TIED.
MM INDICATES DATA IS MISSING.
T  INDICATES TRACE AMOUNT.




$$
