000
CDUS45 KGJT 190806
CLIGJT


CLIMATE REPORT
NATIONAL WEATHER SERVICE GRAND JUNCTION CO
103 AM MST FRI DEC 19 2014


...................................

...THE GRAND JUNCTION CO CLIMATE SUMMARY FOR DECEMBER 18 2014...

CLIMATE NORMAL PERIOD 1981 TO 2010
CLIMATE RECORD PERIOD 1893 TO 2014


WEATHER ITEM   OBSERVED TIME   RECORD YEAR NORMAL DEPARTURE LAST
                VALUE   (LST)  VALUE       VALUE  FROM      YEAR
                                                  NORMAL
..................................................................
TEMPERATURE (F)
 YESTERDAY
  MAXIMUM         39    244 PM  53    1980  38      1       26
  MINIMUM         29   1003 PM  -4    1895  18     11        4
  AVERAGE         34                        28      6       15

PRECIPITATION (IN)
  YESTERDAY        0.10          0.25 1978   0.02   0.08     0.00
  MONTH TO DATE    0.52                      0.35   0.17     0.93
  SINCE DEC 1      0.52                      0.35   0.17     0.93
  SINCE JAN 1     11.42                      9.18   2.24    12.40

SNOWFALL (IN)
  YESTERDAY        T             1.8  1987   0.1   -0.1      0.0
  MONTH TO DATE    T                         2.4   -2.4     10.0
  SINCE DEC 1      T                         2.4   -2.4     10.0
  SINCE JUL 1      T                         4.9   -4.9     14.8
  SNOW DEPTH       0

DEGREE DAYS
 HEATING
  YESTERDAY       31                        37     -6       50
  MONTH TO DATE  493                       637   -144      933
  SINCE DEC 1    493                       637   -144      933
  SINCE JUL 1   1717                      1865   -148     2272

 COOLING
  YESTERDAY        0                         0      0        0
  MONTH TO DATE    0                         0      0        0
  SINCE DEC 1      0                         0      0        0
  SINCE JAN 1   1046                      1125    -79     1269
..................................................................


WIND (MPH)
  HIGHEST WIND SPEED    10   HIGHEST WIND DIRECTION     N (350)
  HIGHEST GUST SPEED    12   HIGHEST GUST DIRECTION     N (350)
  AVERAGE WIND SPEED     5.1


SKY COVER
  POSSIBLE SUNSHINE  MM
  AVERAGE SKY COVER 0.9


WEATHER CONDITIONS
 THE FOLLOWING WEATHER WAS RECORDED YESTERDAY.
  LIGHT RAIN
  LIGHT SNOW
  FOG


RELATIVE HUMIDITY (PERCENT)
 HIGHEST   100           100 AM
 LOWEST     70           400 PM
 AVERAGE    85

..........................................................


THE GRAND JUNCTION CO CLIMATE NORMALS FOR TODAY
                         NORMAL    RECORD    YEAR
 MAXIMUM TEMPERATURE (F)   38        56      1921
 MINIMUM TEMPERATURE (F)   18        -1      1919


SUNRISE AND SUNSET
DECEMBER 19 2014......SUNRISE   729 AM MST   SUNSET   454 PM MST
DECEMBER 20 2014......SUNRISE   729 AM MST   SUNSET   454 PM MST


-  INDICATES NEGATIVE NUMBERS.
R  INDICATES RECORD WAS SET OR TIED.
MM INDICATES DATA IS MISSING.
T  INDICATES TRACE AMOUNT.




$$
