000
CDUS45 KGJT 092335
CLIGJT


CLIMATE REPORT
NATIONAL WEATHER SERVICE GRAND JUNCTION CO
430 PM MST TUE FEB 9 2016


...................................

...THE GRAND JUNCTION CO CLIMATE SUMMARY FOR FEBRUARY 9 2016...
VALID TODAY AS OF 0400 PM LOCAL TIME.

CLIMATE NORMAL PERIOD 1981 TO 2010
CLIMATE RECORD PERIOD 1893 TO 2016


WEATHER ITEM   OBSERVED TIME   RECORD YEAR NORMAL DEPARTURE LAST
                VALUE   (LST)  VALUE       VALUE  FROM      YEAR
                                                  NORMAL
..................................................................
TEMPERATURE (F)
 TODAY
  MAXIMUM         45    350 PM  64    1999  43      2       63
  MINIMUM         12    631 AM  -7    1949  22    -10       35
  AVERAGE         29                        32     -3       49

PRECIPITATION (IN)
  TODAY            0.00          0.59 1893   0.02  -0.02     0.00
  MONTH TO DATE    0.42                      0.16   0.26     0.00
  SINCE DEC 1      2.03                      1.33   0.70     1.79
  SINCE JAN 1      1.34                      0.74   0.60     0.73

SNOWFALL (IN)
  TODAY            0.0           4.2  1925   0.2   -0.2      0.0
  MONTH TO DATE    4.7                       1.2    3.5      0.0
  SINCE DEC 1     24.0                      11.0   13.0      6.9
  SINCE JUL 1     27.4                      13.5   13.9      6.9
  SNOW DEPTH       3

DEGREE DAYS
 HEATING
  TODAY           36                        33      3       16
  MONTH TO DATE  418                       306    112      193
  SINCE DEC 1   2906                      2604    302     2239
  SINCE JUL 1   3955                      3832    123     3463

 COOLING
  TODAY            0                         0      0        0
  MONTH TO DATE    0                         0      0        0
  SINCE DEC 1      0                         0      0        0
  SINCE JAN 1      0                         0      0        0
..................................................................


WIND (MPH)
  HIGHEST WIND SPEED    12   HIGHEST WIND DIRECTION    SE (150)
  HIGHEST GUST SPEED    13   HIGHEST GUST DIRECTION    SE (140)
  AVERAGE WIND SPEED     5.2


SKY COVER
  POSSIBLE SUNSHINE  MM
  AVERAGE SKY COVER 0.0


WEATHER CONDITIONS
 THE FOLLOWING WEATHER WAS RECORDED TODAY.
  FOG


RELATIVE HUMIDITY (PERCENT)
 HIGHEST   100           100 AM
 LOWEST     45           400 PM
 AVERAGE    73

..........................................................


THE GRAND JUNCTION CO CLIMATE NORMALS FOR TOMORROW
                         NORMAL    RECORD    YEAR
 MAXIMUM TEMPERATURE (F)   43        63      1962
 MINIMUM TEMPERATURE (F)   22       -19      1933


SUNRISE AND SUNSET
FEBRUARY  9 2016......SUNRISE   713 AM MST   SUNSET   544 PM MST
FEBRUARY 10 2016......SUNRISE   712 AM MST   SUNSET   545 PM MST


-  INDICATES NEGATIVE NUMBERS.
R  INDICATES RECORD WAS SET OR TIED.
MM INDICATES DATA IS MISSING.
T  INDICATES TRACE AMOUNT.




$$
