000
CDUS45 KGJT 242324
CLIGJT


CLIMATE REPORT
NATIONAL WEATHER SERVICE GRAND JUNCTION CO
523 PM MDT SAT JUN 24 2017


...................................

...THE GRAND JUNCTION CO CLIMATE SUMMARY FOR JUNE 24 2017...
VALID TODAY AS OF 0500 PM LOCAL TIME.

CLIMATE NORMAL PERIOD 1981 TO 2010
CLIMATE RECORD PERIOD 1893 TO 2017


WEATHER ITEM   OBSERVED TIME   RECORD YEAR NORMAL DEPARTURE LAST
                VALUE   (LST)  VALUE       VALUE  FROM      YEAR
                                                  NORMAL
..................................................................
TEMPERATURE (F)
 TODAY
  MAXIMUM         94    320 PM 103    1971  91      3       94
  MINIMUM         60    502 AM  43    1906  59      1       67
  AVERAGE         77                        75      2       81

PRECIPITATION (IN)
  TODAY            0.00          1.08 1969   0.01  -0.01     0.00
  MONTH TO DATE    0.03                      0.38  -0.35     0.02
  SINCE JUN 1      0.03                      0.38  -0.35     0.02
  SINCE JAN 1      2.86                      4.21  -1.35     4.99

SNOWFALL (IN)
  TODAY            0.0           0.0  2002   0.0    0.0      0.0
  MONTH TO DATE    0.0                       0.0    0.0      0.0
  SINCE JUN 1      0.0                       0.0    0.0      0.0
  SINCE JUL 1     13.9                      19.1   -5.2     28.5
  SNOW DEPTH       0

DEGREE DAYS
 HEATING
  TODAY            0                         0      0        0
  MONTH TO DATE    4                        20    -16        1
  SINCE JUN 1      4                        20    -16        1
  SINCE JUL 1   4625                      5609   -984     5715

 COOLING
  TODAY           12                        10      2       16
  MONTH TO DATE  290                       165    125      271
  SINCE JUN 1    290                       165    125      271
  SINCE JAN 1    336                       216    120      284
..................................................................


WIND (MPH)
  HIGHEST WIND SPEED    17   HIGHEST WIND DIRECTION     W (270)
  HIGHEST GUST SPEED    22   HIGHEST GUST DIRECTION     W (290)
  AVERAGE WIND SPEED     5.6


SKY COVER
  POSSIBLE SUNSHINE  MM
  AVERAGE SKY COVER 0.0


WEATHER CONDITIONS
 THE FOLLOWING WEATHER WAS RECORDED TODAY.
  NO SIGNIFICANT WEATHER WAS OBSERVED.


RELATIVE HUMIDITY (PERCENT)
 HIGHEST    27           700 AM
 LOWEST      8           400 PM
 AVERAGE    18

..........................................................


THE GRAND JUNCTION CO CLIMATE NORMALS FOR TOMORROW
                         NORMAL    RECORD    YEAR
 MAXIMUM TEMPERATURE (F)   91       103      1994
 MINIMUM TEMPERATURE (F)   59        45      1969


SUNRISE AND SUNSET
JUNE 24 2017..........SUNRISE   549 AM MDT   SUNSET   844 PM MDT
JUNE 25 2017..........SUNRISE   550 AM MDT   SUNSET   844 PM MDT


-  INDICATES NEGATIVE NUMBERS.
R  INDICATES RECORD WAS SET OR TIED.
MM INDICATES DATA IS MISSING.
T  INDICATES TRACE AMOUNT.




$$
