000
CDUS45 KGJT 282326
CLIGJT


CLIMATE REPORT
NATIONAL WEATHER SERVICE GRAND JUNCTION CO
525 PM MDT SAT MAR 28 2015


...................................

...THE GRAND JUNCTION CO CLIMATE SUMMARY FOR MARCH 28 2015...
VALID TODAY AS OF 0500 PM LOCAL TIME.

CLIMATE NORMAL PERIOD 1981 TO 2010
CLIMATE RECORD PERIOD 1893 TO 2015


WEATHER ITEM   OBSERVED TIME   RECORD YEAR NORMAL DEPARTURE LAST
                VALUE   (LST)  VALUE       VALUE  FROM      YEAR
                                                  NORMAL
..................................................................
TEMPERATURE (F)
 TODAY
  MAXIMUM         78R   247 PM  77    1986  60     18       57
  MINIMUM         40    527 AM  11    1975  34      6       25
  AVERAGE         59                        47     12       41

PRECIPITATION (IN)
  TODAY            0.00          0.78 1992   0.04  -0.04     0.00
  MONTH TO DATE    0.27                      0.82  -0.55     0.10
  SINCE MAR 1      0.27                      0.82  -0.55     0.10
  SINCE JAN 1      1.13                      1.94  -0.81     1.48

SNOWFALL (IN)
  TODAY            0.0           4.3  1949   0.1   -0.1      0.0
  MONTH TO DATE    1.9                       2.4   -0.5       T
  SINCE MAR 1      1.9                       2.4   -0.5       T
  SINCE JUL 1     10.5                      17.9   -7.4     25.7
  SNOW DEPTH       0

DEGREE DAYS
 HEATING
  TODAY            6                        18    -12       24
  MONTH TO DATE  498                       599   -101      597
  SINCE MAR 1    498                       599   -101      597
  SINCE JUL 1   4483                      4978   -495     5535

 COOLING
  TODAY            0                         0      0        0
  MONTH TO DATE    0                         0      0        0
  SINCE MAR 1      0                         0      0        0
  SINCE JAN 1      0                         0      0        0
..................................................................


WIND (MPH)
  HIGHEST WIND SPEED    20   HIGHEST WIND DIRECTION    SW (240)
  HIGHEST GUST SPEED    25   HIGHEST GUST DIRECTION     W (280)
  AVERAGE WIND SPEED     8.7


SKY COVER
  POSSIBLE SUNSHINE  MM
  AVERAGE SKY COVER 0.0


WEATHER CONDITIONS
 THE FOLLOWING WEATHER WAS RECORDED TODAY.
  NO SIGNIFICANT WEATHER WAS OBSERVED.


RELATIVE HUMIDITY (PERCENT)
 HIGHEST    53           500 AM
 LOWEST     12           300 PM
 AVERAGE    33

..........................................................


THE GRAND JUNCTION CO CLIMATE NORMALS FOR TOMORROW
                         NORMAL    RECORD    YEAR
 MAXIMUM TEMPERATURE (F)   60        77      1986
                                             1943
 MINIMUM TEMPERATURE (F)   34        14      1977


SUNRISE AND SUNSET
MARCH 28 2015.........SUNRISE   705 AM MDT   SUNSET   734 PM MDT
MARCH 29 2015.........SUNRISE   704 AM MDT   SUNSET   735 PM MDT


-  INDICATES NEGATIVE NUMBERS.
R  INDICATES RECORD WAS SET OR TIED.
MM INDICATES DATA IS MISSING.
T  INDICATES TRACE AMOUNT.




$$
