000
CDUS45 KGJT 280748
CLIGJT


CLIMATE REPORT
NATIONAL WEATHER SERVICE GRAND JUNCTION CO
146 AM MDT FRI APR 28 2017


...................................

...THE GRAND JUNCTION CO CLIMATE SUMMARY FOR APRIL 27 2017...

CLIMATE NORMAL PERIOD 1981 TO 2010
CLIMATE RECORD PERIOD 1893 TO 2017


WEATHER ITEM   OBSERVED TIME   RECORD YEAR NORMAL DEPARTURE LAST
                VALUE   (LST)  VALUE       VALUE  FROM      YEAR
                                                  NORMAL
..................................................................
TEMPERATURE (F)
 YESTERDAY
  MAXIMUM         57    159 PM  86    2000  69    -12       60
  MINIMUM         39   1159 PM  26    1976  42     -3       35
  AVERAGE         48                        55     -7       48

PRECIPITATION (IN)
  YESTERDAY        0.03          0.86 1965   0.02   0.01      T
  MONTH TO DATE    0.23                      0.82  -0.59     1.04
  SINCE MAR 1      0.62                      1.74  -1.12     2.11
  SINCE JAN 1      2.17                      2.86  -0.69     3.48

SNOWFALL (IN)
  YESTERDAY        0.0           1.6  1991   0.0    0.0      0.0
  MONTH TO DATE    0.0                       0.9   -0.9       T
  SINCE MAR 1      T                         3.5   -3.5      1.1
  SINCE JUL 1     13.9                      19.0   -5.1     28.5
  SNOW DEPTH       0

DEGREE DAYS
 HEATING
  YESTERDAY       17                        10      7       17
  MONTH TO DATE  309                       374    -65      378
  SINCE MAR 1    749                      1027   -278      992
  SINCE JUL 1   4396                      5406  -1010     5470

 COOLING
  YESTERDAY        0                         0      0        0
  MONTH TO DATE    1                         0      1        0
  SINCE MAR 1      1                         0      1        0
  SINCE JAN 1      1                         0      1        0
..................................................................


WIND (MPH)
  HIGHEST WIND SPEED    32   HIGHEST WIND DIRECTION     N (350)
  HIGHEST GUST SPEED    45   HIGHEST GUST DIRECTION    NW (320)
  AVERAGE WIND SPEED     9.3


SKY COVER
  POSSIBLE SUNSHINE  MM
  AVERAGE SKY COVER 0.9


WEATHER CONDITIONS
 THE FOLLOWING WEATHER WAS RECORDED YESTERDAY.
  LIGHT RAIN
  FOG


RELATIVE HUMIDITY (PERCENT)
 HIGHEST    89           100 AM
 LOWEST     24           200 PM
 AVERAGE    57

..........................................................


THE GRAND JUNCTION CO CLIMATE NORMALS FOR TODAY
                         NORMAL    RECORD    YEAR
 MAXIMUM TEMPERATURE (F)   70        86      2000
 MINIMUM TEMPERATURE (F)   42        25      1991


SUNRISE AND SUNSET
APRIL 28 2017.........SUNRISE   619 AM MDT   SUNSET   805 PM MDT
APRIL 29 2017.........SUNRISE   618 AM MDT   SUNSET   806 PM MDT


-  INDICATES NEGATIVE NUMBERS.
R  INDICATES RECORD WAS SET OR TIED.
MM INDICATES DATA IS MISSING.
T  INDICATES TRACE AMOUNT.




$$
