378
CDUS44 KJAN 210633
CLIGLH


CLIMATE REPORT
NATIONAL WEATHER SERVICE JACKSON MS
1232 AM CST WED FEB 21 2018


...................................

...THE GREENVILLE CLIMATE SUMMARY FOR FEBRUARY 20 2018...

CLIMATE NORMAL PERIOD 1981 TO 2010
CLIMATE RECORD PERIOD 1903 TO 2018


WEATHER ITEM   OBSERVED TIME   RECORD YEAR NORMAL DEPARTURE LAST
                VALUE   (LST)  VALUE       VALUE  FROM      YEAR
                                                  NORMAL
..................................................................
TEMPERATURE (F)
 YESTERDAY
  MAXIMUM         83R   245 PM  79    2017  58     25       79
                                      1956
                                      1922
  MINIMUM         64    156 AM  21    1958  38     26       55
  AVERAGE         74                        48     26       67

PRECIPITATION (IN)
  YESTERDAY        T             2.75 1967   0.15  -0.15     0.05
  MONTH TO DATE    4.02                      3.87   0.15     2.12
  SINCE DEC 1     11.00                     14.46  -3.46    10.09
  SINCE JAN 1      6.14                      8.84  -2.70     7.23

SNOWFALL (IN)
  YESTERDAY        0.0

DEGREE DAYS
 HEATING
  YESTERDAY        0                        17    -17        0
  MONTH TO DATE  328                       394    -66      222
  SINCE DEC 1   1751                      1721     30     1202
  SINCE JUL 1   2165                      2183    -18     1471

 COOLING
  YESTERDAY        9                         0      9        2
  MONTH TO DATE   18                         0     18       12
  SINCE DEC 1     22                         4     18       35
  SINCE JAN 1     18                         1     17       23
..................................................................


WIND (MPH)
  HIGHEST WIND SPEED    26   HIGHEST WIND DIRECTION     S (190)
  HIGHEST GUST SPEED    33   HIGHEST GUST DIRECTION     S (190)
  AVERAGE WIND SPEED    13.2


SKY COVER
  POSSIBLE SUNSHINE  MM
  AVERAGE SKY COVER 0.4


WEATHER CONDITIONS
 THE FOLLOWING WEATHER WAS RECORDED YESTERDAY.
  LIGHT RAIN


RELATIVE HUMIDITY (PERCENT)
 HIGHEST    87           200 AM
 LOWEST     47           400 PM
 AVERAGE    67

..........................................................


THE GREENVILLE CLIMATE NORMALS FOR TODAY
                         NORMAL    RECORD    YEAR
 MAXIMUM TEMPERATURE (F)   59        81      1922
 MINIMUM TEMPERATURE (F)   38        20      1959


SUNRISE AND SUNSET
FEBRUARY 21 2018......SUNRISE   641 AM CST   SUNSET   554 PM CST
FEBRUARY 22 2018......SUNRISE   640 AM CST   SUNSET   555 PM CST


-  INDICATES NEGATIVE NUMBERS.
R  INDICATES RECORD WAS SET OR TIED.
MM INDICATES DATA IS MISSING.
T  INDICATES TRACE AMOUNT.




$$
