000
CDUS44 KJAN 120628
CLIGLH


CLIMATE REPORT
NATIONAL WEATHER SERVICE JACKSON MS
1226 AM CST TUE DEC 12 2017


...................................

...THE GREENVILLE CLIMATE SUMMARY FOR DECEMBER 11 2017...

CLIMATE NORMAL PERIOD 1981 TO 2010
CLIMATE RECORD PERIOD 1903 TO 2017


WEATHER ITEM   OBSERVED TIME   RECORD YEAR NORMAL DEPARTURE LAST
                VALUE   (LST)  VALUE       VALUE  FROM      YEAR
                                                  NORMAL
..................................................................
TEMPERATURE (F)
 YESTERDAY
  MAXIMUM         68    324 PM  80    1949  55     13       62
  MINIMUM         34    712 AM  14    1917  36     -2       40
  AVERAGE         51                        46      5       51

PRECIPITATION (IN)
  YESTERDAY        0.00          4.04 1964   0.21  -0.21      T
  MONTH TO DATE    0.61                      2.26  -1.65     1.50
  SINCE DEC 1      0.61                      2.26  -1.65     1.50
  SINCE JAN 1     34.18                     49.28 -15.10    48.76

SNOWFALL (IN)
  YESTERDAY        0.0

DEGREE DAYS
 HEATING
  YESTERDAY       14                        19     -5       14
  MONTH TO DATE  181                       201    -20      227
  SINCE DEC 1    181                       201    -20      227
  SINCE JUL 1    595                       663    -68      496

 COOLING
  YESTERDAY        0                         0      0        0
  MONTH TO DATE    0                         0      0        0
  SINCE DEC 1      0                         0      0        0
  SINCE JAN 1   2244                      2186     58     2672
..................................................................


WIND (MPH)
  HIGHEST WIND SPEED    16   HIGHEST WIND DIRECTION    NW (330)
  HIGHEST GUST SPEED    22   HIGHEST GUST DIRECTION    SW (240)
  AVERAGE WIND SPEED     8.7


SKY COVER
  POSSIBLE SUNSHINE  MM
  AVERAGE SKY COVER 0.0


WEATHER CONDITIONS
 THE FOLLOWING WEATHER WAS RECORDED YESTERDAY.
  NO SIGNIFICANT WEATHER WAS OBSERVED.


RELATIVE HUMIDITY (PERCENT)
 HIGHEST    76           800 AM
 LOWEST     24           200 PM
 AVERAGE    50

..........................................................


THE GREENVILLE CLIMATE NORMALS FOR TODAY
                         NORMAL    RECORD    YEAR
 MAXIMUM TEMPERATURE (F)   55        78      2015
                                             1931
                                             1929
 MINIMUM TEMPERATURE (F)   36        10      1962


SUNRISE AND SUNSET
DECEMBER 12 2017......SUNRISE   659 AM CST   SUNSET   457 PM CST
DECEMBER 13 2017......SUNRISE   659 AM CST   SUNSET   457 PM CST


-  INDICATES NEGATIVE NUMBERS.
R  INDICATES RECORD WAS SET OR TIED.
MM INDICATES DATA IS MISSING.
T  INDICATES TRACE AMOUNT.




$$
