000
CDUS44 KJAN 032217
CLIGLH


CLIMATE REPORT
NATIONAL WEATHER SERVICE JACKSON MS
415 PM CST TUE MAR 3 2015


...................................

...THE GREENVILLE CLIMATE SUMMARY FOR MARCH 3 2015...
VALID TODAY AS OF 0400 PM LOCAL TIME.

CLIMATE NORMAL PERIOD 1981 TO 2010
CLIMATE RECORD PERIOD 1920 TO 2015


WEATHER ITEM   OBSERVED TIME   RECORD YEAR NORMAL DEPARTURE LAST
                VALUE   (LST)  VALUE       VALUE  FROM      YEAR
                                                  NORMAL
..................................................................
TEMPERATURE (F)
 TODAY
  MAXIMUM         69    359 PM  82    1955  62      7       35
  MINIMUM         40    141 AM  15    1943  41     -1       22
  AVERAGE         55                        51      4       29

PRECIPITATION (IN)
  TODAY            T             2.81 1977   0.12  -0.12      T
  MONTH TO DATE    0.58                      0.37   0.21     0.58
  SINCE MAR 1      0.58                      0.37   0.21     0.58
  SINCE JAN 1      7.03                     10.36  -3.33     4.88

SNOWFALL (IN)
  TODAY            0.0

DEGREE DAYS
 HEATING
  TODAY           10                        14     -4       36
  MONTH TO DATE   60                        43     17       48
  SINCE MAR 1     60                        43     17       48
  SINCE JUL 1   2547                      2352    195     2655

 COOLING
  TODAY            0                         0      0        0
  MONTH TO DATE    0                         0      0        0
  SINCE MAR 1      0                         0      0        0
  SINCE JAN 1      0                         5     -5        0
..................................................................


WIND (MPH)
  HIGHEST WIND SPEED    16   HIGHEST WIND DIRECTION     S (190)
  HIGHEST GUST SPEED    19   HIGHEST GUST DIRECTION     S (190)
  AVERAGE WIND SPEED     4.9


SKY COVER
  POSSIBLE SUNSHINE  MM
  AVERAGE SKY COVER 1.0


WEATHER CONDITIONS
 THE FOLLOWING WEATHER WAS RECORDED TODAY.
  LIGHT RAIN
  FOG
  FOG W/VISIBILITY <= 1/4 MILE


RELATIVE HUMIDITY (PERCENT)
 HIGHEST   100          1200 AM
 LOWEST     87           400 PM
 AVERAGE    94

..........................................................


THE GREENVILLE CLIMATE NORMALS FOR TOMORROW
                         NORMAL    RECORD    YEAR
 MAXIMUM TEMPERATURE (F)   62        84      1923
 MINIMUM TEMPERATURE (F)   41        17      1943


SUNRISE AND SUNSET
MARCH  3 2015.........SUNRISE   630 AM CST   SUNSET   602 PM CST
MARCH  4 2015.........SUNRISE   629 AM CST   SUNSET   603 PM CST


-  INDICATES NEGATIVE NUMBERS.
R  INDICATES RECORD WAS SET OR TIED.
MM INDICATES DATA IS MISSING.
T  INDICATES TRACE AMOUNT.




$$
