000
CDUS44 KJAN 080646
CLIGLH


CLIMATE REPORT
NATIONAL WEATHER SERVICE JACKSON MS
140 AM CDT WED JUL 8 2015


...................................

...THE GREENVILLE CLIMATE SUMMARY FOR JULY 7 2015...

CLIMATE NORMAL PERIOD 1981 TO 2010
CLIMATE RECORD PERIOD 1920 TO 2015


WEATHER ITEM   OBSERVED TIME   RECORD YEAR NORMAL DEPARTURE LAST
                VALUE   (LST)  VALUE       VALUE  FROM      YEAR
                                                  NORMAL
..................................................................
TEMPERATURE (F)
 YESTERDAY
  MAXIMUM         93    239 PM 102    1980  92      1       93
                                      1977
  MINIMUM         73   1159 PM  56    1972  72      1       70
  AVERAGE         83                        82      1       82

PRECIPITATION (IN)
  YESTERDAY        0.00          2.00 1946   0.15  -0.15     0.00
  MONTH TO DATE    2.62                      1.06   1.56     0.00
  SINCE JUN 1      4.14                      5.10  -0.96     6.37
  SINCE JAN 1     24.11                     29.36  -5.25    30.50

SNOWFALL (IN)
  YESTERDAY        0.0

DEGREE DAYS
 HEATING
  YESTERDAY        0                         0      0        0
  MONTH TO DATE    0                         0      0        0
  SINCE JUN 1      0                         0      0        0
  SINCE JUL 1      0                         0      0        0

 COOLING
  YESTERDAY       18                        17      1       17
  MONTH TO DATE   97                       117    -20       91
  SINCE JUN 1    573                       537     36      553
  SINCE JAN 1    954                       859     95      868
..................................................................


WIND (MPH)
  HIGHEST WIND SPEED    20   HIGHEST WIND DIRECTION    SW (210)
  HIGHEST GUST SPEED    24   HIGHEST GUST DIRECTION    SW (220)
  AVERAGE WIND SPEED    11.0


SKY COVER
  POSSIBLE SUNSHINE  MM
  AVERAGE SKY COVER 0.1


WEATHER CONDITIONS
 THE FOLLOWING WEATHER WAS RECORDED YESTERDAY.
  NO SIGNIFICANT WEATHER WAS OBSERVED.


RELATIVE HUMIDITY (PERCENT)
 HIGHEST    94          1200 AM
 LOWEST     60           300 PM
 AVERAGE    77

..........................................................


THE GREENVILLE CLIMATE NORMALS FOR TODAY
                         NORMAL    RECORD    YEAR
 MAXIMUM TEMPERATURE (F)   92       103      1980
 MINIMUM TEMPERATURE (F)   72        57      1988


SUNRISE AND SUNSET
JULY  8 2015..........SUNRISE   601 AM CDT   SUNSET   817 PM CDT
JULY  9 2015..........SUNRISE   601 AM CDT   SUNSET   817 PM CDT


-  INDICATES NEGATIVE NUMBERS.
R  INDICATES RECORD WAS SET OR TIED.
MM INDICATES DATA IS MISSING.
T  INDICATES TRACE AMOUNT.




$$
