000
CDUS44 KJAN 200917
CLIGLH


CLIMATE REPORT
NATIONAL WEATHER SERVICE JACKSON MS
410 AM CDT SAT SEP 20 2014


...................................

...THE GREENVILLE CLIMATE SUMMARY FOR SEPTEMBER 19 2014...

CLIMATE NORMAL PERIOD 1981 TO 2010
CLIMATE RECORD PERIOD 1920 TO 2014


WEATHER ITEM   OBSERVED TIME   RECORD YEAR NORMAL DEPARTURE LAST
                VALUE   (LST)  VALUE       VALUE  FROM      YEAR
                                                  NORMAL
..................................................................
TEMPERATURE (F)
 YESTERDAY
  MAXIMUM         90    346 PM 100    1925  86      4       92
  MINIMUM         64    531 AM  45    1981  62      2       69
  AVERAGE         77                        74      3       81

PRECIPITATION (IN)
  YESTERDAY        0.00          4.00 1953   0.09  -0.09     0.00
  MONTH TO DATE    0.77                      1.96  -1.19     2.56
  SINCE SEP 1      0.77                      1.96  -1.19     2.56
  SINCE JAN 1     40.49                     36.52   3.97    31.54

SNOWFALL (IN)
  YESTERDAY        0.0

DEGREE DAYS
 HEATING
  YESTERDAY        0                         0      0        0
  MONTH TO DATE    0                         0      0        0
  SINCE SEP 1      0                         0      0        0
  SINCE JUL 1      0                         0      0        0

 COOLING
  YESTERDAY       12                         9      3       16
  MONTH TO DATE  271                       224     47      294
  SINCE SEP 1    271                       224     47      294
  SINCE JAN 1   1938                      2003    -65     2021
..................................................................


WIND (MPH)
  HIGHEST WIND SPEED    10   HIGHEST WIND DIRECTION    SE (120)
  HIGHEST GUST SPEED    17   HIGHEST GUST DIRECTION    SE (140)
  AVERAGE WIND SPEED     4.3


SKY COVER
  POSSIBLE SUNSHINE  MM
  AVERAGE SKY COVER 0.1


WEATHER CONDITIONS
 THE FOLLOWING WEATHER WAS RECORDED YESTERDAY.
  FOG
  HAZE


RELATIVE HUMIDITY (PERCENT)
 HIGHEST    93           300 AM
 LOWEST     41           400 PM
 AVERAGE    67

..........................................................


THE GREENVILLE CLIMATE NORMALS FOR TODAY
                         NORMAL    RECORD    YEAR
 MAXIMUM TEMPERATURE (F)   85       101      2005
 MINIMUM TEMPERATURE (F)   61        47      1991


SUNRISE AND SUNSET
SEPTEMBER 20 2014.....SUNRISE   651 AM CDT   SUNSET   703 PM CDT
SEPTEMBER 21 2014.....SUNRISE   651 AM CDT   SUNSET   702 PM CDT


-  INDICATES NEGATIVE NUMBERS.
R  INDICATES RECORD WAS SET OR TIED.
MM INDICATES DATA IS MISSING.
T  INDICATES TRACE AMOUNT.




$$
