000
CDUS44 KJAN 190753
CLIGLH


CLIMATE REPORT
NATIONAL WEATHER SERVICE JACKSON MS
250 AM CDT THU OCT 19 2017


...................................

...THE GREENVILLE CLIMATE SUMMARY FOR OCTOBER 18 2017...

CLIMATE NORMAL PERIOD 1981 TO 2010
CLIMATE RECORD PERIOD 1903 TO 2017


WEATHER ITEM   OBSERVED TIME   RECORD YEAR NORMAL DEPARTURE LAST
                VALUE   (LST)  VALUE       VALUE  FROM      YEAR
                                                  NORMAL
..................................................................
TEMPERATURE (F)
 YESTERDAY
  MAXIMUM         77    345 PM  91    1926  76      1       88
  MINIMUM         44    624 AM  32    1948  52     -8       68
  AVERAGE         61                        64     -3       78

PRECIPITATION (IN)
  YESTERDAY        0.00          2.95 1937   0.15  -0.15     0.00
  MONTH TO DATE    0.42                      2.62  -2.20     0.10
  SINCE SEP 1      2.14                      5.70  -3.56     0.78
  SINCE JAN 1     31.33                     40.26  -8.93    42.67

SNOWFALL (IN)
  YESTERDAY        0.0

DEGREE DAYS
 HEATING
  YESTERDAY        4                         4      0        0
  MONTH TO DATE   18                        38    -20        0
  SINCE SEP 1     21                        44    -23        0
  SINCE JUL 1     21                        44    -23        0

 COOLING
  YESTERDAY        0                         3     -3       13
  MONTH TO DATE  133                        68     65      132
  SINCE SEP 1    443                       369     74      586
  SINCE JAN 1   2186                      2148     38     2598
..................................................................


WIND (MPH)
  HIGHEST WIND SPEED    12   HIGHEST WIND DIRECTION     S (180)
  HIGHEST GUST SPEED    15   HIGHEST GUST DIRECTION     S (180)
  AVERAGE WIND SPEED     4.9


SKY COVER
  POSSIBLE SUNSHINE  MM
  AVERAGE SKY COVER 0.0


WEATHER CONDITIONS
 THE FOLLOWING WEATHER WAS RECORDED YESTERDAY.
  NO SIGNIFICANT WEATHER WAS OBSERVED.


RELATIVE HUMIDITY (PERCENT)
 HIGHEST    93           200 AM
 LOWEST     29           200 PM
 AVERAGE    61

..........................................................


THE GREENVILLE CLIMATE NORMALS FOR TODAY
                         NORMAL    RECORD    YEAR
 MAXIMUM TEMPERATURE (F)   76        91      1921
 MINIMUM TEMPERATURE (F)   51        32      1948


SUNRISE AND SUNSET
OCTOBER 19 2017.......SUNRISE   712 AM CDT   SUNSET   625 PM CDT
OCTOBER 20 2017.......SUNRISE   713 AM CDT   SUNSET   624 PM CDT


-  INDICATES NEGATIVE NUMBERS.
R  INDICATES RECORD WAS SET OR TIED.
MM INDICATES DATA IS MISSING.
T  INDICATES TRACE AMOUNT.




$$
