000
CDUS44 KJAN 210945
CLIGLH


CLIMATE REPORT
NATIONAL WEATHER SERVICE JACKSON MS
341 AM CST FRI NOV 21 2014


...................................

...THE GREENVILLE CLIMATE SUMMARY FOR NOVEMBER 20 2014...

CLIMATE NORMAL PERIOD 1981 TO 2010
CLIMATE RECORD PERIOD 1920 TO 2014


WEATHER ITEM   OBSERVED TIME   RECORD YEAR NORMAL DEPARTURE LAST
                VALUE   (LST)  VALUE       VALUE  FROM      YEAR
                                                  NORMAL
..................................................................
TEMPERATURE (F)
 YESTERDAY
  MAXIMUM         59    330 PM  84    1991  63     -4       66
  MINIMUM         39    554 AM  23    1937  41     -2       35
  AVERAGE         49                        52     -3       51

PRECIPITATION (IN)
  YESTERDAY        0.00          3.39 1956   0.18  -0.18     0.00
  MONTH TO DATE    1.88                      2.99  -1.11     0.94
  SINCE SEP 1      8.69                     10.39  -1.70    16.74
  SINCE JAN 1     48.41                     44.95   3.46    45.72

SNOWFALL (IN)
  YESTERDAY        0.0

DEGREE DAYS
 HEATING
  YESTERDAY       16                        13      3       14
  MONTH TO DATE  356                       198    158      212
  SINCE SEP 1    425                       312    113      303
  SINCE JUL 1    425                       312    113      303

 COOLING
  YESTERDAY        0                         0      0        0
  MONTH TO DATE    0                         9     -9       10
  SINCE SEP 1    507                       404    103      520
  SINCE JAN 1   2174                      2183     -9     2247
..................................................................


WIND (MPH)
  HIGHEST WIND SPEED    10   HIGHEST WIND DIRECTION    SW (220)
  HIGHEST GUST SPEED    13   HIGHEST GUST DIRECTION    SW (220)
  AVERAGE WIND SPEED     4.6


SKY COVER
  POSSIBLE SUNSHINE  MM
  AVERAGE SKY COVER 0.6


WEATHER CONDITIONS
 THE FOLLOWING WEATHER WAS RECORDED YESTERDAY.
  NO SIGNIFICANT WEATHER WAS OBSERVED.


RELATIVE HUMIDITY (PERCENT)
 HIGHEST    92           600 AM
 LOWEST     65          1200 AM
 AVERAGE    79

..........................................................


THE GREENVILLE CLIMATE NORMALS FOR TODAY
                         NORMAL    RECORD    YEAR
 MAXIMUM TEMPERATURE (F)   62        80      2011
                                             1943
                                             1942
 MINIMUM TEMPERATURE (F)   41        21      2008
                                             1937


SUNRISE AND SUNSET
NOVEMBER 21 2014......SUNRISE   641 AM CST   SUNSET   458 PM CST
NOVEMBER 22 2014......SUNRISE   642 AM CST   SUNSET   458 PM CST


-  INDICATES NEGATIVE NUMBERS.
R  INDICATES RECORD WAS SET OR TIED.
MM INDICATES DATA IS MISSING.
T  INDICATES TRACE AMOUNT.




$$
