000
CDUS44 KJAN 240623
CLIGLH


CLIMATE REPORT
NATIONAL WEATHER SERVICE JACKSON MS
121 AM CDT TUE MAY 24 2016


...................................

...THE GREENVILLE CLIMATE SUMMARY FOR MAY 23 2016...

CLIMATE NORMAL PERIOD 1981 TO 2010
CLIMATE RECORD PERIOD 1920 TO 2016


WEATHER ITEM   OBSERVED TIME   RECORD YEAR NORMAL DEPARTURE LAST
                VALUE   (LST)  VALUE       VALUE  FROM      YEAR
                                                  NORMAL
..................................................................
TEMPERATURE (F)
 YESTERDAY
  MAXIMUM         87    329 PM  94    1972  84      3       86
                                      1941
  MINIMUM         55    454 AM  48    1963  64     -9       58
  AVERAGE         71                        74     -3       72

PRECIPITATION (IN)
  YESTERDAY        0.00          2.14 1944   0.15  -0.15     0.00
  MONTH TO DATE    0.26                      3.91  -3.65     2.78
  SINCE MAR 1     20.55                     13.27   7.28    11.67
  SINCE JAN 1     27.06                     23.26   3.80    18.12

SNOWFALL (IN)
  YESTERDAY        0.0

DEGREE DAYS
 HEATING
  YESTERDAY        0                         0      0        0
  MONTH TO DATE    7                        10     -3        8
  SINCE MAR 1    245                       462   -217      382
  SINCE JUL 1   1925                      2771   -846     2869

 COOLING
  YESTERDAY        6                         9     -3        7
  MONTH TO DATE  109                       156    -47      199
  SINCE MAR 1    231                       237     -6      297
  SINCE JAN 1    235                       242     -7      297
..................................................................


WIND (MPH)
  HIGHEST WIND SPEED    15   HIGHEST WIND DIRECTION    SE (120)
  HIGHEST GUST SPEED    20   HIGHEST GUST DIRECTION    SE (120)
  AVERAGE WIND SPEED     5.1


SKY COVER
  POSSIBLE SUNSHINE  MM
  AVERAGE SKY COVER 0.0


WEATHER CONDITIONS
 THE FOLLOWING WEATHER WAS RECORDED YESTERDAY.
  NO SIGNIFICANT WEATHER WAS OBSERVED.


RELATIVE HUMIDITY (PERCENT)
 HIGHEST    77           200 AM
 LOWEST     32          1200 PM
 AVERAGE    55

..........................................................


THE GREENVILLE CLIMATE NORMALS FOR TODAY
                         NORMAL    RECORD    YEAR
 MAXIMUM TEMPERATURE (F)   84        94      2005
                                             1996
                                             1972
 MINIMUM TEMPERATURE (F)   64        46      1931


SUNRISE AND SUNSET
MAY 24 2016...........SUNRISE   558 AM CDT   SUNSET   804 PM CDT
MAY 25 2016...........SUNRISE   557 AM CDT   SUNSET   805 PM CDT


-  INDICATES NEGATIVE NUMBERS.
R  INDICATES RECORD WAS SET OR TIED.
MM INDICATES DATA IS MISSING.
T  INDICATES TRACE AMOUNT.




$$
