000
CDUS44 KHGX 032230
CLIGLS


CLIMATE REPORT
NATIONAL WEATHER SERVICE HOUSTON/GALVESTON TX
429 PM CST SAT DEC 3 2016


...................................

...THE GALVESTON CLIMATE SUMMARY FOR DECEMBER 3 2016...
VALID TODAY AS OF 400 PM LOCAL TIME.

CLIMATE NORMAL PERIOD 1981 TO 2010
CLIMATE RECORD PERIOD 1875 TO 2016


WEATHER ITEM   OBSERVED TIME   RECORD YEAR NORMAL DEPARTURE LAST
                VALUE   (LST)  VALUE       VALUE  FROM      YEAR
                                                  NORMAL
..................................................................
TEMPERATURE (F)
 TODAY
  MAXIMUM         74   1041 AM  79    1983  66      8       58
  MINIMUM         60    345 PM  29    1929  53      7       49
  AVERAGE         67                        60      7       54

PRECIPITATION (IN)
  TODAY            6.34R         2.64 1965   0.13   6.21     0.00
  MONTH TO DATE    6.49                      0.46   6.03     0.29
  SINCE DEC 1      6.49                      0.46   6.03     0.29
  SINCE JAN 1     51.91                     47.70   4.21    58.33

SNOWFALL (IN)
  TODAY            0.0           0.0  2002  MM     MM        0.0
                                      2001
  MONTH TO DATE    0.0                      MM     MM        0.0
  SINCE DEC 1      0.0                      MM     MM        0.0
  SINCE JUL 1      0.0                      MM     MM        0.0
  SNOW DEPTH       0

DEGREE DAYS
 HEATING
  TODAY            0                         7     -7       11
  MONTH TO DATE    3                        19    -16       28
  SINCE DEC 1      3                        19    -16       28
  SINCE JUL 1     15                       122   -107       81

 COOLING
  TODAY            2                         1      1        0
  MONTH TO DATE    3                         3      0        0
  SINCE DEC 1      3                         3      0        0
  SINCE JAN 1   3681                      3292    389     3565
..................................................................


WIND (MPH)
  RESULTANT WIND SPEED  14   RESULTANT WIND DIRECTION  NE (40)
  HIGHEST WIND SPEED    26   HIGHEST WIND DIRECTION     N (340)
  HIGHEST GUST SPEED    35   HIGHEST GUST DIRECTION     N (350)
  AVERAGE WIND SPEED    15.1


SKY COVER
  AVERAGE SKY COVER 0.9


WEATHER CONDITIONS
 THE FOLLOWING WEATHER WAS RECORDED TODAY.
  THUNDERSTORM
  HEAVY RAIN
  RAIN
  LIGHT RAIN
  FOG


RELATIVE HUMIDITY (PERCENT)
 HIGHEST   100           300 PM
 LOWEST     93           100 AM
 AVERAGE    97

..........................................................


THE GALVESTON CLIMATE NORMALS FOR TOMORROW
                         NORMAL    RECORD    YEAR
 MAXIMUM TEMPERATURE (F)   66        79      2012
                                             1998
 MINIMUM TEMPERATURE (F)   53        30      1897
                                             1886


SUNRISE AND SUNSET
DECEMBER  3 2016......SUNRISE   658 AM CST   SUNSET   521 PM CST
DECEMBER  4 2016......SUNRISE   659 AM CST   SUNSET   521 PM CST


-  INDICATES NEGATIVE NUMBERS.
R  INDICATES RECORD WAS SET OR TIED.
MM INDICATES DATA IS MISSING.
T  INDICATES TRACE AMOUNT.




$$
