000
CDUS44 KHGX 300726
CLIGLS


CLIMATE REPORT
NATIONAL WEATHER SERVICE HOUSTON/GALVESTON TX
224 AM CDT TUE SEP 30 2014


...................................

...THE GALVESTON CLIMATE SUMMARY FOR SEPTEMBER 29 2014...

CLIMATE NORMAL PERIOD 1981 TO 2010
CLIMATE RECORD PERIOD 1875 TO 2014


WEATHER ITEM   OBSERVED TIME   RECORD YEAR NORMAL DEPARTURE LAST
                VALUE   (LST)  VALUE       VALUE  FROM      YEAR
                                                  NORMAL
..................................................................
TEMPERATURE (F)
 YESTERDAY
  MAXIMUM         84    211 PM  95    1998  85     -1       85
  MINIMUM         75    701 AM  58    1942  73      2       76
  AVERAGE         80                        79      1       81

PRECIPITATION (IN)
  YESTERDAY        0.00          2.12 1921   0.17  -0.17     0.28
  MONTH TO DATE    6.11                      5.86   0.25     5.06
  SINCE SEP 1      6.11                      5.86   0.25     5.06
  SINCE JAN 1     22.36                     37.04 -14.68    29.29

SNOWFALL (IN)
  YESTERDAY        0.0           0.0  2002  MM     MM        0.0
                                      2001
  MONTH TO DATE    0.0                      MM     MM        0.0
  SINCE SEP 1      0.0                      MM     MM        0.0
  SINCE JUL 1      0.0                      MM     MM        0.0
  SNOW DEPTH       0

DEGREE DAYS
 HEATING
  YESTERDAY        0                         0      0        0
  MONTH TO DATE    0                         0      0        0
  SINCE SEP 1      0                         0      0        0
  SINCE JUL 1      0                         0      0        0

 COOLING
  YESTERDAY       15                        14      1       16
  MONTH TO DATE  489                       485      4      525
  SINCE SEP 1    489                       485      4      525
  SINCE JAN 1   2816                      2879    -63     2919
..................................................................


WIND (MPH)
  RESULTANT WIND SPEED   7   RESULTANT WIND DIRECTION  NE (40)
  HIGHEST WIND SPEED    15   HIGHEST WIND DIRECTION    NE (30)
  HIGHEST GUST SPEED    17   HIGHEST GUST DIRECTION    NE (40)
  AVERAGE WIND SPEED     8.3


SKY COVER
  AVERAGE SKY COVER 0.3


WEATHER CONDITIONS
 THE FOLLOWING WEATHER WAS RECORDED YESTERDAY.
  NO SIGNIFICANT WEATHER WAS OBSERVED.


RELATIVE HUMIDITY (PERCENT)
 HIGHEST   100
 LOWEST     70
 AVERAGE    85

..........................................................


THE GALVESTON CLIMATE NORMALS FOR TODAY
                         NORMAL    RECORD    YEAR
 MAXIMUM TEMPERATURE (F)   85        91      1998
                                             1990
 MINIMUM TEMPERATURE (F)   73        56      1920
                                             1890


SUNRISE AND SUNSET
SEPTEMBER 30 2014.....SUNRISE   712 AM CDT   SUNSET   706 PM CDT
OCTOBER  1 2014.......SUNRISE   713 AM CDT   SUNSET   705 PM CDT


-  INDICATES NEGATIVE NUMBERS.
R  INDICATES RECORD WAS SET OR TIED.
MM INDICATES DATA IS MISSING.
T  INDICATES TRACE AMOUNT.




$$
