852
CDUS44 KHGX 232127
CLIGLS


CLIMATE REPORT
NATIONAL WEATHER SERVICE HOUSTON/GALVESTON TX
424 PM CDT TUE AUG 23 2016


...................................

...THE GALVESTON CLIMATE SUMMARY FOR AUGUST 23 2016...
VALID TODAY AS OF 400 PM LOCAL TIME.

CLIMATE NORMAL PERIOD 1981 TO 2010
CLIMATE RECORD PERIOD 1875 TO 2016


WEATHER ITEM   OBSERVED TIME   RECORD YEAR NORMAL DEPARTURE LAST
                VALUE   (LST)  VALUE       VALUE  FROM      YEAR
                                                  NORMAL
..................................................................
TEMPERATURE (F)
 TODAY
  MAXIMUM         91   1243 PM  96    1980  90      1       91
  MINIMUM         83    548 AM  68    1964  80      3       83
  AVERAGE         87                        85      2       87

PRECIPITATION (IN)
  TODAY            T             2.56 1888   0.20  -0.20     0.00
  MONTH TO DATE    5.25                      2.72   2.53     6.16
  SINCE JUN 1     16.58                     12.21   4.37     9.14
  SINCE JAN 1     37.11                     29.51   7.60    31.32

SNOWFALL (IN)
  TODAY            0.0          MM      MM  MM     MM        0.0
  MONTH TO DATE    0.0                      MM     MM        0.0
  SINCE JUN 1      0.0                      MM     MM        0.0
  SINCE JUL 1      0.0                      MM     MM        0.0
  SNOW DEPTH       0

DEGREE DAYS
 HEATING
  TODAY            0                         0      0        0
  MONTH TO DATE    0                         0      0        0
  SINCE JUN 1      0                         0      0        0
  SINCE JUL 1      0                         0      0        0

 COOLING
  TODAY           22                        20      2       22
  MONTH TO DATE  471                       460     11      508
  SINCE JUN 1   1656                      1599     57     1736
  SINCE JAN 1   2323                      2234     89     2438
..................................................................


WIND (MPH)
  RESULTANT WIND SPEED  11   RESULTANT WIND DIRECTION   S (160)
  HIGHEST WIND SPEED    16   HIGHEST WIND DIRECTION    SE (150)
  HIGHEST GUST SPEED    19   HIGHEST GUST DIRECTION     S (160)
  AVERAGE WIND SPEED    10.7


SKY COVER
  AVERAGE SKY COVER 0.3


WEATHER CONDITIONS
 THE FOLLOWING WEATHER WAS RECORDED TODAY.
  LIGHT RAIN


RELATIVE HUMIDITY (PERCENT)
 HIGHEST    94           100 AM
 LOWEST     75          1100 AM
 AVERAGE    85

..........................................................


THE GALVESTON CLIMATE NORMALS FOR TOMORROW
                         NORMAL    RECORD    YEAR
 MAXIMUM TEMPERATURE (F)   90        95      2015
                                             2010
                                             1988
 MINIMUM TEMPERATURE (F)   80        69      1979


SUNRISE AND SUNSET
AUGUST 23 2016........SUNRISE   653 AM CDT   SUNSET   751 PM CDT
AUGUST 24 2016........SUNRISE   653 AM CDT   SUNSET   750 PM CDT


-  INDICATES NEGATIVE NUMBERS.
R  INDICATES RECORD WAS SET OR TIED.
MM INDICATES DATA IS MISSING.
T  INDICATES TRACE AMOUNT.




$$
