000
CDUS44 KHGX 242139
CLIGLS


CLIMATE REPORT
NATIONAL WEATHER SERVICE HOUSTON/GALVESTON TX
438 PM CDT THU APR 24 2014


...................................

...THE GALVESTON CLIMATE SUMMARY FOR APRIL 24 2014...
VALID TODAY AS OF 400 PM LOCAL TIME.

CLIMATE NORMAL PERIOD 1981 TO 2010
CLIMATE RECORD PERIOD 1875 TO 2014


WEATHER ITEM   OBSERVED TIME   RECORD YEAR NORMAL DEPARTURE LAST
                VALUE   (LST)  VALUE       VALUE  FROM      YEAR
                                                  NORMAL
..................................................................
TEMPERATURE (F)
 TODAY
  MAXIMUM         78   1036 AM  87    1955  78      0       73
  MINIMUM         70    558 AM  53    1995  67      3       54
  AVERAGE         74                        72      2       64

PRECIPITATION (IN)
  TODAY            0.00          2.75 1926   0.08  -0.08     0.07
  MONTH TO DATE    0.10                      2.56  -2.46     2.73
  SINCE MAR 1      1.92                      5.72  -3.80     3.45
  SINCE JAN 1      4.97                     12.49  -7.52    12.87

SNOWFALL (IN)
  TODAY            0.0          MM      MM  MM     MM        0.0
  MONTH TO DATE    0.0                      MM     MM        0.0
  SINCE MAR 1      0.0                      MM     MM        0.0
  SINCE JUL 1      T                        MM     MM        0.0
  SNOW DEPTH       0

DEGREE DAYS
 HEATING
  TODAY            0                         0      0        1
  MONTH TO DATE   20                        16      4       34
  SINCE MAR 1    186                       119     67      134
  SINCE JUL 1   1425                      1007    418      744

 COOLING
  TODAY            9                         7      2        0
  MONTH TO DATE   93                       124    -31       87
  SINCE MAR 1    114                       177    -63      155
  SINCE JAN 1    121                       194    -73      191
..................................................................


WIND (MPH)
  RESULTANT WIND SPEED  13   RESULTANT WIND DIRECTION   S (170)
  HIGHEST WIND SPEED    30   HIGHEST WIND DIRECTION     S (160)
  HIGHEST GUST SPEED    35   HIGHEST GUST DIRECTION     S (160)
  AVERAGE WIND SPEED    13.4


SKY COVER
  AVERAGE SKY COVER 0.6


WEATHER CONDITIONS
 THE FOLLOWING WEATHER WAS RECORDED TODAY.
  NO SIGNIFICANT WEATHER WAS OBSERVED.


RELATIVE HUMIDITY (PERCENT)
 HIGHEST   100           600 AM
 LOWEST     76           100 PM
 AVERAGE    88

..........................................................


THE GALVESTON CLIMATE NORMALS FOR TOMORROW
                         NORMAL    RECORD    YEAR
 MAXIMUM TEMPERATURE (F)   78        87      2003
                                             1988
 MINIMUM TEMPERATURE (F)   67        45      1910


SUNRISE AND SUNSET
APRIL 24 2014.........SUNRISE   644 AM CDT   SUNSET   751 PM CDT
APRIL 25 2014.........SUNRISE   643 AM CDT   SUNSET   752 PM CDT


-  INDICATES NEGATIVE NUMBERS.
R  INDICATES RECORD WAS SET OR TIED.
MM INDICATES DATA IS MISSING.
T  INDICATES TRACE AMOUNT.


$$
