000
CDUS44 KHGX 010835
CLIGLS


CLIMATE REPORT
NATIONAL WEATHER SERVICE HOUSTON/GALVESTON TX
235 AM CST SUN FEB 1 2015


...................................

...THE GALVESTON CLIMATE SUMMARY FOR JANUARY 31 2015...

CLIMATE NORMAL PERIOD 1981 TO 2010
CLIMATE RECORD PERIOD 1875 TO 2015


WEATHER ITEM   OBSERVED TIME   RECORD YEAR NORMAL DEPARTURE LAST
                VALUE   (LST)  VALUE       VALUE  FROM      YEAR
                                                  NORMAL
..................................................................
TEMPERATURE (F)
 YESTERDAY
  MAXIMUM         63    120 PM  76    1950  62      1       66
  MINIMUM         54    400 AM  24    1949  49      5       55
  AVERAGE         59                        56      3       61

PRECIPITATION (IN)
  YESTERDAY        0.00          2.02 1934   0.12  -0.12     0.00
  MONTH TO DATE    5.44                      4.20   1.24     1.36
  SINCE DEC 1      9.31                      7.72   1.59     2.01
  SINCE JAN 1      5.44                      4.20   1.24     1.36

SNOWFALL (IN)
  YESTERDAY        0.0           0.0  2002  MM     MM        0.0
  MONTH TO DATE    0.0                      MM     MM         T
  SINCE DEC 1      0.0                      MM     MM         T
  SINCE JUL 1      0.0                      MM     MM         T
  SNOW DEPTH       0

DEGREE DAYS
 HEATING
  YESTERDAY        6                        10     -4        4
  MONTH TO DATE  423                       310    113      398
  SINCE DEC 1    618                       566     52      766
  SINCE JUL 1    769                       669    100      944

 COOLING
  YESTERDAY        0                         0      0        0
  MONTH TO DATE    0                         5     -5        0
  SINCE DEC 1     21                        24     -3       13
  SINCE JAN 1      0                         5     -5        0
..................................................................


WIND (MPH)
  RESULTANT WIND SPEED  14   RESULTANT WIND DIRECTION   E (90)
  HIGHEST WIND SPEED    21   HIGHEST WIND DIRECTION     E (80)
  HIGHEST GUST SPEED    26   HIGHEST GUST DIRECTION     E (100)
  AVERAGE WIND SPEED    14.2


SKY COVER
  AVERAGE SKY COVER 0.6


WEATHER CONDITIONS
 THE FOLLOWING WEATHER WAS RECORDED YESTERDAY.
  FOG


RELATIVE HUMIDITY (PERCENT)
 HIGHEST   100
 LOWEST     71
 AVERAGE    86

..........................................................


THE GALVESTON CLIMATE NORMALS FOR TODAY
                         NORMAL    RECORD    YEAR
 MAXIMUM TEMPERATURE (F)   62        73      1989
                                             1975
 MINIMUM TEMPERATURE (F)   49        17      1951


SUNRISE AND SUNSET
FEBRUARY  1 2015......SUNRISE   709 AM CST   SUNSET   558 PM CST
FEBRUARY  2 2015......SUNRISE   708 AM CST   SUNSET   559 PM CST


-  INDICATES NEGATIVE NUMBERS.
R  INDICATES RECORD WAS SET OR TIED.
MM INDICATES DATA IS MISSING.
T  INDICATES TRACE AMOUNT.




$$
