000
CDUS44 KHGX 200717
CLIGLS


CLIMATE REPORT
NATIONAL WEATHER SERVICE HOUSTON/GALVESTON TX
217 AM CDT MON OCT 20 2014


...................................

...THE GALVESTON CLIMATE SUMMARY FOR OCTOBER 19 2014...

CLIMATE NORMAL PERIOD 1981 TO 2010
CLIMATE RECORD PERIOD 1875 TO 2014


WEATHER ITEM   OBSERVED TIME   RECORD YEAR NORMAL DEPARTURE LAST
                VALUE   (LST)  VALUE       VALUE  FROM      YEAR
                                                  NORMAL
..................................................................
TEMPERATURE (F)
 YESTERDAY
  MAXIMUM         79   1105 AM  86    2004  80     -1       71
                                      1883
  MINIMUM         72   1133 PM  47    1989  67      5       60
  AVERAGE         76                        74      2       66

PRECIPITATION (IN)
  YESTERDAY        0.00          1.43 1984   0.21  -0.21     1.33
  MONTH TO DATE    1.75                      3.61  -1.86     2.70
  SINCE SEP 1      7.86                      9.64  -1.78     7.76
  SINCE JAN 1     24.11                     40.82 -16.71    31.99

SNOWFALL (IN)
  YESTERDAY        0.0           0.0  2002  MM     MM        0.0
                                      2001
  MONTH TO DATE    0.0                      MM     MM        0.0
  SINCE SEP 1      0.0                      MM     MM        0.0
  SINCE JUL 1      0.0                      MM     MM        0.0
  SNOW DEPTH       0

DEGREE DAYS
 HEATING
  YESTERDAY        0                         0      0        0
  MONTH TO DATE    0                         0      0        0
  SINCE SEP 1      0                         0      0        0
  SINCE JUL 1      0                         0      0        0

 COOLING
  YESTERDAY       11                         9      2        1
  MONTH TO DATE  246                       211     35      226
  SINCE SEP 1    751                       710     41      768
  SINCE JAN 1   3078                      3104    -26     3162
..................................................................


WIND (MPH)
  RESULTANT WIND SPEED  10   RESULTANT WIND DIRECTION  NE (60)
  HIGHEST WIND SPEED    17   HIGHEST WIND DIRECTION    NE (50)
  HIGHEST GUST SPEED    22   HIGHEST GUST DIRECTION    NE (50)
  AVERAGE WIND SPEED    10.7


SKY COVER
  AVERAGE SKY COVER 0.4


WEATHER CONDITIONS
 THE FOLLOWING WEATHER WAS RECORDED YESTERDAY.
  NO SIGNIFICANT WEATHER WAS OBSERVED.


RELATIVE HUMIDITY (PERCENT)
 HIGHEST    90
 LOWEST     71
 AVERAGE    81

..........................................................


THE GALVESTON CLIMATE NORMALS FOR TODAY
                         NORMAL    RECORD    YEAR
 MAXIMUM TEMPERATURE (F)   80        86      2004
                                             1883
 MINIMUM TEMPERATURE (F)   67        45      1916


SUNRISE AND SUNSET
OCTOBER 20 2014.......SUNRISE   724 AM CDT   SUNSET   644 PM CDT
OCTOBER 21 2014.......SUNRISE   725 AM CDT   SUNSET   643 PM CDT


-  INDICATES NEGATIVE NUMBERS.
R  INDICATES RECORD WAS SET OR TIED.
MM INDICATES DATA IS MISSING.
T  INDICATES TRACE AMOUNT.




$$
