000
CDUS44 KHGX 070821
CLIGLS


CLIMATE REPORT
NATIONAL WEATHER SERVICE HOUSTON/GALVESTON TX
218 AM CST SUN FEB 7 2016


...................................

...THE GALVESTON CLIMATE SUMMARY FOR FEBRUARY 6 2016...

CLIMATE NORMAL PERIOD 1981 TO 2010
CLIMATE RECORD PERIOD 1875 TO 2016


WEATHER ITEM   OBSERVED TIME   RECORD YEAR NORMAL DEPARTURE LAST
                VALUE   (LST)  VALUE       VALUE  FROM      YEAR
                                                  NORMAL
..................................................................
TEMPERATURE (F)
 YESTERDAY
  MAXIMUM         60    333 PM  77    1969  63     -3       53
  MINIMUM         47   1159 PM  30    1989  50     -3       46
                                      1923
  AVERAGE         54                        56     -2       50

PRECIPITATION (IN)
  YESTERDAY        0.02          1.87 1881   0.09  -0.07     0.00
  MONTH TO DATE    0.03                      0.53  -0.50     0.44
  SINCE DEC 1      6.59                      8.25  -1.66     9.75
  SINCE JAN 1      3.10                      4.73  -1.63     5.88

SNOWFALL (IN)
  YESTERDAY       MM            MM      MM  MM     MM        0.0
  MONTH TO DATE    0.0                      MM     MM        0.0
  SINCE DEC 1      0.0                      MM     MM        0.0
  SINCE JUL 1      0.0                      MM     MM        0.0
  SNOW DEPTH       0

DEGREE DAYS
 HEATING
  YESTERDAY       11                         9      2       15
  MONTH TO DATE   53                        54     -1       78
  SINCE DEC 1    543                       620    -77      696
  SINCE JUL 1    596                       723   -127      847

 COOLING
  YESTERDAY        0                         0      0        0
  MONTH TO DATE    1                         0      1        0
  SINCE DEC 1     52                        24     28       21
  SINCE JAN 1      2                         5     -3        0
..................................................................


WIND (MPH)
  RESULTANT WIND SPEED   6   RESULTANT WIND DIRECTION   N (340)
  HIGHEST WIND SPEED    23   HIGHEST WIND DIRECTION    NW (320)
  HIGHEST GUST SPEED    27   HIGHEST GUST DIRECTION    NW (320)
  AVERAGE WIND SPEED     9.7


SKY COVER
  AVERAGE SKY COVER 0.3


WEATHER CONDITIONS
 THE FOLLOWING WEATHER WAS RECORDED YESTERDAY.
  THUNDERSTORM
  LIGHT RAIN


RELATIVE HUMIDITY (PERCENT)
 HIGHEST    96
 LOWEST     40
 AVERAGE    68

..........................................................


THE GALVESTON CLIMATE NORMALS FOR TODAY
                         NORMAL    RECORD    YEAR
 MAXIMUM TEMPERATURE (F)   63        76      1904
 MINIMUM TEMPERATURE (F)   50        15      1895


SUNRISE AND SUNSET
FEBRUARY  7 2016......SUNRISE   705 AM CST   SUNSET   602 PM CST
FEBRUARY  8 2016......SUNRISE   704 AM CST   SUNSET   603 PM CST


-  INDICATES NEGATIVE NUMBERS.
R  INDICATES RECORD WAS SET OR TIED.
MM INDICATES DATA IS MISSING.
T  INDICATES TRACE AMOUNT.




$$
