000
CDUS42 KJAX 022129
CLIGNV


CLIMATE REPORT
NATIONAL WEATHER SERVICE JACKSONVILLE FL
529 PM EDT WED SEP 2 2015


...................................

...THE GAINESVILLE CLIMATE SUMMARY FOR SEPTEMBER 2 2015...
VALID TODAY AS OF 0500 PM LOCAL TIME.

CLIMATE NORMAL PERIOD 1981 TO 2010
CLIMATE RECORD PERIOD 1890 TO 2015


WEATHER ITEM   OBSERVED TIME   RECORD YEAR NORMAL DEPARTURE LAST
                VALUE   (LST)  VALUE       VALUE  FROM      YEAR
                                                  NORMAL
..................................................................
TEMPERATURE (F)
 TODAY
  MAXIMUM         89    344 PM  99    1907  89      0       91
  MINIMUM         75   1203 AM  62    1891  71      4       72
  AVERAGE         82                        80      2       82

PRECIPITATION (IN)
  TODAY            0.00          2.85 1975   0.18  -0.18     0.13
  MONTH TO DATE    0.12                      0.35  -0.23     0.56
  SINCE SEP 1      0.12                      0.35  -0.23     0.56
  SINCE JAN 1     35.49                     35.92  -0.43    37.62

SNOWFALL (IN)
  TODAY            0.0           0.0    MM   0.0    0.0      0.0
  MONTH TO DATE    0.0                       0.0    0.0      0.0
  SINCE SEP 1      0.0                       0.0    0.0      0.0
  SINCE JUL 1      0.0                       0.0    0.0      0.0
  SNOW DEPTH       0

DEGREE DAYS
 HEATING
  TODAY            0                         0      0        0
  MONTH TO DATE    0                         0      0        0
  SINCE SEP 1      0                         0      0        0
  SINCE JUL 1      0                         0      0        0

 COOLING
  TODAY           17                        15      2       17
  MONTH TO DATE   33                        30      3       35
  SINCE SEP 1     33                        30      3       35
  SINCE JAN 1   2309                      1974    335     1981
..................................................................


WIND (MPH)
  HIGHEST WIND SPEED    18   HIGHEST WIND DIRECTION    SW (230)
  HIGHEST GUST SPEED    23   HIGHEST GUST DIRECTION    SW (220)
  AVERAGE WIND SPEED     5.9


SKY COVER
  POSSIBLE SUNSHINE  MM
  AVERAGE SKY COVER 0.3


WEATHER CONDITIONS
 THE FOLLOWING WEATHER WAS RECORDED TODAY.
  THUNDERSTORM


RELATIVE HUMIDITY (PERCENT)
 HIGHEST   100           100 AM
 LOWEST     59           300 PM
 AVERAGE    80

..........................................................


THE GAINESVILLE CLIMATE NORMALS FOR TOMORROW
                         NORMAL    RECORD    YEAR
 MAXIMUM TEMPERATURE (F)   89        97      1912
                                             1907
 MINIMUM TEMPERATURE (F)   71        61      1972
                                             1891


SUNRISE AND SUNSET
SEPTEMBER  2 2015.....SUNRISE   707 AM EDT   SUNSET   750 PM EDT
SEPTEMBER  3 2015.....SUNRISE   707 AM EDT   SUNSET   749 PM EDT


-  INDICATES NEGATIVE NUMBERS.
R  INDICATES RECORD WAS SET OR TIED.
MM INDICATES DATA IS MISSING.
T  INDICATES TRACE AMOUNT.




$$
