000
CDUS42 KJAX 250527
CLIGNV


CLIMATE REPORT
NATIONAL WEATHER SERVICE JACKSONVILLE FL
126 AM EDT THU MAY 25 2017


...................................

...THE GAINESVILLE CLIMATE SUMMARY FOR MAY 24 2017...

CLIMATE NORMAL PERIOD 1981 TO 2010
CLIMATE RECORD PERIOD 1890 TO 2017


WEATHER ITEM   OBSERVED TIME   RECORD YEAR NORMAL DEPARTURE LAST
                VALUE   (LST)  VALUE       VALUE  FROM      YEAR
                                                  NORMAL
..................................................................
TEMPERATURE (F)
 YESTERDAY
  MAXIMUM         77   1044 AM  98    1893  88    -11       89
  MINIMUM         67    530 AM  50    2001  65      2       57
  AVERAGE         72                        76     -4       73

PRECIPITATION (IN)
  YESTERDAY        2.02R         1.90 1984   0.10   1.92     0.00
  MONTH TO DATE    4.45                      1.69   2.76     4.03
  SINCE MAR 1      7.86                      8.69  -0.83     8.04
  SINCE JAN 1      9.70                     15.20  -5.50    14.89

SNOWFALL (IN)
  YESTERDAY        0.0           0.0    MM   0.0    0.0      0.0
  MONTH TO DATE    0.0                       0.0    0.0      0.0
  SINCE MAR 1      0.0                       0.0    0.0      0.0
  SINCE JUL 1      0.0                       0.0    0.0      0.0
  SNOW DEPTH       0

DEGREE DAYS
 HEATING
  YESTERDAY        0                         0      0        0
  MONTH TO DATE    0                         0      0        4
  SINCE MAR 1    143                       180    -37       87
  SINCE JUL 1    646                      1214   -568      852

 COOLING
  YESTERDAY        7                        12     -5        8
  MONTH TO DATE  256                       217     39      228
  SINCE MAR 1    511                       392    119      496
  SINCE JAN 1    595                       424    171      521
..................................................................


WIND (MPH)
  HIGHEST WIND SPEED    32   HIGHEST WIND DIRECTION     W (280)
  HIGHEST GUST SPEED    39   HIGHEST GUST DIRECTION     W (270)
  AVERAGE WIND SPEED     7.5


SKY COVER
  POSSIBLE SUNSHINE  MM
  AVERAGE SKY COVER 0.7


WEATHER CONDITIONS
 THE FOLLOWING WEATHER WAS RECORDED YESTERDAY.
  THUNDERSTORM
  HEAVY RAIN
  RAIN
  LIGHT RAIN
  FOG


RELATIVE HUMIDITY (PERCENT)
 HIGHEST   100           100 AM
 LOWEST     79           600 PM
 AVERAGE    90

..........................................................


THE GAINESVILLE CLIMATE NORMALS FOR TODAY
                         NORMAL    RECORD    YEAR
 MAXIMUM TEMPERATURE (F)   89        98      2011
                                             1956
                                             1953
 MINIMUM TEMPERATURE (F)   65        52      1931


SUNRISE AND SUNSET
MAY 25 2017...........SUNRISE   631 AM EDT   SUNSET   821 PM EDT
MAY 26 2017...........SUNRISE   631 AM EDT   SUNSET   822 PM EDT


-  INDICATES NEGATIVE NUMBERS.
R  INDICATES RECORD WAS SET OR TIED.
MM INDICATES DATA IS MISSING.
T  INDICATES TRACE AMOUNT.




$$
