000
CDUS42 KJAX 290531
CLIGNV


CLIMATE REPORT
NATIONAL WEATHER SERVICE JACKSONVILLE FL
1230 AM EST MON DEC 29 2014


...................................

...THE GAINESVILLE CLIMATE SUMMARY FOR DECEMBER 28 2014...

CLIMATE NORMAL PERIOD 1981 TO 2010
CLIMATE RECORD PERIOD 1890 TO 2014


WEATHER ITEM   OBSERVED TIME   RECORD YEAR NORMAL DEPARTURE LAST
                VALUE   (LST)  VALUE       VALUE  FROM      YEAR
                                                  NORMAL
..................................................................
TEMPERATURE (F)
 YESTERDAY
  MAXIMUM         79    120 PM  82    1971  66     13       72
                                      1942
  MINIMUM         57   1154 PM  21    2010  43     14       53
  AVERAGE         68                        54     14       63

PRECIPITATION (IN)
  YESTERDAY        0.00          1.56 1920   0.08  -0.08     0.01
  MONTH TO DATE    3.38                      2.15   1.23     2.47
  SINCE DEC 1      3.38                      2.15   1.23     2.47
  SINCE JAN 1     51.74                     47.08   4.66    45.76

SNOWFALL (IN)
  YESTERDAY        0.0           0.0    MM   0.0    0.0      0.0
  MONTH TO DATE    0.0                       0.0    0.0      0.0
  SINCE DEC 1      0.0                       0.0    0.0      0.0
  SINCE JUL 1      0.0                       0.0    0.0      0.0
  SNOW DEPTH       0

DEGREE DAYS
 HEATING
  YESTERDAY        0                        11    -11        2
  MONTH TO DATE  201                       262    -61      154
  SINCE DEC 1    201                       262    -61      154
  SINCE JUL 1    466                       423     43      247

 COOLING
  YESTERDAY        3                         0      3        0
  MONTH TO DATE   34                        24     10       55
  SINCE DEC 1     34                        24     10       55
  SINCE JAN 1   2597                      2640    -43     2880
..................................................................


WIND (MPH)
  HIGHEST WIND SPEED    14   HIGHEST WIND DIRECTION     W (250)
  HIGHEST GUST SPEED    16   HIGHEST GUST DIRECTION     W (270)
  AVERAGE WIND SPEED     2.6


SKY COVER
  POSSIBLE SUNSHINE  MM
  AVERAGE SKY COVER 0.5


WEATHER CONDITIONS
 THE FOLLOWING WEATHER WAS RECORDED YESTERDAY.
  FOG
  FOG W/VISIBILITY <= 1/4 MILE


RELATIVE HUMIDITY (PERCENT)
 HIGHEST   100          1200 AM
 LOWEST     64           400 PM
 AVERAGE    82

..........................................................


THE GAINESVILLE CLIMATE NORMALS FOR TODAY
                         NORMAL    RECORD    YEAR
 MAXIMUM TEMPERATURE (F)   66        82      1946
 MINIMUM TEMPERATURE (F)   43        23      2010
                                             1961


SUNRISE AND SUNSET
DECEMBER 29 2014......SUNRISE   723 AM EST   SUNSET   539 PM EST
DECEMBER 30 2014......SUNRISE   724 AM EST   SUNSET   540 PM EST


-  INDICATES NEGATIVE NUMBERS.
R  INDICATES RECORD WAS SET OR TIED.
MM INDICATES DATA IS MISSING.
T  INDICATES TRACE AMOUNT.




$$
