000
CDUS42 KJAX 250532
CLIGNV


CLIMATE REPORT
NATIONAL WEATHER SERVICE JACKSONVILLE FL
131 AM EDT MON SEP 25 2017


...................................

...THE GAINESVILLE CLIMATE SUMMARY FOR SEPTEMBER 24 2017...

CLIMATE NORMAL PERIOD 1981 TO 2010
CLIMATE RECORD PERIOD 1890 TO 2017


WEATHER ITEM   OBSERVED TIME   RECORD YEAR NORMAL DEPARTURE LAST
                VALUE   (LST)  VALUE       VALUE  FROM      YEAR
                                                  NORMAL
..................................................................
TEMPERATURE (F)
 YESTERDAY
  MAXIMUM         90    215 PM  95    1997  86      4       93
                                      1936
                                      1925
  MINIMUM         70   1159 PM  54    1897  68      2       70
  AVERAGE         80                        77      3       82

PRECIPITATION (IN)
  YESTERDAY        0.00          3.30 1975   0.13  -0.13     0.00
  MONTH TO DATE   15.06                      3.64  11.42     7.89
  SINCE SEP 1     15.06                      3.64  11.42     7.89
  SINCE JAN 1     64.11                     39.21  24.90    37.61

SNOWFALL (IN)
  YESTERDAY        0.0           0.0    MM   0.0    0.0      0.0
  MONTH TO DATE    0.0                       0.0    0.0      0.0
  SINCE SEP 1      0.0                       0.0    0.0      0.0
  SINCE JUL 1      0.0                       0.0    0.0      0.0
  SNOW DEPTH       0

DEGREE DAYS
 HEATING
  YESTERDAY        0                         0      0        0
  MONTH TO DATE    0                         0      0        0
  SINCE SEP 1      0                         0      0        0
  SINCE JUL 1      0                         0      0        0

 COOLING
  YESTERDAY       15                        12      3       17
  MONTH TO DATE  320                       330    -10      367
  SINCE SEP 1    320                       330    -10      367
  SINCE JAN 1   2480                      2274    206     2610
..................................................................


WIND (MPH)
  HIGHEST WIND SPEED    12   HIGHEST WIND DIRECTION    NE (60)
  HIGHEST GUST SPEED    20   HIGHEST GUST DIRECTION     E (100)
  AVERAGE WIND SPEED     6.7


SKY COVER
  POSSIBLE SUNSHINE  MM
  AVERAGE SKY COVER 0.1


WEATHER CONDITIONS
 THE FOLLOWING WEATHER WAS RECORDED YESTERDAY.
  NO SIGNIFICANT WEATHER WAS OBSERVED.


RELATIVE HUMIDITY (PERCENT)
 HIGHEST   100           700 AM
 LOWEST     47           100 PM
 AVERAGE    74

..........................................................


THE GAINESVILLE CLIMATE NORMALS FOR TODAY
                         NORMAL    RECORD    YEAR
 MAXIMUM TEMPERATURE (F)   86        96      1931
 MINIMUM TEMPERATURE (F)   67        55      2008


SUNRISE AND SUNSET
SEPTEMBER 25 2017.....SUNRISE   719 AM EDT   SUNSET   722 PM EDT
SEPTEMBER 26 2017.....SUNRISE   720 AM EDT   SUNSET   720 PM EDT


-  INDICATES NEGATIVE NUMBERS.
R  INDICATES RECORD WAS SET OR TIED.
MM INDICATES DATA IS MISSING.
T  INDICATES TRACE AMOUNT.




$$
