000
CDUS42 KJAX 250528
CLIGNV


CLIMATE REPORT
NATIONAL WEATHER SERVICE JACKSONVILLE FL
127 AM EDT TUE APR 25 2017


...................................

...THE GAINESVILLE CLIMATE SUMMARY FOR APRIL 24 2017...

CLIMATE NORMAL PERIOD 1981 TO 2010
CLIMATE RECORD PERIOD 1890 TO 2017


WEATHER ITEM   OBSERVED TIME   RECORD YEAR NORMAL DEPARTURE LAST
                VALUE   (LST)  VALUE       VALUE  FROM      YEAR
                                                  NORMAL
..................................................................
TEMPERATURE (F)
 YESTERDAY
  MAXIMUM         76    123 PM  94    1999  82     -6       86
  MINIMUM         54   1034 PM  39    1993  57     -3       58
  AVERAGE         65                        69     -4       72

PRECIPITATION (IN)
  YESTERDAY        0.00          2.82 1945   0.08  -0.08     0.00
  MONTH TO DATE    2.74                      2.22   0.52     1.66
  SINCE MAR 1      3.41                      6.55  -3.14     4.01
  SINCE JAN 1      5.25                     13.06  -7.81    10.86

SNOWFALL (IN)
  YESTERDAY        0.0           0.0    MM   0.0    0.0      0.0
  MONTH TO DATE    0.0                       0.0    0.0      0.0
  SINCE MAR 1      0.0                       0.0    0.0      0.0
  SINCE JUL 1      0.0                       0.0    0.0      0.0
  SNOW DEPTH       0

DEGREE DAYS
 HEATING
  YESTERDAY        0                         1     -1        0
  MONTH TO DATE   18                        39    -21        9
  SINCE MAR 1    143                       176    -33       83
  SINCE JUL 1    646                      1210   -564      848

 COOLING
  YESTERDAY        0                         5     -5        7
  MONTH TO DATE  116                        87     29       77
  SINCE MAR 1    189                       141     48      206
  SINCE JAN 1    273                       173    100      231
..................................................................


WIND (MPH)
  HIGHEST WIND SPEED    23   HIGHEST WIND DIRECTION     W (270)
  HIGHEST GUST SPEED    31   HIGHEST GUST DIRECTION     W (280)
  AVERAGE WIND SPEED     9.5


SKY COVER
  POSSIBLE SUNSHINE  MM
  AVERAGE SKY COVER 0.5


WEATHER CONDITIONS
 THE FOLLOWING WEATHER WAS RECORDED YESTERDAY.
  NO SIGNIFICANT WEATHER WAS OBSERVED.


RELATIVE HUMIDITY (PERCENT)
 HIGHEST    93           500 AM
 LOWEST     46           100 PM
 AVERAGE    70

..........................................................


THE GAINESVILLE CLIMATE NORMALS FOR TODAY
                         NORMAL    RECORD    YEAR
 MAXIMUM TEMPERATURE (F)   82        93      1896
 MINIMUM TEMPERATURE (F)   57        39      2005


SUNRISE AND SUNSET
APRIL 25 2017.........SUNRISE   652 AM EDT   SUNSET   802 PM EDT
APRIL 26 2017.........SUNRISE   651 AM EDT   SUNSET   803 PM EDT


-  INDICATES NEGATIVE NUMBERS.
R  INDICATES RECORD WAS SET OR TIED.
MM INDICATES DATA IS MISSING.
T  INDICATES TRACE AMOUNT.




$$
