000
CDUS42 KJAX 260533
CLIGNV


CLIMATE REPORT
NATIONAL WEATHER SERVICE JACKSONVILLE FL
133 AM EDT THU MAY 26 2016


...................................

...THE GAINESVILLE CLIMATE SUMMARY FOR MAY 25 2016...

CLIMATE NORMAL PERIOD 1981 TO 2010
CLIMATE RECORD PERIOD 1890 TO 2016


WEATHER ITEM   OBSERVED TIME   RECORD YEAR NORMAL DEPARTURE LAST
                VALUE   (LST)  VALUE       VALUE  FROM      YEAR
                                                  NORMAL
..................................................................
TEMPERATURE (F)
 YESTERDAY
  MAXIMUM         89    229 PM  98    2011  89      0       93
                                      1956
                                      1953
  MINIMUM         61    505 AM  52    1931  65     -4       70
  AVERAGE         75                        77     -2       82

PRECIPITATION (IN)
  YESTERDAY        0.00          2.18 1970   0.11  -0.11     0.00
  MONTH TO DATE    4.03                      1.80   2.23     2.53
  SINCE MAR 1      8.04                      8.80  -0.76     6.92
  SINCE JAN 1     14.89                     15.31  -0.42    12.18

SNOWFALL (IN)
  YESTERDAY        0.0           0.0    MM   0.0    0.0      0.0
  MONTH TO DATE    0.0                       0.0    0.0      0.0
  SINCE MAR 1      0.0                       0.0    0.0      0.0
  SINCE JUL 1      0.0                       0.0    0.0      0.0
  SNOW DEPTH       0

DEGREE DAYS
 HEATING
  YESTERDAY        0                         0      0        0
  MONTH TO DATE    4                         0      4        2
  SINCE MAR 1     87                       180    -93       62
  SINCE JUL 1    852                      1214   -362     1213

 COOLING
  YESTERDAY       10                        12     -2       17
  MONTH TO DATE  238                       229      9      256
  SINCE MAR 1    506                       404    102      641
  SINCE JAN 1    531                       436     95      656
..................................................................


WIND (MPH)
  HIGHEST WIND SPEED    15   HIGHEST WIND DIRECTION    SE (120)
  HIGHEST GUST SPEED    19   HIGHEST GUST DIRECTION    NE (50)
  AVERAGE WIND SPEED     4.2


SKY COVER
  POSSIBLE SUNSHINE  MM
  AVERAGE SKY COVER 0.1


WEATHER CONDITIONS
 THE FOLLOWING WEATHER WAS RECORDED YESTERDAY.
  NO SIGNIFICANT WEATHER WAS OBSERVED.


RELATIVE HUMIDITY (PERCENT)
 HIGHEST    90           400 AM
 LOWEST     34           100 PM
 AVERAGE    62

..........................................................


THE GAINESVILLE CLIMATE NORMALS FOR TODAY
                         NORMAL    RECORD    YEAR
 MAXIMUM TEMPERATURE (F)   89       100      1953
 MINIMUM TEMPERATURE (F)   65        46      1979


SUNRISE AND SUNSET
MAY 26 2016...........SUNRISE   631 AM EDT   SUNSET   822 PM EDT
MAY 27 2016...........SUNRISE   630 AM EDT   SUNSET   822 PM EDT


-  INDICATES NEGATIVE NUMBERS.
R  INDICATES RECORD WAS SET OR TIED.
MM INDICATES DATA IS MISSING.
T  INDICATES TRACE AMOUNT.




$$
