000
CDUS42 KJAX 200533
CLIGNV


CLIMATE REPORT
NATIONAL WEATHER SERVICE JACKSONVILLE FL
132 AM EDT WED AUG 20 2014


...................................

...THE GAINESVILLE CLIMATE SUMMARY FOR AUGUST 19 2014...

CLIMATE NORMAL PERIOD 1981 TO 2010
CLIMATE RECORD PERIOD 1890 TO 2014


WEATHER ITEM   OBSERVED TIME   RECORD YEAR NORMAL DEPARTURE LAST
                VALUE   (LST)  VALUE       VALUE  FROM      YEAR
                                                  NORMAL
..................................................................
TEMPERATURE (F)
 YESTERDAY
  MAXIMUM         92    404 PM 100    1954  90      2       92
  MINIMUM         73    558 AM  63    1960  72      1       75
                                      1890
  AVERAGE         83                        81      2       84

PRECIPITATION (IN)
  YESTERDAY        0.17          3.72 1893   0.20  -0.03     0.00
  MONTH TO DATE    2.75                      3.90  -1.15     2.29
  SINCE JUN 1     14.06                     17.09  -3.03    25.19
  SINCE JAN 1     34.60                     33.08   1.52    36.19

SNOWFALL (IN)
  YESTERDAY        0.0           0.0    MM   0.0    0.0      0.0
  MONTH TO DATE    0.0                       0.0    0.0      0.0
  SINCE JUN 1      0.0                       0.0    0.0      0.0
  SINCE JUL 1      0.0                       0.0    0.0      0.0
  SNOW DEPTH       0

DEGREE DAYS
 HEATING
  YESTERDAY        0                         0      0        0
  MONTH TO DATE    0                         0      0        0
  SINCE JUN 1      0                         0      0        0
  SINCE JUL 1      0                         0      0        0

 COOLING
  YESTERDAY       18                        16      2       19
  MONTH TO DATE  316                       304     12      346
  SINCE JUN 1   1236                      1245     -9     1333
  SINCE JAN 1   1737                      1755    -18     1865
..................................................................


WIND (MPH)
  HIGHEST WIND SPEED    20   HIGHEST WIND DIRECTION     W (260)
  HIGHEST GUST SPEED    25   HIGHEST GUST DIRECTION     W (270)
  AVERAGE WIND SPEED     8.8


SKY COVER
  POSSIBLE SUNSHINE  MM
  AVERAGE SKY COVER 0.1


WEATHER CONDITIONS
 THE FOLLOWING WEATHER WAS RECORDED YESTERDAY.
  THUNDERSTORM
  HEAVY RAIN
  RAIN
  LIGHT RAIN
  FOG


RELATIVE HUMIDITY (PERCENT)
 HIGHEST   100           100 AM
 LOWEST     52           400 PM
 AVERAGE    76

..........................................................


THE GAINESVILLE CLIMATE NORMALS FOR TODAY
                         NORMAL    RECORD    YEAR
 MAXIMUM TEMPERATURE (F)   90        99      1915
                                             1900
                                             1895
 MINIMUM TEMPERATURE (F)   72        66      1974
                                             1916


SUNRISE AND SUNSET
AUGUST 20 2014........SUNRISE   700 AM EDT   SUNSET   805 PM EDT
AUGUST 21 2014........SUNRISE   700 AM EDT   SUNSET   804 PM EDT


-  INDICATES NEGATIVE NUMBERS.
R  INDICATES RECORD WAS SET OR TIED.
MM INDICATES DATA IS MISSING.
T  INDICATES TRACE AMOUNT.




$$
