155
CDUS42 KJAX 090531
CLIGNV


CLIMATE REPORT
NATIONAL WEATHER SERVICE JACKSONVILLE FL
1231 AM EST TUE FEB 9 2016


...................................

...THE GAINESVILLE CLIMATE SUMMARY FOR FEBRUARY 8 2016...

CLIMATE NORMAL PERIOD 1981 TO 2010
CLIMATE RECORD PERIOD 1890 TO 2016


WEATHER ITEM   OBSERVED TIME   RECORD YEAR NORMAL DEPARTURE LAST
                VALUE   (LST)  VALUE       VALUE  FROM      YEAR
                                                  NORMAL
..................................................................
TEMPERATURE (F)
 YESTERDAY
  MAXIMUM         64    214 PM  85    1957  69     -5       74
  MINIMUM         32    515 AM  27    1976  44    -12       39
  AVERAGE         48                        56     -8       57

PRECIPITATION (IN)
  YESTERDAY        T             2.17 1959   0.11  -0.11     0.00
  MONTH TO DATE    3.60                      0.87   2.73     0.61
  SINCE DEC 1      8.30                      6.66   1.64     7.23
  SINCE JAN 1      6.33                      4.18   2.15     3.85

SNOWFALL (IN)
  YESTERDAY       MM             0.0    MM   0.0   MM        0.0
  MONTH TO DATE    0.0                       0.0    0.0      0.0
  SINCE DEC 1      0.0                       0.0    0.0      0.0
  SINCE JUL 1      0.0                       0.0    0.0      0.0
  SNOW DEPTH       0

DEGREE DAYS
 HEATING
  YESTERDAY       17                         9      8        8
  MONTH TO DATE   73                        77     -4      100
  SINCE DEC 1    531                       718   -187      650
  SINCE JUL 1    570                       879   -309      915

 COOLING
  YESTERDAY        0                         1     -1        0
  MONTH TO DATE   14                         4     10        0
  SINCE DEC 1    162                        38    124       50
  SINCE JAN 1     16                        16      0       14
..................................................................


WIND (MPH)
  HIGHEST WIND SPEED    28   HIGHEST WIND DIRECTION     W (270)
  HIGHEST GUST SPEED    40   HIGHEST GUST DIRECTION     W (270)
  AVERAGE WIND SPEED    11.9


SKY COVER
  POSSIBLE SUNSHINE  MM
  AVERAGE SKY COVER 0.3


WEATHER CONDITIONS
 THE FOLLOWING WEATHER WAS RECORDED YESTERDAY.
  NO SIGNIFICANT WEATHER WAS OBSERVED.


RELATIVE HUMIDITY (PERCENT)
 HIGHEST    89           200 AM
 LOWEST     32          1200 PM
 AVERAGE    61

..........................................................


THE GAINESVILLE CLIMATE NORMALS FOR TODAY
                         NORMAL    RECORD    YEAR
 MAXIMUM TEMPERATURE (F)   69        86      1939
 MINIMUM TEMPERATURE (F)   44        19      1995


SUNRISE AND SUNSET
FEBRUARY  9 2016......SUNRISE   714 AM EST   SUNSET   613 PM EST
FEBRUARY 10 2016......SUNRISE   713 AM EST   SUNSET   614 PM EST


-  INDICATES NEGATIVE NUMBERS.
R  INDICATES RECORD WAS SET OR TIED.
MM INDICATES DATA IS MISSING.
T  INDICATES TRACE AMOUNT.




$$
