000
CDUS45 KMSO 300737
CLIGPI


CLIMATE REPORT
NATIONAL WEATHER SERVICE MISSOULA, MT
137 AM MDT FRI SEP 30 2016


...................................

...THE KALISPELL MT CLIMATE SUMMARY FOR SEPTEMBER 29 2016...

CLIMATE NORMAL PERIOD 1981 TO 2010
CLIMATE RECORD PERIOD 1894 TO 2016


WEATHER ITEM   OBSERVED TIME   RECORD YEAR NORMAL DEPARTURE LAST
                VALUE   (LST)  VALUE       VALUE  FROM      YEAR
                                                  NORMAL
..................................................................
TEMPERATURE (F)
 YESTERDAY
  MAXIMUM         77    450 PM  82    1967  64     13       72
  MINIMUM         41    620 AM  19    1985  34      7       24
  AVERAGE         59                        49     10       48

PRECIPITATION (IN)
  YESTERDAY        0.00          0.64 1909   0.03  -0.03     0.00
  MONTH TO DATE    0.85                      1.34  -0.49     0.75
  SINCE OCT 1     17.12                     16.95   0.17    13.68
  SINCE JAN 1     13.07                     12.95   0.12     7.60

SNOWFALL (IN)
  YESTERDAY        0.0
  MONTH TO DATE    0.0
  SINCE JAN 1     14.6
  SINCE JUL 1      0.0
  SNOW DEPTH       0

DEGREE DAYS
 HEATING
  YESTERDAY        6                        16    -10       17
  MONTH TO DATE  336                       313     23      318
  SINCE SEP 1    336                       313     23      318
  SINCE JUL 1    483                       483      0      451

 COOLING
  YESTERDAY        0                         0      0        0
  MONTH TO DATE    1                         1      0        2
  SINCE SEP 1      1                         1      0        2
  SINCE JAN 1    157                       144     13      248
..................................................................


WIND (MPH)
  HIGHEST WIND SPEED    15   HIGHEST WIND DIRECTION    SW (240)
  HIGHEST GUST SPEED    19   HIGHEST GUST DIRECTION    SW (230)
  AVERAGE WIND SPEED     3.3


SKY COVER
  POSSIBLE SUNSHINE  MM
  AVERAGE SKY COVER 0.0


WEATHER CONDITIONS
 THE FOLLOWING WEATHER WAS RECORDED YESTERDAY.
  NO SIGNIFICANT WEATHER WAS OBSERVED.


RELATIVE HUMIDITY (PERCENT)
 HIGHEST    96           600 AM
 LOWEST     36           500 PM
 AVERAGE    66

..........................................................


THE KALISPELL MT CLIMATE NORMALS FOR TODAY
                         NORMAL    RECORD    YEAR
 MAXIMUM TEMPERATURE (F)   63        82      1963
 MINIMUM TEMPERATURE (F)   34        22      1985


SUNRISE AND SUNSET
SEPTEMBER 30 2016.....SUNRISE   736 AM MDT   SUNSET   717 PM MDT
OCTOBER  1 2016.......SUNRISE   737 AM MDT   SUNSET   715 PM MDT


-  INDICATES NEGATIVE NUMBERS.
R  INDICATES RECORD WAS SET OR TIED.
MM INDICATES DATA IS MISSING.
T  INDICATES TRACE AMOUNT.




$$
