000
CDUS45 KMSO 220737
CLIGPI


CLIMATE REPORT
NATIONAL WEATHER SERVICE MISSOULA, MT
137 AM MDT TUE AUG 22 2017


...................................

...THE KALISPELL MT CLIMATE SUMMARY FOR AUGUST 21 2017...

CLIMATE NORMAL PERIOD 1981 TO 2010
CLIMATE RECORD PERIOD 1894 TO 2017


WEATHER ITEM   OBSERVED TIME   RECORD YEAR NORMAL DEPARTURE LAST
                VALUE   (LST)  VALUE       VALUE  FROM      YEAR
                                                  NORMAL
..................................................................
TEMPERATURE (F)
 YESTERDAY
  MAXIMUM         80    419 PM  95    1969  80      0       92
  MINIMUM         39    608 AM  33    1966  46     -7       42
                                      2000
  AVERAGE         60                        63     -3       67

PRECIPITATION (IN)
  YESTERDAY        0.00          0.86 1990   0.04  -0.04     0.00
  MONTH TO DATE    0.08                      0.63  -0.55     1.08
  SINCE OCT 1     18.48                     15.25   3.23    16.27
  SINCE JAN 1     11.25                     11.25   0.00    12.22

SNOWFALL (IN)
  YESTERDAY        0.0
  MONTH TO DATE    0.0
  SINCE JAN 1     54.5
  SINCE JUL 1      0.0
  SNOW DEPTH       0

DEGREE DAYS
 HEATING
  YESTERDAY        5                         3      2        0
  MONTH TO DATE   30                        50    -20       45
  SINCE JUN 1    194                       343   -149      303
  SINCE JUL 1     36                       127    -91      124

 COOLING
  YESTERDAY        0                         1     -1        2
  MONTH TO DATE   59                        52      7       44
  SINCE JUN 1    203                       132     71      145
  SINCE JAN 1    208                       135     73      145
..................................................................


WIND (MPH)
  HIGHEST WIND SPEED    10   HIGHEST WIND DIRECTION     S (200)
  HIGHEST GUST SPEED    14   HIGHEST GUST DIRECTION     S (170)
  AVERAGE WIND SPEED     2.7


SKY COVER
  POSSIBLE SUNSHINE  MM
  AVERAGE SKY COVER 0.0


WEATHER CONDITIONS
 THE FOLLOWING WEATHER WAS RECORDED YESTERDAY.
  NO SIGNIFICANT WEATHER WAS OBSERVED.


RELATIVE HUMIDITY (PERCENT)
 HIGHEST   100           600 AM
 LOWEST     28           300 PM
 AVERAGE    64

..........................................................


THE KALISPELL MT CLIMATE NORMALS FOR TODAY
                         NORMAL    RECORD    YEAR
 MAXIMUM TEMPERATURE (F)   80        96      1969
 MINIMUM TEMPERATURE (F)   46        33      2000


SUNRISE AND SUNSET
AUGUST 22 2017........SUNRISE   641 AM MDT   SUNSET   837 PM MDT
AUGUST 23 2017........SUNRISE   643 AM MDT   SUNSET   835 PM MDT


-  INDICATES NEGATIVE NUMBERS.
R  INDICATES RECORD WAS SET OR TIED.
MM INDICATES DATA IS MISSING.
T  INDICATES TRACE AMOUNT.




$$
