000
CDUS45 KMSO 080839
CLIGPI


CLIMATE REPORT
NATIONAL WEATHER SERVICE MISSOULA, MT
139 AM MST MON FEB 8 2016


...................................

...THE KALISPELL MT CLIMATE SUMMARY FOR FEBRUARY 7 2016...

CLIMATE NORMAL PERIOD 1981 TO 2010
CLIMATE RECORD PERIOD 1894 TO 2016


WEATHER ITEM   OBSERVED TIME   RECORD YEAR NORMAL DEPARTURE LAST
                VALUE   (LST)  VALUE       VALUE  FROM      YEAR
                                                  NORMAL
..................................................................
TEMPERATURE (F)
 YESTERDAY
  MAXIMUM         39    226 PM  52    1963  34      5       45
  MINIMUM          9    814 AM -27    1936  18     -9       34
  AVERAGE         24                        26     -2       40

PRECIPITATION (IN)
  YESTERDAY        0.00          0.50 1904   0.03  -0.03     0.25
  MONTH TO DATE    0.19                      0.24  -0.05     0.54
  SINCE OCT 1      5.72                      5.57   0.15     9.03
  SINCE JAN 1      1.67                      1.57   0.10     2.95

SNOWFALL (IN)
  YESTERDAY        0.0
  MONTH TO DATE    2.5
  SINCE JAN 1     14.1
  SINCE JUL 1     40.9
  SNOW DEPTH       5

DEGREE DAYS
 HEATING
  YESTERDAY       41                        39      2       25
  MONTH TO DATE  279                       273      6      222
  SINCE DEC 1   2658                      2860   -202     2753
  SINCE JUL 1   4677                      5064   -387     4751

 COOLING
  YESTERDAY        0                         0      0        0
  MONTH TO DATE    0                         0      0        0
  SINCE DEC 1      0                         0      0        0
  SINCE JAN 1      0                         0      0        0
..................................................................


WIND (MPH)
  HIGHEST WIND SPEED     7   HIGHEST WIND DIRECTION     S (190)
  HIGHEST GUST SPEED     9   HIGHEST GUST DIRECTION     S (190)
  AVERAGE WIND SPEED     1.3


SKY COVER
  POSSIBLE SUNSHINE  MM
  AVERAGE SKY COVER 0.4


WEATHER CONDITIONS
 THE FOLLOWING WEATHER WAS RECORDED YESTERDAY.
  NO SIGNIFICANT WEATHER WAS OBSERVED.


RELATIVE HUMIDITY (PERCENT)
 HIGHEST   100           300 AM
 LOWEST     59           200 PM
 AVERAGE    80

..........................................................


THE KALISPELL MT CLIMATE NORMALS FOR TODAY
                         NORMAL    RECORD    YEAR
 MAXIMUM TEMPERATURE (F)   35        51      2015
 MINIMUM TEMPERATURE (F)   18       -26      1936


SUNRISE AND SUNSET
FEBRUARY  8 2016......SUNRISE   756 AM MST   SUNSET   547 PM MST
FEBRUARY  9 2016......SUNRISE   754 AM MST   SUNSET   549 PM MST


-  INDICATES NEGATIVE NUMBERS.
R  INDICATES RECORD WAS SET OR TIED.
MM INDICATES DATA IS MISSING.
T  INDICATES TRACE AMOUNT.




$$
