000
CDUS45 KMSO 200746
CLIGPI


CLIMATE REPORT
NATIONAL WEATHER SERVICE MISSOULA, MT
1246 AM MST SAT DEC 20 2014


...................................

...THE KALISPELL MT CLIMATE SUMMARY FOR DECEMBER 19 2014...

CLIMATE NORMAL PERIOD 1981 TO 2010
CLIMATE RECORD PERIOD 1894 TO 2014


WEATHER ITEM   OBSERVED TIME   RECORD YEAR NORMAL DEPARTURE LAST
                VALUE   (LST)  VALUE       VALUE  FROM      YEAR
                                                  NORMAL
..................................................................
TEMPERATURE (F)
 YESTERDAY
  MAXIMUM         37   1003 PM  49    2004  29      8       22
  MINIMUM         30    754 AM -25    1924  15     15        6
  AVERAGE         34                        22     12       14

PRECIPITATION (IN)
  YESTERDAY        0.15          1.00 1920   0.05   0.10      T
  MONTH TO DATE    1.09                      0.92   0.17     0.98
  SINCE OCT 1      4.82                      3.36   1.46     3.85
  SINCE JAN 1     20.30                     16.35   3.95    16.88

SNOWFALL (IN)
  YESTERDAY        T
  MONTH TO DATE    6.6
  SINCE JAN 1     55.1
  SINCE JUL 1     16.9
  SNOW DEPTH       T

DEGREE DAYS
 HEATING
  YESTERDAY       31                        43    -12       51
  MONTH TO DATE  716                       788    -72      885
  SINCE DEC 1    716                       788    -72      885
  SINCE JUL 1   2714                      2992   -278     2962

 COOLING
  YESTERDAY        0                         0      0        0
  MONTH TO DATE    0                         0      0        0
  SINCE DEC 1      0                         0      0        0
  SINCE JAN 1    217                       147     70      264
..................................................................


WIND (MPH)
  HIGHEST WIND SPEED    15   HIGHEST WIND DIRECTION    SE (140)
  HIGHEST GUST SPEED    19   HIGHEST GUST DIRECTION    SE (150)
  AVERAGE WIND SPEED     4.3


SKY COVER
  POSSIBLE SUNSHINE  MM
  AVERAGE SKY COVER 1.0


WEATHER CONDITIONS
 THE FOLLOWING WEATHER WAS RECORDED YESTERDAY.
  LIGHT RAIN
  LIGHT SNOW
  FOG
  FOG W/VISIBILITY <= 1/4 MILE


RELATIVE HUMIDITY (PERCENT)
 HIGHEST   100          1200 AM
 LOWEST     89          1000 AM
 AVERAGE    95

..........................................................


THE KALISPELL MT CLIMATE NORMALS FOR TODAY
                         NORMAL    RECORD    YEAR
 MAXIMUM TEMPERATURE (F)   29        49      1994
 MINIMUM TEMPERATURE (F)   15       -22      2008


SUNRISE AND SUNSET
DECEMBER 20 2014......SUNRISE   825 AM MST   SUNSET   445 PM MST
DECEMBER 21 2014......SUNRISE   825 AM MST   SUNSET   445 PM MST


-  INDICATES NEGATIVE NUMBERS.
R  INDICATES RECORD WAS SET OR TIED.
MM INDICATES DATA IS MISSING.
T  INDICATES TRACE AMOUNT.




$$
