000
CDUS45 KMSO 010740
CLIGPI


CLIMATE REPORT
NATIONAL WEATHER SERVICE MISSOULA, MT
1239 AM MST SUN FEB 1 2015


...................................

...THE KALISPELL MT CLIMATE SUMMARY FOR JANUARY 31 2015...

CLIMATE NORMAL PERIOD 1981 TO 2010
CLIMATE RECORD PERIOD 1894 TO 2015


WEATHER ITEM   OBSERVED TIME   RECORD YEAR NORMAL DEPARTURE LAST
                VALUE   (LST)  VALUE       VALUE  FROM      YEAR
                                                  NORMAL
..................................................................
TEMPERATURE (F)
 YESTERDAY
  MAXIMUM         29    407 PM  50    1971  33     -4       21
  MINIMUM         24    843 AM -38    1950  18      6        2
  AVERAGE         27                        25      2       12

PRECIPITATION (IN)
  YESTERDAY        0.00          0.49 1990   0.03  -0.03      T
  MONTH TO DATE    2.41                      1.33   1.08     1.35
  SINCE OCT 1      8.49                      5.33   3.16     5.80
  SINCE JAN 1      2.41                      1.33   1.08     1.35

SNOWFALL (IN)
  YESTERDAY        0.0
  MONTH TO DATE   30.4
  SINCE JAN 1     30.4
  SINCE JUL 1     56.9
  SNOW DEPTH       5

DEGREE DAYS
 HEATING
  YESTERDAY       38                        40     -2       53
  MONTH TO DATE 1302                      1279     23     1198
  SINCE DEC 1   2531                      2587    -56     2560
  SINCE JUL 1   4529                      4791   -262     4637

 COOLING
  YESTERDAY        0                         0      0        0
  MONTH TO DATE    0                         0      0        0
  SINCE DEC 1      0                         0      0        0
  SINCE JAN 1      0                         0      0        0
..................................................................


WIND (MPH)
  HIGHEST WIND SPEED    18   HIGHEST WIND DIRECTION    NE (40)
  HIGHEST GUST SPEED    21   HIGHEST GUST DIRECTION    NE (40)
  AVERAGE WIND SPEED     6.3


SKY COVER
  POSSIBLE SUNSHINE  MM
  AVERAGE SKY COVER 1.0


WEATHER CONDITIONS
 THE FOLLOWING WEATHER WAS RECORDED YESTERDAY.
  FOG


RELATIVE HUMIDITY (PERCENT)
 HIGHEST   100           200 AM
 LOWEST     63           300 PM
 AVERAGE    82

..........................................................


THE KALISPELL MT CLIMATE NORMALS FOR TODAY
                         NORMAL    RECORD    YEAR
 MAXIMUM TEMPERATURE (F)   34        54      1971
 MINIMUM TEMPERATURE (F)   18       -36      1950


SUNRISE AND SUNSET
FEBRUARY  1 2015......SUNRISE   806 AM MST   SUNSET   536 PM MST
FEBRUARY  2 2015......SUNRISE   804 AM MST   SUNSET   538 PM MST


-  INDICATES NEGATIVE NUMBERS.
R  INDICATES RECORD WAS SET OR TIED.
MM INDICATES DATA IS MISSING.
T  INDICATES TRACE AMOUNT.




$$
