000
CDUS43 KGRB 220634
CLIGRB


CLIMATE REPORT
NATIONAL WEATHER SERVICE GREEN BAY
1234 AM CST WED NOV 22 2017


...................................

...THE GREEN BAY WI CLIMATE SUMMARY FOR NOVEMBER 21 2017...

CLIMATE NORMAL PERIOD 1981 TO 2010
CLIMATE RECORD PERIOD 1886 TO 2017


WEATHER ITEM   OBSERVED TIME   RECORD YEAR NORMAL DEPARTURE LAST
                VALUE   (LST)  VALUE       VALUE  FROM      YEAR
                                                  NORMAL
..................................................................
TEMPERATURE (F)
 YESTERDAY
  MAXIMUM         44   1228 AM  66    1913  39      5       37
  MINIMUM         25   1159 PM   3    2014  25      0       21
  AVERAGE         35                        32      3       29

PRECIPITATION (IN)
  YESTERDAY        0.00          1.84 1906   0.08  -0.08     0.00
  MONTH TO DATE    1.07                      1.52  -0.45     0.18
  SINCE SEP 1      5.20                      7.00  -1.80     7.13
  SINCE JAN 1     30.59                     27.40   3.19    28.75

SNOWFALL (IN)
  YESTERDAY        0.0           5.0  1945   0.1   -0.1      0.0
  MONTH TO DATE    0.6                       1.9   -1.3      0.9
  SINCE SEP 1      0.6                       2.1   -1.5      0.9
  SINCE JUL 1      0.6                       2.1   -1.5      0.9
  SNOW DEPTH       0

DEGREE DAYS
 HEATING
  YESTERDAY       30                        33     -3       36
  MONTH TO DATE  634                       595     39      371
  SINCE SEP 1   1130                      1358   -228      812
  SINCE JUL 1   1171                      1421   -250      825

 COOLING
  YESTERDAY        0                         0      0        0
  MONTH TO DATE    0                         0      0        0
  SINCE SEP 1    100                        36     64       55
  SINCE JAN 1    477                       398     79      577
..................................................................


WIND (MPH)
  HIGHEST WIND SPEED    25   HIGHEST WIND DIRECTION    NW (310)
  HIGHEST GUST SPEED    32   HIGHEST GUST DIRECTION    NW (300)
  AVERAGE WIND SPEED    15.3


SKY COVER
  POSSIBLE SUNSHINE  MM
  AVERAGE SKY COVER 0.6


WEATHER CONDITIONS
 THE FOLLOWING WEATHER WAS RECORDED YESTERDAY.
  NO SIGNIFICANT WEATHER WAS OBSERVED.


RELATIVE HUMIDITY (PERCENT)
 HIGHEST    70           100 AM
 LOWEST     54           100 PM
 AVERAGE    62

..........................................................


THE GREEN BAY WI CLIMATE NORMALS FOR TODAY
                         NORMAL    RECORD    YEAR
 MAXIMUM TEMPERATURE (F)   39        61      2012
 MINIMUM TEMPERATURE (F)   24         1      1929


SUNRISE AND SUNSET
NOVEMBER 22 2017......SUNRISE   658 AM CST   SUNSET   419 PM CST
NOVEMBER 23 2017......SUNRISE   659 AM CST   SUNSET   418 PM CST


-  INDICATES NEGATIVE NUMBERS.
R  INDICATES RECORD WAS SET OR TIED.
MM INDICATES DATA IS MISSING.
T  INDICATES TRACE AMOUNT.




$$
