000
CDUS43 KGRB 300633
CLIGRB


CLIMATE REPORT
NATIONAL WEATHER SERVICE GREEN BAY
132 AM CDT TUE AUG 30 2016


...................................

...THE GREEN BAY WI CLIMATE SUMMARY FOR AUGUST 29 2016...

CLIMATE NORMAL PERIOD 1981 TO 2010
CLIMATE RECORD PERIOD 1886 TO 2016


WEATHER ITEM   OBSERVED TIME   RECORD YEAR NORMAL DEPARTURE LAST
                VALUE   (LST)  VALUE       VALUE  FROM      YEAR
                                                  NORMAL
..................................................................
TEMPERATURE (F)
 YESTERDAY
  MAXIMUM         84    409 PM  93    1953  76      8       72
  MINIMUM         61    258 AM  38    1965  55      6       56
  AVERAGE         73                        65      8       64

PRECIPITATION (IN)
  YESTERDAY        0.00          0.78 1975   0.10  -0.10     0.04
  MONTH TO DATE    2.78                      3.16  -0.38     4.22
  SINCE JUN 1     10.44                     10.54  -0.10     9.26
  SINCE JAN 1     21.62                     20.19   1.43    16.20

SNOWFALL (IN)
  YESTERDAY        0.0           0.0    MM   0.0    0.0      0.0
  MONTH TO DATE    0.0                       0.0    0.0      0.0
  SINCE JUN 1      0.0                       0.0    0.0      0.0
  SINCE JUL 1      0.0                       0.0    0.0      0.0
  SNOW DEPTH       0

DEGREE DAYS
 HEATING
  YESTERDAY        0                         2     -2        1
  MONTH TO DATE    7                        35    -28       31
  SINCE JUN 1     38                       150   -112      103
  SINCE JUL 1     13                        58    -45       50

 COOLING
  YESTERDAY        8                         3      5        0
  MONTH TO DATE  179                       105     74      126
  SINCE JUN 1    477                       338    139      369
  SINCE JAN 1    510                       356    154      397
..................................................................


WIND (MPH)
  HIGHEST WIND SPEED    15   HIGHEST WIND DIRECTION     S (180)
  HIGHEST GUST SPEED    21   HIGHEST GUST DIRECTION     S (180)
  AVERAGE WIND SPEED     3.9


SKY COVER
  POSSIBLE SUNSHINE  MM
  AVERAGE SKY COVER 0.4


WEATHER CONDITIONS
 THE FOLLOWING WEATHER WAS RECORDED YESTERDAY.
  FOG


RELATIVE HUMIDITY (PERCENT)
 HIGHEST   100          1200 AM
 LOWEST     69           300 PM
 AVERAGE    85

..........................................................


THE GREEN BAY WI CLIMATE NORMALS FOR TODAY
                         NORMAL    RECORD    YEAR
 MAXIMUM TEMPERATURE (F)   76        93      1969
                                             1937
                                             1932
 MINIMUM TEMPERATURE (F)   55        38      1915


SUNRISE AND SUNSET
AUGUST 30 2016........SUNRISE   613 AM CDT   SUNSET   732 PM CDT
AUGUST 31 2016........SUNRISE   615 AM CDT   SUNSET   730 PM CDT


-  INDICATES NEGATIVE NUMBERS.
R  INDICATES RECORD WAS SET OR TIED.
MM INDICATES DATA IS MISSING.
T  INDICATES TRACE AMOUNT.




$$
