000
CDUS43 KGRB 022129
CLIGRB


CLIMATE REPORT
NATIONAL WEATHER SERVICE GREEN BAY
428 PM CDT TUE JUN 2 2015


...................................

...THE GREEN BAY WI CLIMATE SUMMARY FOR JUNE 2 2015...
VALID TODAY AS OF 0400 PM LOCAL TIME.

CLIMATE NORMAL PERIOD 1981 TO 2010
CLIMATE RECORD PERIOD 1886 TO 2015


WEATHER ITEM   OBSERVED TIME   RECORD YEAR NORMAL DEPARTURE LAST
                VALUE   (LST)  VALUE       VALUE  FROM      YEAR
                                                  NORMAL
..................................................................
TEMPERATURE (F)
 TODAY
  MAXIMUM         72    256 PM  90    1944  71      1       78
  MINIMUM         41    439 AM  33    1956  50     -9       66
  AVERAGE         57                        61     -4       72

PRECIPITATION (IN)
  TODAY            0.00          1.95 1902   0.13  -0.13     0.59
  MONTH TO DATE    0.00                      0.25  -0.25     1.34
  SINCE JUN 1      0.00                      0.25  -0.25     1.34
  SINCE JAN 1      6.94                      9.90  -2.96    12.00

SNOWFALL (IN)
  TODAY            0.0           0.0    MM   0.0    0.0      0.0
  MONTH TO DATE    0.0                       0.0    0.0      0.0
  SINCE JUN 1      0.0                       0.0    0.0      0.0
  SINCE JUL 1     32.7                      51.4  -18.7     72.1
  SNOW DEPTH       0

DEGREE DAYS
 HEATING
  TODAY            8                         6      2        0
  MONTH TO DATE   18                        12      6        0
  SINCE JUN 1     18                        12      6        0
  SINCE JUL 1   7798                      7875    -77     8740

 COOLING
  TODAY            0                         1     -1        7
  MONTH TO DATE    0                         2     -2       18
  SINCE JUN 1      0                         2     -2       18
  SINCE JAN 1     28                        20      8       34
..................................................................


WIND (MPH)
  HIGHEST WIND SPEED    17   HIGHEST WIND DIRECTION     S (160)
  HIGHEST GUST SPEED    24   HIGHEST GUST DIRECTION    SE (150)
  AVERAGE WIND SPEED     3.8


SKY COVER
  POSSIBLE SUNSHINE  MM
  AVERAGE SKY COVER 0.0


WEATHER CONDITIONS
 THE FOLLOWING WEATHER WAS RECORDED TODAY.
  NO SIGNIFICANT WEATHER WAS OBSERVED.


RELATIVE HUMIDITY (PERCENT)
 HIGHEST    96           100 AM
 LOWEST     35           200 PM
 AVERAGE    66

..........................................................


THE GREEN BAY WI CLIMATE NORMALS FOR TOMORROW
                         NORMAL    RECORD    YEAR
 MAXIMUM TEMPERATURE (F)   72        91      1948
 MINIMUM TEMPERATURE (F)   50        38      1956
                                             1945


SUNRISE AND SUNSET
JUNE  2 2015..........SUNRISE   511 AM CDT   SUNSET   831 PM CDT
JUNE  3 2015..........SUNRISE   510 AM CDT   SUNSET   832 PM CDT


-  INDICATES NEGATIVE NUMBERS.
R  INDICATES RECORD WAS SET OR TIED.
MM INDICATES DATA IS MISSING.
T  INDICATES TRACE AMOUNT.




$$
