000
CDUS43 KGID 270640
CLIGRI


CLIMATE REPORT
NATIONAL WEATHER SERVICE HASTINGS NE
129 AM CDT WED JUL 27 2016


...................................

...THE GRAND ISLAND NE CLIMATE SUMMARY FOR JULY 26 2016...

CLIMATE NORMAL PERIOD 1981 TO 2010
CLIMATE RECORD PERIOD 1895 TO 2016


WEATHER ITEM   OBSERVED TIME   RECORD YEAR NORMAL DEPARTURE LAST
                VALUE   (LST)  VALUE       VALUE  FROM      YEAR
                                                  NORMAL
..................................................................
TEMPERATURE (F)
 YESTERDAY
  MAXIMUM         88    435 PM 111    1936  87      1       89
  MINIMUM         61    542 AM  48    1962  65     -4       70
  AVERAGE         75                        76     -1       80

PRECIPITATION (IN)
  YESTERDAY        0.00          3.27 1905   0.10  -0.10     0.00
  MONTH TO DATE    2.20                      2.87  -0.67     2.03
  SINCE JUN 1      2.25                      7.17  -4.92     7.70
  SINCE JAN 1     16.93                     17.12  -0.19    14.86

SNOWFALL (IN)
  YESTERDAY        0.0                       0.0    0.0      0.0
  MONTH TO DATE    0.0                       0.0    0.0      0.0
  SINCE JUN 1      0.0                       0.0    0.0      0.0
  SINCE JUL 1      0.0                       0.0    0.0      0.0
  SNOW DEPTH       0

DEGREE DAYS
 HEATING
  YESTERDAY        0                         0      0        0
  MONTH TO DATE    6                         0      6        5
  SINCE JUN 1      6                        24    -18       10
  SINCE JUL 1      6                         0      6        5

 COOLING
  YESTERDAY       10                        11     -1       15
  MONTH TO DATE  310                       295     15      292
  SINCE JUN 1    659                       508    151      501
  SINCE JAN 1    693                       573    120      528
..................................................................


WIND (MPH)
  HIGHEST WIND SPEED    16   HIGHEST WIND DIRECTION    SE (150)
  HIGHEST GUST SPEED    21   HIGHEST GUST DIRECTION    SE (150)
  AVERAGE WIND SPEED     8.0


SKY COVER
  AVERAGE SKY COVER 0.0


WEATHER CONDITIONS
 THE FOLLOWING WEATHER WAS RECORDED YESTERDAY.
  NO SIGNIFICANT WEATHER WAS OBSERVED.


RELATIVE HUMIDITY (PERCENT)
 HIGHEST    93           500 AM
 LOWEST     46           300 PM
 AVERAGE    70

..........................................................


THE GRAND ISLAND NE CLIMATE NORMALS FOR TODAY
                         NORMAL    RECORD    YEAR
 MAXIMUM TEMPERATURE (F)   87       106      1935
                                             1930
 MINIMUM TEMPERATURE (F)   65        49      2005


SUNRISE AND SUNSET
JULY 27 2016..........SUNRISE   625 AM CDT   SUNSET   854 PM CDT
JULY 28 2016..........SUNRISE   626 AM CDT   SUNSET   853 PM CDT


-  INDICATES NEGATIVE NUMBERS.
R  INDICATES RECORD WAS SET OR TIED.
MM INDICATES DATA IS MISSING.
T  INDICATES TRACE AMOUNT.




$$
