000
CDUS43 KGID 232316
CLIGRI


CLIMATE REPORT
NATIONAL WEATHER SERVICE HASTINGS NE
616 PM CDT SUN JUL 23 2017


...................................

...THE GRAND ISLAND NE CLIMATE SUMMARY FOR JULY 23 2017...
VALID TODAY AS OF 0500 PM LOCAL TIME.

CLIMATE NORMAL PERIOD 1981 TO 2010
CLIMATE RECORD PERIOD 1895 TO 2017


WEATHER ITEM   OBSERVED TIME   RECORD YEAR NORMAL DEPARTURE LAST
                VALUE   (LST)  VALUE       VALUE  FROM      YEAR
                                                  NORMAL
..................................................................
TEMPERATURE (F)
 TODAY
  MAXIMUM         90    211 PM 106    1940  88      2       98
                                      1934
  MINIMUM         63    532 AM  48    1948  65     -2       72
  AVERAGE         77                        76      1       85

PRECIPITATION (IN)
  TODAY            0.00          0.84 1968   0.11  -0.11      T
  MONTH TO DATE    2.37                      2.57  -0.20     2.20
  SINCE JUN 1      4.47                      6.87  -2.40     2.25
  SINCE JAN 1     14.52                     16.82  -2.30    16.93

SNOWFALL (IN)
  TODAY            0.0                       0.0    0.0      0.0
  MONTH TO DATE    0.0                       0.0    0.0      0.0
  SINCE JUN 1      0.0                       0.0    0.0      0.0
  SINCE JUL 1      0.0                       0.0    0.0      0.0
  SNOW DEPTH       0

DEGREE DAYS
 HEATING
  TODAY            0                         0      0        0
  MONTH TO DATE    0                         0      0        6
  SINCE JUN 1      3                        24    -21        6
  SINCE JUL 1      0                         0      0        6

 COOLING
  TODAY           12                        11      1       20
  MONTH TO DATE  325                       262     63      277
  SINCE JUN 1    617                       475    142      626
  SINCE JAN 1    667                       540    127      660
..................................................................


WIND (MPH)
  HIGHEST WIND SPEED    15   HIGHEST WIND DIRECTION    NE (60)
  HIGHEST GUST SPEED    19   HIGHEST GUST DIRECTION    NE (50)
  AVERAGE WIND SPEED     6.6


SKY COVER
  POSSIBLE SUNSHINE  MM
  AVERAGE SKY COVER 0.0


WEATHER CONDITIONS
 THE FOLLOWING WEATHER WAS RECORDED TODAY.
  FOG


RELATIVE HUMIDITY (PERCENT)
 HIGHEST   100           100 AM
 LOWEST     37           400 PM
 AVERAGE    69

..........................................................


THE GRAND ISLAND NE CLIMATE NORMALS FOR TOMORROW
                         NORMAL    RECORD    YEAR
 MAXIMUM TEMPERATURE (F)   87       117      1936
 MINIMUM TEMPERATURE (F)   65        52      1896


SUNRISE AND SUNSET
JULY 23 2017..........SUNRISE   621 AM CDT   SUNSET   858 PM CDT
JULY 24 2017..........SUNRISE   622 AM CDT   SUNSET   857 PM CDT


-  INDICATES NEGATIVE NUMBERS.
R  INDICATES RECORD WAS SET OR TIED.
MM INDICATES DATA IS MISSING.
T  INDICATES TRACE AMOUNT.




$$
