000
CDUS43 KGID 290631
CLIGRI


CLIMATE REPORT
NATIONAL WEATHER SERVICE HASTINGS NE
129 AM CDT FRI MAY 29 2015


...................................

...THE GRAND ISLAND NE CLIMATE SUMMARY FOR MAY 28 2015...

CLIMATE NORMAL PERIOD 1981 TO 2010
CLIMATE RECORD PERIOD 1895 TO 2015


WEATHER ITEM   OBSERVED TIME   RECORD YEAR NORMAL DEPARTURE LAST
                VALUE   (LST)  VALUE       VALUE  FROM      YEAR
                                                  NORMAL
..................................................................
TEMPERATURE (F)
 YESTERDAY
  MAXIMUM         79    433 PM  98    2006  77      2       92
  MINIMUM         60    545 AM  31    1947  54      6       61
  AVERAGE         70                        65      5       77

PRECIPITATION (IN)
  YESTERDAY        0.23          2.28 1927   0.14   0.09     0.00
  MONTH TO DATE    3.66                      3.95  -0.29     0.74
  SINCE MAR 1      5.96                      8.28  -2.32     3.84
  SINCE JAN 1      7.13                      9.49  -2.36     4.49

SNOWFALL (IN)
  YESTERDAY        0.0           4.5  1947   0.0    0.0      0.0
  MONTH TO DATE    0.0                       0.1   -0.1      0.0
  SINCE MAR 1      1.4                       7.0   -5.6      2.9
  SINCE JUL 1     24.3                      29.1   -4.8     16.4
  SNOW DEPTH       0

DEGREE DAYS
 HEATING
  YESTERDAY        0                         3     -3        0
  MONTH TO DATE  184                       165     19      171
  SINCE MAR 1   1210                      1406   -196     1421
  SINCE JUL 1   5947                      6167   -220     6256

 COOLING
  YESTERDAY        5                         3      2       12
  MONTH TO DATE   23                        45    -22       80
  SINCE MAR 1     27                        56    -29       84
  SINCE JAN 1     27                        56    -29       84
..................................................................


WIND (MPH)
  HIGHEST WIND SPEED    33   HIGHEST WIND DIRECTION    SW (230)
  HIGHEST GUST SPEED    40   HIGHEST GUST DIRECTION    SW (230)
  AVERAGE WIND SPEED    10.4


SKY COVER
  AVERAGE SKY COVER 0.3


WEATHER CONDITIONS
 THE FOLLOWING WEATHER WAS RECORDED YESTERDAY.
  THUNDERSTORM
  LIGHT RAIN


RELATIVE HUMIDITY (PERCENT)
 HIGHEST    90           500 AM
 LOWEST     50           500 PM
 AVERAGE    70

..........................................................


THE GRAND ISLAND NE CLIMATE NORMALS FOR TODAY
                         NORMAL    RECORD    YEAR
 MAXIMUM TEMPERATURE (F)   77       104      1934
 MINIMUM TEMPERATURE (F)   54        26      1947


SUNRISE AND SUNSET
MAY 29 2015...........SUNRISE   605 AM CDT   SUNSET   857 PM CDT
MAY 30 2015...........SUNRISE   605 AM CDT   SUNSET   857 PM CDT


-  INDICATES NEGATIVE NUMBERS.
R  INDICATES RECORD WAS SET OR TIED.
MM INDICATES DATA IS MISSING.
T  INDICATES TRACE AMOUNT.

$$

HALBLAUB
