000
CDUS43 KGID 220636
CLIGRI


CLIMATE REPORT
NATIONAL WEATHER SERVICE HASTINGS NE
135 AM CDT MON SEP 22 2014


...................................

...THE GRAND ISLAND NE CLIMATE SUMMARY FOR SEPTEMBER 21 2014...

CLIMATE NORMAL PERIOD 1981 TO 2010
CLIMATE RECORD PERIOD 1895 TO 2014


WEATHER ITEM   OBSERVED TIME   RECORD YEAR NORMAL DEPARTURE LAST
                VALUE   (LST)  VALUE       VALUE  FROM      YEAR
                                                  NORMAL
..................................................................
TEMPERATURE (F)
 YESTERDAY
  MAXIMUM         76    339 PM  97    2005  76      0       84
                                      1936
  MINIMUM         48    638 AM  28    1995  50     -2       48
  AVERAGE         62                        63     -1       66

PRECIPITATION (IN)
  YESTERDAY        0.00          0.80 1911   0.08  -0.08     0.00
  MONTH TO DATE    2.06                      1.60   0.46     1.79
  SINCE SEP 1      2.06                      1.60   0.46     1.79
  SINCE JAN 1     24.26                     22.37   1.89    21.20

SNOWFALL (IN)
  YESTERDAY        0.0                       0.0    0.0      0.0
  MONTH TO DATE    0.0                       0.0    0.0      0.0
  SINCE SEP 1      0.0                       0.0    0.0      0.0
  SINCE JUL 1      0.0                       0.0    0.0      0.0
  SNOW DEPTH       0

DEGREE DAYS
 HEATING
  YESTERDAY        3                         5     -2        0
  MONTH TO DATE   96                        51     45       10
  SINCE SEP 1     96                        51     45       10
  SINCE JUL 1    100                        61     39       13

 COOLING
  YESTERDAY        0                         2     -2        1
  MONTH TO DATE   58                        94    -36      155
  SINCE SEP 1     58                        94    -36      155
  SINCE JAN 1    988                      1008    -20     1218
..................................................................


WIND (MPH)
  HIGHEST WIND SPEED    20   HIGHEST WIND DIRECTION    NW (330)
  HIGHEST GUST SPEED    25   HIGHEST GUST DIRECTION     N (340)
  AVERAGE WIND SPEED     7.4


SKY COVER
  AVERAGE SKY COVER 0.0


WEATHER CONDITIONS
 THE FOLLOWING WEATHER WAS RECORDED YESTERDAY.
  NO SIGNIFICANT WEATHER WAS OBSERVED.


RELATIVE HUMIDITY (PERCENT)
 HIGHEST    86           500 AM
 LOWEST     29           200 PM
 AVERAGE    58

..........................................................


THE GRAND ISLAND NE CLIMATE NORMALS FOR TODAY
                         NORMAL    RECORD    YEAR
 MAXIMUM TEMPERATURE (F)   76        98      1937
 MINIMUM TEMPERATURE (F)   49        25      1995


SUNRISE AND SUNSET
SEPTEMBER 22 2014.....SUNRISE   721 AM CDT   SUNSET   730 PM CDT
SEPTEMBER 23 2014.....SUNRISE   722 AM CDT   SUNSET   729 PM CDT


-  INDICATES NEGATIVE NUMBERS.
R  INDICATES RECORD WAS SET OR TIED.
MM INDICATES DATA IS MISSING.
T  INDICATES TRACE AMOUNT.




$$
