000
CDUS43 KGID 210854
CLIGRI


CLIMATE REPORT
NATIONAL WEATHER SERVICE HASTINGS NE
253 AM CST SAT JAN 21 2017


...................................

...THE GRAND ISLAND NE CLIMATE SUMMARY FOR JANUARY 20 2017...

CLIMATE NORMAL PERIOD 1981 TO 2010
CLIMATE RECORD PERIOD 1895 TO 2017


WEATHER ITEM   OBSERVED TIME   RECORD YEAR NORMAL DEPARTURE LAST
                VALUE   (LST)  VALUE       VALUE  FROM      YEAR
                                                  NORMAL
..................................................................
TEMPERATURE (F)
 YESTERDAY
  MAXIMUM         42    234 PM  67    1997  36      6       32
                                      1964
  MINIMUM         35    441 AM -15    1962  14     21       23
  AVERAGE         39                        25     14       28

PRECIPITATION (IN)
  YESTERDAY        0.01          0.57 1993   0.02  -0.01     0.06
  MONTH TO DATE    1.01                      0.32   0.69     0.31
  SINCE DEC 1      1.82                      0.95   0.87     2.19
  SINCE JAN 1      1.01                      0.32   0.69     0.31

SNOWFALL (IN)
  YESTERDAY        0.0           7.2  1993   0.2   -0.2      1.2
  MONTH TO DATE    1.7                       3.9   -2.2      4.5
  SINCE DEC 1      3.1                       9.0   -5.9      6.9
  SINCE JUL 1      3.5                      13.2   -9.7     12.5
  SNOW DEPTH       0

DEGREE DAYS
 HEATING
  YESTERDAY       26                        40    -14       37
  MONTH TO DATE  845                       800     45      815
  SINCE DEC 1   2046                      1989     57     1823
  SINCE JUL 1   2966                      3319   -353     2789

 COOLING
  YESTERDAY        0                         0      0        0
  MONTH TO DATE    0                         0      0        0
  SINCE DEC 1      0                         0      0        0
  SINCE JAN 1      0                         0      0        0
..................................................................


WIND (MPH)
  HIGHEST WIND SPEED    12   HIGHEST WIND DIRECTION     W (250)
  HIGHEST GUST SPEED    14   HIGHEST GUST DIRECTION     S (160)
  AVERAGE WIND SPEED     5.9


SKY COVER
  AVERAGE SKY COVER 1.0


WEATHER CONDITIONS
 THE FOLLOWING WEATHER WAS RECORDED YESTERDAY.
  LIGHT RAIN
  FOG
  FOG W/VISIBILITY <= 1/4 MILE


RELATIVE HUMIDITY (PERCENT)
 HIGHEST   100          1200 AM
 LOWEST     96           200 PM
 AVERAGE    98

..........................................................


THE GRAND ISLAND NE CLIMATE NORMALS FOR TODAY
                         NORMAL    RECORD    YEAR
 MAXIMUM TEMPERATURE (F)   36        70      1950
 MINIMUM TEMPERATURE (F)   14       -18      1930


SUNRISE AND SUNSET
JANUARY 21 2017.......SUNRISE   752 AM CST   SUNSET   537 PM CST
JANUARY 22 2017.......SUNRISE   752 AM CST   SUNSET   538 PM CST


-  INDICATES NEGATIVE NUMBERS.
R  INDICATES RECORD WAS SET OR TIED.
MM INDICATES DATA IS MISSING.
T  INDICATES TRACE AMOUNT.




$$
