000
CDUS43 KGID 222331
CLIGRI


CLIMATE REPORT
NATIONAL WEATHER SERVICE HASTINGS NE
530 PM CST SAT NOV 22 2014


...................................

...THE GRAND ISLAND NE CLIMATE SUMMARY FOR NOVEMBER 22 2014...
VALID TODAY AS OF 0500 PM LOCAL TIME.

CLIMATE NORMAL PERIOD 1981 TO 2010
CLIMATE RECORD PERIOD 1895 TO 2014


WEATHER ITEM   OBSERVED TIME   RECORD YEAR NORMAL DEPARTURE LAST
                VALUE   (LST)  VALUE       VALUE  FROM      YEAR
                                                  NORMAL
..................................................................
TEMPERATURE (F)
 TODAY
  MAXIMUM         56    349 PM  69    2006  46     10       35
                                      1974
  MINIMUM         32    437 AM  -4    1898  24      8       11
  AVERAGE         44                        35      9       23

PRECIPITATION (IN)
  TODAY            0.00          0.35 1991   0.04  -0.04     0.00
  MONTH TO DATE    0.18                      0.89  -0.71     0.97
  SINCE SEP 1      4.49                      4.98  -0.49     7.40
  SINCE JAN 1     26.69                     25.75   0.94    26.81

SNOWFALL (IN)
  TODAY            0.0           1.4  1979   0.1   -0.1      0.0
  MONTH TO DATE    2.2                       2.0    0.2      0.2
  SINCE SEP 1      2.2                       3.1   -0.9      0.2
  SINCE JUL 1      2.2                       3.1   -0.9      0.2
  SNOW DEPTH       0

DEGREE DAYS
 HEATING
  TODAY           21                        30     -9       42
  MONTH TO DATE  674                       546    128      517
  SINCE SEP 1   1086                      1059     27      941
  SINCE JUL 1   1090                      1069     21      944

 COOLING
  TODAY            0                         0      0        0
  MONTH TO DATE    0                         0      0        0
  SINCE SEP 1    101                       120    -19      202
  SINCE JAN 1   1031                      1034     -3     1265
..................................................................


WIND (MPH)
  HIGHEST WIND SPEED    15   HIGHEST WIND DIRECTION     S (190)
  HIGHEST GUST SPEED    23   HIGHEST GUST DIRECTION     S (190)
  AVERAGE WIND SPEED    11.7


SKY COVER
  POSSIBLE SUNSHINE  MM
  AVERAGE SKY COVER 0.5


WEATHER CONDITIONS
 THE FOLLOWING WEATHER WAS RECORDED TODAY.
  FOG


RELATIVE HUMIDITY (PERCENT)
 HIGHEST    96           300 AM
 LOWEST     89           400 AM
 AVERAGE    93

..........................................................


THE GRAND ISLAND NE CLIMATE NORMALS FOR TOMORROW
                         NORMAL    RECORD    YEAR
 MAXIMUM TEMPERATURE (F)   45        66      2011
                                             2005
 MINIMUM TEMPERATURE (F)   23         1      1898


SUNRISE AND SUNSET
NOVEMBER 22 2014......SUNRISE   729 AM CST   SUNSET   510 PM CST
NOVEMBER 23 2014......SUNRISE   730 AM CST   SUNSET   509 PM CST


-  INDICATES NEGATIVE NUMBERS.
R  INDICATES RECORD WAS SET OR TIED.
MM INDICATES DATA IS MISSING.
T  INDICATES TRACE AMOUNT.




$$
