000
CDUS43 KGID 182333
CLIGRI


CLIMATE REPORT
NATIONAL WEATHER SERVICE HASTINGS NE
531 PM CST SAT NOV 18 2017


...................................

...THE GRAND ISLAND NE CLIMATE SUMMARY FOR NOVEMBER 18 2017...
VALID TODAY AS OF 0500 PM LOCAL TIME.

CLIMATE NORMAL PERIOD 1981 TO 2010
CLIMATE RECORD PERIOD 1895 TO 2017


WEATHER ITEM   OBSERVED TIME   RECORD YEAR NORMAL DEPARTURE LAST
                VALUE   (LST)  VALUE       VALUE  FROM      YEAR
                                                  NORMAL
..................................................................
TEMPERATURE (F)
 TODAY
  MAXIMUM         49    223 PM  73    1904  48      1       37
  MINIMUM         39    849 AM   4    2014  26     13       26
  AVERAGE         44                        37      7       32

PRECIPITATION (IN)
  TODAY            0.32          0.71 2004   0.04   0.28     0.19
  MONTH TO DATE    0.51                      0.74  -0.23     0.84
  SINCE SEP 1      8.55                      4.83   3.72     3.49
  SINCE JAN 1     29.94                     25.60   4.34    22.89

SNOWFALL (IN)
  TODAY            0.0           3.2  1948   0.1   -0.1      0.4
  MONTH TO DATE    0.2                       1.5   -1.3      0.4
  SINCE SEP 1      1.1                       2.6   -1.5      0.4
  SINCE JUL 1      1.1                       2.6   -1.5      0.4
  SNOW DEPTH       0

DEGREE DAYS
 HEATING
  TODAY           21                        28     -7       33
  MONTH TO DATE  462                       428     34      256
  SINCE SEP 1    896                       941    -45      577
  SINCE JUL 1    900                       951    -51      584

 COOLING
  TODAY            0                         0      0        0
  MONTH TO DATE    0                         0      0        0
  SINCE SEP 1    151                       120     31      132
  SINCE JAN 1   1062                      1034     28     1146
..................................................................


WIND (MPH)
  HIGHEST WIND SPEED    32   HIGHEST WIND DIRECTION    NW (320)
  HIGHEST GUST SPEED    39   HIGHEST GUST DIRECTION    NW (330)
  AVERAGE WIND SPEED    21.5


SKY COVER
  POSSIBLE SUNSHINE  MM
  AVERAGE SKY COVER 0.5


WEATHER CONDITIONS
 THE FOLLOWING WEATHER WAS RECORDED TODAY.
  RAIN
  LIGHT RAIN
  FOG


RELATIVE HUMIDITY (PERCENT)
 HIGHEST   100          1200 AM
 LOWEST     45           300 PM
 AVERAGE    73

..........................................................


THE GRAND ISLAND NE CLIMATE NORMALS FOR TOMORROW
                         NORMAL    RECORD    YEAR
 MAXIMUM TEMPERATURE (F)   47        79      2007
 MINIMUM TEMPERATURE (F)   25         4      1914


SUNRISE AND SUNSET
NOVEMBER 18 2017......SUNRISE   725 AM CST   SUNSET   512 PM CST
NOVEMBER 19 2017......SUNRISE   726 AM CST   SUNSET   511 PM CST


-  INDICATES NEGATIVE NUMBERS.
R  INDICATES RECORD WAS SET OR TIED.
MM INDICATES DATA IS MISSING.
T  INDICATES TRACE AMOUNT.




$$

Thies
