000
CDUS43 KGRR 280515
CLIGRR


CLIMATE REPORT
NATIONAL WEATHER SERVICE GRAND RAPIDS, MI
1215 AM EST FRI NOV 28 2014


...................................

...THE GRAND RAPIDS MI CLIMATE SUMMARY FOR NOVEMBER 27 2014...

CLIMATE NORMAL PERIOD 1981 TO 2010
CLIMATE RECORD PERIOD 1892 TO 2014


WEATHER ITEM   OBSERVED TIME   RECORD YEAR NORMAL DEPARTURE LAST
                VALUE   (LST)  VALUE       VALUE  FROM      YEAR
                                                  NORMAL
..................................................................
TEMPERATURE (F)
 YESTERDAY
  MAXIMUM         30    232 PM  65    1990  42    -12       32
                                      1909
  MINIMUM         18   1159 PM   5    1977  29    -11       20
  AVERAGE         24                        36    -12       26

PRECIPITATION (IN)
  YESTERDAY        0.03          2.94 1990   0.11  -0.08      T
  MONTH TO DATE    4.10                      3.19   0.91     3.72
  SINCE SEP 1     12.18                     10.73   1.45    10.43
  SINCE JAN 1     38.70                     35.45   3.25    42.75

SNOWFALL (IN)
  YESTERDAY        0.4           5.2  1952   0.4    0.0       T
  MONTH TO DATE   30.7                       5.6   25.1      0.8
  SINCE SEP 1     30.7                       6.1   24.6      0.8
  SINCE JUL 1     30.7                       6.1   24.6      0.8
  SNOW DEPTH       T

DEGREE DAYS
 HEATING
  YESTERDAY       41                        29     12       39
  MONTH TO DATE  824                       654    170      699
  SINCE SEP 1   1387                      1226    161     1187
  SINCE JUL 1   1406                      1246    160     1213

 COOLING
  YESTERDAY        0                         0      0        0
  MONTH TO DATE    0                         0      0        0
  SINCE SEP 1     51                        74    -23       97
  SINCE JAN 1    611                       699    -88      767
..................................................................


WIND (MPH)
  RESULTANT WIND SPEED   8   RESULTANT WIND DIRECTION  NW (310)
  HIGHEST WIND SPEED    20   HIGHEST WIND DIRECTION     N (340)
  HIGHEST GUST SPEED    24   HIGHEST GUST DIRECTION     N (340)
  AVERAGE WIND SPEED     8.1


SKY COVER
  POSSIBLE SUNSHINE   0 PERCENT
  AVERAGE SKY COVER 0.9


WEATHER CONDITIONS
 THE FOLLOWING WEATHER WAS RECORDED YESTERDAY.
  SNOW
  LIGHT SNOW
  FOG


RELATIVE HUMIDITY (PERCENT)
 HIGHEST    92           900 AM
 LOWEST     62           600 PM
 AVERAGE    77

..........................................................


THE GRAND RAPIDS MI CLIMATE NORMALS FOR TODAY
                         NORMAL    RECORD    YEAR
 MAXIMUM TEMPERATURE (F)   41        67      1905
 MINIMUM TEMPERATURE (F)   29         5      1969


SUNRISE AND SUNSET
NOVEMBER 28 2014......SUNRISE   750 AM EST   SUNSET   510 PM EST
NOVEMBER 29 2014......SUNRISE   751 AM EST   SUNSET   510 PM EST


-  INDICATES NEGATIVE NUMBERS.
R  INDICATES RECORD WAS SET OR TIED.
MM INDICATES DATA IS MISSING.
T  INDICATES TRACE AMOUNT.




$$
