000
CDUS42 KRAH 300539
CLIGSO


CLIMATE REPORT
NATIONAL WEATHER SERVICE RALEIGH NC
138 AM EDT SAT AUG 30 2014


...................................

...THE PIEDMONT TRIAD INTL AIRPORT NC CLIMATE SUMMARY FOR AUGUST 29 2014...

CLIMATE NORMAL PERIOD 1981 TO 2010
CLIMATE RECORD PERIOD 1903 TO 2014


WEATHER ITEM   OBSERVED TIME   RECORD YEAR NORMAL DEPARTURE LAST
                VALUE   (LST)  VALUE       VALUE  FROM      YEAR
                                                  NORMAL
..................................................................
TEMPERATURE (F)
 YESTERDAY
  MAXIMUM         80    412 PM 100    1948  85     -5       87
  MINIMUM         70    632 AM  47    1986  66      4       72
  AVERAGE         75                        76     -1       80

PRECIPITATION (IN)
  YESTERDAY        0.00          1.84 1988   0.12  -0.12     0.00
  MONTH TO DATE    2.66                      3.63  -0.97     5.63
  SINCE JUN 1      8.39                     11.84  -3.45    20.02
  SINCE JAN 1     25.88                     28.54  -2.66    38.37

DEGREE DAYS
 HEATING
  YESTERDAY        0                         0      0        0
  MONTH TO DATE    0                         0      0        2
  SINCE JUN 1      0                         6     -6        2
  SINCE JUL 1      0                         0      0        2

 COOLING
  YESTERDAY       10                        11     -1       15
  MONTH TO DATE  282                       357    -75      286
  SINCE JUN 1   1023                      1083    -60      985
  SINCE JAN 1   1220                      1242    -22     1135
..................................................................


WIND (MPH)
  HIGHEST WIND SPEED    16   HIGHEST WIND DIRECTION    NE (40)
  HIGHEST GUST SPEED    20   HIGHEST GUST DIRECTION    NE (30)
  AVERAGE WIND SPEED     7.8


SKY COVER
  POSSIBLE SUNSHINE  MM
  AVERAGE SKY COVER 0.8


WEATHER CONDITIONS
 THE FOLLOWING WEATHER WAS RECORDED YESTERDAY.
  NO SIGNIFICANT WEATHER WAS OBSERVED.


RELATIVE HUMIDITY (PERCENT)
 HIGHEST    93           400 AM
 LOWEST     68          1000 AM
 AVERAGE    81

..........................................................


THE PIEDMONT TRIAD INTL AIRPORT NC CLIMATE NORMALS FOR TODAY
                         NORMAL    RECORD    YEAR
 MAXIMUM TEMPERATURE (F)   85       100      1932
 MINIMUM TEMPERATURE (F)   66        45      1986


SUNRISE AND SUNSET
AUGUST 30 2014........SUNRISE   650 AM EDT   SUNSET   750 PM EDT
AUGUST 31 2014........SUNRISE   651 AM EDT   SUNSET   749 PM EDT


-  INDICATES NEGATIVE NUMBERS.
R  INDICATES RECORD WAS SET OR TIED.
MM INDICATES DATA IS MISSING.
T  INDICATES TRACE AMOUNT.




$$
