000
CDUS42 KRAH 182140
CLIGSO


CLIMATE REPORT
NATIONAL WEATHER SERVICE RALEIGH NC
438 PM EST SAT NOV 18 2017


...................................

...THE PIEDMONT TRIAD INTL AIRPORT NC CLIMATE SUMMARY FOR NOVEMBER 18 2017...
VALID TODAY AS OF 0400 PM LOCAL TIME.

CLIMATE NORMAL PERIOD 1981 TO 2010
CLIMATE RECORD PERIOD 1903 TO 2017


WEATHER ITEM   OBSERVED TIME   RECORD YEAR NORMAL DEPARTURE LAST
                VALUE   (LST)  VALUE       VALUE  FROM      YEAR
                                                  NORMAL
..................................................................
TEMPERATURE (F)
 TODAY
  MAXIMUM         64    212 PM  79    2016  60      4       79
  MINIMUM         38    113 AM  21    2014  39     -1       41
                                      1997
                                      1959
  AVERAGE         51                        49      2       60

PRECIPITATION (IN)
  TODAY            0.00          1.22 1927   0.11  -0.11     0.00
  MONTH TO DATE    0.85                      1.88  -1.03     0.01
  SINCE SEP 1      6.68                      9.20  -2.52     6.14
  SINCE JAN 1     41.13                     37.99   3.14    36.94

DEGREE DAYS
 HEATING
  TODAY           14                        16     -2        5
  MONTH TO DATE  254                       233     21      186
  SINCE SEP 1    416                       465    -49      275
  SINCE JUL 1    416                       466    -50      275

 COOLING
  TODAY            0                         0      0        0
  MONTH TO DATE    1                         0      1        9
  SINCE SEP 1    258                       218     40      404
  SINCE JAN 1   1612                      1480    132     1971
..................................................................


WIND (MPH)
  HIGHEST WIND SPEED    30   HIGHEST WIND DIRECTION    SW (230)
  HIGHEST GUST SPEED    39   HIGHEST GUST DIRECTION    SW (240)
  AVERAGE WIND SPEED    11.9


SKY COVER
  POSSIBLE SUNSHINE  MM
  AVERAGE SKY COVER 0.7


WEATHER CONDITIONS
 THE FOLLOWING WEATHER WAS RECORDED TODAY.
  NO SIGNIFICANT WEATHER WAS OBSERVED.


RELATIVE HUMIDITY (PERCENT)
 HIGHEST    85           700 AM
 LOWEST     56           100 PM
 AVERAGE    71

..........................................................


THE PIEDMONT TRIAD INTL AIRPORT NC CLIMATE NORMALS FOR TOMORROW
                         NORMAL    RECORD    YEAR
 MAXIMUM TEMPERATURE (F)   60        80      1906
 MINIMUM TEMPERATURE (F)   39        16      2014


SUNRISE AND SUNSET
NOVEMBER 18 2017......SUNRISE   700 AM EST   SUNSET   510 PM EST
NOVEMBER 19 2017......SUNRISE   701 AM EST   SUNSET   509 PM EST


-  INDICATES NEGATIVE NUMBERS.
R  INDICATES RECORD WAS SET OR TIED.
MM INDICATES DATA IS MISSING.
T  INDICATES TRACE AMOUNT.




$$
