000
CDUS42 KRAH 232050
CLIGSO


CLIMATE REPORT
NATIONAL WEATHER SERVICE RALEIGH NC
448 PM EDT TUE MAY 23 2017


...................................

...THE PIEDMONT TRIAD INTL AIRPORT NC CLIMATE SUMMARY FOR MAY 23 2017...
VALID TODAY AS OF 0448 PM LOCAL TIME.

CLIMATE NORMAL PERIOD 1981 TO 2010
CLIMATE RECORD PERIOD 1903 TO 2017


WEATHER ITEM   OBSERVED TIME   RECORD YEAR NORMAL DEPARTURE LAST
                VALUE   (LST)  VALUE       VALUE  FROM      YEAR
                                                  NORMAL
..................................................................
TEMPERATURE (F)
 TODAY
  MAXIMUM         68   1203 AM  97    1925  79    -11       71
  MINIMUM         62    338 PM  38    2002  58      4       49
  AVERAGE         65                        69     -4       60

PRECIPITATION (IN)
  TODAY            2.06R         1.22 1984   0.11   1.95      T
  MONTH TO DATE    5.44                      2.42   3.02     8.49
  SINCE MAR 1     13.74                      9.72   4.02    12.65
  SINCE JAN 1     19.35                     15.74   3.61    18.79

DEGREE DAYS
 HEATING
  TODAY            0                         1     -1        5
  MONTH TO DATE   51                        59     -8       67
  SINCE MAR 1    603                       750   -147      520
  SINCE JUL 1   2773                      3605   -832     2906

 COOLING
  TODAY            0                         5     -5        0
  MONTH TO DATE   89                        74     15       60
  SINCE MAR 1    185                       112     73      137
  SINCE JAN 1    189                       112     77      137
..................................................................


WIND (MPH)
  HIGHEST WIND SPEED    15   HIGHEST WIND DIRECTION    NE (50)
  HIGHEST GUST SPEED    18   HIGHEST GUST DIRECTION    NE (50)
  AVERAGE WIND SPEED    MM


SKY COVER
  POSSIBLE SUNSHINE  MM
  AVERAGE SKY COVER 0.9


WEATHER CONDITIONS
 THE FOLLOWING WEATHER WAS RECORDED TODAY.
  HEAVY RAIN
  RAIN
  LIGHT RAIN
  FOG


RELATIVE HUMIDITY (PERCENT)
 HIGHEST   100           100 AM
 LOWEST    100           100 AM
 AVERAGE   100

..........................................................


THE PIEDMONT TRIAD INTL AIRPORT NC CLIMATE NORMALS FOR TOMORROW
                         NORMAL    RECORD    YEAR
 MAXIMUM TEMPERATURE (F)   79        93      1915
 MINIMUM TEMPERATURE (F)   59        38      1931


SUNRISE AND SUNSET
MAY 23 2017...........SUNRISE   608 AM EDT   SUNSET   825 PM EDT
MAY 24 2017...........SUNRISE   608 AM EDT   SUNSET   826 PM EDT


-  INDICATES NEGATIVE NUMBERS.
R  INDICATES RECORD WAS SET OR TIED.
MM INDICATES DATA IS MISSING.
T  INDICATES TRACE AMOUNT.




$$
