000
CDUS42 KRAH 240701
CLIGSO


CLIMATE REPORT
NATIONAL WEATHER SERVICE RALEIGH NC
255 AM EDT THU AUG 24 2017


...................................

...THE PIEDMONT TRIAD INTL AIRPORT NC CLIMATE SUMMARY FOR AUGUST 23 2017...

CLIMATE NORMAL PERIOD 1981 TO 2010
CLIMATE RECORD PERIOD 1903 TO 2017


WEATHER ITEM   OBSERVED TIME   RECORD YEAR NORMAL DEPARTURE LAST
                VALUE   (LST)  VALUE       VALUE  FROM      YEAR
                                                  NORMAL
..................................................................
TEMPERATURE (F)
 YESTERDAY
  MAXIMUM         89   1228 PM  99    1983  86      3       86
  MINIMUM         72    533 AM  52    1925  68      4       66
  AVERAGE         81                        77      4       76

PRECIPITATION (IN)
  YESTERDAY        T             1.10 1949   0.13  -0.13     0.00
  MONTH TO DATE    2.13                      2.84  -0.71     4.57
  SINCE JUN 1     13.11                     11.05   2.06    11.43
  SINCE JAN 1     34.14                     27.75   6.39    30.40

DEGREE DAYS
 HEATING
  YESTERDAY        0                         0      0        0
  MONTH TO DATE    0                         0      0        0
  SINCE JUN 1      1                         6     -5        0
  SINCE JUL 1      0                         0      0        0

 COOLING
  YESTERDAY       16                        12      4       11
  MONTH TO DATE  300                       291      9      353
  SINCE JUN 1   1063                      1017     46     1242
  SINCE JAN 1   1297                      1176    121     1442
..................................................................


WIND (MPH)
  HIGHEST WIND SPEED    13   HIGHEST WIND DIRECTION    NW (320)
  HIGHEST GUST SPEED    17   HIGHEST GUST DIRECTION     N (340)
  AVERAGE WIND SPEED     6.0


SKY COVER
  POSSIBLE SUNSHINE  MM
  AVERAGE SKY COVER 0.4


WEATHER CONDITIONS
 THE FOLLOWING WEATHER WAS RECORDED YESTERDAY.
  LIGHT RAIN


RELATIVE HUMIDITY (PERCENT)
 HIGHEST   100           300 AM
 LOWEST     55          1200 PM
 AVERAGE    78

..........................................................


THE PIEDMONT TRIAD INTL AIRPORT NC CLIMATE NORMALS FOR TODAY
                         NORMAL    RECORD    YEAR
 MAXIMUM TEMPERATURE (F)   86        98      1968
 MINIMUM TEMPERATURE (F)   67        51      1931
                                             1930


SUNRISE AND SUNSET
AUGUST 24 2017........SUNRISE   645 AM EDT   SUNSET   758 PM EDT
AUGUST 25 2017........SUNRISE   646 AM EDT   SUNSET   757 PM EDT


-  INDICATES NEGATIVE NUMBERS.
R  INDICATES RECORD WAS SET OR TIED.
MM INDICATES DATA IS MISSING.
T  INDICATES TRACE AMOUNT.




$$
