000
CDUS42 KRAH 280741
CLIGSO


CLIMATE REPORT
NATIONAL WEATHER SERVICE RALEIGH NC
338 AM EDT THU MAY 28 2015


...................................

...THE PIEDMONT TRIAD INTL AIRPORT NC CLIMATE SUMMARY FOR MAY 27 2015...

CLIMATE NORMAL PERIOD 1981 TO 2010
CLIMATE RECORD PERIOD 1903 TO 2015


WEATHER ITEM   OBSERVED TIME   RECORD YEAR NORMAL DEPARTURE LAST
                VALUE   (LST)  VALUE       VALUE  FROM      YEAR
                                                  NORMAL
..................................................................
TEMPERATURE (F)
 YESTERDAY
  MAXIMUM         83    353 PM 100    1911  80      3       86
  MINIMUM         65    529 AM  40    1961  60      5       66
                                      1910
  AVERAGE         74                        70      4       76

PRECIPITATION (IN)
  YESTERDAY        T             2.55 1905   0.12  -0.12     0.15
  MONTH TO DATE    2.66                      2.89  -0.23     2.09
  SINCE MAR 1      7.88                     10.19  -2.31    10.75
  SINCE JAN 1     12.56                     16.21  -3.65    16.97

DEGREE DAYS
 HEATING
  YESTERDAY        0                         1     -1        0
  MONTH TO DATE   20                        63    -43       31
  SINCE MAR 1    610                       754   -144      841
  SINCE JUL 1   3695                      3609     86     3818

 COOLING
  YESTERDAY        9                         6      3       11
  MONTH TO DATE  150                        96     54      140
  SINCE MAR 1    187                       134     53      160
  SINCE JAN 1    187                       134     53      160
..................................................................


WIND (MPH)
  HIGHEST WIND SPEED    15   HIGHEST WIND DIRECTION     S (200)
  HIGHEST GUST SPEED    21   HIGHEST GUST DIRECTION     W (250)
  AVERAGE WIND SPEED     8.5


SKY COVER
  POSSIBLE SUNSHINE  MM
  AVERAGE SKY COVER 0.7


WEATHER CONDITIONS
 THE FOLLOWING WEATHER WAS RECORDED YESTERDAY.
  LIGHT RAIN


RELATIVE HUMIDITY (PERCENT)
 HIGHEST   100           300 AM
 LOWEST     51           400 PM
 AVERAGE    76

..........................................................


THE PIEDMONT TRIAD INTL AIRPORT NC CLIMATE NORMALS FOR TODAY
                         NORMAL    RECORD    YEAR
 MAXIMUM TEMPERATURE (F)   80        98      1916
                                             1914
 MINIMUM TEMPERATURE (F)   60        36      1961


SUNRISE AND SUNSET
MAY 28 2015...........SUNRISE   606 AM EDT   SUNSET   829 PM EDT
MAY 29 2015...........SUNRISE   605 AM EDT   SUNSET   829 PM EDT


-  INDICATES NEGATIVE NUMBERS.
R  INDICATES RECORD WAS SET OR TIED.
MM INDICATES DATA IS MISSING.
T  INDICATES TRACE AMOUNT.




$$
