000
CDUS42 KRAH 210746
CLIGSO


CLIMATE REPORT
NATIONAL WEATHER SERVICE RALEIGH NC
244 AM EST SUN JAN 21 2018


...................................

...THE PIEDMONT TRIAD INTL AIRPORT NC CLIMATE SUMMARY FOR JANUARY 20 2018...

CLIMATE NORMAL PERIOD 1981 TO 2010
CLIMATE RECORD PERIOD 1903 TO 2018


WEATHER ITEM   OBSERVED TIME   RECORD YEAR NORMAL DEPARTURE LAST
                VALUE   (LST)  VALUE       VALUE  FROM      YEAR
                                                  NORMAL
..................................................................
TEMPERATURE (F)
 YESTERDAY
  MAXIMUM         55    447 PM  71    1907  48      7       55
  MINIMUM         23    638 AM  -6    1985  29     -6       47
  AVERAGE         39                        39      0       51

PRECIPITATION (IN)
  YESTERDAY        0.00          2.11 1979   0.10  -0.10     0.34
  MONTH TO DATE    1.98                      2.01  -0.03     2.60
  SINCE DEC 1      3.58                      4.99  -1.41     4.30
  SINCE JAN 1      1.98                      2.01  -0.03     2.60

SNOWFALL (IN)
  YESTERDAY        0.0           1.3  2000   0.1   -0.1      0.0
  MONTH TO DATE    7.0                       2.2    4.8      8.0
  SINCE DEC 1      9.2                       3.0    6.2      8.0
  SINCE JUL 1      9.2                       3.1    6.1      8.0
  SNOW DEPTH       2

DEGREE DAYS
 HEATING
  YESTERDAY       26                        26      0       14
  MONTH TO DATE  677                       520    157      438
  SINCE DEC 1   1407                      1254    153     1123
  SINCE JUL 1   2034                      1934    100     1573

 COOLING
  YESTERDAY        0                         0      0        0
  MONTH TO DATE    0                         0      0        0
  SINCE DEC 1      0                         1     -1        0
  SINCE JAN 1      0                         0      0        0
..................................................................


WIND (MPH)
  HIGHEST WIND SPEED    14   HIGHEST WIND DIRECTION    SW (230)
  HIGHEST GUST SPEED    20   HIGHEST GUST DIRECTION    NW (310)
  AVERAGE WIND SPEED     6.7


SKY COVER
  POSSIBLE SUNSHINE  MM
  AVERAGE SKY COVER 0.2


WEATHER CONDITIONS
 THE FOLLOWING WEATHER WAS RECORDED YESTERDAY.
  NO SIGNIFICANT WEATHER WAS OBSERVED.


RELATIVE HUMIDITY (PERCENT)
 HIGHEST    81           800 AM
 LOWEST     47           400 PM
 AVERAGE    64

..........................................................


THE PIEDMONT TRIAD INTL AIRPORT NC CLIMATE NORMALS FOR TODAY
                         NORMAL    RECORD    YEAR
 MAXIMUM TEMPERATURE (F)   48        73      1927
 MINIMUM TEMPERATURE (F)   29        -8      1985


SUNRISE AND SUNSET
JANUARY 21 2018.......SUNRISE   728 AM EST   SUNSET   535 PM EST
JANUARY 22 2018.......SUNRISE   727 AM EST   SUNSET   536 PM EST


-  INDICATES NEGATIVE NUMBERS.
R  INDICATES RECORD WAS SET OR TIED.
MM INDICATES DATA IS MISSING.
T  INDICATES TRACE AMOUNT.




$$
