000
CDUS42 KRAH 272154
CLIGSO


CLIMATE REPORT
NATIONAL WEATHER SERVICE RALEIGH NC
452 PM EST SAT DEC 27 2014


...................................

...THE PIEDMONT TRIAD INTL AIRPORT NC CLIMATE SUMMARY FOR DECEMBER 27 2014...
VALID TODAY AS OF 0452 PM LOCAL TIME.

CLIMATE NORMAL PERIOD 1981 TO 2010
CLIMATE RECORD PERIOD 1903 TO 2014


WEATHER ITEM   OBSERVED TIME   RECORD YEAR NORMAL DEPARTURE LAST
                VALUE   (LST)  VALUE       VALUE  FROM      YEAR
                                                  NORMAL
..................................................................
TEMPERATURE (F)
 TODAY
  MAXIMUM         62    356 PM  71    1971  48     14       52
  MINIMUM         31    719 AM   8    1935  30      1       25
  AVERAGE         47                        39      8       39

PRECIPITATION (IN)
  TODAY            0.00          0.67 1904   0.10  -0.10     0.00
  MONTH TO DATE    1.63                      2.63  -1.00     4.03
  SINCE DEC 1      1.63                      2.63  -1.00     4.03
  SINCE JAN 1     35.78                     41.85  -6.07    49.27

SNOWFALL (IN)
  TODAY            0.0           0.5  1980   0.1   -0.1      0.0
  MONTH TO DATE    T                         0.6   -0.6      0.0
  SINCE DEC 1      T                         0.6   -0.6      0.0
  SINCE JUL 1      T                         0.7   -0.7       T
  SNOW DEPTH       0

DEGREE DAYS
 HEATING
  TODAY           18                        26     -8       26
  MONTH TO DATE  559                       631    -72      547
  SINCE DEC 1    559                       631    -72      547
  SINCE JUL 1   1309                      1311     -2     1281

 COOLING
  TODAY            0                         0      0        0
  MONTH TO DATE    0                         0      0        8
  SINCE DEC 1      0                         0      0        8
  SINCE JAN 1   1499                      1483     16     1389
..................................................................


WIND (MPH)
  HIGHEST WIND SPEED    12   HIGHEST WIND DIRECTION    SW (220)
  HIGHEST GUST SPEED    15   HIGHEST GUST DIRECTION    SW (210)
  AVERAGE WIND SPEED     6.0


SKY COVER
  POSSIBLE SUNSHINE  MM
  AVERAGE SKY COVER 0.5


WEATHER CONDITIONS
 THE FOLLOWING WEATHER WAS RECORDED TODAY.
  NO SIGNIFICANT WEATHER WAS OBSERVED.


RELATIVE HUMIDITY (PERCENT)
 HIGHEST    89           800 AM
 LOWEST     34           300 PM
 AVERAGE    62

..........................................................


THE PIEDMONT TRIAD INTL AIRPORT NC CLIMATE NORMALS FOR TOMORROW
                         NORMAL    RECORD    YEAR
 MAXIMUM TEMPERATURE (F)   48        73      1984
 MINIMUM TEMPERATURE (F)   30         5      1925


SUNRISE AND SUNSET
DECEMBER 27 2014......SUNRISE   729 AM EST   SUNSET   513 PM EST
DECEMBER 28 2014......SUNRISE   730 AM EST   SUNSET   513 PM EST


-  INDICATES NEGATIVE NUMBERS.
R  INDICATES RECORD WAS SET OR TIED.
MM INDICATES DATA IS MISSING.
T  INDICATES TRACE AMOUNT.




$$
