000
CDUS42 KGSP 010634
CLIGSP

CLIMATE REPORT
NATIONAL WEATHER SERVICE GREENVILLE-SPARTANBURG SC
229 AM EDT SUN MAY 1 2016


...................................

...THE GREENVILLE-SPARTANBURG SC CLIMATE SUMMARY FOR APRIL 30 2016...

CLIMATE NORMAL PERIOD 1981 TO 2010
CLIMATE RECORD PERIOD 1884 TO 2016


WEATHER ITEM   OBSERVED TIME   RECORD YEAR NORMAL DEPARTURE LAST
                VALUE   (LST)  VALUE       VALUE  FROM      YEAR
                                                  NORMAL
..................................................................
TEMPERATURE (F)
 YESTERDAY
  MAXIMUM         81    148 PM  91    1987  76      5       75
                                      1962
  MINIMUM         61    430 AM  39    2008  52      9       50
                                      1980
  AVERAGE         71                        64      7       63

PRECIPITATION (IN)
  YESTERDAY        0.91          1.86 1953   0.11   0.80      T
  MONTH TO DATE    2.32                      3.36  -1.04     6.18
  SINCE MAR 1      4.01                      7.88  -3.87     8.27
  SINCE JAN 1     12.27                     15.67  -3.40    15.59

SNOWFALL (IN)
  YESTERDAY        0.0           0.0    MM   0.0    0.0      0.0
  MONTH TO DATE    0.0                       T      0.0      0.0
  SINCE MAR 1      T                         0.9   -0.9      0.0
  SINCE JUL 1      2.6                       4.7   -2.1      3.7
  SNOW DEPTH       0

DEGREE DAYS
 HEATING
  YESTERDAY        0                         3     -3        2
  MONTH TO DATE  141                       173    -32       91
  SINCE MAR 1    367                       557   -190      395
  SINCE JUL 1   2464                      3006   -542     3009

 COOLING
  YESTERDAY        6                         2      4        0
  MONTH TO DATE   59                        40     19       50
  SINCE MAR 1     85                        48     37       56
  SINCE JAN 1     85                        48     37       56
..................................................................


WIND (MPH)
  HIGHEST WIND SPEED    15   HIGHEST WIND DIRECTION    NE (50)
  HIGHEST GUST SPEED    20   HIGHEST GUST DIRECTION    NE (50)
  AVERAGE WIND SPEED     7.8


SKY COVER
  POSSIBLE SUNSHINE  MM
  AVERAGE SKY COVER 0.2


WEATHER CONDITIONS
 THE FOLLOWING WEATHER WAS RECORDED YESTERDAY.
  THUNDERSTORM
  HEAVY RAIN
  RAIN
  LIGHT RAIN
  FOG


RELATIVE HUMIDITY (PERCENT)
 HIGHEST    93           800 PM
 LOWEST     52           200 AM
 AVERAGE    73

..........................................................


THE GREENVILLE-SPARTANBURG SC CLIMATE NORMALS FOR TODAY
                         NORMAL    RECORD    YEAR
 MAXIMUM TEMPERATURE (F)   77        90      2007
                                             1962
                                             1887
 MINIMUM TEMPERATURE (F)   53        36      1908


SUNRISE AND SUNSET
MAY  1 2016...........SUNRISE   638 AM EDT   SUNSET   815 PM EDT
MAY  2 2016...........SUNRISE   637 AM EDT   SUNSET   815 PM EDT


-  INDICATES NEGATIVE NUMBERS.
R  INDICATES RECORD WAS SET OR TIED.
MM INDICATES DATA IS MISSING.
T  INDICATES TRACE AMOUNT.

$$

PM
