000
CDUS42 KGSP 220632
CLIGSP

CLIMATE REPORT
NATIONAL WEATHER SERVICE GREENVILLE-SPARTANBURG SC
231 AM EDT SUN OCT 22 2017

...................................

...THE GREENVILLE-SPARTANBURG SC CLIMATE SUMMARY FOR OCTOBER 21 2017...

CLIMATE NORMAL PERIOD 1981 TO 2010
CLIMATE RECORD PERIOD 1884 TO 2017


WEATHER ITEM   OBSERVED TIME   RECORD YEAR NORMAL DEPARTURE LAST
                VALUE   (LST)  VALUE       VALUE  FROM      YEAR
                                                  NORMAL
..................................................................
TEMPERATURE (F)
 YESTERDAY
  MAXIMUM         77    203 PM  86    1941  71      6       72
  MINIMUM         49    705 AM  28    1974  49      0       53
  AVERAGE         63                        60      3       63

PRECIPITATION (IN)
  YESTERDAY        0.00          3.34 1929   0.11  -0.11     0.00
  MONTH TO DATE    2.91                      2.39   0.52     0.44
  SINCE SEP 1      7.13                      5.82   1.31     1.43
  SINCE JAN 1     45.10                     38.33   6.77    29.66

SNOWFALL (IN)
  YESTERDAY        0.0           0.0    MM   0.0    0.0      0.0
  MONTH TO DATE    0.0                       0.0    0.0      0.0
  SINCE SEP 1      0.0                       0.0    0.0      0.0
  SINCE JUL 1      0.0                       0.0    0.0      0.0
  SNOW DEPTH       0

DEGREE DAYS
 HEATING
  YESTERDAY        2                         6     -4        2
  MONTH TO DATE   37                        80    -43       14
  SINCE SEP 1     48                        97    -49       14
  SINCE JUL 1     48                        97    -49       14

 COOLING
  YESTERDAY        0                         1     -1        0
  MONTH TO DATE   96                        40     56       69
  SINCE SEP 1    328                       267     61      441
  SINCE JAN 1   1794                      1702     92     2160
..................................................................


WIND (MPH)
  HIGHEST WIND SPEED     8   HIGHEST WIND DIRECTION     S (160)
  HIGHEST GUST SPEED    11   HIGHEST GUST DIRECTION    SE (140)
  AVERAGE WIND SPEED     1.8


SKY COVER
  POSSIBLE SUNSHINE  MM
  AVERAGE SKY COVER 0.0


WEATHER CONDITIONS
 THE FOLLOWING WEATHER WAS RECORDED YESTERDAY.
  NO SIGNIFICANT WEATHER WAS OBSERVED.


RELATIVE HUMIDITY (PERCENT)
 HIGHEST    96           100 AM
 LOWEST     36           200 PM
 AVERAGE    66

..........................................................


THE GREENVILLE-SPARTANBURG SC CLIMATE NORMALS FOR TODAY
                         NORMAL    RECORD    YEAR
 MAXIMUM TEMPERATURE (F)   71        85      1941
 MINIMUM TEMPERATURE (F)   48        26      1987


SUNRISE AND SUNSET
OCTOBER 22 2017.......SUNRISE   741 AM EDT   SUNSET   645 PM EDT
OCTOBER 23 2017.......SUNRISE   742 AM EDT   SUNSET   644 PM EDT


-  INDICATES NEGATIVE NUMBERS.
R  INDICATES RECORD WAS SET OR TIED.
MM INDICATES DATA IS MISSING.
T  INDICATES TRACE AMOUNT.

$$
