000
CDUS42 KGSP 250632
CLIGSP

CLIMATE REPORT
NATIONAL WEATHER SERVICE GREENVILLE-SPARTANBURG SC
231 AM EDT SAT MAR 25 2017


...................................

...THE GREENVILLE-SPARTANBURG SC CLIMATE SUMMARY FOR MARCH 24 2017...

CLIMATE NORMAL PERIOD 1981 TO 2010
CLIMATE RECORD PERIOD 1884 TO 2017


WEATHER ITEM   OBSERVED TIME   RECORD YEAR NORMAL DEPARTURE LAST
                VALUE   (LST)  VALUE       VALUE  FROM      YEAR
                                                  NORMAL
..................................................................
TEMPERATURE (F)
 YESTERDAY
  MAXIMUM         71    327 PM  90    1907  67      4       76
  MINIMUM         48    702 AM  24    1968  43      5       51
  AVERAGE         60                        55      5       64

PRECIPITATION (IN)
  YESTERDAY        0.00          2.76 1917   0.13  -0.13      T
  MONTH TO DATE    5.91                      3.51   2.40     1.29
  SINCE MAR 1      5.91                      3.51   2.40     1.29
  SINCE JAN 1     11.63                     11.30   0.33     9.55

SNOWFALL (IN)
  YESTERDAY        0.0           9.3  1983   0.0    0.0      0.0
  MONTH TO DATE    0.5                       0.8   -0.3       T
  SINCE MAR 1      0.5                       0.8   -0.3       T
  SINCE JUL 1      3.6                       4.6   -1.0      2.6
  SNOW DEPTH       0

DEGREE DAYS
 HEATING
  YESTERDAY        5                        10     -5        1
  MONTH TO DATE  345                       318     27      190
  SINCE MAR 1    345                       318     27      190
  SINCE JUL 1   2071                      2767   -696     2287

 COOLING
  YESTERDAY        0                         0      0        0
  MONTH TO DATE    5                         0      5       23
  SINCE MAR 1      5                         0      5       23
  SINCE JAN 1     11                         0     11       23
..................................................................


WIND (MPH)
  HIGHEST WIND SPEED    13   HIGHEST WIND DIRECTION     S (160)
  HIGHEST GUST SPEED    19   HIGHEST GUST DIRECTION    SE (150)
  AVERAGE WIND SPEED     4.1


SKY COVER
  POSSIBLE SUNSHINE  MM
  AVERAGE SKY COVER 0.7


WEATHER CONDITIONS
 THE FOLLOWING WEATHER WAS RECORDED YESTERDAY.
  NO SIGNIFICANT WEATHER WAS OBSERVED.


RELATIVE HUMIDITY (PERCENT)
 HIGHEST    67          1100 PM
 LOWEST     40           300 PM
 AVERAGE    54

..........................................................


THE GREENVILLE-SPARTANBURG SC CLIMATE NORMALS FOR TODAY
                         NORMAL    RECORD    YEAR
 MAXIMUM TEMPERATURE (F)   67        88      1929
 MINIMUM TEMPERATURE (F)   43        26      1940
                                             1906


SUNRISE AND SUNSET
MARCH 25 2017.........SUNRISE   725 AM EDT   SUNSET   745 PM EDT
MARCH 26 2017.........SUNRISE   724 AM EDT   SUNSET   746 PM EDT


-  INDICATES NEGATIVE NUMBERS.
R  INDICATES RECORD WAS SET OR TIED.
MM INDICATES DATA IS MISSING.
T  INDICATES TRACE AMOUNT.




$$
