000
CDUS42 KGSP 110634
CLIGSP

CLIMATE REPORT
NATIONAL WEATHER SERVICE GREENVILLE-SPARTANBURG SC
133 AM EST SUN DEC 11 2016


...................................

...THE GREENVILLE-SPARTANBURG SC CLIMATE SUMMARY FOR DECEMBER 10 2016...

CLIMATE NORMAL PERIOD 1981 TO 2010
CLIMATE RECORD PERIOD 1884 TO 2016


WEATHER ITEM   OBSERVED TIME   RECORD YEAR NORMAL DEPARTURE LAST
                VALUE   (LST)  VALUE       VALUE  FROM      YEAR
                                                  NORMAL
..................................................................
TEMPERATURE (F)
 YESTERDAY
  MAXIMUM         45    338 PM  79    2007  55    -10       68
  MINIMUM         22    756 AM  13    1917  35    -13       43
  AVERAGE         34                        45    -11       56

PRECIPITATION (IN)
  YESTERDAY        0.00          1.71 1961   0.14  -0.14     0.00
  MONTH TO DATE    1.43                      1.41   0.02     0.49
  SINCE DEC 1      1.43                      1.41   0.02     0.49
  SINCE JAN 1     33.17                     44.49 -11.32    50.16

SNOWFALL (IN)
  YESTERDAY        0.0           1.0  1903   0.0    0.0      0.0
  MONTH TO DATE    0.0                       0.0    0.0      0.0
  SINCE DEC 1      0.0                       0.0    0.0      0.0
  SINCE JUL 1      0.0                       0.1   -0.1      0.0
  SNOW DEPTH       0

DEGREE DAYS
 HEATING
  YESTERDAY       31                        20     11        9
  MONTH TO DATE  204                       190     14      158
  SINCE DEC 1    204                       190     14      158
  SINCE JUL 1    530                       743   -213      603

 COOLING
  YESTERDAY        0                         0      0        0
  MONTH TO DATE    0                         0      0        0
  SINCE DEC 1      0                         0      0        0
  SINCE JAN 1   2188                      1715    473     1935
..................................................................


WIND (MPH)
  HIGHEST WIND SPEED     9   HIGHEST WIND DIRECTION    SW (240)
  HIGHEST GUST SPEED    12   HIGHEST GUST DIRECTION    SW (220)
  AVERAGE WIND SPEED     2.4


SKY COVER
  POSSIBLE SUNSHINE  MM
  AVERAGE SKY COVER 0.0


WEATHER CONDITIONS
 THE FOLLOWING WEATHER WAS RECORDED YESTERDAY.
  NO SIGNIFICANT WEATHER WAS OBSERVED.


RELATIVE HUMIDITY (PERCENT)
 HIGHEST    77           800 AM
 LOWEST     27           400 PM
 AVERAGE    52

..........................................................


THE GREENVILLE-SPARTANBURG SC CLIMATE NORMALS FOR TODAY
                         NORMAL    RECORD    YEAR
 MAXIMUM TEMPERATURE (F)   55        79      2007
 MINIMUM TEMPERATURE (F)   35        14      1957


SUNRISE AND SUNSET
DECEMBER 11 2016......SUNRISE   727 AM EST   SUNSET   518 PM EST
DECEMBER 12 2016......SUNRISE   727 AM EST   SUNSET   518 PM EST


-  INDICATES NEGATIVE NUMBERS.
R  INDICATES RECORD WAS SET OR TIED.
MM INDICATES DATA IS MISSING.
T  INDICATES TRACE AMOUNT.




$$

LEV
