000
CDUS45 KTFX 062348
CLIGTF

CLIMATE REPORT
NATIONAL WEATHER SERVICE GREAT FALLS MT
426 PM MST FRI MAR 6 2015


...................................

...THE GREAT FALLS MT CLIMATE SUMMARY FOR MARCH 6 2015...
VALID TODAY AS OF 0400 PM LOCAL TIME.

CLIMATE NORMAL PERIOD 1981 TO 2010
CLIMATE RECORD PERIOD 1886 TO 2015


WEATHER ITEM   OBSERVED TIME   RECORD YEAR NORMAL DEPARTURE LAST
                VALUE   (LST)  VALUE       VALUE  FROM      YEAR
                                                  NORMAL
..................................................................
TEMPERATURE (F)
 TODAY
  MAXIMUM         60    248 PM  67    1987  43     17       43
  MINIMUM         29    210 AM -24    1951  20      9       11
  AVERAGE         45                        31     14       27

PRECIPITATION (IN)
  TODAY            0.00          0.58 1950   0.03  -0.03     0.03
  MONTH TO DATE    0.01                      0.14  -0.13     0.09
  SINCE OCT 1      4.36                      3.12   1.24     4.56
  SINCE JAN 1      1.41                      1.12   0.29     2.51

SNOWFALL (IN)
  TODAY            0.0           5.7  1950   0.4   -0.4       T
  MONTH TO DATE    0.1                       2.1   -2.0      2.3
  SINCE MAR 1      0.1                       2.1   -2.0      2.3
  SINCE JUL 1     56.4                      42.1   14.3     59.8
  SNOW DEPTH       0

DEGREE DAYS
 HEATING
  TODAY           20                        34    -14       38
  MONTH TO DATE  235                       207     28      316
  SINCE MAR 1    235                       207     28      316
  SINCE JUL 1   5373                      5712   -339     5970

 COOLING
  TODAY            0                         0      0        0
  MONTH TO DATE    0                         0      0        0
  SINCE MAR 1      0                         0      0        0
  SINCE JAN 1      0                         0      0        0
..................................................................


WIND (MPH)
  HIGHEST WIND SPEED    30   HIGHEST WIND DIRECTION     W (250)
  HIGHEST GUST SPEED    36   HIGHEST GUST DIRECTION    SW (240)
  AVERAGE WIND SPEED    16.9


SKY COVER
  AVERAGE SKY COVER 0.0


WEATHER CONDITIONS
 THE FOLLOWING WEATHER WAS RECORDED TODAY.
  NO SIGNIFICANT WEATHER WAS OBSERVED.


RELATIVE HUMIDITY (PERCENT)
 HIGHEST    51           300 AM
 LOWEST     19           200 PM
 AVERAGE    35

..........................................................


THE GREAT FALLS MT CLIMATE NORMALS FOR TOMORROW
                         NORMAL    RECORD    YEAR
 MAXIMUM TEMPERATURE (F)   43        64      1986
 MINIMUM TEMPERATURE (F)   20       -24      1951


SUNRISE AND SUNSET
MARCH  6 2015.........SUNRISE   657 AM MST   SUNSET   618 PM MST
MARCH  7 2015.........SUNRISE   655 AM MST   SUNSET   619 PM MST


-  INDICATES NEGATIVE NUMBERS.
R  INDICATES RECORD WAS SET OR TIED.
MM INDICATES DATA IS MISSING.
T  INDICATES TRACE AMOUNT.




$$
