000
CDUS45 KTFX 252229
CLIGTF


CLIMATE REPORT
NATIONAL WEATHER SERVICE GREAT FALLS MT
428 PM MDT SAT OCT 25 2014


...................................

...THE GREAT FALLS MT CLIMATE SUMMARY FOR OCTOBER 25 2014...
VALID TODAY AS OF 0400 PM LOCAL TIME.

CLIMATE NORMAL PERIOD 1981 TO 2010
CLIMATE RECORD PERIOD 1886 TO 2014


WEATHER ITEM   OBSERVED TIME   RECORD YEAR NORMAL DEPARTURE LAST
                VALUE   (LST)  VALUE       VALUE  FROM      YEAR
                                                  NORMAL
..................................................................
TEMPERATURE (F)
 TODAY
  MAXIMUM         58    210 PM  76    1990  54      4       65
  MINIMUM         35    727 AM  -5    1919  30      5       32
  AVERAGE         47                        42      5       49

PRECIPITATION (IN)
  TODAY            0.00          0.28 1945   0.02  -0.02     0.00
  MONTH TO DATE    0.47                      0.73  -0.26     0.36
  SINCE OCT 1      0.47                      0.73  -0.26     0.36
  SINCE JAN 1     17.65                     13.48   4.17    10.09

SNOWFALL (IN)
  TODAY            0.0           3.8  1945   0.2   -0.2      0.0
  MONTH TO DATE    1.1                       3.0   -1.9       T
  SINCE SEP 1      1.1                       4.2   -3.1       T
  SINCE JUL 1      1.1                       4.5   -3.4       T
  SNOW DEPTH       0

DEGREE DAYS
 HEATING
  TODAY           18                        23     -5       16
  MONTH TO DATE  291                       468   -177      495
  SINCE SEP 1    546                       754   -208      661
  SINCE JUL 1    616                       875   -259      685

 COOLING
  TODAY            0                         0      0        0
  MONTH TO DATE    1                         0      1        0
  SINCE SEP 1     26                        21      5       80
  SINCE JAN 1    350                       297     53      449
..................................................................


WIND (MPH)
  HIGHEST WIND SPEED     8   HIGHEST WIND DIRECTION     E (100)
  HIGHEST GUST SPEED     8   HIGHEST GUST DIRECTION     E (80)
  AVERAGE WIND SPEED     2.7


SKY COVER
  AVERAGE SKY COVER 0.1


WEATHER CONDITIONS
 THE FOLLOWING WEATHER WAS RECORDED TODAY.
  NO SIGNIFICANT WEATHER WAS OBSERVED.


RELATIVE HUMIDITY (PERCENT)
 HIGHEST   100           800 AM
 LOWEST     57           200 PM
 AVERAGE    79

..........................................................


THE GREAT FALLS MT CLIMATE NORMALS FOR TOMORROW
                         NORMAL    RECORD    YEAR
 MAXIMUM TEMPERATURE (F)   53        78      1944
 MINIMUM TEMPERATURE (F)   30         8      1919


SUNRISE AND SUNSET
OCTOBER 25 2014.......SUNRISE   759 AM MDT   SUNSET   619 PM MDT
OCTOBER 26 2014.......SUNRISE   800 AM MDT   SUNSET   618 PM MDT


-  INDICATES NEGATIVE NUMBERS.
R  INDICATES RECORD WAS SET OR TIED.
MM INDICATES DATA IS MISSING.
T  INDICATES TRACE AMOUNT.




$$
