000
CDUS45 KTFX 291015
CLIGTF


CLIMATE REPORT
NATIONAL WEATHER SERVICE GREAT FALLS MT
413 AM MDT FRI AUG 29 2014


...................................

...THE GREAT FALLS MT CLIMATE SUMMARY FOR AUGUST 28 2014...

CLIMATE NORMAL PERIOD 1981 TO 2010
CLIMATE RECORD PERIOD 1886 TO 2014


WEATHER ITEM   OBSERVED TIME   RECORD YEAR NORMAL DEPARTURE LAST
                VALUE   (LST)  VALUE       VALUE  FROM      YEAR
                                                  NORMAL
..................................................................
TEMPERATURE (F)
 YESTERDAY
  MAXIMUM         86    443 PM  99    2012  78      8       92
  MINIMUM         53   1159 PM  35    1918  48      5       53
  AVERAGE         70                        63      7       73

PRECIPITATION (IN)
  YESTERDAY        0.00          0.60 1951   0.05  -0.05     0.06
  MONTH TO DATE    4.39                      1.40   2.99     1.07
  SINCE OCT 1     18.51                     13.16   5.35    12.22
  SINCE JAN 1     16.46                     11.16   5.30     8.88

SNOWFALL (IN)
  YESTERDAY        0.0           0.0  2002   0.1   -0.1      0.0
  MONTH TO DATE    0.0                       0.3   -0.3      0.0
  SINCE JUN 1      0.0                       0.6   -0.6      0.0
  SINCE JUL 1      0.0                       0.3   -0.3      0.0
  SNOW DEPTH       0

DEGREE DAYS
 HEATING
  YESTERDAY        0                         4     -4        0
  MONTH TO DATE   57                        58     -1        8
  SINCE JUN 1    285                       299    -14      196
  SINCE JUL 1     62                       108    -46       24

 COOLING
  YESTERDAY        5                         2      3        8
  MONTH TO DATE  145                       107     38      151
  SINCE JUN 1    324                       263     61      352
  SINCE JAN 1    324                       270     54      355
..................................................................


WIND (MPH)
  HIGHEST WIND SPEED    29   HIGHEST WIND DIRECTION     N (20)
  HIGHEST GUST SPEED    37   HIGHEST GUST DIRECTION    NW (330)
  AVERAGE WIND SPEED    11.4


SKY COVER
  AVERAGE SKY COVER 0.2


WEATHER CONDITIONS
 THE FOLLOWING WEATHER WAS RECORDED YESTERDAY.
  NO SIGNIFICANT WEATHER WAS OBSERVED.


RELATIVE HUMIDITY (PERCENT)
 HIGHEST    89          1100 PM
 LOWEST     14           600 PM
 AVERAGE    52

..........................................................


THE GREAT FALLS MT CLIMATE NORMALS FOR TODAY
                         NORMAL    RECORD    YEAR
 MAXIMUM TEMPERATURE (F)   78        97      2005
 MINIMUM TEMPERATURE (F)   47        34      1992


SUNRISE AND SUNSET
AUGUST 29 2014........SUNRISE   640 AM MDT   SUNSET   811 PM MDT
AUGUST 30 2014........SUNRISE   642 AM MDT   SUNSET   809 PM MDT


-  INDICATES NEGATIVE NUMBERS.
R  INDICATES RECORD WAS SET OR TIED.
MM INDICATES DATA IS MISSING.
T  INDICATES TRACE AMOUNT.




$$
