000
CDUS45 KTFX 231005
CLIGTF


CLIMATE REPORT
NATIONAL WEATHER SERVICE GREAT FALLS MT
404 AM MDT WED APR 23 2014


...................................

...THE GREAT FALLS MT CLIMATE SUMMARY FOR APRIL 22 2014...

CLIMATE NORMAL PERIOD 1981 TO 2010
CLIMATE RECORD PERIOD 1886 TO 2014


WEATHER ITEM   OBSERVED TIME   RECORD YEAR NORMAL DEPARTURE LAST
                VALUE   (LST)  VALUE       VALUE  FROM      YEAR
                                                  NORMAL
..................................................................
TEMPERATURE (F)
 YESTERDAY
  MAXIMUM         70   1158 AM  83    1969  58     12       35
  MINIMUM         37    608 AM   8    1967  32      5       10
  AVERAGE         54                        45      9       23

PRECIPITATION (IN)
  YESTERDAY        0.70          0.77 1932   0.05   0.65     0.00
  MONTH TO DATE    1.26                      1.00   0.26     0.88
  SINCE OCT 1      7.04                      4.89   2.15     5.50
  SINCE JAN 1      4.99                      2.89   2.10     2.16

SNOWFALL (IN)
  YESTERDAY        0.0           8.9  2011   0.2   -0.2      0.0
  MONTH TO DATE    2.4                       6.7   -4.3     14.4
  SINCE MAR 1     15.2                      18.6   -3.4     18.4
  SINCE JUL 1     72.7                      58.6   14.1     74.2
  SNOW DEPTH       0

DEGREE DAYS
 HEATING
  YESTERDAY       11                        20     -9       42
  MONTH TO DATE  478                       507    -29      616
  SINCE MAR 1   1562                      1460    102     1508
  SINCE JUL 1   7216                      6965    251     6321

 COOLING
  YESTERDAY        0                         0      0        0
  MONTH TO DATE    0                         0      0        0
  SINCE MAR 1      0                         0      0        0
  SINCE JAN 1      0                         0      0        0
..................................................................


WIND (MPH)
  HIGHEST WIND SPEED    28   HIGHEST WIND DIRECTION    SW (240)
  HIGHEST GUST SPEED    33   HIGHEST GUST DIRECTION     W (250)
  AVERAGE WIND SPEED     9.3


SKY COVER
  AVERAGE SKY COVER 0.5


WEATHER CONDITIONS
 THE FOLLOWING WEATHER WAS RECORDED YESTERDAY.
  HEAVY RAIN
  RAIN
  LIGHT RAIN
  FOG


RELATIVE HUMIDITY (PERCENT)
 HIGHEST   100           800 PM
 LOWEST     27           200 PM
 AVERAGE    64

..........................................................


THE GREAT FALLS MT CLIMATE NORMALS FOR TODAY
                         NORMAL    RECORD    YEAR
 MAXIMUM TEMPERATURE (F)   58        84      2012
 MINIMUM TEMPERATURE (F)   32        16      1931
                                             1893


SUNRISE AND SUNSET
APRIL 23 2014.........SUNRISE   622 AM MDT   SUNSET   826 PM MDT
APRIL 24 2014.........SUNRISE   620 AM MDT   SUNSET   828 PM MDT


-  INDICATES NEGATIVE NUMBERS.
R  INDICATES RECORD WAS SET OR TIED.
MM INDICATES DATA IS MISSING.
T  INDICATES TRACE AMOUNT.




$$
