000
CDUS44 KAMA 171410
CLIGUY


CLIMATE REPORT
NATIONAL WEATHER SERVICE AMARILLO TX
910 AM CDT THU APR 17 2014


...................................

...THE GUYMON CLIMATE SUMMARY FOR APRIL 17 2014...
VALID AS OF 0900 AM LOCAL TIME.

CLIMATE NORMAL PERIOD 1981 TO 2010
CLIMATE RECORD PERIOD 1998 TO 2014


WEATHER ITEM   OBSERVED TIME   NORMAL DEPARTURE LAST
                VALUE   (LST)  VALUE  FROM      YEAR
                                      NORMAL
......................................................
TEMPERATURE (F)
 TODAY
  MINIMUM         41    809 AM  41      0       32

PRECIPITATION (IN)
  TODAY            0.05          0.05   0.00     0.08
  MONTH TO DATE    0.25          0.81  -0.56     0.18
  SINCE MAR 1      0.46          2.24  -1.78     0.32
  SINCE JAN 1      0.80          3.11  -2.31     1.88

SNOWFALL (IN)
  TODAY           MM                              T
  MONTH TO DATE    2.0                            T
  SINCE MAR 1      3.5                           2.5
  SINCE JUL 1     16.2                          22.0
  SNOW DEPTH       0

......................................................


WIND (MPH)
  RESULTANT WIND SPEED  14   RESULTANT WIND DIRECTION  NE (50)
  HIGHEST WIND SPEED    18   HIGHEST WIND DIRECTION    NE (30)
  HIGHEST GUST SPEED    24   HIGHEST GUST DIRECTION    NE (40)
  AVERAGE WIND SPEED    14.0


SKY COVER
  AVERAGE SKY COVER 0.8


WEATHER CONDITIONS
 THE FOLLOWING WEATHER WAS RECORDED TODAY.
  LIGHT RAIN
  FOG


RELATIVE HUMIDITY (PERCENT)
 HIGHEST    65           500 AM
 LOWEST     50          1200 AM
 AVERAGE    58

..........................................................


THE GUYMON CLIMATE NORMALS FOR TOMORROW
                         NORMAL
 MAXIMUM TEMPERATURE (F)   71
 MINIMUM TEMPERATURE (F)   41


SUNRISE AND SUNSET
APRIL 17 2014.........SUNRISE   709 AM CDT   SUNSET   822 PM CDT
APRIL 18 2014.........SUNRISE   708 AM CDT   SUNSET   823 PM CDT


-  INDICATES NEGATIVE NUMBERS.
R  INDICATES RECORD WAS SET OR TIED.
MM INDICATES DATA IS MISSING.
T  INDICATES TRACE AMOUNT.




$$
