056
CDUS44 KAMA 252149
CLIGUY


CLIMATE REPORT
NATIONAL WEATHER SERVICE AMARILLO TX
447 PM CDT MON SEP 25 2017


...................................

...THE GUYMON CLIMATE SUMMARY FOR SEPTEMBER 25 2017...
VALID TODAY AS OF 0400 PM LOCAL TIME.

CLIMATE NORMAL PERIOD 1981 TO 2010
CLIMATE RECORD PERIOD 1998 TO 2017


WEATHER ITEM   OBSERVED TIME   RECORD YEAR NORMAL DEPARTURE LAST
                VALUE   (LST)  VALUE       VALUE  FROM      YEAR
                                                  NORMAL
..................................................................
TEMPERATURE (F)
 TODAY
  MAXIMUM         68    258 AM  MM      MM  81    -13       78
  MINIMUM         56    243 PM  MM      MM  52      4       52
  AVERAGE         62                        66     -4       65

PRECIPITATION (IN)
  TODAY            1.03         MM      MM   0.05   0.98      T
  MONTH TO DATE    3.93                      1.49   2.44     0.01
  SINCE SEP 1      3.93                      1.49   2.44     0.01
  SINCE JAN 1     19.49                     16.26   3.23    14.45

SNOWFALL (IN)
  TODAY            0.0          MM      MM  MM     MM        0.0
  MONTH TO DATE    0.0                      MM     MM        0.0
  SINCE SEP 1      0.0                      MM     MM        0.0
  SINCE JUL 1      0.0                      MM     MM        0.0
  SNOW DEPTH       0

DEGREE DAYS
 HEATING
  TODAY            3                         3      0        0
  MONTH TO DATE    3                        23    -20        2
  SINCE SEP 1      3                        23    -20        2
  SINCE JUL 1      3                        24    -21        2

 COOLING
  TODAY            0                         4     -4        0
  MONTH TO DATE  223                       188     35      255
  SINCE SEP 1    223                       188     35      255
  SINCE JAN 1   1544                      1437    107     1692
..................................................................


WIND (MPH)
  RESULTANT WIND SPEED   3   RESULTANT WIND DIRECTION  NE (40)
  HIGHEST WIND SPEED    23   HIGHEST WIND DIRECTION     N (10)
  HIGHEST GUST SPEED    32   HIGHEST GUST DIRECTION     S (170)
  AVERAGE WIND SPEED    10.5


SKY COVER
  AVERAGE SKY COVER 0.8


WEATHER CONDITIONS
 THE FOLLOWING WEATHER WAS RECORDED TODAY.
  THUNDERSTORM
  HEAVY RAIN
  RAIN
  LIGHT RAIN
  FOG


RELATIVE HUMIDITY (PERCENT)
 HIGHEST   100          1200 AM
 LOWEST     90          1200 PM
 AVERAGE    95

..........................................................


THE GUYMON CLIMATE NORMALS FOR TOMORROW
                         NORMAL    RECORD    YEAR
 MAXIMUM TEMPERATURE (F)   81        MM        MM
 MINIMUM TEMPERATURE (F)   51        MM        MM


SUNRISE AND SUNSET
SEPTEMBER 25 2017.....SUNRISE   737 AM CDT   SUNSET   738 PM CDT
SEPTEMBER 26 2017.....SUNRISE   737 AM CDT   SUNSET   736 PM CDT


-  INDICATES NEGATIVE NUMBERS.
R  INDICATES RECORD WAS SET OR TIED.
MM INDICATES DATA IS MISSING.
T  INDICATES TRACE AMOUNT.




$$
