000
CDUS44 KAMA 282143
CLIGUY


CLIMATE REPORT
NATIONAL WEATHER SERVICE AMARILLO TX
442 PM CDT SAT MAY 28 2016


...................................

...THE GUYMON CLIMATE SUMMARY FOR MAY 28 2016...
VALID TODAY AS OF 0400 PM LOCAL TIME.

CLIMATE NORMAL PERIOD 1981 TO 2010
CLIMATE RECORD PERIOD 1998 TO 2016


WEATHER ITEM   OBSERVED TIME   RECORD YEAR NORMAL DEPARTURE LAST
                VALUE   (LST)  VALUE       VALUE  FROM      YEAR
                                                  NORMAL
..................................................................
TEMPERATURE (F)
 TODAY
  MAXIMUM         81    330 PM  MM      MM  82     -1       79
  MINIMUM         46    357 AM  MM      MM  55     -9       60
  AVERAGE         64                        68     -4       70

PRECIPITATION (IN)
  TODAY            0.00         MM      MM   0.10  -0.10     0.19
  MONTH TO DATE    0.81                      2.08  -1.27     6.52
  SINCE MAR 1      6.33                      5.02   1.31     8.99
  SINCE JAN 1      6.76                      5.89   0.87    10.94

SNOWFALL (IN)
  TODAY            0.0          MM      MM  MM     MM        0.0
  MONTH TO DATE    0.0                      MM     MM        0.0
  SINCE MAR 1      T                        MM     MM        2.0
  SINCE JUL 1      T                        MM     MM       23.3
  SNOW DEPTH       0

DEGREE DAYS
 HEATING
  TODAY            1                         1      0        0
  MONTH TO DATE  134                        92     42      113
  SINCE MAR 1    817                       978   -161      779
  SINCE JUL 1   3784                      4445   -661     3996

 COOLING
  TODAY            0                         5     -5        5
  MONTH TO DATE   66                        78    -12       45
  SINCE MAR 1     83                        93    -10       62
  SINCE JAN 1     86                        93     -7       62
..................................................................


WIND (MPH)
  RESULTANT WIND SPEED   3   RESULTANT WIND DIRECTION  NW (300)
  HIGHEST WIND SPEED    13   HIGHEST WIND DIRECTION     W (260)
  HIGHEST GUST SPEED    18   HIGHEST GUST DIRECTION    SW (210)
  AVERAGE WIND SPEED     6.8


SKY COVER
  AVERAGE SKY COVER 0.0


WEATHER CONDITIONS
 THE FOLLOWING WEATHER WAS RECORDED TODAY.
  NO SIGNIFICANT WEATHER WAS OBSERVED.


RELATIVE HUMIDITY (PERCENT)
 HIGHEST    82           400 AM
 LOWEST     26           300 PM
 AVERAGE    54

..........................................................


THE GUYMON CLIMATE NORMALS FOR TOMORROW
                         NORMAL    RECORD    YEAR
 MAXIMUM TEMPERATURE (F)   82        MM        MM
 MINIMUM TEMPERATURE (F)   55        MM        MM


SUNRISE AND SUNSET
MAY 28 2016...........SUNRISE   630 AM CDT   SUNSET   857 PM CDT
MAY 29 2016...........SUNRISE   630 AM CDT   SUNSET   858 PM CDT


-  INDICATES NEGATIVE NUMBERS.
R  INDICATES RECORD WAS SET OR TIED.
MM INDICATES DATA IS MISSING.
T  INDICATES TRACE AMOUNT.




$$
