000
CDUS44 KAMA 080734
CLIGUY


CLIMATE REPORT
NATIONAL WEATHER SERVICE AMARILLO TX
133 AM CST THU DEC 8 2016


...................................

...THE GUYMON CLIMATE SUMMARY FOR DECEMBER 7 2016...

CLIMATE NORMAL PERIOD 1981 TO 2010
CLIMATE RECORD PERIOD 1998 TO 2016


WEATHER ITEM   OBSERVED TIME   RECORD YEAR NORMAL DEPARTURE LAST
                VALUE   (LST)  VALUE       VALUE  FROM      YEAR
                                                  NORMAL
..................................................................
TEMPERATURE (F)
 YESTERDAY
  MAXIMUM         32    230 PM  74    2003  50    -18       62
  MINIMUM         18    555 AM   0    2005  23     -5       27
  AVERAGE         25                        36    -11       45

PRECIPITATION (IN)
  YESTERDAY        0.00         MM      MM   0.03  -0.03     0.00
  MONTH TO DATE    0.14                      0.26  -0.12     0.00
  SINCE DEC 1      0.14                      0.26  -0.12     0.00
  SINCE JAN 1     15.26                     18.92  -3.66    29.99

SNOWFALL (IN)
  YESTERDAY        0.0          MM      MM  MM     MM        0.0
  MONTH TO DATE    0.0                      MM     MM        0.0
  SINCE DEC 1      0.0                      MM     MM        0.0
  SINCE JUL 1      0.0                      MM     MM        0.0
  SNOW DEPTH       0

DEGREE DAYS
 HEATING
  YESTERDAY       40                        29     11       20
  MONTH TO DATE  212                       192     20      157
  SINCE DEC 1    212                       192     20      157
  SINCE JUL 1    750                      1083   -333      871

 COOLING
  YESTERDAY        0                         0      0        0
  MONTH TO DATE    0                         0      0        0
  SINCE DEC 1      0                         0      0        0
  SINCE JAN 1   1807                      1482    325     1662
..................................................................


WIND (MPH)
  RESULTANT WIND SPEED   7   RESULTANT WIND DIRECTION  NE (40)
  HIGHEST WIND SPEED    24   HIGHEST WIND DIRECTION    NE (30)
  HIGHEST GUST SPEED    28   HIGHEST GUST DIRECTION    NE (30)
  AVERAGE WIND SPEED    10.7


SKY COVER
  AVERAGE SKY COVER 0.7


WEATHER CONDITIONS
 THE FOLLOWING WEATHER WAS RECORDED YESTERDAY.
  NO SIGNIFICANT WEATHER WAS OBSERVED.


RELATIVE HUMIDITY (PERCENT)
 HIGHEST    80           600 AM
 LOWEST     58           100 PM
 AVERAGE    69

..........................................................


THE GUYMON CLIMATE NORMALS FOR TODAY
                         NORMAL    RECORD    YEAR
 MAXIMUM TEMPERATURE (F)   50        72      2015
                                             2008
 MINIMUM TEMPERATURE (F)   23        -6      2005


SUNRISE AND SUNSET
DECEMBER  8 2016......SUNRISE   746 AM CST   SUNSET   530 PM CST
DECEMBER  9 2016......SUNRISE   747 AM CST   SUNSET   530 PM CST


-  INDICATES NEGATIVE NUMBERS.
R  INDICATES RECORD WAS SET OR TIED.
MM INDICATES DATA IS MISSING.
T  INDICATES TRACE AMOUNT.




$$
