000
CDUS44 KAMA 012147
CLIGUY


CLIMATE REPORT
NATIONAL WEATHER SERVICE AMARILLO TX
445 PM CDT MON JUN 1 2015


...................................

...THE GUYMON CLIMATE SUMMARY FOR JUNE 1 2015...
VALID TODAY AS OF 0400 PM LOCAL TIME.

CLIMATE NORMAL PERIOD 1981 TO 2010
CLIMATE RECORD PERIOD 1998 TO 2015


WEATHER ITEM   OBSERVED TIME   RECORD YEAR NORMAL DEPARTURE LAST
                VALUE   (LST)  VALUE       VALUE  FROM      YEAR
                                                  NORMAL
..................................................................
TEMPERATURE (F)
 TODAY
  MAXIMUM         87    337 PM  MM      MM  83      4       95
  MINIMUM         60    627 AM  MM      MM  56      4       66
  AVERAGE         74                        70      4       81

PRECIPITATION (IN)
  TODAY            0.01         MM      MM   0.13  -0.12     0.00
  MONTH TO DATE    0.01                      0.13  -0.12     0.00
  SINCE JUN 1      0.01                      0.13  -0.12     0.00
  SINCE JAN 1     10.96                      6.38   4.58     3.39

SNOWFALL (IN)
  TODAY            0.0          MM      MM  MM     MM        0.0
  MONTH TO DATE    0.0                      MM     MM        0.0
  SINCE JUN 1      0.0                      MM     MM        0.0
  SINCE JUL 1     23.3                      MM     MM       16.2
  SNOW DEPTH       0

DEGREE DAYS
 HEATING
  TODAY            0                         1     -1        0
  MONTH TO DATE    0                         1     -1        0
  SINCE JUN 1      0                         1     -1        0
  SINCE JUL 1   3998                      4450   -452     4532

 COOLING
  TODAY            9                         6      3       16
  MONTH TO DATE    9                         6      3       16
  SINCE JUN 1      9                         6      3       16
  SINCE JAN 1     73                       114    -41      194
..................................................................


WIND (MPH)
  RESULTANT WIND SPEED   7   RESULTANT WIND DIRECTION   S (180)
  HIGHEST WIND SPEED    18   HIGHEST WIND DIRECTION    SE (140)
  HIGHEST GUST SPEED    26   HIGHEST GUST DIRECTION    SE (150)
  AVERAGE WIND SPEED     7.7


SKY COVER
  AVERAGE SKY COVER 0.0


WEATHER CONDITIONS
 THE FOLLOWING WEATHER WAS RECORDED TODAY.
  THUNDERSTORM
  LIGHT RAIN
  FOG


RELATIVE HUMIDITY (PERCENT)
 HIGHEST    93           400 AM
 LOWEST     43           300 PM
 AVERAGE    68

..........................................................


THE GUYMON CLIMATE NORMALS FOR TOMORROW
                         NORMAL    RECORD    YEAR
 MAXIMUM TEMPERATURE (F)   83        MM        MM
 MINIMUM TEMPERATURE (F)   57        MM        MM


SUNRISE AND SUNSET
JUNE  1 2015..........SUNRISE   629 AM CDT   SUNSET   859 PM CDT
JUNE  2 2015..........SUNRISE   629 AM CDT   SUNSET   900 PM CDT


-  INDICATES NEGATIVE NUMBERS.
R  INDICATES RECORD WAS SET OR TIED.
MM INDICATES DATA IS MISSING.
T  INDICATES TRACE AMOUNT.




$$
