000
CDUS44 KAMA 030729
CLIGUY


CLIMATE REPORT
NATIONAL WEATHER SERVICE AMARILLO TX
128 AM CST TUE MAR 3 2015


...................................

...THE GUYMON CLIMATE SUMMARY FOR MARCH 2 2015...

CLIMATE NORMAL PERIOD 1981 TO 2010
CLIMATE RECORD PERIOD 1998 TO 2015


WEATHER ITEM   OBSERVED TIME   RECORD YEAR NORMAL DEPARTURE LAST
                VALUE   (LST)  VALUE       VALUE  FROM      YEAR
                                                  NORMAL
..................................................................
TEMPERATURE (F)
 YESTERDAY
  MAXIMUM         39   1159 PM  MM      MM  57    -18       12
  MINIMUM         27    509 AM  MM      MM  27      0        4
  AVERAGE         33                        42     -9        8

PRECIPITATION (IN)
  YESTERDAY        0.00         MM      MM   0.03  -0.03     0.18
  MONTH TO DATE    0.00                      0.06  -0.06     0.18
  SINCE MAR 1      0.00                      0.06  -0.06     0.18
  SINCE JAN 1      1.95                      0.93   1.02     0.52

SNOWFALL (IN)
  YESTERDAY        0.0          MM      MM  MM     MM        1.5
  MONTH TO DATE    0.0                      MM     MM        1.5
  SINCE MAR 1      0.0                      MM     MM        1.5
  SINCE JUL 1     21.3                      MM     MM       14.2
  SNOW DEPTH       2

DEGREE DAYS
 HEATING
  YESTERDAY       32                        23      9       57
  MONTH TO DATE   68                        46     22       99
  SINCE MAR 1     68                        46     22       99
  SINCE JUL 1   3285                      3513   -228     3665

 COOLING
  YESTERDAY        0                         0      0        0
  MONTH TO DATE    0                         0      0        0
  SINCE MAR 1      0                         0      0        0
  SINCE JAN 1      0                         0      0        0
..................................................................


WIND (MPH)
  RESULTANT WIND SPEED  12   RESULTANT WIND DIRECTION   S (180)
  HIGHEST WIND SPEED    22   HIGHEST WIND DIRECTION     S (200)
  HIGHEST GUST SPEED    29   HIGHEST GUST DIRECTION    SW (210)
  AVERAGE WIND SPEED    13.1


SKY COVER
  AVERAGE SKY COVER 0.8


WEATHER CONDITIONS
 THE FOLLOWING WEATHER WAS RECORDED YESTERDAY.
  FOG


RELATIVE HUMIDITY (PERCENT)
 HIGHEST    85           800 AM
 LOWEST     70           600 PM
 AVERAGE    78

..........................................................


THE GUYMON CLIMATE NORMALS FOR TODAY
                         NORMAL    RECORD    YEAR
 MAXIMUM TEMPERATURE (F)   57        MM        MM
 MINIMUM TEMPERATURE (F)   28        MM        MM


SUNRISE AND SUNSET
MARCH  3 2015.........SUNRISE   714 AM CST   SUNSET   642 PM CST
MARCH  4 2015.........SUNRISE   713 AM CST   SUNSET   643 PM CST


-  INDICATES NEGATIVE NUMBERS.
R  INDICATES RECORD WAS SET OR TIED.
MM INDICATES DATA IS MISSING.
T  INDICATES TRACE AMOUNT.




$$
