000
CDUS44 KAMA 260729
CLIGUY


CLIMATE REPORT
NATIONAL WEATHER SERVICE AMARILLO TX
128 AM CST FRI DEC 26 2014


...................................

...THE GUYMON CLIMATE SUMMARY FOR DECEMBER 25 2014...

CLIMATE NORMAL PERIOD 1981 TO 2010
CLIMATE RECORD PERIOD 1998 TO 2014


WEATHER ITEM   OBSERVED TIME   RECORD YEAR NORMAL DEPARTURE LAST
                VALUE   (LST)  VALUE       VALUE  FROM      YEAR
                                                  NORMAL
..................................................................
TEMPERATURE (F)
 YESTERDAY
  MAXIMUM         60    430 PM  73    2005  47     13       48
  MINIMUM         31   1154 PM  -1    2002  21     10       26
  AVERAGE         46                        34     12       37

PRECIPITATION (IN)
  YESTERDAY        0.00         MM      MM   0.02  -0.02     0.00
  MONTH TO DATE    0.77                      0.53   0.24     0.31
  SINCE DEC 1      0.77                      0.53   0.24     0.31
  SINCE JAN 1     13.08                     19.19  -6.11    15.31

SNOWFALL (IN)
  YESTERDAY        0.0          MM      MM  MM     MM        0.0
  MONTH TO DATE    T                        MM     MM        3.5
  SINCE DEC 1      T                        MM     MM        3.5
  SINCE JUL 1      3.0                      MM     MM        7.2
  SNOW DEPTH       0

DEGREE DAYS
 HEATING
  YESTERDAY       19                        31    -12       28
  MONTH TO DATE  570                       739   -169      796
  SINCE DEC 1    570                       739   -169      796
  SINCE JUL 1   1377                      1630   -253     1682

 COOLING
  YESTERDAY        0                         0      0        0
  MONTH TO DATE    0                         0      0        0
  SINCE DEC 1      0                         0      0        0
  SINCE JAN 1   1706                      1482    224     1846
..................................................................


WIND (MPH)
  RESULTANT WIND SPEED  16   RESULTANT WIND DIRECTION  SW (220)
  HIGHEST WIND SPEED    30   HIGHEST WIND DIRECTION    SW (220)
  HIGHEST GUST SPEED    38   HIGHEST GUST DIRECTION    SW (220)
  AVERAGE WIND SPEED    16.5


SKY COVER
  AVERAGE SKY COVER 0.0


WEATHER CONDITIONS
 THE FOLLOWING WEATHER WAS RECORDED YESTERDAY.
  NO SIGNIFICANT WEATHER WAS OBSERVED.


RELATIVE HUMIDITY (PERCENT)
 HIGHEST    56          1100 PM
 LOWEST     16           400 PM
 AVERAGE    36

..........................................................


THE GUYMON CLIMATE NORMALS FOR TODAY
                         NORMAL    RECORD    YEAR
 MAXIMUM TEMPERATURE (F)   47        78      2005
 MINIMUM TEMPERATURE (F)   21         4      2002


SUNRISE AND SUNSET
DECEMBER 26 2014......SUNRISE   757 AM CST   SUNSET   537 PM CST
DECEMBER 27 2014......SUNRISE   757 AM CST   SUNSET   537 PM CST


-  INDICATES NEGATIVE NUMBERS.
R  INDICATES RECORD WAS SET OR TIED.
MM INDICATES DATA IS MISSING.
T  INDICATES TRACE AMOUNT.




$$
