000
CDUS44 KJAN 030644
CLIGWO


CLIMATE REPORT
NATIONAL WEATHER SERVICE JACKSON MS
141 AM CDT THU SEP 3 2015


...................................

...THE GREENWOOD CLIMATE SUMMARY FOR SEPTEMBER 2 2015...

CLIMATE NORMAL PERIOD 1981 TO 2010
CLIMATE RECORD PERIOD 1948 TO 2015


WEATHER ITEM   OBSERVED TIME   RECORD YEAR NORMAL DEPARTURE LAST
                VALUE   (LST)  VALUE       VALUE  FROM      YEAR
                                                  NORMAL
..................................................................
TEMPERATURE (F)
 YESTERDAY
  MAXIMUM         89    437 PM 101    2000  91     -2       86
  MINIMUM         71   1046 PM  52    1987  67      4       73
  AVERAGE         80                        79      1       80

PRECIPITATION (IN)
  YESTERDAY        T             2.51 2001   0.11  -0.11     0.29
  MONTH TO DATE    T                         0.22  -0.22     0.29
  SINCE SEP 1      T                         0.22  -0.22     0.29
  SINCE JAN 1     34.06                     34.29  -0.23    41.05

SNOWFALL (IN)
  YESTERDAY        0.0

DEGREE DAYS
 HEATING
  YESTERDAY        0                         0      0        0
  MONTH TO DATE    0                         0      0        0
  SINCE SEP 1      0                         0      0        0
  SINCE JUL 1      0                         0      0        0

 COOLING
  YESTERDAY       15                        14      1       15
  MONTH TO DATE   33                        28      5       32
  SINCE SEP 1     33                        28      5       32
  SINCE JAN 1   1882                      1770    112     1588
..................................................................


WIND (MPH)
  HIGHEST WIND SPEED     8   HIGHEST WIND DIRECTION     E (70)
  HIGHEST GUST SPEED    10   HIGHEST GUST DIRECTION     E (70)
  AVERAGE WIND SPEED     2.5


SKY COVER
  POSSIBLE SUNSHINE  MM
  AVERAGE SKY COVER 0.0


WEATHER CONDITIONS
 THE FOLLOWING WEATHER WAS RECORDED YESTERDAY.
  LIGHT RAIN
  FOG


RELATIVE HUMIDITY (PERCENT)
 HIGHEST    93           500 AM
 LOWEST     53           200 PM
 AVERAGE    73

..........................................................


THE GREENWOOD CLIMATE NORMALS FOR TODAY
                         NORMAL    RECORD    YEAR
 MAXIMUM TEMPERATURE (F)   91       101      2000
 MINIMUM TEMPERATURE (F)   67        52      1952


SUNRISE AND SUNSET
SEPTEMBER  3 2015.....SUNRISE   636 AM CDT   SUNSET   723 PM CDT
SEPTEMBER  4 2015.....SUNRISE   636 AM CDT   SUNSET   722 PM CDT


-  INDICATES NEGATIVE NUMBERS.
R  INDICATES RECORD WAS SET OR TIED.
MM INDICATES DATA IS MISSING.
T  INDICATES TRACE AMOUNT.




$$
