000
CDUS44 KJAN 260700
CLIGWO


CLIMATE REPORT
NATIONAL WEATHER SERVICE JACKSON MS
157 AM CDT WED JUL 26 2017


...................................

...THE GREENWOOD CLIMATE SUMMARY FOR JULY 25 2017...

CLIMATE NORMAL PERIOD 1981 TO 2010
CLIMATE RECORD PERIOD 1948 TO 2017


WEATHER ITEM   OBSERVED TIME   RECORD YEAR NORMAL DEPARTURE LAST
                VALUE   (LST)  VALUE       VALUE  FROM      YEAR
                                                  NORMAL
..................................................................
TEMPERATURE (F)
 YESTERDAY
  MAXIMUM         92   1244 PM 102    1952  92      0       96
  MINIMUM         72    504 AM  57    2000  71      1       74
  AVERAGE         82                        81      1       85

PRECIPITATION (IN)
  YESTERDAY        0.15          2.85 1958   0.11   0.04     0.00
  MONTH TO DATE    2.13                      3.01  -0.88     1.56
  SINCE JUN 1      7.86                      7.32   0.54     4.93
  SINCE JAN 1     29.30                     30.65  -1.35    30.72

SNOWFALL (IN)
  YESTERDAY        0.0

DEGREE DAYS
 HEATING
  YESTERDAY        0                         0      0        0
  MONTH TO DATE    0                         0      0        0
  SINCE JUN 1      0                         0      0        0
  SINCE JUL 1      0                         0      0        0

 COOLING
  YESTERDAY       17                        16      1       20
  MONTH TO DATE  441                       400     41      468
  SINCE JUN 1    823                       813     10      941
  SINCE JAN 1   1267                      1143    124     1270
..................................................................


WIND (MPH)
  HIGHEST WIND SPEED    13   HIGHEST WIND DIRECTION    SW (210)
  HIGHEST GUST SPEED    16   HIGHEST GUST DIRECTION     N (340)
  AVERAGE WIND SPEED     3.1


SKY COVER
  POSSIBLE SUNSHINE  MM
  AVERAGE SKY COVER 0.3


WEATHER CONDITIONS
 THE FOLLOWING WEATHER WAS RECORDED YESTERDAY.
  THUNDERSTORM
  HEAVY RAIN
  RAIN
  LIGHT RAIN
  FOG


RELATIVE HUMIDITY (PERCENT)
 HIGHEST   100           200 AM
 LOWEST     64           100 PM
 AVERAGE    82

..........................................................


THE GREENWOOD CLIMATE NORMALS FOR TODAY
                         NORMAL    RECORD    YEAR
 MAXIMUM TEMPERATURE (F)   92       102      1952
 MINIMUM TEMPERATURE (F)   71        61      2000


SUNRISE AND SUNSET
JULY 26 2017..........SUNRISE   609 AM CDT   SUNSET   805 PM CDT
JULY 27 2017..........SUNRISE   610 AM CDT   SUNSET   804 PM CDT


-  INDICATES NEGATIVE NUMBERS.
R  INDICATES RECORD WAS SET OR TIED.
MM INDICATES DATA IS MISSING.
T  INDICATES TRACE AMOUNT.




$$
