000
CDUS44 KJAN 280726
CLIGWO


CLIMATE REPORT
NATIONAL WEATHER SERVICE JACKSON MS
224 AM CDT THU JUL 28 2016


...................................

...THE GREENWOOD CLIMATE SUMMARY FOR JULY 27 2016...

CLIMATE NORMAL PERIOD 1981 TO 2010
CLIMATE RECORD PERIOD 1948 TO 2016


WEATHER ITEM   OBSERVED TIME   RECORD YEAR NORMAL DEPARTURE LAST
                VALUE   (LST)  VALUE       VALUE  FROM      YEAR
                                                  NORMAL
..................................................................
TEMPERATURE (F)
 YESTERDAY
  MAXIMUM         85    125 PM 104    1952  92     -7       96
  MINIMUM         74    335 AM  65    2004  71      3       74
  AVERAGE         80                        81     -1       85

PRECIPITATION (IN)
  YESTERDAY        0.55          2.56 1989   0.10   0.45     0.00
  MONTH TO DATE    2.25                      3.22  -0.97     2.08
  SINCE JUN 1      5.62                      7.53  -1.91     4.37
  SINCE JAN 1     31.41                     30.86   0.55    32.30

SNOWFALL (IN)
  YESTERDAY        0.0

DEGREE DAYS
 HEATING
  YESTERDAY        0                         0      0        0
  MONTH TO DATE    0                         0      0        0
  SINCE JUN 1      0                         0      0        0
  SINCE JUL 1      0                         0      0        0

 COOLING
  YESTERDAY       15                        16     -1       20
  MONTH TO DATE  502                       432     70      490
  SINCE JUN 1    975                       845    130      928
  SINCE JAN 1   1304                      1175    129     1292
..................................................................


WIND (MPH)
  HIGHEST WIND SPEED    18   HIGHEST WIND DIRECTION     S (190)
  HIGHEST GUST SPEED    26   HIGHEST GUST DIRECTION     S (190)
  AVERAGE WIND SPEED     6.0


SKY COVER
  POSSIBLE SUNSHINE  MM
  AVERAGE SKY COVER 0.7


WEATHER CONDITIONS
 THE FOLLOWING WEATHER WAS RECORDED YESTERDAY.
  THUNDERSTORM
  HEAVY RAIN
  RAIN
  LIGHT RAIN
  FOG


RELATIVE HUMIDITY (PERCENT)
 HIGHEST    94           400 AM
 LOWEST     70           200 PM
 AVERAGE    82

..........................................................


THE GREENWOOD CLIMATE NORMALS FOR TODAY
                         NORMAL    RECORD    YEAR
 MAXIMUM TEMPERATURE (F)   92       104      1952
 MINIMUM TEMPERATURE (F)   71        61      2004


SUNRISE AND SUNSET
JULY 28 2016..........SUNRISE   610 AM CDT   SUNSET   803 PM CDT
JULY 29 2016..........SUNRISE   611 AM CDT   SUNSET   802 PM CDT


-  INDICATES NEGATIVE NUMBERS.
R  INDICATES RECORD WAS SET OR TIED.
MM INDICATES DATA IS MISSING.
T  INDICATES TRACE AMOUNT.




$$
