000
CDUS44 KJAN 300700
CLIGWO


CLIMATE REPORT
NATIONAL WEATHER SERVICE JACKSON MS
157 AM CDT MON MAY 30 2016


...................................

...THE GREENWOOD CLIMATE SUMMARY FOR MAY 29 2016...

CLIMATE NORMAL PERIOD 1981 TO 2010
CLIMATE RECORD PERIOD 1948 TO 2016


WEATHER ITEM   OBSERVED TIME   RECORD YEAR NORMAL DEPARTURE LAST
                VALUE   (LST)  VALUE       VALUE  FROM      YEAR
                                                  NORMAL
..................................................................
TEMPERATURE (F)
 YESTERDAY
  MAXIMUM         91    414 PM  96    1953  86      5       84
  MINIMUM         65    413 AM  50    1984  64      1       71
  AVERAGE         78                        75      3       78

PRECIPITATION (IN)
  YESTERDAY        0.00          3.78 1949   0.14  -0.14     0.30
  MONTH TO DATE    1.35                      4.66  -3.31     5.86
  SINCE MAR 1     18.20                     14.10   4.10    17.40
  SINCE JAN 1     25.65                     23.04   2.61    26.79

SNOWFALL (IN)
  YESTERDAY        0.0

DEGREE DAYS
 HEATING
  YESTERDAY        0                         0      0        0
  MONTH TO DATE   16                        15      1       14
  SINCE MAR 1    268                       455   -187      348
  SINCE JUL 1   1929                      2686   -757     2869

 COOLING
  YESTERDAY       13                        10      3       13
  MONTH TO DATE  169                       206    -37      236
  SINCE MAR 1    292                       303    -11      347
  SINCE JAN 1    300                       308     -8      347
..................................................................


WIND (MPH)
  HIGHEST WIND SPEED    18   HIGHEST WIND DIRECTION     N (340)
  HIGHEST GUST SPEED    26   HIGHEST GUST DIRECTION     N (350)
  AVERAGE WIND SPEED     2.5


SKY COVER
  POSSIBLE SUNSHINE  MM
  AVERAGE SKY COVER 0.1


WEATHER CONDITIONS
 THE FOLLOWING WEATHER WAS RECORDED YESTERDAY.
  FOG


RELATIVE HUMIDITY (PERCENT)
 HIGHEST    93           500 AM
 LOWEST     41           200 PM
 AVERAGE    67

..........................................................


THE GREENWOOD CLIMATE NORMALS FOR TODAY
                         NORMAL    RECORD    YEAR
 MAXIMUM TEMPERATURE (F)   86        97      1951
 MINIMUM TEMPERATURE (F)   65        44      1984


SUNRISE AND SUNSET
MAY 30 2016...........SUNRISE   552 AM CDT   SUNSET   804 PM CDT
MAY 31 2016...........SUNRISE   552 AM CDT   SUNSET   805 PM CDT


-  INDICATES NEGATIVE NUMBERS.
R  INDICATES RECORD WAS SET OR TIED.
MM INDICATES DATA IS MISSING.
T  INDICATES TRACE AMOUNT.




$$
