000
CDUS44 KJAN 032217
CLIGWO


CLIMATE REPORT
NATIONAL WEATHER SERVICE JACKSON MS
415 PM CST TUE MAR 3 2015


...................................

...THE GREENWOOD CLIMATE SUMMARY FOR MARCH 3 2015...
VALID TODAY AS OF 0400 PM LOCAL TIME.

CLIMATE NORMAL PERIOD 1981 TO 2010
CLIMATE RECORD PERIOD 1948 TO 2015


WEATHER ITEM   OBSERVED TIME   RECORD YEAR NORMAL DEPARTURE LAST
                VALUE   (LST)  VALUE       VALUE  FROM      YEAR
                                                  NORMAL
..................................................................
TEMPERATURE (F)
 TODAY
  MAXIMUM         75    347 PM  82    1953  63     12       36
  MINIMUM         45    224 AM  15    1980  41      4       21
  AVERAGE         60                        52      8       29

PRECIPITATION (IN)
  TODAY           MM             4.51 1977   0.14  MM        0.11
  MONTH TO DATE    0.52                      0.42   0.10     0.56
  SINCE MAR 1      0.52                      0.42   0.10     0.56
  SINCE JAN 1      9.91                      9.36   0.55     6.84

SNOWFALL (IN)
  TODAY            0.0

DEGREE DAYS
 HEATING
  TODAY            5                        13     -8       36
  MONTH TO DATE   36                        41     -5       44
  SINCE MAR 1     36                        41     -5       44
  SINCE JUL 1   2557                      2272    285     2698

 COOLING
  TODAY            0                         0      0        0
  MONTH TO DATE    0                         0      0        0
  SINCE MAR 1      0                         0      0        0
  SINCE JAN 1      0                         5     -5        0
..................................................................


WIND (MPH)
  HIGHEST WIND SPEED    20   HIGHEST WIND DIRECTION    SW (210)
  HIGHEST GUST SPEED    24   HIGHEST GUST DIRECTION    SW (210)
  AVERAGE WIND SPEED     5.6


SKY COVER
  POSSIBLE SUNSHINE  MM
  AVERAGE SKY COVER 1.0


WEATHER CONDITIONS
 THE FOLLOWING WEATHER WAS RECORDED TODAY.
  FOG


RELATIVE HUMIDITY (PERCENT)
 HIGHEST   100          1200 AM
 LOWEST     73           200 PM
 AVERAGE    87

..........................................................


THE GREENWOOD CLIMATE NORMALS FOR TOMORROW
                         NORMAL    RECORD    YEAR
 MAXIMUM TEMPERATURE (F)   63        83      1963
 MINIMUM TEMPERATURE (F)   41        20      2002
                                             1987


SUNRISE AND SUNSET
MARCH  3 2015.........SUNRISE   626 AM CST   SUNSET   559 PM CST
MARCH  4 2015.........SUNRISE   625 AM CST   SUNSET   559 PM CST


-  INDICATES NEGATIVE NUMBERS.
R  INDICATES RECORD WAS SET OR TIED.
MM INDICATES DATA IS MISSING.
T  INDICATES TRACE AMOUNT.




$$
