000
CDUS44 KJAN 050808
CLIGWO


CLIMATE REPORT
NATIONAL WEATHER SERVICE JACKSON MS
306 AM CDT SUN JUL 5 2015


...................................

...THE GREENWOOD CLIMATE SUMMARY FOR JULY 4 2015...

CLIMATE NORMAL PERIOD 1981 TO 2010
CLIMATE RECORD PERIOD 1948 TO 2015


WEATHER ITEM   OBSERVED TIME   RECORD YEAR NORMAL DEPARTURE LAST
                VALUE   (LST)  VALUE       VALUE  FROM      YEAR
                                                  NORMAL
..................................................................
TEMPERATURE (F)
 YESTERDAY
  MAXIMUM         80    225 PM  99    1978  92    -12       83
                                      1969
  MINIMUM         69   1124 PM  61    2014  71     -2       61
  AVERAGE         75                        81     -6       72

PRECIPITATION (IN)
  YESTERDAY        0.78          3.17 1976   0.13   0.65     0.00
  MONTH TO DATE    1.13                      0.53   0.60     0.04
  SINCE JUN 1      3.42                      4.84  -1.42     9.07
  SINCE JAN 1     31.35                     28.17   3.18    32.19

SNOWFALL (IN)
  YESTERDAY        0.0

DEGREE DAYS
 HEATING
  YESTERDAY        0                         0      0        0
  MONTH TO DATE    0                         0      0        0
  SINCE JUN 1      0                         0      0        0
  SINCE JUL 1      0                         0      0        0

 COOLING
  YESTERDAY       10                        16     -6        7
  MONTH TO DATE   53                        64    -11       50
  SINCE JUN 1    491                       477     14      474
  SINCE JAN 1    855                       807     48      768
..................................................................


WIND (MPH)
  HIGHEST WIND SPEED    13   HIGHEST WIND DIRECTION     S (190)
  HIGHEST GUST SPEED    20   HIGHEST GUST DIRECTION    NW (310)
  AVERAGE WIND SPEED     4.3


SKY COVER
  POSSIBLE SUNSHINE  MM
  AVERAGE SKY COVER 0.5


WEATHER CONDITIONS
 THE FOLLOWING WEATHER WAS RECORDED YESTERDAY.
  THUNDERSTORM
  HEAVY RAIN
  RAIN
  LIGHT RAIN
  FOG


RELATIVE HUMIDITY (PERCENT)
 HIGHEST    93           700 AM
 LOWEST     67           300 PM
 AVERAGE    80

..........................................................


THE GREENWOOD CLIMATE NORMALS FOR TODAY
                         NORMAL    RECORD    YEAR
 MAXIMUM TEMPERATURE (F)   92       100      1977
 MINIMUM TEMPERATURE (F)   71        59      2014


SUNRISE AND SUNSET
JULY  5 2015..........SUNRISE   556 AM CDT   SUNSET   814 PM CDT
JULY  6 2015..........SUNRISE   556 AM CDT   SUNSET   814 PM CDT


-  INDICATES NEGATIVE NUMBERS.
R  INDICATES RECORD WAS SET OR TIED.
MM INDICATES DATA IS MISSING.
T  INDICATES TRACE AMOUNT.




$$
