000
CDUS41 KGYX 250805
CLIGYX


CLIMATE REPORT
NATIONAL WEATHER SERVICE GRAY ME
405 AM EDT MON SEP 25 2017


...................................

...THE GRAY ME CLIMATE SUMMARY FOR SEPTEMBER 24 2017...

CLIMATE NORMAL PERIOD 1981 TO 2010
CLIMATE RECORD PERIOD 1995 TO 2017


WEATHER ITEM   OBSERVED TIME   RECORD YEAR NORMAL DEPARTURE LAST
                VALUE   (LST)  VALUE       VALUE  FROM      YEAR
                                                  NORMAL
..................................................................
TEMPERATURE (F)
 YESTERDAY
  MAXIMUM         89        MM  MM      MM  67     22       65
  MINIMUM         66        MM  MM      MM  47     19       44
  AVERAGE         78                        57     21       55

PRECIPITATION (IN)
  YESTERDAY        0.00         MM      MM   0.14  -0.14     0.00
  MONTH TO DATE    2.57                      3.24  -0.67     0.81
  SINCE SEP 1      2.57                      3.24  -0.67     0.81
  SINCE JAN 1     30.50                     34.72  -4.22    29.98

SNOWFALL (IN)
  YESTERDAY        0.0          MM      MM   0.0    0.0      0.0
  MONTH TO DATE    0.0                       0.0    0.0      0.0
  SINCE SEP 1      0.0                       0.0    0.0      0.0
  SINCE JUL 1      0.0                       0.0    0.0      0.0
  SNOW DEPTH       0

DEGREE DAYS
 HEATING
  YESTERDAY        0                         8     -8       10
  MONTH TO DATE   39                       110    -71       34
  SINCE SEP 1     39                       110    -71       34
  SINCE JUL 1     70                       146    -76       53

 COOLING
  YESTERDAY       13                         0     13        0
  MONTH TO DATE   56                        25     31       80
  SINCE SEP 1     56                        25     31       80
  SINCE JAN 1    494                       384    110      607
..................................................................







THE GRAY ME CLIMATE NORMALS FOR TODAY
                         NORMAL
 MAXIMUM TEMPERATURE (F)   66
 MINIMUM TEMPERATURE (F)   47


SUNRISE AND SUNSET
SEPTEMBER 25 2017.....SUNRISE   632 AM EDT   SUNSET   632 PM EDT
SEPTEMBER 26 2017.....SUNRISE   633 AM EDT   SUNSET   631 PM EDT


-  INDICATES NEGATIVE NUMBERS.
R  INDICATES RECORD WAS SET OR TIED.
MM INDICATES DATA IS MISSING.
T  INDICATES TRACE AMOUNT.




$$
