000
CDUS41 KGYX 310802
CLIGYX


CLIMATE REPORT
NATIONAL WEATHER SERVICE GRAY ME
402 AM EDT FRI JUL 31 2015


...................................

...THE GRAY ME CLIMATE SUMMARY FOR JULY 30 2015...

CLIMATE NORMAL PERIOD 1981 TO 2010
CLIMATE RECORD PERIOD 1995 TO 2015


WEATHER ITEM   OBSERVED TIME   RECORD YEAR NORMAL DEPARTURE LAST
                VALUE   (LST)  VALUE       VALUE  FROM      YEAR
                                                  NORMAL
..................................................................
TEMPERATURE (F)
 YESTERDAY
  MAXIMUM         83        MM  MM      MM  80      3       72
  MINIMUM         67        MM  MM      MM  60      7       58
  AVERAGE         75                        70      5       65

PRECIPITATION (IN)
  YESTERDAY        0.06         MM      MM   0.12  -0.06     0.03
  MONTH TO DATE    2.33                      4.17  -1.84     6.98
  SINCE JUN 1      8.40                      8.47  -0.07     9.98
  SINCE JAN 1     21.45                     27.76  -6.31    28.33

SNOWFALL (IN)
  YESTERDAY        0.0          MM      MM   0.0    0.0      0.0
  MONTH TO DATE    0.0                       0.0    0.0      0.0
  SINCE JUN 1      0.0                       0.0    0.0      0.0
  SINCE JUL 1      0.0                       0.0    0.0      0.0
  SNOW DEPTH      MM

DEGREE DAYS
 HEATING
  YESTERDAY        0                         0      0        0
  MONTH TO DATE   13                         7      6        0
  SINCE JUN 1    170                       101     69       74
  SINCE JUL 1     13                         7      6        0

 COOLING
  YESTERDAY       10                         5      5        0
  MONTH TO DATE  124                       143    -19      161
  SINCE JUN 1    159                       208    -49      226
  SINCE JAN 1    199                       219    -20      227
..................................................................







THE GRAY ME CLIMATE NORMALS FOR TODAY
                         NORMAL
 MAXIMUM TEMPERATURE (F)   80
 MINIMUM TEMPERATURE (F)   60


SUNRISE AND SUNSET
JULY 31 2015..........SUNRISE   528 AM EDT   SUNSET   806 PM EDT
AUGUST  1 2015........SUNRISE   529 AM EDT   SUNSET   805 PM EDT


-  INDICATES NEGATIVE NUMBERS.
R  INDICATES RECORD WAS SET OR TIED.
MM INDICATES DATA IS MISSING.
T  INDICATES TRACE AMOUNT.




$$
