000
CDUS41 KGYX 180912
CLIGYX


CLIMATE REPORT
NATIONAL WEATHER SERVICE GRAY ME
411 AM EST SUN FEB 18 2018


...................................

...THE GRAY ME CLIMATE SUMMARY FOR FEBRUARY 17 2018...

CLIMATE NORMAL PERIOD 1981 TO 2010
CLIMATE RECORD PERIOD 1995 TO 2018


WEATHER ITEM   OBSERVED TIME   RECORD YEAR NORMAL DEPARTURE LAST
                VALUE   (LST)  VALUE       VALUE  FROM      YEAR
                                                  NORMAL
..................................................................
TEMPERATURE (F)
 YESTERDAY
  MAXIMUM         33        MM  MM      MM  34     -1       33
  MINIMUM         16        MM  MM      MM  17     -1       21
  AVERAGE         25                        25      0       27

PRECIPITATION (IN)
  YESTERDAY        0.13         MM      MM   0.12   0.01     0.00
  MONTH TO DATE    2.53                      1.90   0.63     3.28
  SINCE DEC 1      9.60                      9.49   0.11    11.08
  SINCE JAN 1      6.13                      5.43   0.70     6.26

SNOWFALL (IN)
  YESTERDAY        1.9          MM      MM   0.6    1.3      0.0
  MONTH TO DATE   13.2                       9.6    3.6     44.6
  SINCE DEC 1     55.9                      49.1    6.8     88.5
  SINCE JUL 1     57.1                      52.2    4.9     89.8
  SNOW DEPTH       9

DEGREE DAYS
 HEATING
  YESTERDAY       40                        40      0       38
  MONTH TO DATE  679                       711    -32      744
  SINCE DEC 1   3395                      3244    151     3121
  SINCE JUL 1   4588                      4741   -153     4400

 COOLING
  YESTERDAY        0                         0      0        0
  MONTH TO DATE    0                         0      0        0
  SINCE DEC 1      0                         0      0        0
  SINCE JAN 1      0                         0      0        0
..................................................................







THE GRAY ME CLIMATE NORMALS FOR TODAY
                         NORMAL
 MAXIMUM TEMPERATURE (F)   34
 MINIMUM TEMPERATURE (F)   17


SUNRISE AND SUNSET
FEBRUARY 18 2018......SUNRISE   636 AM EST   SUNSET   515 PM EST
FEBRUARY 19 2018......SUNRISE   634 AM EST   SUNSET   516 PM EST


-  INDICATES NEGATIVE NUMBERS.
R  INDICATES RECORD WAS SET OR TIED.
MM INDICATES DATA IS MISSING.
T  INDICATES TRACE AMOUNT.




$$
