000
CDUS41 KGYX 230922
CLIGYX


CLIMATE REPORT
NATIONAL WEATHER SERVICE GRAY ME
422 AM EST THU NOV 23 2017


...................................

...THE GRAY ME CLIMATE SUMMARY FOR NOVEMBER 22 2017...

CLIMATE NORMAL PERIOD 1981 TO 2010
CLIMATE RECORD PERIOD 1995 TO 2017


WEATHER ITEM   OBSERVED TIME   RECORD YEAR NORMAL DEPARTURE LAST
                VALUE   (LST)  VALUE       VALUE  FROM      YEAR
                                                  NORMAL
..................................................................
TEMPERATURE (F)
 YESTERDAY
  MAXIMUM         41        MM  MM      MM  43     -2       39
  MINIMUM         34        MM  MM      MM  29      5       24
  AVERAGE         38                        36      2       32

PRECIPITATION (IN)
  YESTERDAY        0.46         MM      MM   0.17   0.29     0.00
  MONTH TO DATE    2.37                      3.99  -1.62     2.78
  SINCE SEP 1     10.60                     13.32  -2.72    11.66
  SINCE JAN 1     38.53                     44.80  -6.27    40.83

SNOWFALL (IN)
  YESTERDAY        0.0          MM      MM   0.2   -0.2      0.0
  MONTH TO DATE    1.2                       1.5   -0.3      1.1
  SINCE SEP 1      1.2                       1.6   -0.4      1.1
  SINCE JUL 1      1.2                       1.6   -0.4      1.1
  SNOW DEPTH       0

DEGREE DAYS
 HEATING
  YESTERDAY       27                        29     -2       33
  MONTH TO DATE  595                       550     45      490
  SINCE SEP 1    915                      1214   -299     1013
  SINCE JUL 1    946                      1250   -304     1032

 COOLING
  YESTERDAY        0                         0      0        0
  MONTH TO DATE    0                         0      0        0
  SINCE SEP 1     93                        30     63       80
  SINCE JAN 1    531                       389    142      607
..................................................................







THE GRAY ME CLIMATE NORMALS FOR TODAY
                         NORMAL
 MAXIMUM TEMPERATURE (F)   43
 MINIMUM TEMPERATURE (F)   28


SUNRISE AND SUNSET
NOVEMBER 23 2017......SUNRISE   646 AM EST   SUNSET   408 PM EST
NOVEMBER 24 2017......SUNRISE   647 AM EST   SUNSET   408 PM EST


-  INDICATES NEGATIVE NUMBERS.
R  INDICATES RECORD WAS SET OR TIED.
MM INDICATES DATA IS MISSING.
T  INDICATES TRACE AMOUNT.




$$
