000
CDUS41 KGYX 040934
CLIGYX


CLIMATE REPORT
NATIONAL WEATHER SERVICE GRAY ME
434 AM EST WED MAR 4 2015


...................................

...THE GRAY ME CLIMATE SUMMARY FOR MARCH 3 2015...

CLIMATE NORMAL PERIOD 1981 TO 2010
CLIMATE RECORD PERIOD 1995 TO 2015


WEATHER ITEM   OBSERVED TIME   RECORD YEAR NORMAL DEPARTURE LAST
                VALUE   (LST)  VALUE       VALUE  FROM      YEAR
                                                  NORMAL
..................................................................
TEMPERATURE (F)
 YESTERDAY
  MAXIMUM         29        MM  MM      MM  38     -9       21
  MINIMUM         10        MM  MM      MM  20    -10        6
  AVERAGE         20                        29     -9       14

PRECIPITATION (IN)
  YESTERDAY        0.20         MM      MM   0.14   0.06     0.00
  MONTH TO DATE    0.22                      0.40  -0.18     0.00
  SINCE MAR 1      0.22                      0.40  -0.18     0.00
  SINCE JAN 1      6.19                      7.24  -1.05     6.99

SNOWFALL (IN)
  YESTERDAY        1.8          MM      MM   0.8    0.0      0.0
  MONTH TO DATE    2.1                       2.4   -0.3      0.0
  SINCE MAR 1      2.1                       2.4   -0.3      0.0
  SINCE JUL 1    101.2                      61.5   39.7     74.1
  SNOW DEPTH      23

DEGREE DAYS
 HEATING
  YESTERDAY       45                        36      9       51
  MONTH TO DATE  132                       108     24      144
  SINCE MAR 1    132                       108     24      144
  SINCE JUL 1   5608                      5266    342     5554

 COOLING
  YESTERDAY        0                         0      0        0
  MONTH TO DATE    0                         0      0        0
  SINCE MAR 1      0                         0      0        0
  SINCE JAN 1      0                         0      0        0
..................................................................







THE GRAY ME CLIMATE NORMALS FOR TODAY
                         NORMAL
 MAXIMUM TEMPERATURE (F)   38
 MINIMUM TEMPERATURE (F)   21


SUNRISE AND SUNSET
MARCH  4 2015.........SUNRISE   613 AM EST   SUNSET   533 PM EST
MARCH  5 2015.........SUNRISE   611 AM EST   SUNSET   534 PM EST


-  INDICATES NEGATIVE NUMBERS.
R  INDICATES RECORD WAS SET OR TIED.
MM INDICATES DATA IS MISSING.
T  INDICATES TRACE AMOUNT.




$$
