000
CDUS41 KGYX 280808
CLIGYX


CLIMATE REPORT
NATIONAL WEATHER SERVICE GRAY ME
408 AM EDT FRI AUG 28 2015


...................................

...THE GRAY ME CLIMATE SUMMARY FOR AUGUST 27 2015...

CLIMATE NORMAL PERIOD 1981 TO 2010
CLIMATE RECORD PERIOD 1995 TO 2015


WEATHER ITEM   OBSERVED TIME   RECORD YEAR NORMAL DEPARTURE LAST
                VALUE   (LST)  VALUE       VALUE  FROM      YEAR
                                                  NORMAL
..................................................................
TEMPERATURE (F)
 YESTERDAY
  MAXIMUM         77        MM  MM      MM  77      0       86
  MINIMUM         60        MM  MM      MM  57      3       62
  AVERAGE         69                        67      2       74

PRECIPITATION (IN)
  YESTERDAY        0.00         MM      MM   0.12  -0.12     0.07
  MONTH TO DATE    3.92                      3.11   0.81     6.80
  SINCE JUN 1     12.32                     11.71   0.61    16.78
  SINCE JAN 1     25.37                     31.00  -5.63    35.13

SNOWFALL (IN)
  YESTERDAY        0.0          MM      MM   0.0    0.0      0.0
  MONTH TO DATE    0.0                       0.0    0.0      0.0
  SINCE JUN 1      0.0                       0.0    0.0      0.0
  SINCE JUL 1      0.0                       0.0    0.0      0.0
  SNOW DEPTH       0

DEGREE DAYS
 HEATING
  YESTERDAY        0                         1     -1        0
  MONTH TO DATE    3                        15    -12       11
  SINCE JUN 1    173                       123     50       85
  SINCE JUL 1     16                        29    -13       11

 COOLING
  YESTERDAY        4                         3      1        9
  MONTH TO DATE  150                       122     28       77
  SINCE JUN 1    316                       337    -21      304
  SINCE JAN 1    356                       348      8      305
..................................................................







THE GRAY ME CLIMATE NORMALS FOR TODAY
                         NORMAL
 MAXIMUM TEMPERATURE (F)   77
 MINIMUM TEMPERATURE (F)   57


SUNRISE AND SUNSET
AUGUST 28 2015........SUNRISE   559 AM EDT   SUNSET   724 PM EDT
AUGUST 29 2015........SUNRISE   601 AM EDT   SUNSET   723 PM EDT


-  INDICATES NEGATIVE NUMBERS.
R  INDICATES RECORD WAS SET OR TIED.
MM INDICATES DATA IS MISSING.
T  INDICATES TRACE AMOUNT.




$$
