000
CDUS41 KGYX 240803
CLIGYX


CLIMATE REPORT
NATIONAL WEATHER SERVICE GRAY ME
402 AM EDT SUN JUL 24 2016


...................................

...THE GRAY ME CLIMATE SUMMARY FOR JULY 23 2016...

CLIMATE NORMAL PERIOD 1981 TO 2010
CLIMATE RECORD PERIOD 1995 TO 2016


WEATHER ITEM   OBSERVED TIME   RECORD YEAR NORMAL DEPARTURE LAST
                VALUE   (LST)  VALUE       VALUE  FROM      YEAR
                                                  NORMAL
..................................................................
TEMPERATURE (F)
 YESTERDAY
  MAXIMUM         86        MM  MM      MM  80      6       75
  MINIMUM         64        MM  MM      MM  60      4       58
  AVERAGE         75                        70      5       67

PRECIPITATION (IN)
  YESTERDAY        0.49         MM      MM   0.13   0.36     0.02
  MONTH TO DATE    3.63                      3.29   0.34     2.11
  SINCE JUN 1      7.39                      7.59  -0.20     8.18
  SINCE JAN 1     25.02                     26.88  -1.86    21.23

SNOWFALL (IN)
  YESTERDAY        0.0          MM      MM   0.0    0.0      0.0
  MONTH TO DATE    0.0                       0.0    0.0      0.0
  SINCE JUN 1      0.0                       0.0    0.0      0.0
  SINCE JUL 1      0.0                       0.0    0.0      0.0
  SNOW DEPTH       0

DEGREE DAYS
 HEATING
  YESTERDAY        0                         0      0        0
  MONTH TO DATE   18                         7     11        7
  SINCE JUN 1     88                       101    -13      164
  SINCE JUL 1     18                         7     11        7

 COOLING
  YESTERDAY       10                         5      5        2
  MONTH TO DATE  151                       108     43       86
  SINCE JUN 1    203                       173     30      121
  SINCE JAN 1    225                       184     41      161
..................................................................







THE GRAY ME CLIMATE NORMALS FOR TODAY
                         NORMAL
 MAXIMUM TEMPERATURE (F)   80
 MINIMUM TEMPERATURE (F)   60


SUNRISE AND SUNSET
JULY 24 2016..........SUNRISE   522 AM EDT   SUNSET   813 PM EDT
JULY 25 2016..........SUNRISE   523 AM EDT   SUNSET   812 PM EDT


-  INDICATES NEGATIVE NUMBERS.
R  INDICATES RECORD WAS SET OR TIED.
MM INDICATES DATA IS MISSING.
T  INDICATES TRACE AMOUNT.




$$
