877
CDUS41 KGYX 220803
CLIGYX


CLIMATE REPORT
NATIONAL WEATHER SERVICE GRAY ME
403 AM EDT FRI MAY 22 2015


...................................

...THE GRAY ME CLIMATE SUMMARY FOR MAY 21 2015...

CLIMATE NORMAL PERIOD 1981 TO 2010
CLIMATE RECORD PERIOD 1995 TO 2015


WEATHER ITEM   OBSERVED TIME   RECORD YEAR NORMAL DEPARTURE LAST
                VALUE   (LST)  VALUE       VALUE  FROM      YEAR
                                                  NORMAL
..................................................................
TEMPERATURE (F)
 YESTERDAY
  MAXIMUM         67        MM  MM      MM  67      0       68
  MINIMUM         43        MM  MM      MM  46     -3       47
  AVERAGE         55                        56     -1       58

PRECIPITATION (IN)
  YESTERDAY        0.00         MM      MM   0.13  -0.13     0.00
  MONTH TO DATE    0.73                      2.58  -1.85     2.98
  SINCE MAR 1      5.74                     11.13  -5.39     9.87
  SINCE JAN 1     11.71                     17.97  -6.26    16.86

SNOWFALL (IN)
  YESTERDAY        0.0          MM      MM   0.0    0.0      0.0
  MONTH TO DATE    0.0                       0.2   -0.2      0.0
  SINCE MAR 1      8.2                      24.9  -16.7      8.9
  SINCE JUL 1    107.3                      84.0   23.3     83.0
  SNOW DEPTH      MM

DEGREE DAYS
 HEATING
  YESTERDAY       10                         9      1        7
  MONTH TO DATE  183                       246    -63      206
  SINCE MAR 1   1961                      1863     98     2098
  SINCE JUL 1   7437                      7021    416     7508

 COOLING
  YESTERDAY        0                         0      0        0
  MONTH TO DATE    8                         0      8        1
  SINCE MAR 1      8                         1      7        1
  SINCE JAN 1      8                         1      7        1
..................................................................







THE GRAY ME CLIMATE NORMALS FOR TODAY
                         NORMAL
 MAXIMUM TEMPERATURE (F)   67
 MINIMUM TEMPERATURE (F)   46


SUNRISE AND SUNSET
MAY 22 2015...........SUNRISE   509 AM EDT   SUNSET   807 PM EDT
MAY 23 2015...........SUNRISE   508 AM EDT   SUNSET   808 PM EDT


-  INDICATES NEGATIVE NUMBERS.
R  INDICATES RECORD WAS SET OR TIED.
MM INDICATES DATA IS MISSING.
T  INDICATES TRACE AMOUNT.




$$
