000
CDUS44 KJAN 190636
CLIHBG


CLIMATE REPORT
NATIONAL WEATHER SERVICE JACKSON MS
134 AM CDT SAT AUG 19 2017


...................................

...THE HATTIESBURG CLIMATE SUMMARY FOR AUGUST 18 2017...

CLIMATE NORMAL PERIOD 1981 TO 2010
CLIMATE RECORD PERIOD 1948 TO 2017


WEATHER ITEM   OBSERVED TIME   RECORD YEAR NORMAL DEPARTURE LAST
                VALUE   (LST)  VALUE       VALUE  FROM      YEAR
                                                  NORMAL
..................................................................
TEMPERATURE (F)
 YESTERDAY
  MAXIMUM         94    304 PM 101    2000  92      2       92
  MINIMUM         75   1141 PM  58    2004  71      4       74
  AVERAGE         85                        82      3       83

PRECIPITATION (IN)
  YESTERDAY        0.07          3.33 1977   0.15  -0.08     0.28
  MONTH TO DATE    6.50                      2.69   3.81     3.83
  SINCE JUN 1     23.27                     13.58   9.69    18.08
  SINCE JAN 1     53.70                     40.12  13.58    49.24

SNOWFALL (IN)
  YESTERDAY        0.0

DEGREE DAYS
 HEATING
  YESTERDAY        0                         0      0        0
  MONTH TO DATE    0                         0      0        0
  SINCE JUN 1      0                         0      0        0
  SINCE JUL 1      0                         0      0        0

 COOLING
  YESTERDAY       20                        17      3       18
  MONTH TO DATE  299                       306     -7      329
  SINCE JUN 1   1221                      1251    -30     1408
  SINCE JAN 1   1742                      1666     76     1872
..................................................................


WIND (MPH)
  HIGHEST WIND SPEED    20   HIGHEST WIND DIRECTION     N (360)
  HIGHEST GUST SPEED    25   HIGHEST GUST DIRECTION     N (10)
  AVERAGE WIND SPEED     3.7


SKY COVER
  POSSIBLE SUNSHINE  MM
  AVERAGE SKY COVER 0.2


WEATHER CONDITIONS
 THE FOLLOWING WEATHER WAS RECORDED YESTERDAY.
  THUNDERSTORM
  LIGHT RAIN
  HAZE


RELATIVE HUMIDITY (PERCENT)
 HIGHEST   100           400 AM
 LOWEST     62           300 PM
 AVERAGE    81

..........................................................


THE HATTIESBURG CLIMATE NORMALS FOR TODAY
                         NORMAL    RECORD    YEAR
 MAXIMUM TEMPERATURE (F)   92       100      2000
 MINIMUM TEMPERATURE (F)   71        61      1976


SUNRISE AND SUNSET
AUGUST 19 2017........SUNRISE   625 AM CDT   SUNSET   735 PM CDT
AUGUST 20 2017........SUNRISE   626 AM CDT   SUNSET   734 PM CDT


-  INDICATES NEGATIVE NUMBERS.
R  INDICATES RECORD WAS SET OR TIED.
MM INDICATES DATA IS MISSING.
T  INDICATES TRACE AMOUNT.




$$
