000
CDUS44 KJAN 300640
CLIHBG


CLIMATE REPORT
NATIONAL WEATHER SERVICE JACKSON MS
137 AM CDT TUE AUG 30 2016


...................................

...THE HATTIESBURG CLIMATE SUMMARY FOR AUGUST 29 2016...

CLIMATE NORMAL PERIOD 1981 TO 2010
CLIMATE RECORD PERIOD 1948 TO 2016


WEATHER ITEM   OBSERVED TIME   RECORD YEAR NORMAL DEPARTURE LAST
                VALUE   (LST)  VALUE       VALUE  FROM      YEAR
                                                  NORMAL
..................................................................
TEMPERATURE (F)
 YESTERDAY
  MAXIMUM         94    327 PM 104    2000  91      3       92
  MINIMUM         72    513 AM  58    1992  70      2       67
  AVERAGE         83                        81      2       80

PRECIPITATION (IN)
  YESTERDAY        0.00          4.96 2012   0.15  -0.15     0.00
  MONTH TO DATE    5.60                      4.43   1.17     2.46
  SINCE JUN 1     19.85                     15.32   4.53    13.39
  SINCE JAN 1     51.01                     41.86   9.15    37.21

SNOWFALL (IN)
  YESTERDAY        0.0

DEGREE DAYS
 HEATING
  YESTERDAY        0                         0      0        0
  MONTH TO DATE    0                         0      0        0
  SINCE JUN 1      0                         0      0        0
  SINCE JUL 1      0                         0      0        0

 COOLING
  YESTERDAY       18                        16      2       15
  MONTH TO DATE  533                       482     51      508
  SINCE JUN 1   1612                      1427    185     1606
  SINCE JAN 1   2076                      1842    234     2183
..................................................................


WIND (MPH)
  HIGHEST WIND SPEED    14   HIGHEST WIND DIRECTION     E (100)
  HIGHEST GUST SPEED    17   HIGHEST GUST DIRECTION     E (110)
  AVERAGE WIND SPEED     3.7


SKY COVER
  POSSIBLE SUNSHINE  MM
  AVERAGE SKY COVER 0.0


WEATHER CONDITIONS
 THE FOLLOWING WEATHER WAS RECORDED YESTERDAY.
  NO SIGNIFICANT WEATHER WAS OBSERVED.


RELATIVE HUMIDITY (PERCENT)
 HIGHEST    94          1200 AM
 LOWEST     46          1200 PM
 AVERAGE    70

..........................................................


THE HATTIESBURG CLIMATE NORMALS FOR TODAY
                         NORMAL    RECORD    YEAR
 MAXIMUM TEMPERATURE (F)   91       106      1951
 MINIMUM TEMPERATURE (F)   70        56      1968


SUNRISE AND SUNSET
AUGUST 30 2016........SUNRISE   632 AM CDT   SUNSET   722 PM CDT
AUGUST 31 2016........SUNRISE   633 AM CDT   SUNSET   721 PM CDT


-  INDICATES NEGATIVE NUMBERS.
R  INDICATES RECORD WAS SET OR TIED.
MM INDICATES DATA IS MISSING.
T  INDICATES TRACE AMOUNT.




$$
