000
CDUS44 KJAN 190634
CLIHBG


CLIMATE REPORT
NATIONAL WEATHER SERVICE JACKSON MS
1228 AM CST THU JAN 19 2017


...................................

...THE HATTIESBURG CLIMATE SUMMARY FOR JANUARY 18 2017...

CLIMATE NORMAL PERIOD 1981 TO 2010
CLIMATE RECORD PERIOD 1948 TO 2017


WEATHER ITEM   OBSERVED TIME   RECORD YEAR NORMAL DEPARTURE LAST
                VALUE   (LST)  VALUE       VALUE  FROM      YEAR
                                                  NORMAL
..................................................................
TEMPERATURE (F)
 YESTERDAY
  MAXIMUM         78    330 PM  82    2009  60     18       54
                                      1950
  MINIMUM         66    719 AM  15    1977  37     29       29
  AVERAGE         72                        48     24       42

PRECIPITATION (IN)
  YESTERDAY        0.00          3.13 1987   0.18  -0.18     0.00
  MONTH TO DATE    4.91                      3.19   1.72     0.84
  SINCE DEC 1     11.97                      8.10   3.87    10.85
  SINCE JAN 1      4.91                      3.19   1.72     0.84

SNOWFALL (IN)
  YESTERDAY        0.0

DEGREE DAYS
 HEATING
  YESTERDAY        0                        17    -17       23
  MONTH TO DATE  166                       299   -133      324
  SINCE DEC 1    504                       756   -252      554
  SINCE JUL 1    700                      1084   -384      732

 COOLING
  YESTERDAY        7                         0      7        0
  MONTH TO DATE   22                         0     22        0
  SINCE DEC 1     61                        13     48       71
  SINCE JAN 1     22                         0     22        0
..................................................................


WIND (MPH)
  HIGHEST WIND SPEED    13   HIGHEST WIND DIRECTION     S (170)
  HIGHEST GUST SPEED    17   HIGHEST GUST DIRECTION    SE (150)
  AVERAGE WIND SPEED     4.8


SKY COVER
  POSSIBLE SUNSHINE  MM
  AVERAGE SKY COVER 0.7


WEATHER CONDITIONS
 THE FOLLOWING WEATHER WAS RECORDED YESTERDAY.
  FOG


RELATIVE HUMIDITY (PERCENT)
 HIGHEST   100           100 AM
 LOWEST     60           100 PM
 AVERAGE    80

..........................................................


THE HATTIESBURG CLIMATE NORMALS FOR TODAY
                         NORMAL    RECORD    YEAR
 MAXIMUM TEMPERATURE (F)   60        79      1950
 MINIMUM TEMPERATURE (F)   37        11      1977


SUNRISE AND SUNSET
JANUARY 19 2017.......SUNRISE   655 AM CST   SUNSET   521 PM CST
JANUARY 20 2017.......SUNRISE   655 AM CST   SUNSET   522 PM CST


-  INDICATES NEGATIVE NUMBERS.
R  INDICATES RECORD WAS SET OR TIED.
MM INDICATES DATA IS MISSING.
T  INDICATES TRACE AMOUNT.




$$
