000
CDUS44 KJAN 232108
CLIHBG


CLIMATE REPORT
NATIONAL WEATHER SERVICE JACKSON MS
406 PM CDT FRI JUN 23 2017


...................................

...THE HATTIESBURG CLIMATE SUMMARY FOR JUNE 23 2017...
VALID TODAY AS OF 0400 PM LOCAL TIME.

CLIMATE NORMAL PERIOD 1981 TO 2010
CLIMATE RECORD PERIOD 1948 TO 2017


WEATHER ITEM   OBSERVED TIME   RECORD YEAR NORMAL DEPARTURE LAST
                VALUE   (LST)  VALUE       VALUE  FROM      YEAR
                                                  NORMAL
..................................................................
TEMPERATURE (F)
 TODAY
  MAXIMUM         90    148 PM 102    2009  91     -1       92
  MINIMUM         78    510 AM  61    1961  70      8       68
  AVERAGE         84                        80      4       80

PRECIPITATION (IN)
  TODAY            0.03          1.88 1970   0.23  -0.20     0.00
  MONTH TO DATE    8.99                      3.90   5.09     5.90
  SINCE JUN 1      8.99                      3.90   5.09     5.90
  SINCE JAN 1     39.42                     30.44   8.98    37.06

SNOWFALL (IN)
  TODAY            0.0

DEGREE DAYS
 HEATING
  TODAY            0                         0      0        0
  MONTH TO DATE    0                         0      0        0
  SINCE JUN 1      0                         0      0        0
  SINCE JUL 1   1157                      1985   -828     1383

 COOLING
  TODAY           19                        15      4       15
  MONTH TO DATE  295                       313    -18      372
  SINCE JUN 1    295                       313    -18      372
  SINCE JAN 1    816                       728     88      836
..................................................................


WIND (MPH)
  HIGHEST WIND SPEED    22   HIGHEST WIND DIRECTION     S (180)
  HIGHEST GUST SPEED    27   HIGHEST GUST DIRECTION     S (170)
  AVERAGE WIND SPEED    13.0


SKY COVER
  POSSIBLE SUNSHINE  MM
  AVERAGE SKY COVER 0.5


WEATHER CONDITIONS
 THE FOLLOWING WEATHER WAS RECORDED TODAY.
  LIGHT RAIN
  FOG


RELATIVE HUMIDITY (PERCENT)
 HIGHEST    91           100 AM
 LOWEST     59           100 PM
 AVERAGE    75

..........................................................


THE HATTIESBURG CLIMATE NORMALS FOR TOMORROW
                         NORMAL    RECORD    YEAR
 MAXIMUM TEMPERATURE (F)   91       100      2009
 MINIMUM TEMPERATURE (F)   70        59      2001


SUNRISE AND SUNSET
JUNE 23 2017..........SUNRISE   554 AM CDT   SUNSET   805 PM CDT
JUNE 24 2017..........SUNRISE   554 AM CDT   SUNSET   805 PM CDT


-  INDICATES NEGATIVE NUMBERS.
R  INDICATES RECORD WAS SET OR TIED.
MM INDICATES DATA IS MISSING.
T  INDICATES TRACE AMOUNT.




$$
