000
CDUS44 KJAN 232113
CLIHBG


CLIMATE REPORT
NATIONAL WEATHER SERVICE JACKSON MS
413 PM CDT TUE SEP 23 2014


...................................

...THE HATTIESBURG CLIMATE SUMMARY FOR SEPTEMBER 23 2014...
VALID TODAY AS OF 0400 PM LOCAL TIME.

CLIMATE NORMAL PERIOD 1981 TO 2010
CLIMATE RECORD PERIOD 1948 TO 2014


WEATHER ITEM   OBSERVED TIME   RECORD YEAR NORMAL DEPARTURE LAST
                VALUE   (LST)  VALUE       VALUE  FROM      YEAR
                                                  NORMAL
..................................................................
TEMPERATURE (F)
 TODAY
  MAXIMUM         85    259 PM  95    1997  86     -1       89
  MINIMUM         55    613 AM  44    1982  64     -9       60
  AVERAGE         70                        75     -5       75

PRECIPITATION (IN)
  TODAY            0.00          4.94 1958   0.12  -0.12      T
  MONTH TO DATE    5.42                      3.22   2.20     3.91
  SINCE SEP 1      5.42                      3.22   2.20     3.91
  SINCE JAN 1     42.70                     45.38  -2.68    56.08

SNOWFALL (IN)
  TODAY            0.0

DEGREE DAYS
 HEATING
  TODAY            0                         0      0        0
  MONTH TO DATE    0                         0      0        0
  SINCE SEP 1      0                         0      0        0
  SINCE JUL 1      0                         0      0        0

 COOLING
  TODAY            5                        10     -5       10
  MONTH TO DATE  361                       295     66      356
  SINCE SEP 1    361                       295     66      356
  SINCE JAN 1   2240                      2166     74     2135
..................................................................


WIND (MPH)
  HIGHEST WIND SPEED    13   HIGHEST WIND DIRECTION     E (100)
  HIGHEST GUST SPEED    16   HIGHEST GUST DIRECTION     E (110)
  AVERAGE WIND SPEED     4.5


SKY COVER
  POSSIBLE SUNSHINE  MM
  AVERAGE SKY COVER 0.0


WEATHER CONDITIONS
 THE FOLLOWING WEATHER WAS RECORDED TODAY.
  NO SIGNIFICANT WEATHER WAS OBSERVED.


RELATIVE HUMIDITY (PERCENT)
 HIGHEST    93           600 AM
 LOWEST     34           300 PM
 AVERAGE    64

..........................................................


THE HATTIESBURG CLIMATE NORMALS FOR TOMORROW
                         NORMAL    RECORD    YEAR
 MAXIMUM TEMPERATURE (F)   86        97      1965
 MINIMUM TEMPERATURE (F)   63        46      1982


SUNRISE AND SUNSET
SEPTEMBER 23 2014.....SUNRISE   646 AM CDT   SUNSET   652 PM CDT
SEPTEMBER 24 2014.....SUNRISE   646 AM CDT   SUNSET   651 PM CDT


-  INDICATES NEGATIVE NUMBERS.
R  INDICATES RECORD WAS SET OR TIED.
MM INDICATES DATA IS MISSING.
T  INDICATES TRACE AMOUNT.




$$
