000
CDUS44 KJAN 132214
CLIHBG


CLIMATE REPORT
NATIONAL WEATHER SERVICE JACKSON MS
412 PM CST WED DEC 13 2017


...................................

...THE HATTIESBURG CLIMATE SUMMARY FOR DECEMBER 13 2017...
VALID TODAY AS OF 0400 PM LOCAL TIME.

CLIMATE NORMAL PERIOD 1981 TO 2010
CLIMATE RECORD PERIOD 1948 TO 2017


WEATHER ITEM   OBSERVED TIME   RECORD YEAR NORMAL DEPARTURE LAST
                VALUE   (LST)  VALUE       VALUE  FROM      YEAR
                                                  NORMAL
..................................................................
TEMPERATURE (F)
 TODAY
  MAXIMUM         58    252 PM  81    2015  62     -4       73
  MINIMUM         28    714 AM   7    1962  40    -12       62
  AVERAGE         43                        51     -8       68

PRECIPITATION (IN)
  TODAY            0.00          2.97 2001   0.15  -0.15     1.81
  MONTH TO DATE    1.74                      2.09  -0.35     3.28
  SINCE DEC 1      1.74                      2.09  -0.35     3.28
  SINCE JAN 1     64.08                     56.35   7.73    60.13

SNOWFALL (IN)
  TODAY            0.0

DEGREE DAYS
 HEATING
  TODAY           22                        15      7        0
  MONTH TO DATE  211                       177     34      157
  SINCE DEC 1    211                       177     34      157
  SINCE JUL 1    516                       505     11      353

 COOLING
  TODAY            0                         0      0        3
  MONTH TO DATE    0                        12    -12        5
  SINCE DEC 1      0                        12    -12        5
  SINCE JAN 1   2544                      2402    142     2815
..................................................................


WIND (MPH)
  HIGHEST WIND SPEED    16   HIGHEST WIND DIRECTION    SW (230)
  HIGHEST GUST SPEED    21   HIGHEST GUST DIRECTION    SW (220)
  AVERAGE WIND SPEED     3.5


SKY COVER
  POSSIBLE SUNSHINE  MM
  AVERAGE SKY COVER 0.0


WEATHER CONDITIONS
 THE FOLLOWING WEATHER WAS RECORDED TODAY.
  NO SIGNIFICANT WEATHER WAS OBSERVED.


RELATIVE HUMIDITY (PERCENT)
 HIGHEST   100           100 AM
 LOWEST     30           100 PM
 AVERAGE    65

..........................................................


THE HATTIESBURG CLIMATE NORMALS FOR TOMORROW
                         NORMAL    RECORD    YEAR
 MAXIMUM TEMPERATURE (F)   62        78      1991
 MINIMUM TEMPERATURE (F)   40        21      2010
                                             1962


SUNRISE AND SUNSET
DECEMBER 13 2017......SUNRISE   647 AM CST   SUNSET   456 PM CST
DECEMBER 14 2017......SUNRISE   648 AM CST   SUNSET   456 PM CST


-  INDICATES NEGATIVE NUMBERS.
R  INDICATES RECORD WAS SET OR TIED.
MM INDICATES DATA IS MISSING.
T  INDICATES TRACE AMOUNT.




$$
