000
CDUS41 KLWX 240524
CLIHGR


CLIMATE REPORT
NATIONAL WEATHER SERVICE BALTIMORE MD/WASHINGTON DC
1223 AM EST FRI FEB 24 2017


...................................

...THE HAGERSTOWN MD CLIMATE SUMMARY FOR FEBRUARY 23 2017...

CLIMATE NORMAL PERIOD 1981 TO 2010
CLIMATE RECORD PERIOD 9999 TO 9999


WEATHER ITEM   OBSERVED TIME   RECORD YEAR NORMAL DEPARTURE LAST
                VALUE   (LST)  VALUE       VALUE  FROM      YEAR
                                                  NORMAL
..................................................................
TEMPERATURE (F)
 YESTERDAY
  MAXIMUM         76    511 PM  MM      MM  43     33       40
  MINIMUM         48    608 AM  MM      MM  27     21       35
  AVERAGE         62                        35     27       38

PRECIPITATION (IN)
  YESTERDAY        T            MM      MM   0.08  -0.08     0.01
  MONTH TO DATE    1.02                      2.11  -1.09     2.56
  SINCE DEC 1      5.55                      7.68  -2.13     7.20
  SINCE JAN 1      3.77                      4.79  -1.02     4.32

DEGREE DAYS
 HEATING
  YESTERDAY        3                        30    -27       27
  MONTH TO DATE  505                       733   -228      732
  SINCE DEC 1   2222                      2752   -530     2370
  SINCE JUL 1   2930                      3757   -827     3102

 COOLING
  YESTERDAY        0                         0      0        0
  MONTH TO DATE    0                         0      0        0
  SINCE DEC 1      0                         0      0        0
  SINCE JAN 1      0                         0      0        0
..................................................................


WIND (MPH)
  HIGHEST WIND SPEED    15   HIGHEST WIND DIRECTION     S (170)
  HIGHEST GUST SPEED    17   HIGHEST GUST DIRECTION     S (160)
  AVERAGE WIND SPEED     6.3


SKY COVER
  POSSIBLE SUNSHINE  MM
  AVERAGE SKY COVER 0.6


WEATHER CONDITIONS
 THE FOLLOWING WEATHER WAS RECORDED YESTERDAY.
  FOG


RELATIVE HUMIDITY (PERCENT)
 HIGHEST    89           400 AM
 LOWEST     41           500 PM
 AVERAGE    65

..........................................................


THE HAGERSTOWN MD CLIMATE NORMALS FOR TODAY
                         NORMAL    RECORD    YEAR
 MAXIMUM TEMPERATURE (F)   44        MM        MM
 MINIMUM TEMPERATURE (F)   27        MM        MM


SUNRISE AND SUNSET
FEBRUARY 24 2017......SUNRISE   651 AM EST   SUNSET   558 PM EST
FEBRUARY 25 2017......SUNRISE   649 AM EST   SUNSET   559 PM EST


-  INDICATES NEGATIVE NUMBERS.
R  INDICATES RECORD WAS SET OR TIED.
MM INDICATES DATA IS MISSING.
T  INDICATES TRACE AMOUNT.




$$
