000
CDUS41 KLWX 160529
CLIHGR


CLIMATE REPORT
NATIONAL WEATHER SERVICE BALTIMORE MD/WASHINGTON DC
1227 AM EST TUE JAN 16 2018


...................................

...THE HAGERSTOWN MD CLIMATE SUMMARY FOR JANUARY 15 2018...

CLIMATE NORMAL PERIOD 1981 TO 2010
CLIMATE RECORD PERIOD 1998 TO 2018


WEATHER ITEM   OBSERVED TIME   RECORD YEAR NORMAL DEPARTURE LAST
                VALUE   (LST)  VALUE       VALUE  FROM      YEAR
                                                  NORMAL
..................................................................
TEMPERATURE (F)
 YESTERDAY
  MAXIMUM         28    449 PM  MM      MM  38    -10       40
  MINIMUM         10    733 AM  MM      MM  23    -13       27
  AVERAGE         19                        31    -12       34

PRECIPITATION (IN)
  YESTERDAY        0.00         MM      MM   0.10  -0.10     0.00
  MONTH TO DATE    1.39                      1.37   0.02     1.66
  SINCE DEC 1      2.20                      4.26  -2.06     3.44
  SINCE JAN 1      1.39                      1.37   0.02     1.66

DEGREE DAYS
 HEATING
  YESTERDAY       46                        34     12       31
  MONTH TO DATE  598                       515     83      462
  SINCE DEC 1   1524                      1474     50     1326
  SINCE JUL 1   2305                      2479   -174     2034

 COOLING
  YESTERDAY        0                         0      0        0
  MONTH TO DATE    0                         0      0        0
  SINCE DEC 1      0                         0      0        0
  SINCE JAN 1      0                         0      0        0
..................................................................


WIND (MPH)
  HIGHEST WIND SPEED     8   HIGHEST WIND DIRECTION    NW (310)
  HIGHEST GUST SPEED    10   HIGHEST GUST DIRECTION     E (70)
  AVERAGE WIND SPEED     3.9


SKY COVER
  POSSIBLE SUNSHINE  MM
  AVERAGE SKY COVER 0.3


WEATHER CONDITIONS
 THE FOLLOWING WEATHER WAS RECORDED YESTERDAY.
  NO SIGNIFICANT WEATHER WAS OBSERVED.


RELATIVE HUMIDITY (PERCENT)
 HIGHEST    81          1000 PM
 LOWEST     53           400 PM
 AVERAGE    67

..........................................................


THE HAGERSTOWN MD CLIMATE NORMALS FOR TODAY
                         NORMAL    RECORD    YEAR
 MAXIMUM TEMPERATURE (F)   38        MM        MM
 MINIMUM TEMPERATURE (F)   23        MM        MM


SUNRISE AND SUNSET
JANUARY 16 2018.......SUNRISE   730 AM EST   SUNSET   512 PM EST
JANUARY 17 2018.......SUNRISE   729 AM EST   SUNSET   513 PM EST


-  INDICATES NEGATIVE NUMBERS.
R  INDICATES RECORD WAS SET OR TIED.
MM INDICATES DATA IS MISSING.
T  INDICATES TRACE AMOUNT.




$$
