000
CDUS41 KLWX 312142
CLIHGR


CLIMATE REPORT
NATIONAL WEATHER SERVICE BALTIMORE MD/WASHINGTON DC
541 PM EDT FRI OCT 31 2014


...................................

...THE HAGERSTOWN MD CLIMATE SUMMARY FOR OCTOBER 31 2014...
VALID TODAY AS OF 0500 PM LOCAL TIME.

CLIMATE NORMAL PERIOD 1981 TO 2010
CLIMATE RECORD PERIOD 9999 TO 9999


WEATHER ITEM   OBSERVED TIME   RECORD YEAR NORMAL DEPARTURE LAST
                VALUE   (LST)  VALUE       VALUE  FROM      YEAR
                                                  NORMAL
..................................................................
TEMPERATURE (F)
 TODAY
  MAXIMUM         52    359 PM  MM      MM  60     -8       67
  MINIMUM         42   1222 AM  MM      MM  40      2       53
  AVERAGE         47                        50     -3       60

PRECIPITATION (IN)
  TODAY            0.00         MM      MM   0.07  -0.07     0.02
  MONTH TO DATE    2.38                      2.88  -0.50     5.32
  SINCE SEP 1      4.62                      6.55  -1.93     8.53
  SINCE JAN 1     31.53                     33.18  -1.65    27.68

DEGREE DAYS
 HEATING
  TODAY           18                        15      3        5
  MONTH TO DATE  228                       328   -100      272
  SINCE SEP 1    280                       397   -117      352
  SINCE JUL 1    282                       402   -120      355

 COOLING
  TODAY            0                         0      0        0
  MONTH TO DATE    9                        10     -1       44
  SINCE SEP 1    128                       101     27      148
  SINCE JAN 1    941                       969    -28     1133
..................................................................


WIND (MPH)
  HIGHEST WIND SPEED     7   HIGHEST WIND DIRECTION     E (70)
  HIGHEST GUST SPEED     9   HIGHEST GUST DIRECTION     E (110)
  AVERAGE WIND SPEED     1.8


SKY COVER
  POSSIBLE SUNSHINE  MM
  AVERAGE SKY COVER 0.9


WEATHER CONDITIONS
 THE FOLLOWING WEATHER WAS RECORDED TODAY.
  NO SIGNIFICANT WEATHER WAS OBSERVED.


RELATIVE HUMIDITY (PERCENT)
 HIGHEST    76           100 AM
 LOWEST     50           400 PM
 AVERAGE    63

..........................................................


THE HAGERSTOWN MD CLIMATE NORMALS FOR TOMORROW
                         NORMAL    RECORD    YEAR
 MAXIMUM TEMPERATURE (F)   60        MM        MM
 MINIMUM TEMPERATURE (F)   40        MM        MM


SUNRISE AND SUNSET
OCTOBER 31 2014.......SUNRISE   738 AM EDT   SUNSET   610 PM EDT
NOVEMBER  1 2014......SUNRISE   739 AM EDT   SUNSET   609 PM EDT


-  INDICATES NEGATIVE NUMBERS.
R  INDICATES RECORD WAS SET OR TIED.
MM INDICATES DATA IS MISSING.
T  INDICATES TRACE AMOUNT.




$$
