372
CDUS41 KLWX 220527
CLIHGR


CLIMATE REPORT
NATIONAL WEATHER SERVICE BALTIMORE MD/WASHINGTON DC
127 AM EDT FRI MAY 22 2015


...................................

...THE HAGERSTOWN MD CLIMATE SUMMARY FOR MAY 21 2015...

CLIMATE NORMAL PERIOD 1981 TO 2010
CLIMATE RECORD PERIOD 9999 TO 9999


WEATHER ITEM   OBSERVED TIME   RECORD YEAR NORMAL DEPARTURE LAST
                VALUE   (LST)  VALUE       VALUE  FROM      YEAR
                                                  NORMAL
..................................................................
TEMPERATURE (F)
 YESTERDAY
  MAXIMUM         56    135 AM  MM      MM  74    -18       71
  MINIMUM         51   1021 AM  MM      MM  53     -2       57
  AVERAGE         54                        63     -9       64

PRECIPITATION (IN)
  YESTERDAY        0.06         MM      MM   0.13  -0.07      T
  MONTH TO DATE    0.71                      2.56  -1.85     3.62
  SINCE MAR 1      6.24                      9.50  -3.26     7.84
  SINCE JAN 1      8.52                     14.73  -6.21    11.62

DEGREE DAYS
 HEATING
  YESTERDAY       11                         4      7        1
  MONTH TO DATE   40                       124    -84       94
  SINCE MAR 1   1113                      1235   -122     1344
  SINCE JUL 1   5119                      5138    -19     5359

 COOLING
  YESTERDAY        0                         2     -2        0
  MONTH TO DATE  116                        28     88       39
  SINCE MAR 1    118                        43     75       49
  SINCE JAN 1    118                        43     75       49
..................................................................


WIND (MPH)
  HIGHEST WIND SPEED    14   HIGHEST WIND DIRECTION    NW (320)
  HIGHEST GUST SPEED    18   HIGHEST GUST DIRECTION    NW (310)
  AVERAGE WIND SPEED     3.5


SKY COVER
  POSSIBLE SUNSHINE  MM
  AVERAGE SKY COVER 1.0


WEATHER CONDITIONS
 THE FOLLOWING WEATHER WAS RECORDED YESTERDAY.
  LIGHT RAIN
  FOG
  HAZE


RELATIVE HUMIDITY (PERCENT)
 HIGHEST    96           900 PM
 LOWEST     51          1200 AM
 AVERAGE    74

..........................................................


THE HAGERSTOWN MD CLIMATE NORMALS FOR TODAY
                         NORMAL    RECORD    YEAR
 MAXIMUM TEMPERATURE (F)   74        MM        MM
 MINIMUM TEMPERATURE (F)   54        MM        MM


SUNRISE AND SUNSET
MAY 22 2015...........SUNRISE   551 AM EDT   SUNSET   825 PM EDT
MAY 23 2015...........SUNRISE   550 AM EDT   SUNSET   825 PM EDT


-  INDICATES NEGATIVE NUMBERS.
R  INDICATES RECORD WAS SET OR TIED.
MM INDICATES DATA IS MISSING.
T  INDICATES TRACE AMOUNT.




$$
