000
CDUS41 KLWX 290528
CLIHGR


CLIMATE REPORT
NATIONAL WEATHER SERVICE BALTIMORE MD/WASHINGTON DC
127 AM EDT THU SEP 29 2016


...................................

...THE HAGERSTOWN MD CLIMATE SUMMARY FOR SEPTEMBER 28 2016...

CLIMATE NORMAL PERIOD 1981 TO 2010
CLIMATE RECORD PERIOD 9999 TO 9999


WEATHER ITEM   OBSERVED TIME   RECORD YEAR NORMAL DEPARTURE LAST
                VALUE   (LST)  VALUE       VALUE  FROM      YEAR
                                                  NORMAL
..................................................................
TEMPERATURE (F)
 YESTERDAY
  MAXIMUM         71   1243 PM  MM      MM  71      0       79
  MINIMUM         55    231 AM  MM      MM  51      4       65
  AVERAGE         63                        61      2       72

PRECIPITATION (IN)
  YESTERDAY        0.29         MM      MM   0.14   0.15      T
  MONTH TO DATE    1.41                      3.39  -1.98     1.79
  SINCE SEP 1      1.41                      3.39  -1.98     1.79
  SINCE JAN 1     22.51                     30.02  -7.51    20.43

DEGREE DAYS
 HEATING
  YESTERDAY        2                         5     -3        0
  MONTH TO DATE    6                        56    -50        7
  SINCE SEP 1      6                        56    -50        7
  SINCE JUL 1      6                        61    -55        7

 COOLING
  YESTERDAY        0                         1     -1        7
  MONTH TO DATE  254                        89    165      185
  SINCE SEP 1    254                        89    165      185
  SINCE JAN 1   1513                       957    556     1328
..................................................................


WIND (MPH)
  HIGHEST WIND SPEED    17   HIGHEST WIND DIRECTION     E (80)
  HIGHEST GUST SPEED    22   HIGHEST GUST DIRECTION     E (70)
  AVERAGE WIND SPEED     7.4


SKY COVER
  POSSIBLE SUNSHINE  MM
  AVERAGE SKY COVER 0.9


WEATHER CONDITIONS
 THE FOLLOWING WEATHER WAS RECORDED YESTERDAY.
  RAIN
  LIGHT RAIN
  FOG


RELATIVE HUMIDITY (PERCENT)
 HIGHEST    87           900 PM
 LOWEST     57          1100 AM
 AVERAGE    72

..........................................................


THE HAGERSTOWN MD CLIMATE NORMALS FOR TODAY
                         NORMAL    RECORD    YEAR
 MAXIMUM TEMPERATURE (F)   70        MM        MM
 MINIMUM TEMPERATURE (F)   51        MM        MM


SUNRISE AND SUNSET
SEPTEMBER 29 2016.....SUNRISE   706 AM EDT   SUNSET   656 PM EDT
SEPTEMBER 30 2016.....SUNRISE   707 AM EDT   SUNSET   654 PM EDT


-  INDICATES NEGATIVE NUMBERS.
R  INDICATES RECORD WAS SET OR TIED.
MM INDICATES DATA IS MISSING.
T  INDICATES TRACE AMOUNT.




$$
