000
CDUS41 KLWX 040527
CLIHGR


CLIMATE REPORT
NATIONAL WEATHER SERVICE BALTIMORE MD/WASHINGTON DC
1227 AM EST WED MAR 4 2015


...................................

...THE HAGERSTOWN MD CLIMATE SUMMARY FOR MARCH 3 2015...

CLIMATE NORMAL PERIOD 1981 TO 2010
CLIMATE RECORD PERIOD 9999 TO 9999


WEATHER ITEM   OBSERVED TIME   RECORD YEAR NORMAL DEPARTURE LAST
                VALUE   (LST)  VALUE       VALUE  FROM      YEAR
                                                  NORMAL
..................................................................
TEMPERATURE (F)
 YESTERDAY
  MAXIMUM         36   1106 PM  MM      MM  46    -10       29
  MINIMUM         23    234 AM  MM      MM  29     -6        9
  AVERAGE         30                        37     -7       19

PRECIPITATION (IN)
  YESTERDAY        0.03         MM      MM   0.08  -0.05     0.11
  MONTH TO DATE    0.28                      0.24   0.04     0.32
  SINCE MAR 1      0.28                      0.24   0.04     0.32
  SINCE JAN 1      2.56                      5.47  -2.91     4.10

DEGREE DAYS
 HEATING
  YESTERDAY       35                        28      7       46
  MONTH TO DATE  108                        84     24      114
  SINCE MAR 1    108                        84     24      114
  SINCE JUL 1   4114                      3987    127     4129

 COOLING
  YESTERDAY        0                         0      0        0
  MONTH TO DATE    0                         0      0        0
  SINCE MAR 1      0                         0      0        0
  SINCE JAN 1      0                         0      0        0
..................................................................


WIND (MPH)
  HIGHEST WIND SPEED    22   HIGHEST WIND DIRECTION     S (160)
  HIGHEST GUST SPEED    28   HIGHEST GUST DIRECTION     S (170)
  AVERAGE WIND SPEED     9.2


SKY COVER
  POSSIBLE SUNSHINE  MM
  AVERAGE SKY COVER 0.7


WEATHER CONDITIONS
 THE FOLLOWING WEATHER WAS RECORDED YESTERDAY.
  FREEZING RAIN
  LT FREEZING RAIN
  FOG


RELATIVE HUMIDITY (PERCENT)
 HIGHEST    75          1100 PM
 LOWEST     43          1000 AM
 AVERAGE    59

..........................................................


THE HAGERSTOWN MD CLIMATE NORMALS FOR TODAY
                         NORMAL    RECORD    YEAR
 MAXIMUM TEMPERATURE (F)   46        MM        MM
 MINIMUM TEMPERATURE (F)   29        MM        MM


SUNRISE AND SUNSET
MARCH  4 2015.........SUNRISE   640 AM EST   SUNSET   606 PM EST
MARCH  5 2015.........SUNRISE   638 AM EST   SUNSET   607 PM EST


-  INDICATES NEGATIVE NUMBERS.
R  INDICATES RECORD WAS SET OR TIED.
MM INDICATES DATA IS MISSING.
T  INDICATES TRACE AMOUNT.




$$
