000
CDUS46 KPQR 200221
CLIHIO


CLIMATE REPORT
NATIONAL WEATHER SERVICE PORTLAND OREGON
620 PM PST FRI JAN 19 2018


...................................

...THE HILLSBORO OR CLIMATE SUMMARY FOR JANUARY 19 2018...
VALID TODAY AS OF 0600 PM LOCAL TIME.

CLIMATE NORMAL PERIOD 1981 TO 2010
CLIMATE RECORD PERIOD 1929 TO 2018


WEATHER ITEM   OBSERVED TIME   RECORD YEAR NORMAL DEPARTURE LAST
                VALUE   (LST)  VALUE       VALUE  FROM      YEAR
                                                  NORMAL
..................................................................
TEMPERATURE (F)
 TODAY
  MAXIMUM         47    341 PM  60    2005  47      0       50
  MINIMUM         41    703 AM  15    1935  34      7       39
  AVERAGE         44                        41      3       45

PRECIPITATION (IN)
  TODAY            0.03                      0.20  -0.17     0.01
  MONTH TO DATE    2.54                      4.04  -1.50     3.49
  SINCE OCT 1     14.84                     20.43  -5.59    23.17
  SINCE JAN 1      2.54                      4.04  -1.50     3.49

DEGREE DAYS
 HEATING
  TODAY           21                                        20
  MONTH TO DATE  393                                       680
  SINCE DEC 1   1224                                      1607
  SINCE JUL 1   2303                                      2578

 COOLING
  TODAY            0                                         0
  MONTH TO DATE    0                                         0
  SINCE DEC 1      0                                         0
  SINCE JAN 1      0                                         0
..................................................................


WIND (MPH)
  HIGHEST WIND SPEED    17   HIGHEST WIND DIRECTION    SW (210)
  HIGHEST GUST SPEED    22   HIGHEST GUST DIRECTION    SW (210)
  AVERAGE WIND SPEED     9.9


SKY COVER
  POSSIBLE SUNSHINE  MM
  AVERAGE SKY COVER 0.9


WEATHER CONDITIONS
 THE FOLLOWING WEATHER WAS RECORDED TODAY.
  LIGHT RAIN


RELATIVE HUMIDITY (PERCENT)
 HIGHEST    93          1200 AM
 LOWEST     76          1200 PM
 AVERAGE    85

..........................................................


THE HILLSBORO OR CLIMATE NORMALS FOR TOMORROW
                         NORMAL    RECORD    YEAR
 MAXIMUM TEMPERATURE (F)   48        58      1968
 MINIMUM TEMPERATURE (F)   34        -4      1930


SUNRISE AND SUNSET
JANUARY 19 2018.......SUNRISE   745 AM PST   SUNSET   500 PM PST
JANUARY 20 2018.......SUNRISE   745 AM PST   SUNSET   502 PM PST


-  INDICATES NEGATIVE NUMBERS.
R  INDICATES RECORD WAS SET OR TIED.
MM INDICATES DATA IS MISSING.
T  INDICATES TRACE AMOUNT.




$$
