000
CDUS46 KPQR 241146
CLIHIO


CLIMATE REPORT
NATIONAL WEATHER SERVICE PORTLAND OREGON
445 AM PDT MON JUL 24 2017


...................................

...THE HILLSBORO OR CLIMATE SUMMARY FOR JULY 23 2017...

CLIMATE NORMAL PERIOD 1981 TO 2010
CLIMATE RECORD PERIOD 1929 TO 2017


WEATHER ITEM   OBSERVED TIME   RECORD YEAR NORMAL DEPARTURE LAST
                VALUE   (LST)  VALUE       VALUE  FROM      YEAR
                                                  NORMAL
..................................................................
TEMPERATURE (F)
 YESTERDAY
  MAXIMUM         86    333 PM 105    2006  82      4       75
  MINIMUM         59   1159 PM  42    1932  52      7       57
  AVERAGE         73                        67      6       66

PRECIPITATION (IN)
  YESTERDAY        0.00          0.36 2014   0.01  -0.01
  MONTH TO DATE    T                         0.45  -0.45
  SINCE OCT 1     47.24                     37.73   9.51
  SINCE JAN 1     27.56                     21.34   6.22

SNOWFALL (IN)
  YESTERDAY        0.0
  MONTH TO DATE    0.0
  SINCE JUN 1      0.0
  SINCE JUL 1      0.0
  SNOW DEPTH       0

DEGREE DAYS
 HEATING
  YESTERDAY        0                         1     -1
  MONTH TO DATE   12                        46    -34
  SINCE JUL 1     12                        46    -34

 COOLING
  YESTERDAY        8                         3      5
  MONTH TO DATE   57                        51      6
  SINCE JAN 1    145                        77     68
..................................................................


WIND (MPH)
  HIGHEST WIND SPEED    22   HIGHEST WIND DIRECTION    NW (320)
  HIGHEST GUST SPEED    26   HIGHEST GUST DIRECTION    NW (320)
  AVERAGE WIND SPEED    10.4


SKY COVER
  POSSIBLE SUNSHINE  MM
  AVERAGE SKY COVER 0.1


WEATHER CONDITIONS
 THE FOLLOWING WEATHER WAS RECORDED YESTERDAY.
  NO SIGNIFICANT WEATHER WAS OBSERVED.


RELATIVE HUMIDITY (PERCENT)
 HIGHEST    93           300 AM
 LOWEST     37           400 PM
 AVERAGE    65

..........................................................


THE HILLSBORO OR CLIMATE NORMALS FOR TODAY
                         NORMAL    RECORD    YEAR
 MAXIMUM TEMPERATURE (F)   82       100      2006
                                             2004
 MINIMUM TEMPERATURE (F)   52        41      1932


SUNRISE AND SUNSET
JULY 24 2017..........SUNRISE   547 AM PDT   SUNSET   849 PM PDT
JULY 25 2017..........SUNRISE   548 AM PDT   SUNSET   848 PM PDT


-  INDICATES NEGATIVE NUMBERS.
R  INDICATES RECORD WAS SET OR TIED.
MM INDICATES DATA IS MISSING.
T  INDICATES TRACE AMOUNT.




$$
