000
CDUS46 KPQR 290221
CLIHIO


CLIMATE REPORT
NATIONAL WEATHER SERVICE PORTLAND OREGON
721 PM PDT SUN MAY 28 2017


...................................

...THE HILLSBORO OR CLIMATE SUMMARY FOR MAY 28 2017...
VALID TODAY AS OF 0700 PM LOCAL TIME.

CLIMATE NORMAL PERIOD 1981 TO 2010
CLIMATE RECORD PERIOD 1929 TO 2017


WEATHER ITEM   OBSERVED TIME   RECORD YEAR NORMAL DEPARTURE LAST
                VALUE   (LST)  VALUE       VALUE  FROM      YEAR
                                                  NORMAL
..................................................................
TEMPERATURE (F)
 TODAY
  MAXIMUM         85    542 PM 100    1983  70     15       72
  MINIMUM         52    448 AM  34    1979  46      6       44
  AVERAGE         69                        58     11       58

PRECIPITATION (IN)
  TODAY            0.00                      0.06  -0.06     0.00
  MONTH TO DATE    1.76                      2.11  -0.35     0.80
  SINCE OCT 1     46.13                     35.71  10.42    41.50
  SINCE JAN 1     26.45                     19.32   7.13    19.48

DEGREE DAYS
 HEATING
  TODAY            0                                         7
  MONTH TO DATE  217                                       153
  SINCE MAR 1   1236                                       956
  SINCE JUL 1   4765                                      3936

 COOLING
  TODAY            4                                         0
  MONTH TO DATE   30                                         9
  SINCE MAR 1     30                                        16
  SINCE JAN 1     30                                        16
..................................................................


WIND (MPH)
  HIGHEST WIND SPEED     8   HIGHEST WIND DIRECTION     S (190)
  HIGHEST GUST SPEED    11   HIGHEST GUST DIRECTION    SW (230)
  AVERAGE WIND SPEED     1.8


SKY COVER
  POSSIBLE SUNSHINE  MM
  AVERAGE SKY COVER 0.0


WEATHER CONDITIONS
 THE FOLLOWING WEATHER WAS RECORDED TODAY.
  NO SIGNIFICANT WEATHER WAS OBSERVED.


RELATIVE HUMIDITY (PERCENT)
 HIGHEST   100           400 AM
 LOWEST     43           400 PM
 AVERAGE    72

..........................................................


THE HILLSBORO OR CLIMATE NORMALS FOR TOMORROW
                         NORMAL    RECORD    YEAR
 MAXIMUM TEMPERATURE (F)   70        92      1931
 MINIMUM TEMPERATURE (F)   47        32      1951


SUNRISE AND SUNSET
MAY 28 2017...........SUNRISE   529 AM PDT   SUNSET   850 PM PDT
MAY 29 2017...........SUNRISE   528 AM PDT   SUNSET   851 PM PDT


-  INDICATES NEGATIVE NUMBERS.
R  INDICATES RECORD WAS SET OR TIED.
MM INDICATES DATA IS MISSING.
T  INDICATES TRACE AMOUNT.




$$
