000
CDUS46 KHNX 010023
CLIHJO


CLIMATE REPORT
NATIONAL WEATHER SERVICE SAN JOAQUIN VALLEY, CA
522 PM PDT SUN APR 30 2017


...................................

...THE HANFORD CA CLIMATE SUMMARY FOR APRIL 30 2017...
VALID AS OF 0400 PM LOCAL TIME.

CLIMATE NORMAL PERIOD 1981 TO 2010
CLIMATE RECORD PERIOD 1998 TO 2017


WEATHER ITEM   OBSERVED TIME   RECORD YEAR NORMAL DEPARTURE LAST
                VALUE   (LST)  VALUE       VALUE  FROM      YEAR
                                                  NORMAL
..................................................................
TEMPERATURE (F)
 TODAY
  MAXIMUM         87    236 PM  96    2015  80      7       77
  MINIMUM         46    528 AM  37    2010  50     -4       52
  AVERAGE         67                        65      2       65

PRECIPITATION (IN)
  TODAY            0.00          0.00   MM   0.02  -0.02     0.00
  MONTH TO DATE    1.03                      0.79   0.24     0.57
  SINCE OCT 1     10.65                      9.32   1.33     8.05
  SINCE JAN 1      7.78                      6.19   1.59     5.45

SNOWFALL (IN)
  TODAY            0.0
  MONTH TO DATE    0.0
  SINCE MAR 1      0.0
  SINCE JUL 1      0.0
  SNOW DEPTH       0

DEGREE DAYS
 HEATING
  TODAY            0                                         0
  MONTH TO DATE  107                                        45
  SINCE MAR 1    353                                       266
  SINCE JUL 1   2080                                      2156

 COOLING
  TODAY            2                                         0
  MONTH TO DATE    7                                        40
  SINCE MAR 1     15                                        41
  SINCE JAN 1     15                                        41
..................................................................


WIND (MPH)
  HIGHEST WIND SPEED    13   HIGHEST WIND DIRECTION    NW (320)
  HIGHEST GUST SPEED    17   HIGHEST GUST DIRECTION    NW (320)
  AVERAGE WIND SPEED     3.4




RELATIVE HUMIDITY (PERCENT)
 HIGHEST   100
 LOWEST     17
 AVERAGE    59

..........................................................


THE HANFORD CA CLIMATE NORMALS FOR TOMORROW
                         NORMAL    RECORD    YEAR
 MAXIMUM TEMPERATURE (F)   80        98      2015
 MINIMUM TEMPERATURE (F)   50        40      2011
                                             2010


SUNRISE AND SUNSET
APRIL 30 2017.........SUNRISE   606 AM PDT   SUNSET   746 PM PDT
MAY  1 2017...........SUNRISE   605 AM PDT   SUNSET   747 PM PDT


-  INDICATES NEGATIVE NUMBERS.
R  INDICATES RECORD WAS SET OR TIED.
MM INDICATES DATA IS MISSING.
T  INDICATES TRACE AMOUNT.




$$
