000
CDUS46 KHNX 210822
CLIHJO


CLIMATE REPORT
NATIONAL WEATHER SERVICE SAN JOAQUIN VALLEY, CA
122 AM PDT TUE OCT 21 2014


...................................

...THE HANFORD CA CLIMATE SUMMARY FOR OCTOBER 20 2014...

CLIMATE NORMAL PERIOD 1981 TO 2010
CLIMATE RECORD PERIOD 1998 TO 2014


WEATHER ITEM   OBSERVED TIME   RECORD YEAR NORMAL DEPARTURE
                VALUE   (LST)  VALUE       VALUE  FROM
                                                  NORMAL
...............................................................
TEMPERATURE (F)
 YESTERDAY
  MAXIMUM         82    249 PM  88    2003  78      4
  MINIMUM         55    535 AM  41    2006  47      8
  AVERAGE         69                        62      7

PRECIPITATION (IN)
  YESTERDAY        T             0.18 2004   0.02  -0.02
  MONTH TO DATE    T                         0.21  -0.21
  SINCE JUL 1      0.01                      0.42  -0.41
  SINCE JAN 1      2.44                      7.18  -4.74

SNOWFALL (IN)
  YESTERDAY        0.0
  MONTH TO DATE    0.0
  SINCE SEP 1      0.0
  SINCE JUL 1      0.0
  SNOW DEPTH       0

DEGREE DAYS
 HEATING
  YESTERDAY        0
  MONTH TO DATE    0
  SINCE SEP 1      0
  SINCE JUL 1      0

 COOLING
  YESTERDAY        4
  MONTH TO DATE  125
  SINCE SEP 1    514
  SINCE JAN 1   2271
...............................................................


WIND (MPH)
  HIGHEST WIND SPEED    24   HIGHEST WIND DIRECTION    NW (320)
  HIGHEST GUST SPEED    28   HIGHEST GUST DIRECTION    NW (320)
  AVERAGE WIND SPEED     8.9




RELATIVE HUMIDITY (PERCENT)
 HIGHEST    86
 LOWEST     36
 AVERAGE    61

..........................................................


THE HANFORD CA CLIMATE NORMALS FOR TODAY
                         NORMAL    RECORD    YEAR
 MAXIMUM TEMPERATURE (F)   77        91      2003
 MINIMUM TEMPERATURE (F)   46        37      2007


SUNRISE AND SUNSET
OCTOBER 21 2014.......SUNRISE   711 AM PDT   SUNSET   615 PM PDT
OCTOBER 22 2014.......SUNRISE   712 AM PDT   SUNSET   613 PM PDT


-  INDICATES NEGATIVE NUMBERS.
R  INDICATES RECORD WAS SET OR TIED.
MM INDICATES DATA IS MISSING.
T  INDICATES TRACE AMOUNT.




$$
