000
CDUS46 KHNX 010834
CLIHJO


CLIMATE REPORT
NATIONAL WEATHER SERVICE SAN JOAQUIN VALLEY, CA
1234 AM PST SUN FEB 1 2015


...................................

...THE HANFORD CA CLIMATE SUMMARY FOR JANUARY 31 2015...

CLIMATE NORMAL PERIOD 1981 TO 2010
CLIMATE RECORD PERIOD 1998 TO 2015


WEATHER ITEM   OBSERVED TIME   RECORD YEAR NORMAL DEPARTURE
                VALUE   (LST)  VALUE       VALUE  FROM
                                                  NORMAL
...............................................................
TEMPERATURE (F)
 YESTERDAY
  MAXIMUM         62    328 PM  67    2013  57      5
  MINIMUM         42   1148 PM  29    2002  37      5
  AVERAGE         52                        47      5

PRECIPITATION (IN)
  YESTERDAY        0.00          0.18 1999   0.04  -0.04
  MONTH TO DATE    0.04                      2.04  -2.00
  SINCE OCT 1      3.16                      5.17  -2.01
  SINCE JAN 1      0.04                      2.04  -2.00

SNOWFALL (IN)
  YESTERDAY        0.0
  MONTH TO DATE    0.0
  SINCE DEC 1      0.0
  SINCE JUL 1      0.0
  SNOW DEPTH       0

DEGREE DAYS
 HEATING
  YESTERDAY       13
  MONTH TO DATE  532
  SINCE DEC 1    969
  SINCE JUL 1   1280

 COOLING
  YESTERDAY        0
  MONTH TO DATE    0
  SINCE DEC 1      0
  SINCE JAN 1      0
...............................................................


WIND (MPH)
  HIGHEST WIND SPEED    10   HIGHEST WIND DIRECTION     S (160)
  HIGHEST GUST SPEED    14   HIGHEST GUST DIRECTION    NW (310)
  AVERAGE WIND SPEED     2.7




RELATIVE HUMIDITY (PERCENT)
 HIGHEST   100
 LOWEST     60
 AVERAGE    80

..........................................................


THE HANFORD CA CLIMATE NORMALS FOR TODAY
                         NORMAL    RECORD    YEAR
 MAXIMUM TEMPERATURE (F)   58        66      2013
 MINIMUM TEMPERATURE (F)   37        28      2002


SUNRISE AND SUNSET
FEBRUARY  1 2015......SUNRISE   700 AM PST   SUNSET   525 PM PST
FEBRUARY  2 2015......SUNRISE   659 AM PST   SUNSET   526 PM PST


-  INDICATES NEGATIVE NUMBERS.
R  INDICATES RECORD WAS SET OR TIED.
MM INDICATES DATA IS MISSING.
T  INDICATES TRACE AMOUNT.




$$
