000
CDUS46 KHNX 160823
CLIHJO


CLIMATE REPORT
NATIONAL WEATHER SERVICE SAN JOAQUIN VALLEY, CA
1223 AM PST SAT DEC 16 2017


...................................

...THE HANFORD CA CLIMATE SUMMARY FOR DECEMBER 15 2017...

CLIMATE NORMAL PERIOD 1981 TO 2010
CLIMATE RECORD PERIOD 1998 TO 2017


WEATHER ITEM   OBSERVED TIME   RECORD YEAR NORMAL DEPARTURE
                VALUE   (LST)  VALUE       VALUE  FROM
                                                  NORMAL
...............................................................
TEMPERATURE (F)
 YESTERDAY
  MAXIMUM         64R   227 PM  61    2013  54     10
                                      2002
  MINIMUM         30    704 AM  26    2013  34     -4
  AVERAGE         47                        44      3

PRECIPITATION (IN)
  YESTERDAY        0.00          0.77 2016   0.05  -0.05
  MONTH TO DATE    T                         0.44  -0.44
  SINCE OCT 1      0.37                      1.94  -1.57
  SINCE JAN 1      8.71                      8.91  -0.20

SNOWFALL (IN)
  YESTERDAY        0.0
  MONTH TO DATE    0.0
  SINCE DEC 1      0.0
  SINCE JUL 1      0.0
  SNOW DEPTH       0

DEGREE DAYS
 HEATING
  YESTERDAY       18
  MONTH TO DATE  264
  SINCE DEC 1    264
  SINCE JUL 1    569

 COOLING
  YESTERDAY        0
  MONTH TO DATE    0
  SINCE DEC 1      0
  SINCE JAN 1   2184
...............................................................


WIND (MPH)
  HIGHEST WIND SPEED    10   HIGHEST WIND DIRECTION    NW (310)
  HIGHEST GUST SPEED    14   HIGHEST GUST DIRECTION    NW (320)
  AVERAGE WIND SPEED     2.3




RELATIVE HUMIDITY (PERCENT)
 HIGHEST   100
 LOWEST     36
 AVERAGE    68

..........................................................


THE HANFORD CA CLIMATE NORMALS FOR TODAY
                         NORMAL    RECORD    YEAR
 MAXIMUM TEMPERATURE (F)   54        63      2013
 MINIMUM TEMPERATURE (F)   34        25      2007


SUNRISE AND SUNSET
DECEMBER 16 2017......SUNRISE   703 AM PST   SUNSET   445 PM PST
DECEMBER 17 2017......SUNRISE   704 AM PST   SUNSET   446 PM PST


-  INDICATES NEGATIVE NUMBERS.
R  INDICATES RECORD WAS SET OR TIED.
MM INDICATES DATA IS MISSING.
T  INDICATES TRACE AMOUNT.




$$
