000
CDUS46 KHNX 290822
CLIHJO


CLIMATE REPORT
NATIONAL WEATHER SERVICE SAN JOAQUIN VALLEY, CA
121 AM PDT MON JUN 29 2015


...................................

...THE HANFORD CA CLIMATE SUMMARY FOR JUNE 28 2015...

CLIMATE NORMAL PERIOD 1981 TO 2010
CLIMATE RECORD PERIOD 1998 TO 2015


WEATHER ITEM   OBSERVED TIME   RECORD YEAR NORMAL DEPARTURE
                VALUE   (LST)  VALUE       VALUE  FROM
                                                  NORMAL
...............................................................
TEMPERATURE (F)
 YESTERDAY
  MAXIMUM         97    506 PM 107    2010  93      4
  MINIMUM         73    645 AM  57    2005  61     12
  AVERAGE         85                        77      8

PRECIPITATION (IN)
  YESTERDAY        T   R         0.00   MM   0.00   0.00
  MONTH TO DATE    T                         0.15  -0.15
  SINCE OCT 1      5.04                      9.89  -4.85
  SINCE JAN 1      1.92                      6.76  -4.84

SNOWFALL (IN)
  YESTERDAY        0.0
  MONTH TO DATE    0.0
  SINCE JUN 1      0.0
  SINCE JUL 1      0.0
  SNOW DEPTH       0

DEGREE DAYS
 HEATING
  YESTERDAY        0
  MONTH TO DATE    0
  SINCE JUN 1      0
  SINCE JUL 1   1711

 COOLING
  YESTERDAY       20
  MONTH TO DATE  425
  SINCE JUN 1    425
  SINCE JAN 1    731
...............................................................


WIND (MPH)
  HIGHEST WIND SPEED    17   HIGHEST WIND DIRECTION    NW (330)
  HIGHEST GUST SPEED    21   HIGHEST GUST DIRECTION    NW (330)
  AVERAGE WIND SPEED     8.2




RELATIVE HUMIDITY (PERCENT)
 HIGHEST    57
 LOWEST     25
 AVERAGE    41

..........................................................


THE HANFORD CA CLIMATE NORMALS FOR TODAY
                         NORMAL    RECORD    YEAR
 MAXIMUM TEMPERATURE (F)   94       107      2013
 MINIMUM TEMPERATURE (F)   61        57      2005


SUNRISE AND SUNSET
JUNE 29 2015..........SUNRISE   544 AM PDT   SUNSET   820 PM PDT
JUNE 30 2015..........SUNRISE   544 AM PDT   SUNSET   820 PM PDT


-  INDICATES NEGATIVE NUMBERS.
R  INDICATES RECORD WAS SET OR TIED.
MM INDICATES DATA IS MISSING.
T  INDICATES TRACE AMOUNT.




$$
