000
CDUS46 KHNX 260822
CLIHJO


CLIMATE REPORT
NATIONAL WEATHER SERVICE SAN JOAQUIN VALLEY, CA
122 AM PDT MON SEP 26 2016


...................................

...THE HANFORD CA CLIMATE SUMMARY FOR SEPTEMBER 25 2016...

CLIMATE NORMAL PERIOD 1981 TO 2010
CLIMATE RECORD PERIOD 1998 TO 2016


WEATHER ITEM   OBSERVED TIME   RECORD YEAR NORMAL DEPARTURE
                VALUE   (LST)  VALUE       VALUE  FROM
                                                  NORMAL
...............................................................
TEMPERATURE (F)
 YESTERDAY
  MAXIMUM         96    415 PM  99    2015  88      8
  MINIMUM         52    529 AM  44    2005  54     -2
  AVERAGE         74                        71      3

PRECIPITATION (IN)
  YESTERDAY        0.00          T    2001   0.01  -0.01
  MONTH TO DATE    0.00                      0.13  -0.13
  SINCE OCT 1      8.26                     10.06  -1.80
  SINCE JAN 1      5.66                      6.93  -1.27

SNOWFALL (IN)
  YESTERDAY        0.0
  MONTH TO DATE    0.0
  SINCE SEP 1      0.0
  SINCE JUL 1      0.0
  SNOW DEPTH       0

DEGREE DAYS
 HEATING
  YESTERDAY        0
  MONTH TO DATE    4
  SINCE SEP 1      4
  SINCE JUL 1      4

 COOLING
  YESTERDAY        9
  MONTH TO DATE  204
  SINCE SEP 1    204
  SINCE JAN 1   1863
...............................................................


WIND (MPH)
  HIGHEST WIND SPEED     8   HIGHEST WIND DIRECTION     S (170)
  HIGHEST GUST SPEED    11   HIGHEST GUST DIRECTION     S (170)
  AVERAGE WIND SPEED     2.3




RELATIVE HUMIDITY (PERCENT)
 HIGHEST    83
 LOWEST     11
 AVERAGE    47

..........................................................


THE HANFORD CA CLIMATE NORMALS FOR TODAY
                         NORMAL    RECORD    YEAR
 MAXIMUM TEMPERATURE (F)   88        98      2009
 MINIMUM TEMPERATURE (F)   54        49      2013
                                             2006


SUNRISE AND SUNSET
SEPTEMBER 26 2016.....SUNRISE   650 AM PDT   SUNSET   649 PM PDT
SEPTEMBER 27 2016.....SUNRISE   651 AM PDT   SUNSET   647 PM PDT


-  INDICATES NEGATIVE NUMBERS.
R  INDICATES RECORD WAS SET OR TIED.
MM INDICATES DATA IS MISSING.
T  INDICATES TRACE AMOUNT.




$$
