000
CDUS43 KGLD 220741
CLIHLC

CLIMATE REPORT
NATIONAL WEATHER SERVICE GOODLAND
1238 AM MST MON DEC 22 2014

...................................

...THE HILL CITY KS CLIMATE SUMMARY FOR DECEMBER 21 2014...

CLIMATE NORMAL PERIOD 1981 TO 2010
CLIMATE RECORD PERIOD 1896 TO 2014

WEATHER ITEM   OBSERVED TIME   RECORD YEAR NORMAL DEPARTURE LAST
                VALUE   (LST)  VALUE       VALUE  FROM      YEAR
                                                  NORMAL
..................................................................
TEMPERATURE (F)
 YESTERDAY
  MAXIMUM         47    244 PM  70    1964  42      5       30
  MINIMUM         28    432 AM -19    1983  17     11       12
  AVERAGE         38                        29      9       21

PRECIPITATION (IN)
  YESTERDAY        0.00                      0.01  -0.01     0.00
  MONTH TO DATE    0.27                      0.52  -0.25     0.05
  SINCE DEC 1      0.27                      0.52  -0.25     0.05
  SINCE JAN 1     21.72                     22.75  -1.03    17.61

..................................................................

THE HILL CITY KS CLIMATE NORMALS FOR TODAY
                         NORMAL    RECORD    YEAR
 MAXIMUM TEMPERATURE (F)   42        68      1964
 MINIMUM TEMPERATURE (F)   17       -26      1989

-  INDICATES NEGATIVE NUMBERS.
R  INDICATES RECORD WAS SET OR TIED.
MM INDICATES DATA IS MISSING.
T  INDICATES TRACE AMOUNT.

$$
