000
CDUS43 KGLD 310756 RRB
CLIHLC

CLIMATE REPORT
NATIONAL WEATHER SERVICE GOODLAND
153 AM MDT TUE MAY 31 2016

...................................

...THE HILL CITY KS CLIMATE SUMMARY FOR MAY 30 2016...

CLIMATE NORMAL PERIOD 1981 TO 2010
CLIMATE RECORD PERIOD 1896 TO 2016


WEATHER ITEM   OBSERVED TIME   RECORD YEAR NORMAL DEPARTURE LAST
                VALUE   (LST)  VALUE       VALUE  FROM      YEAR
                                                  NORMAL
..................................................................
TEMPERATURE (F)
 YESTERDAY
  MAXIMUM         86    428 PM 113    1934  80      6       68
  MINIMUM         51    538 AM  35    1992  55     -4       46
  AVERAGE         69                        67      2       57

PRECIPITATION (IN)
  YESTERDAY        0.33                      0.14   0.19     0.00
  MONTH TO DATE    5.13                      3.66   1.47     3.50
  SINCE MAR 1     12.05                      7.41   4.64     7.11
  SINCE JAN 1     12.94                      8.38   4.56     7.53

..................................................................


THE HILL CITY KS CLIMATE NORMALS FOR TODAY
                         NORMAL    RECORD    YEAR
 MAXIMUM TEMPERATURE (F)   80       102      2002
 MINIMUM TEMPERATURE (F)   55        40      2015
                                             1922


-  INDICATES NEGATIVE NUMBERS.
R  INDICATES RECORD WAS SET OR TIED.
MM INDICATES DATA IS MISSING.
T  INDICATES TRACE AMOUNT.


$$
