000
CDUS43 KGLD 310742
CLIHLC

CLIMATE REPORT
NATIONAL WEATHER SERVICE GOODLAND
138 AM MDT FRI JUL 31 2015

...................................

...THE HILL CITY KS CLIMATE SUMMARY FOR JULY 30 2015...

CLIMATE NORMAL PERIOD 1981 TO 2010
CLIMATE RECORD PERIOD 1896 TO 2015


WEATHER ITEM   OBSERVED TIME   RECORD YEAR NORMAL DEPARTURE LAST
                VALUE   (LST)  VALUE       VALUE  FROM      YEAR
                                                  NORMAL
..................................................................
TEMPERATURE (F)
 YESTERDAY
  MAXIMUM         89    603 PM 109    1976  92     -3       83
  MINIMUM         63    108 AM  45    1971  66     -3       62
  AVERAGE         76                        79     -3       73

PRECIPITATION (IN)
  YESTERDAY        0.00                      0.12  -0.12      T
  MONTH TO DATE    6.46                      3.58   2.88     1.80
  SINCE JUN 1      7.24                      6.34   0.90     8.73
  SINCE JAN 1     14.77                     14.84  -0.07    13.67

..................................................................


THE HILL CITY KS CLIMATE NORMALS FOR TODAY
                         NORMAL    RECORD    YEAR
 MAXIMUM TEMPERATURE (F)   92       113      1934
 MINIMUM TEMPERATURE (F)   66        53      2009



-  INDICATES NEGATIVE NUMBERS.
R  INDICATES RECORD WAS SET OR TIED.
MM INDICATES DATA IS MISSING.
T  INDICATES TRACE AMOUNT.

$$
