000
CDUS41 KPBZ 220702
CLIHLG


CLIMATE REPORT
NATIONAL WEATHER SERVICE PITTSBURGH PA
302 AM EDT FRI SEP 22 2017


...................................

...THE WHEELING CLIMATE SUMMARY FOR SEPTEMBER 21 2017...

CLIMATE NORMAL PERIOD 1981 TO 2010
CLIMATE RECORD PERIOD 1878 TO 2017


WEATHER ITEM   OBSERVED TIME   RECORD YEAR NORMAL DEPARTURE LAST
                VALUE   (LST)  VALUE       VALUE  FROM      YEAR
                                                  NORMAL
..................................................................
TEMPERATURE (F)
 YESTERDAY
  MAXIMUM         84    411 PM  94    1931  72     12       86
  MINIMUM         60    617 AM  33    1937  53      7       60
                                      1929
  AVERAGE         72                        62     10       73

PRECIPITATION (IN)
  YESTERDAY        0.00          2.26 1921   0.06  -0.06     0.00
  MONTH TO DATE    0.76                      1.69  -0.93     1.44
  SINCE JAN 1     35.66                     29.19   6.47    27.20

DEGREE DAYS
 HEATING
  YESTERDAY        0                         4     -4        0
  MONTH TO DATE   59                        40     19        0
  SINCE SEP 1     59                        40     19        0
  SINCE JUL 1     66                        51     15        2

 COOLING
  YESTERDAY        7                                         8
  MONTH TO DATE   39                                       153
  SINCE SEP 1     39                                       153
  SINCE JAN 1    667                                      1149
..................................................................


WIND (MPH)
  HIGHEST WIND SPEED     7   HIGHEST WIND DIRECTION     S (190)
  HIGHEST GUST SPEED     9   HIGHEST GUST DIRECTION     S (160)
  AVERAGE WIND SPEED     1.1


SKY COVER
  POSSIBLE SUNSHINE  MM
  AVERAGE SKY COVER 0.3


WEATHER CONDITIONS
 THE FOLLOWING WEATHER WAS RECORDED YESTERDAY.
  FOG
  FOG W/VISIBILITY <= 1/4 MILE
  HAZE


RELATIVE HUMIDITY (PERCENT)
 HIGHEST   100           300 AM
 LOWEST     44           400 PM
 AVERAGE    72

..........................................................


THE WHEELING CLIMATE NORMALS FOR TODAY
                         NORMAL    RECORD    YEAR
 MAXIMUM TEMPERATURE (F)   72        93      1931
 MINIMUM TEMPERATURE (F)   52        31      1918


SUNRISE AND SUNSET
SEPTEMBER 22 2017.....SUNRISE   710 AM EDT   SUNSET   719 PM EDT
SEPTEMBER 23 2017.....SUNRISE   711 AM EDT   SUNSET   718 PM EDT


-  INDICATES NEGATIVE NUMBERS.
R  INDICATES RECORD WAS SET OR TIED.
MM INDICATES DATA IS MISSING.
T  INDICATES TRACE AMOUNT.




$$
