144
CDUS41 KPBZ 162212
CLIHLG


CLIMATE REPORT
NATIONAL WEATHER SERVICE PITTSBURGH PA
511 PM EST TUE JAN 16 2018


...................................

...THE WHEELING CLIMATE SUMMARY FOR JANUARY 16 2018...
VALID TODAY AS OF 0500 PM LOCAL TIME.

CLIMATE NORMAL PERIOD 1981 TO 2010
CLIMATE RECORD PERIOD 1878 TO 2018


WEATHER ITEM   OBSERVED TIME   RECORD YEAR NORMAL DEPARTURE LAST
                VALUE   (LST)  VALUE       VALUE  FROM      YEAR
                                                  NORMAL
..................................................................
TEMPERATURE (F)
 TODAY
  MAXIMUM         26    919 AM  60    1949  36    -10       41
  MINIMUM         15    459 PM  -9    1929  22     -7       27
  AVERAGE         21                        29     -8       34

PRECIPITATION (IN)
  TODAY            0.03          1.26 1924   0.11  -0.08     0.03
  MONTH TO DATE    2.58                      1.67   0.91     2.06
  SINCE JAN 1      2.58                      1.67   0.91     2.06

DEGREE DAYS
 HEATING
  TODAY           44                        36      8       31
  MONTH TO DATE  713                       576    137      544
  SINCE DEC 1   1804                      1573    231     1542
  SINCE JUL 1   2796                      2701     95     2341

 COOLING
  TODAY            0                         0      0        0
  MONTH TO DATE    0                         0      0        0
  SINCE DEC 1      0                         0      0        0
  SINCE JAN 1      0                         0      0        0
..................................................................


WIND (MPH)
  HIGHEST WIND SPEED    14   HIGHEST WIND DIRECTION     W (280)
  HIGHEST GUST SPEED    17   HIGHEST GUST DIRECTION     W (290)
  AVERAGE WIND SPEED     5.9


SKY COVER
  POSSIBLE SUNSHINE  MM
  AVERAGE SKY COVER 0.9


WEATHER CONDITIONS
 THE FOLLOWING WEATHER WAS RECORDED TODAY.
  LIGHT SNOW
  FOG


RELATIVE HUMIDITY (PERCENT)
 HIGHEST    92           600 AM
 LOWEST     77          1200 PM
 AVERAGE    85

..........................................................


THE WHEELING CLIMATE NORMALS FOR TOMORROW
                         NORMAL    RECORD    YEAR
 MAXIMUM TEMPERATURE (F)   36        62      2017
 MINIMUM TEMPERATURE (F)   22        -5      2009


SUNRISE AND SUNSET
JANUARY 16 2018.......SUNRISE   743 AM EST   SUNSET   523 PM EST
JANUARY 17 2018.......SUNRISE   742 AM EST   SUNSET   524 PM EST


-  INDICATES NEGATIVE NUMBERS.
R  INDICATES RECORD WAS SET OR TIED.
MM INDICATES DATA IS MISSING.
T  INDICATES TRACE AMOUNT.




$$
