146
CDUS41 KPBZ 180803
CLIHLG


CLIMATE REPORT
NATIONAL WEATHER SERVICE PITTSBURGH PA
303 AM EST SAT NOV 18 2017


...................................

...THE WHEELING CLIMATE SUMMARY FOR NOVEMBER 17 2017...

CLIMATE NORMAL PERIOD 1981 TO 2010
CLIMATE RECORD PERIOD 1878 TO 2017


WEATHER ITEM   OBSERVED TIME   RECORD YEAR NORMAL DEPARTURE LAST
                VALUE   (LST)  VALUE       VALUE  FROM      YEAR
                                                  NORMAL
..................................................................
TEMPERATURE (F)
 YESTERDAY
  MAXIMUM         44    348 PM  75    1931  50     -6       61
  MINIMUM         35    645 AM   5    1933  35      0       30
  AVERAGE         40                        43     -3       46

PRECIPITATION (IN)
  YESTERDAY        0.00          2.90 1927   0.11  -0.11     0.00
  MONTH TO DATE    3.41                      1.77   1.64     0.43
  SINCE JAN 1     42.78                     34.09   8.69    32.78

DEGREE DAYS
 HEATING
  YESTERDAY       25                        22      3       19
  MONTH TO DATE  376                       331     45      259
  SINCE SEP 1    702                       794    -92      506
  SINCE JUL 1    709                       805    -96      508

 COOLING
  YESTERDAY        0                                         0
  MONTH TO DATE    0                                         6
  SINCE SEP 1    129                                       213
  SINCE JAN 1    757                                      1209
..................................................................


WIND (MPH)
  HIGHEST WIND SPEED    13   HIGHEST WIND DIRECTION    SE (120)
  HIGHEST GUST SPEED    16   HIGHEST GUST DIRECTION    SE (120)
  AVERAGE WIND SPEED     5.3


SKY COVER
  POSSIBLE SUNSHINE  MM
  AVERAGE SKY COVER 0.5


WEATHER CONDITIONS
 THE FOLLOWING WEATHER WAS RECORDED YESTERDAY.
  NO SIGNIFICANT WEATHER WAS OBSERVED.


RELATIVE HUMIDITY (PERCENT)
 HIGHEST    75          1200 AM
 LOWEST     53           300 PM
 AVERAGE    64

..........................................................


THE WHEELING CLIMATE NORMALS FOR TODAY
                         NORMAL    RECORD    YEAR
 MAXIMUM TEMPERATURE (F)   50        75      1921
 MINIMUM TEMPERATURE (F)   35        14      2014


SUNRISE AND SUNSET
NOVEMBER 18 2017......SUNRISE   712 AM EST   SUNSET   503 PM EST
NOVEMBER 19 2017......SUNRISE   713 AM EST   SUNSET   503 PM EST


-  INDICATES NEGATIVE NUMBERS.
R  INDICATES RECORD WAS SET OR TIED.
MM INDICATES DATA IS MISSING.
T  INDICATES TRACE AMOUNT.




$$
