000
CDUS45 KTFX 122258
CLIHLN


CLIMATE REPORT
NATIONAL WEATHER SERVICE GREAT FALLS MT
458 PM MDT SAT JUL 12 2014


...................................

...THE HELENA MT CLIMATE SUMMARY FOR JULY 12 2014...
VALID TODAY AS OF 0400 PM LOCAL TIME.

CLIMATE NORMAL PERIOD 1981 TO 2010
CLIMATE RECORD PERIOD 1866 TO 2014


WEATHER ITEM   OBSERVED TIME   RECORD YEAR NORMAL DEPARTURE LAST
                VALUE   (LST)  VALUE       VALUE  FROM      YEAR
                                                  NORMAL
..................................................................
TEMPERATURE (F)
 TODAY
  MAXIMUM         91    256 PM 105    2002  85      6       88
  MINIMUM         60    529 AM  38    1880  54      6       50
  AVERAGE         76                        70      6       69

PRECIPITATION (IN)
  TODAY            0.00          0.74 1891   0.04  -0.04      T
  MONTH TO DATE    0.09                      0.51  -0.42     0.02
  SINCE OCT 1      7.28                      8.24  -0.96     8.85
  SINCE JAN 1      6.28                      6.67  -0.39     5.55

SNOWFALL (IN)
  TODAY            0.0           0.0  1999   0.0    0.0      0.0
                                      1995
  MONTH TO DATE    0.0                       0.0    0.0      0.0
  SINCE JUN 1      0.0                       T      0.0      0.0
  SINCE JUL 1      0.0                       0.0    0.0      0.0
  SNOW DEPTH       0

DEGREE DAYS
 HEATING
  TODAY            0                         1     -1        0
  MONTH TO DATE    0                        17    -17        0
  SINCE JUN 1    127                       153    -26      146
  SINCE JUL 1      0                        17    -17        0

 COOLING
  TODAY           11                         6      5        4
  MONTH TO DATE  104                        57     47      110
  SINCE JUN 1    107                       106      1      152
  SINCE JAN 1    111                       114     -3      159
..................................................................


WIND (MPH)
  HIGHEST WIND SPEED    10   HIGHEST WIND DIRECTION     N (20)
  HIGHEST GUST SPEED    17   HIGHEST GUST DIRECTION    NW (320)
  AVERAGE WIND SPEED     4.7


SKY COVER
  AVERAGE SKY COVER 0.1


WEATHER CONDITIONS
 THE FOLLOWING WEATHER WAS RECORDED TODAY.
  NO SIGNIFICANT WEATHER WAS OBSERVED.


RELATIVE HUMIDITY (PERCENT)
 HIGHEST    72           400 AM
 LOWEST     21           300 PM
 AVERAGE    47

..........................................................


THE HELENA MT CLIMATE NORMALS FOR TOMORROW
                         NORMAL    RECORD    YEAR
 MAXIMUM TEMPERATURE (F)   86       104      2002
 MINIMUM TEMPERATURE (F)   54        42      1965
                                             1912


SUNRISE AND SUNSET
JULY 12 2014..........SUNRISE   547 AM MDT   SUNSET   920 PM MDT
JULY 13 2014..........SUNRISE   548 AM MDT   SUNSET   919 PM MDT


-  INDICATES NEGATIVE NUMBERS.
R  INDICATES RECORD WAS SET OR TIED.
MM INDICATES DATA IS MISSING.
T  INDICATES TRACE AMOUNT.




$$
