000
CDUS45 KTFX 301031
CLIHLN


CLIMATE REPORT
NATIONAL WEATHER SERVICE GREAT FALLS MT
431 AM MDT WED JUL 30 2014


...................................

...THE HELENA MT CLIMATE SUMMARY FOR JULY 29 2014...

CLIMATE NORMAL PERIOD 1981 TO 2010
CLIMATE RECORD PERIOD 1866 TO 2014


WEATHER ITEM   OBSERVED TIME   RECORD YEAR NORMAL DEPARTURE LAST
                VALUE   (LST)  VALUE       VALUE  FROM      YEAR
                                                  NORMAL
..................................................................
TEMPERATURE (F)
 YESTERDAY
  MAXIMUM         94    304 PM 101    2006  88      6       77
  MINIMUM         61    501 AM  40    1959  55      6       55
  AVERAGE         78                        72      6       66

PRECIPITATION (IN)
  YESTERDAY        0.00          0.27 1883   0.04  -0.04     0.23
  MONTH TO DATE    0.56                      1.12  -0.56     0.88
  SINCE OCT 1      7.75                      8.85  -1.10     9.71
  SINCE JAN 1      6.75                      7.28  -0.53     6.41

SNOWFALL (IN)
  YESTERDAY        0.0           0.0  2000   0.0    0.0      0.0
                                      2001
                                      1995
  MONTH TO DATE    0.0                       0.0    0.0      0.0
  SINCE JUN 1      0.0                       T      0.0      0.0
  SINCE JUL 1      0.0                       0.0    0.0      0.0
  SNOW DEPTH       0

DEGREE DAYS
 HEATING
  YESTERDAY        0                         0      0        0
  MONTH TO DATE    0                        26    -26        0
  SINCE JUN 1    127                       162    -35      146
  SINCE JUL 1      0                        26    -26        0

 COOLING
  YESTERDAY       13                         7      6        1
  MONTH TO DATE  242                       171     71      251
  SINCE JUN 1    245                       220     25      293
  SINCE JAN 1    249                       228     21      300
..................................................................


WIND (MPH)
  HIGHEST WIND SPEED    17   HIGHEST WIND DIRECTION     E (80)
  HIGHEST GUST SPEED    28   HIGHEST GUST DIRECTION    NE (30)
  AVERAGE WIND SPEED     3.0


SKY COVER
  AVERAGE SKY COVER 0.1


WEATHER CONDITIONS
 THE FOLLOWING WEATHER WAS RECORDED YESTERDAY.
  NO SIGNIFICANT WEATHER WAS OBSERVED.


RELATIVE HUMIDITY (PERCENT)
 HIGHEST    56           500 AM
 LOWEST     14           300 PM
 AVERAGE    35

..........................................................


THE HELENA MT CLIMATE NORMALS FOR TODAY
                         NORMAL    RECORD    YEAR
 MAXIMUM TEMPERATURE (F)   88       101      2000
 MINIMUM TEMPERATURE (F)   55        42      1995


SUNRISE AND SUNSET
JULY 30 2014..........SUNRISE   606 AM MDT   SUNSET   902 PM MDT
JULY 31 2014..........SUNRISE   607 AM MDT   SUNSET   900 PM MDT


-  INDICATES NEGATIVE NUMBERS.
R  INDICATES RECORD WAS SET OR TIED.
MM INDICATES DATA IS MISSING.
T  INDICATES TRACE AMOUNT.




$$
