000
CDUS45 KTFX 300759
CLIHLN


CLIMATE REPORT
NATIONAL WEATHER SERVICE GREAT FALLS MT
159 AM MDT SAT APR 30 2016


...................................

...THE HELENA MT CLIMATE SUMMARY FOR APRIL 29 2016...

CLIMATE NORMAL PERIOD 1981 TO 2010
CLIMATE RECORD PERIOD 1866 TO 2016


WEATHER ITEM   OBSERVED TIME   RECORD YEAR NORMAL DEPARTURE LAST
                VALUE   (LST)  VALUE       VALUE  FROM      YEAR
                                                  NORMAL
..................................................................
TEMPERATURE (F)
 YESTERDAY
  MAXIMUM         57    513 PM  86    1992  62     -5       78
  MINIMUM         37    537 AM  14    1954  36      1       42
  AVERAGE         47                        49     -2       60

PRECIPITATION (IN)
  YESTERDAY        0.00          0.46 1933   0.04  -0.04     0.00
  MONTH TO DATE    1.00                      0.94   0.06     0.53
  SINCE OCT 1      3.36                      3.76  -0.40     3.98
  SINCE JAN 1      1.66                      2.19  -0.53     1.70

SNOWFALL (IN)
  YESTERDAY        0.0           4.0  1999   0.1   -0.1      0.0
  MONTH TO DATE    T                         3.6   -3.6       T
  SINCE MAR 1      T                         9.8   -9.8       T
  SINCE JUL 1     14.8                      37.1  -22.3     24.3
  SNOW DEPTH       0

DEGREE DAYS
 HEATING
  YESTERDAY       18                        16      2        5
  MONTH TO DATE  432                       586   -154      555
  SINCE MAR 1   1191                      1477   -286     1176
  SINCE JUL 1   6131                      7038   -907     6184

 COOLING
  YESTERDAY        0                         0      0        0
  MONTH TO DATE    0                         0      0        0
  SINCE MAR 1      0                         0      0        0
  SINCE JAN 1      0                         0      0        0
..................................................................


WIND (MPH)
  HIGHEST WIND SPEED    16   HIGHEST WIND DIRECTION     N (340)
  HIGHEST GUST SPEED    19   HIGHEST GUST DIRECTION     N (350)
  AVERAGE WIND SPEED     5.5


SKY COVER
  AVERAGE SKY COVER 0.9


WEATHER CONDITIONS
 THE FOLLOWING WEATHER WAS RECORDED YESTERDAY.
  NO SIGNIFICANT WEATHER WAS OBSERVED.


RELATIVE HUMIDITY (PERCENT)
 HIGHEST    82           600 AM
 LOWEST     35           200 PM
 AVERAGE    59

..........................................................


THE HELENA MT CLIMATE NORMALS FOR TODAY
                         NORMAL    RECORD    YEAR
 MAXIMUM TEMPERATURE (F)   62        83      1987
 MINIMUM TEMPERATURE (F)   36        13      1909


SUNRISE AND SUNSET
APRIL 30 2016.........SUNRISE   614 AM MDT   SUNSET   837 PM MDT
MAY  1 2016...........SUNRISE   613 AM MDT   SUNSET   838 PM MDT


-  INDICATES NEGATIVE NUMBERS.
R  INDICATES RECORD WAS SET OR TIED.
MM INDICATES DATA IS MISSING.
T  INDICATES TRACE AMOUNT.




$$
