000
CDUS45 KTFX 251139
CLIHLN


CLIMATE REPORT
NATIONAL WEATHER SERVICE GREAT FALLS MT
438 AM MST TUE NOV 25 2014


...................................

...THE HELENA MT CLIMATE SUMMARY FOR NOVEMBER 24 2014...

CLIMATE NORMAL PERIOD 1981 TO 2010
CLIMATE RECORD PERIOD 1866 TO 2014


WEATHER ITEM   OBSERVED TIME   RECORD YEAR NORMAL DEPARTURE LAST
                VALUE   (LST)  VALUE       VALUE  FROM      YEAR
                                                  NORMAL
..................................................................
TEMPERATURE (F)
 YESTERDAY
  MAXIMUM         42    137 PM  63    1986  38      4       33
                                      1964
  MINIMUM         31   1134 PM -17    1880  19     12        9
  AVERAGE         37                        28      9       21

PRECIPITATION (IN)
  YESTERDAY        0.00          1.23 1892   0.02  -0.02     0.00
  MONTH TO DATE    0.28                      0.39  -0.11     0.15
  SINCE OCT 1      0.68                      1.07  -0.39     0.71
  SINCE JAN 1     10.64                     10.72  -0.08    10.29

SNOWFALL (IN)
  YESTERDAY        0.0           6.0  1897   0.2   -0.2      0.0
  MONTH TO DATE    0.7                       3.5   -2.8      1.5
  SINCE SEP 1      0.7                       7.2   -6.5      3.5
  SINCE JUL 1      0.7                       7.5   -6.8      3.5
  SNOW DEPTH       0

DEGREE DAYS
 HEATING
  YESTERDAY       28                        37     -9       44
  MONTH TO DATE  848                       747    101      742
  SINCE SEP 1   1425                      1586   -161     1591
  SINCE JUL 1   1472                      1655   -183     1594

 COOLING
  YESTERDAY        0                         0      0        0
  MONTH TO DATE    0                         0      0        0
  SINCE SEP 1     21                        23     -2       80
  SINCE JAN 1    469                       406     63      589
..................................................................


WIND (MPH)
  HIGHEST WIND SPEED    28   HIGHEST WIND DIRECTION     W (290)
  HIGHEST GUST SPEED    37   HIGHEST GUST DIRECTION     W (270)
  AVERAGE WIND SPEED    13.5


SKY COVER
  AVERAGE SKY COVER 0.2


WEATHER CONDITIONS
 THE FOLLOWING WEATHER WAS RECORDED YESTERDAY.
  NO SIGNIFICANT WEATHER WAS OBSERVED.


RELATIVE HUMIDITY (PERCENT)
 HIGHEST    64           100 AM
 LOWEST     34           200 PM
 AVERAGE    49

..........................................................


THE HELENA MT CLIMATE NORMALS FOR TODAY
                         NORMAL    RECORD    YEAR
 MAXIMUM TEMPERATURE (F)   38        64      1949
 MINIMUM TEMPERATURE (F)   18       -15      1985


SUNRISE AND SUNSET
NOVEMBER 25 2014......SUNRISE   744 AM MST   SUNSET   446 PM MST
NOVEMBER 26 2014......SUNRISE   745 AM MST   SUNSET   445 PM MST


-  INDICATES NEGATIVE NUMBERS.
R  INDICATES RECORD WAS SET OR TIED.
MM INDICATES DATA IS MISSING.
T  INDICATES TRACE AMOUNT.




$$
