000
CDHW40 PHFO 230231
CLIHNL


CLIMATE REPORT
NATIONAL WEATHER SERVICE HONOLULU HI
429 PM HST MON SEP 22 2014


...................................

...THE HONOLULU HI CLIMATE SUMMARY FOR SEPTEMBER 22 2014...
VALID TODAY AS OF 0400 PM LOCAL TIME.

CLIMATE NORMAL PERIOD 1981 TO 2010
CLIMATE RECORD PERIOD 1946 TO 2014


WEATHER ITEM   OBSERVED TIME   RECORD YEAR NORMAL DEPARTURE LAST
                VALUE   (LST)  VALUE       VALUE  FROM      YEAR
                                                  NORMAL
..................................................................
TEMPERATURE (F)
 TODAY
  MAXIMUM         92    121 PM  93    1995  88      4       88
  MINIMUM         76    551 AM  66    1975  74      2       75
                                      1893
  AVERAGE         84                        81      3       82

PRECIPITATION (IN)
  TODAY            0.00          0.37 1964   0.03  -0.03      T
  MONTH TO DATE    0.23                      0.47  -0.24     0.59
  SINCE SEP 1      0.23                      0.47  -0.24     0.59
  SINCE JAN 1     12.46                      9.37   3.09     9.67

SNOWFALL (IN)
  TODAY            0.0
  MONTH TO DATE    0.0
  SINCE SEP 1      0.0
  SINCE JUL 1      0.0
  SNOW DEPTH       0

DEGREE DAYS
 HEATING
  TODAY            0                         0      0        0
  MONTH TO DATE    0                         0      0        0
  SINCE SEP 1      0                         0      0        0
  SINCE JUL 1      0                         0      0        0

 COOLING
  TODAY           19                        16      3       17
  MONTH TO DATE  395                       368     27      358
  SINCE SEP 1    395                       368     27      358
  SINCE JAN 1   3553                      3352    201     3218
..................................................................


WIND (MPH)
  HIGHEST WIND SPEED    23   HIGHEST WIND DIRECTION    NE (60)
  HIGHEST GUST SPEED    30   HIGHEST GUST DIRECTION     E (80)
  AVERAGE WIND SPEED     9.6


SKY COVER
  POSSIBLE SUNSHINE  MM
  AVERAGE SKY COVER 0.3


WEATHER CONDITIONS
 THE FOLLOWING WEATHER WAS RECORDED TODAY.
  NO SIGNIFICANT WEATHER WAS OBSERVED.


RELATIVE HUMIDITY (PERCENT)
 HIGHEST    76           500 AM
 LOWEST     44          1200 PM
 AVERAGE    60

..........................................................


THE HONOLULU HI CLIMATE NORMALS FOR TOMORROW
                         NORMAL    RECORD    YEAR
 MAXIMUM TEMPERATURE (F)   88        93      1995
 MINIMUM TEMPERATURE (F)   74        67      1950


SUNRISE AND SUNSET
SEPTEMBER 22 2014.....SUNRISE   621 AM HST   SUNSET   628 PM HST
SEPTEMBER 23 2014.....SUNRISE   621 AM HST   SUNSET   627 PM HST


-  INDICATES NEGATIVE NUMBERS.
R  INDICATES RECORD WAS SET OR TIED.
MM INDICATES DATA IS MISSING.
T  INDICATES TRACE AMOUNT.




$$
