000
CDHW40 PHFO 201245
CLIHNL


CLIMATE REPORT
NATIONAL WEATHER SERVICE HONOLULU HI
245 AM HST SAT DEC 20 2014


...................................

...THE HONOLULU HI CLIMATE SUMMARY FOR DECEMBER 19 2014...

CLIMATE NORMAL PERIOD 1981 TO 2010
CLIMATE RECORD PERIOD 1946 TO 2014


WEATHER ITEM   OBSERVED TIME   RECORD YEAR NORMAL DEPARTURE LAST
                VALUE   (LST)  VALUE       VALUE  FROM      YEAR
                                                  NORMAL
..................................................................
TEMPERATURE (F)
 YESTERDAY
  MAXIMUM         84    125 PM  88    1995  81      3       82
  MINIMUM         73    631 AM  58    1972  68      5       67
                                      1892
  AVERAGE         79                        74      5       75

PRECIPITATION (IN)
  YESTERDAY        T             5.41 2010   0.13  -0.13     0.09
  MONTH TO DATE    0.33                      1.87  -1.54     3.63
  SINCE DEC 1      0.33                      1.87  -1.54     3.63
  SINCE JAN 1     20.08                     15.73   4.35    16.17

SNOWFALL (IN)
  YESTERDAY        0.0
  MONTH TO DATE    0.0
  SINCE DEC 1      0.0
  SINCE JUL 1      0.0
  SNOW DEPTH       0

DEGREE DAYS
 HEATING
  YESTERDAY        0                         0      0        0
  MONTH TO DATE    0                         0      0        0
  SINCE DEC 1      0                         0      0        0
  SINCE JUL 1      0                         0      0        0

 COOLING
  YESTERDAY       14                         9      5       10
  MONTH TO DATE  195                       195      0      206
  SINCE DEC 1    195                       195      0      206
  SINCE JAN 1   4820                      4521    299     4343
..................................................................


WIND (MPH)
  HIGHEST WIND SPEED    20   HIGHEST WIND DIRECTION    NE (60)
  HIGHEST GUST SPEED    26   HIGHEST GUST DIRECTION    NE (40)
  AVERAGE WIND SPEED    11.0


SKY COVER
  POSSIBLE SUNSHINE  MM
  AVERAGE SKY COVER 0.5


WEATHER CONDITIONS
 THE FOLLOWING WEATHER WAS RECORDED YESTERDAY.
  LIGHT RAIN


RELATIVE HUMIDITY (PERCENT)
 HIGHEST    79           300 AM
 LOWEST     58          1000 AM
 AVERAGE    69

..........................................................


THE HONOLULU HI CLIMATE NORMALS FOR TODAY
                         NORMAL    RECORD    YEAR
 MAXIMUM TEMPERATURE (F)   81        87      1995
                                             1979
 MINIMUM TEMPERATURE (F)   68        54      1962


SUNRISE AND SUNSET
DECEMBER 20 2014......SUNRISE   704 AM HST   SUNSET   555 PM HST
DECEMBER 21 2014......SUNRISE   705 AM HST   SUNSET   555 PM HST


-  INDICATES NEGATIVE NUMBERS.
R  INDICATES RECORD WAS SET OR TIED.
MM INDICATES DATA IS MISSING.
T  INDICATES TRACE AMOUNT.




$$
