000
CDHW40 PHFO 200234
CLIHNL


CLIMATE REPORT
NATIONAL WEATHER SERVICE HONOLULU HI
426 PM HST SUN NOV 19 2017


...................................

...THE HONOLULU HI CLIMATE SUMMARY FOR NOVEMBER 19 2017...
VALID TODAY AS OF 0400 PM LOCAL TIME.

CLIMATE NORMAL PERIOD 1981 TO 2010
CLIMATE RECORD PERIOD 1946 TO 2017


WEATHER ITEM   OBSERVED TIME   RECORD YEAR NORMAL DEPARTURE LAST
                VALUE   (LST)  VALUE       VALUE  FROM      YEAR
                                                  NORMAL
..................................................................
TEMPERATURE (F)
 TODAY
  MAXIMUM         83    221 PM  90    1995  84     -1       80
  MINIMUM         67    541 AM  64    2012  71     -4       71
  AVERAGE         75                        77     -2       76

PRECIPITATION (IN)
  TODAY            T             0.45 2007   0.07  -0.07     0.03
  MONTH TO DATE    0.44                      1.59  -1.15     0.10
  SINCE SEP 1      3.32                      4.13  -0.81     3.14
  SINCE JAN 1     19.21                     13.03   6.18    11.66

SNOWFALL (IN)
  TODAY            0.0
  MONTH TO DATE    0.0
  SINCE SEP 1      0.0
  SINCE JUL 1      0.0
  SNOW DEPTH      MM

DEGREE DAYS
 HEATING
  TODAY            0                         0      0        0
  MONTH TO DATE    0                         0      0        0
  SINCE SEP 1      0                         0      0        0
  SINCE JUL 1      0                         0      0        0

 COOLING
  TODAY           10                        12     -2       11
  MONTH TO DATE  288                       251     37      244
  SINCE SEP 1   1259                      1213     46     1183
  SINCE JAN 1   4312                      4197    115     4298
..................................................................


WIND (MPH)
  HIGHEST WIND SPEED    21   HIGHEST WIND DIRECTION    NW (330)
  HIGHEST GUST SPEED    28   HIGHEST GUST DIRECTION     N (340)
  AVERAGE WIND SPEED    MM


SKY COVER
  POSSIBLE SUNSHINE  MM
  AVERAGE SKY COVER  MM


WEATHER CONDITIONS
 THE FOLLOWING WEATHER WAS RECORDED TODAY.
  NO SIGNIFICANT WEATHER WAS OBSERVED.


RELATIVE HUMIDITY (PERCENT)
 HIGHEST    MM
 LOWEST     MM
 AVERAGE    MM

..........................................................


THE HONOLULU HI CLIMATE NORMALS FOR TOMORROW
                         NORMAL    RECORD    YEAR
 MAXIMUM TEMPERATURE (F)   84        87      1991
                                             1988
                                             1986
 MINIMUM TEMPERATURE (F)   71        63      1949


SUNRISE AND SUNSET
NOVEMBER 19 2017......SUNRISE   645 AM HST   SUNSET   549 PM HST
NOVEMBER 20 2017......SUNRISE   646 AM HST   SUNSET   549 PM HST


-  INDICATES NEGATIVE NUMBERS.
R  INDICATES RECORD WAS SET OR TIED.
MM INDICATES DATA IS MISSING.
T  INDICATES TRACE AMOUNT.




$$
