000
CDUS43 KFSD 270646
CLIHON


CLIMATE REPORT
NATIONAL WEATHER SERVICE SIOUX FALLS SD
1245 AM CST SAT DEC 27 2014


...................................

...THE HURON SD CLIMATE SUMMARY FOR DECEMBER 26 2014...

CLIMATE NORMAL PERIOD 1981 TO 2010
CLIMATE RECORD PERIOD 1881 TO 2014


WEATHER ITEM   OBSERVED TIME   RECORD YEAR NORMAL DEPARTURE LAST
                VALUE   (LST)  VALUE       VALUE  FROM      YEAR
                                                  NORMAL
..................................................................
TEMPERATURE (F)
 YESTERDAY
  MAXIMUM         26    349 AM  57    1907  27     -1       36
  MINIMUM         16   1159 PM -26    1964   7      9       11
                                      1902
                                      1886
  AVERAGE         21                        17      4       24

PRECIPITATION (IN)
  YESTERDAY        0.01          0.43 1988   0.01   0.00     0.00
  MONTH TO DATE    0.67                      0.43   0.24     0.80
  SINCE DEC 1      0.67                      0.43   0.24     0.80
  SINCE JAN 1     16.35                     22.81  -6.46    24.98

SNOWFALL (IN)
  YESTERDAY        0.3           5.6  2009   0.3    0.0      0.0
  MONTH TO DATE    5.0                       6.7   -1.7      9.7
  SINCE DEC 1      5.0                       6.7   -1.7      9.7
  SINCE JUL 1     12.9                      15.0   -2.1     12.2
  SNOW DEPTH       4

DEGREE DAYS
 HEATING
  YESTERDAY       44                        48     -4       41
  MONTH TO DATE  988                      1177   -189     1408
  SINCE DEC 1    988                      1177   -189     1408
  SINCE JUL 1   2845                      2879    -34     3045

 COOLING
  YESTERDAY        0                         0      0        0
  MONTH TO DATE    0                         0      0        0
  SINCE DEC 1      0                         0      0        0
  SINCE JAN 1    597                       742   -145      848
..................................................................


WIND (MPH)
  HIGHEST WIND SPEED    25   HIGHEST WIND DIRECTION     N (360)
  HIGHEST GUST SPEED    30   HIGHEST GUST DIRECTION     N (360)
  AVERAGE WIND SPEED    14.4


SKY COVER
  POSSIBLE SUNSHINE  MM
  AVERAGE SKY COVER 1.0


WEATHER CONDITIONS
 THE FOLLOWING WEATHER WAS RECORDED YESTERDAY.
  LT FREEZING RAIN
  LIGHT SNOW
  FOG


RELATIVE HUMIDITY (PERCENT)
 HIGHEST    92          1200 AM
 LOWEST     74          1200 PM
 AVERAGE    83

..........................................................


THE HURON SD CLIMATE NORMALS FOR TODAY
                         NORMAL    RECORD    YEAR
 MAXIMUM TEMPERATURE (F)   27        62      1928
 MINIMUM TEMPERATURE (F)    7       -28      1886


SUNRISE AND SUNSET
DECEMBER 27 2014......SUNRISE   808 AM CST   SUNSET   500 PM CST
DECEMBER 28 2014......SUNRISE   808 AM CST   SUNSET   501 PM CST


-  INDICATES NEGATIVE NUMBERS.
R  INDICATES RECORD WAS SET OR TIED.
MM INDICATES DATA IS MISSING.
T  INDICATES TRACE AMOUNT.




$$
