000
CDUS43 KFSD 160642
CLIHON


CLIMATE REPORT
NATIONAL WEATHER SERVICE SIOUX FALLS SD
142 AM CDT TUE SEP 16 2014


...................................

...THE HURON SD CLIMATE SUMMARY FOR SEPTEMBER 15 2014...

CLIMATE NORMAL PERIOD 1981 TO 2010
CLIMATE RECORD PERIOD 1881 TO 2014


WEATHER ITEM   OBSERVED TIME   RECORD YEAR NORMAL DEPARTURE LAST
                VALUE   (LST)  VALUE       VALUE  FROM      YEAR
                                                  NORMAL
..................................................................
TEMPERATURE (F)
 YESTERDAY
  MAXIMUM         65    445 PM 101    1955  75    -10       69
  MINIMUM         36    617 AM  28    1916  49    -13       47
  AVERAGE         51                        62    -11       58

PRECIPITATION (IN)
  YESTERDAY        0.00          1.35 1997   0.09  -0.09     0.00
  MONTH TO DATE    0.26                      1.32  -1.06     0.22
  SINCE SEP 1      0.26                      1.32  -1.06     0.22
  SINCE JAN 1     13.82                     18.58  -4.76    17.42

SNOWFALL (IN)
  YESTERDAY        0.0           0.0    MM   0.0    0.0      0.0
  MONTH TO DATE    0.0                       0.0    0.0      0.0
  SINCE SEP 1      0.0                       0.0    0.0      0.0
  SINCE JUL 1      0.0                       0.0    0.0      0.0
  SNOW DEPTH       0

DEGREE DAYS
 HEATING
  YESTERDAY       14                         5      9        7
  MONTH TO DATE  109                        49     60       12
  SINCE SEP 1    109                        49     60       12
  SINCE JUL 1    142                        78     64       34

 COOLING
  YESTERDAY        0                         2     -2        0
  MONTH TO DATE   28                        53    -25      112
  SINCE SEP 1     28                        53    -25      112
  SINCE JAN 1    551                       722   -171      800
..................................................................


WIND (MPH)
  HIGHEST WIND SPEED    14   HIGHEST WIND DIRECTION     N (360)
  HIGHEST GUST SPEED    20   HIGHEST GUST DIRECTION    NE (30)
  AVERAGE WIND SPEED     5.4


SKY COVER
  POSSIBLE SUNSHINE  MM
  AVERAGE SKY COVER 0.2


WEATHER CONDITIONS
 THE FOLLOWING WEATHER WAS RECORDED YESTERDAY.
  FOG


RELATIVE HUMIDITY (PERCENT)
 HIGHEST   100           600 AM
 LOWEST     30           500 PM
 AVERAGE    65

..........................................................


THE HURON SD CLIMATE NORMALS FOR TODAY
                         NORMAL    RECORD    YEAR
 MAXIMUM TEMPERATURE (F)   75        97      1925
 MINIMUM TEMPERATURE (F)   49        25      1903


SUNRISE AND SUNSET
SEPTEMBER 16 2014.....SUNRISE   713 AM CDT   SUNSET   741 PM CDT
SEPTEMBER 17 2014.....SUNRISE   714 AM CDT   SUNSET   740 PM CDT


-  INDICATES NEGATIVE NUMBERS.
R  INDICATES RECORD WAS SET OR TIED.
MM INDICATES DATA IS MISSING.
T  INDICATES TRACE AMOUNT.




$$
