000
CDUS43 KFSD 250046
CLIHON


CLIMATE REPORT
NATIONAL WEATHER SERVICE SIOUX FALLS SD
746 PM CDT THU APR 24 2014


...................................

...THE HURON SD CLIMATE SUMMARY FOR APRIL 24 2014...
VALID AS OF 0700 PM LOCAL TIME.

CLIMATE NORMAL PERIOD 1981 TO 2010
CLIMATE RECORD PERIOD 1881 TO 2014


WEATHER ITEM   OBSERVED TIME   RECORD YEAR NORMAL DEPARTURE LAST
                VALUE   (LST)  VALUE       VALUE  FROM      YEAR
                                                  NORMAL
..................................................................
TEMPERATURE (F)
 TODAY
  MAXIMUM         70    149 PM  90    1906  63      7       46
  MINIMUM         42    547 AM  21    2005  37      5       24
  AVERAGE         56                        50      6       35

PRECIPITATION (IN)
  TODAY            T             1.29 1935   0.09  -0.09     0.05
  MONTH TO DATE    0.18                      1.78  -1.60     2.94
  SINCE MAR 1      0.65                      3.24  -2.59     3.72
  SINCE JAN 1      1.21                      4.34  -3.13     5.10

SNOWFALL (IN)
  TODAY            0.0           1.0  2009   0.1   -0.1       T
                                      1937
  MONTH TO DATE    2.2                       3.7   -1.5     19.7
  SINCE MAR 1      6.9                      12.6   -5.7     26.9
  SINCE JUL 1     28.6                      43.6  -15.0     60.1
  SNOW DEPTH       0

DEGREE DAYS
 HEATING
  TODAY            9                        15     -6       30
  MONTH TO DATE  497                       477     20      757
  SINCE MAR 1   1598                      1464    134     1995
  SINCE JUL 1   7918                      7296    622     7821

 COOLING
  TODAY            0                         0      0        0
  MONTH TO DATE    0                         0      0        0
  SINCE MAR 1      0                         0      0        0
  SINCE JAN 1      0                         0      0        0
..................................................................


WIND (MPH)
  HIGHEST WIND SPEED    35   HIGHEST WIND DIRECTION    NW (310)
  HIGHEST GUST SPEED    43   HIGHEST GUST DIRECTION    NW (300)
  AVERAGE WIND SPEED    14.7


SKY COVER
  POSSIBLE SUNSHINE  MM
  AVERAGE SKY COVER 0.5


WEATHER CONDITIONS
 THE FOLLOWING WEATHER WAS RECORDED TODAY.
  LIGHT RAIN
  FOG


RELATIVE HUMIDITY (PERCENT)
 HIGHEST    MM
 LOWEST     MM
 AVERAGE    MM

..........................................................


THE HURON SD CLIMATE NORMALS FOR TOMORROW
                         NORMAL    RECORD    YEAR
 MAXIMUM TEMPERATURE (F)   64        93      1962
 MINIMUM TEMPERATURE (F)   38        22      2013


SUNRISE AND SUNSET
APRIL 24 2014.........SUNRISE   634 AM CDT   SUNSET   829 PM CDT
APRIL 25 2014.........SUNRISE   633 AM CDT   SUNSET   830 PM CDT


-  INDICATES NEGATIVE NUMBERS.
R  INDICATES RECORD WAS SET OR TIED.
MM INDICATES DATA IS MISSING.
T  INDICATES TRACE AMOUNT.



&&
.........................................................

ADDITIONAL WEATHER INFORMATION FOR TODAY
        TEMPERATURE / HUMIDITY
AT  4 AM      45    /    85%
AT  7 AM      43    /    89%
AT 10 AM      49    /    73%
AT  1 PM      67    /    23%
AT  4 PM      68    /    18%
AT  7 PM      65    /    15%

$$
