719
CDUS44 KHGX 112250
CLIHOU

CLIMATE REPORT
NATIONAL WEATHER SERVICE HOUSTON/GALVESTON TX
427 PM CST THU FEB 11 2016


...................................

...THE HOUSTON INTERCONTINENTAL CLIMATE SUMMARY FOR FEBRUARY 11 2016...
VALID TODAY AS OF 400 PM LOCAL TIME.

CLIMATE NORMAL PERIOD 1981 TO 2010
CLIMATE RECORD PERIOD 1892 TO 2016


WEATHER ITEM   OBSERVED TIME   RECORD YEAR NORMAL DEPARTURE LAST
                VALUE   (LST)  VALUE       VALUE  FROM      YEAR
                                                  NORMAL
..................................................................
TEMPERATURE (F)
 TODAY
  MAXIMUM         80    243 PM  82    1999  66     14       75
  MINIMUM         55    716 AM  20    1981  46      9       44
  AVERAGE         68                        56     12       60

PRECIPITATION (IN)
  TODAY            0.00          1.88 1898   0.11  -0.11     0.00
  MONTH TO DATE    0.15                      1.20  -1.05     0.34
  SINCE DEC 1      7.52                      8.32  -0.80     9.11
  SINCE JAN 1      2.31                      4.58  -2.27     3.51

SNOWFALL (IN)
  TODAY            0.0           T    1944   0.0    0.0      0.0
  MONTH TO DATE    0.0                       0.0    0.0      0.0
  SINCE DEC 1      0.0                       0.1   -0.1      0.0
  SINCE JUL 1      0.0                       0.1   -0.1      0.0
  SNOW DEPTH       0

DEGREE DAYS
 HEATING
  TODAY            0                        10    -10        5
  MONTH TO DATE  112                       119     -7      114
  SINCE DEC 1    722                       858   -136      835
  SINCE JUL 1    835                      1043   -208     1083
..................................................................


WIND (MPH)
  RESULTANT WIND SPEED   9   RESULTANT WIND DIRECTION  SW (230)
  HIGHEST WIND SPEED    20   HIGHEST WIND DIRECTION    SW (230)
  HIGHEST GUST SPEED    25   HIGHEST GUST DIRECTION    SW (230)
  AVERAGE WIND SPEED     9.7


WEATHER CONDITIONS
 THE FOLLOWING WEATHER WAS RECORDED TODAY.
  NO SIGNIFICANT WEATHER WAS OBSERVED.


RELATIVE HUMIDITY (PERCENT)
 HIGHEST    77           700 AM
 LOWEST     25           200 PM
 AVERAGE    51

..........................................................


THE HOUSTON INTERCONTINENTAL CLIMATE NORMALS FOR TOMORROW
                         NORMAL    RECORD    YEAR
 MAXIMUM TEMPERATURE (F)   66        84      1922
 MINIMUM TEMPERATURE (F)   46         6      1899


SUNRISE AND SUNSET
FEBRUARY 11 2016......SUNRISE   705 AM CST   SUNSET   607 PM CST
FEBRUARY 12 2016......SUNRISE   704 AM CST   SUNSET   607 PM CST


-  INDICATES NEGATIVE NUMBERS.
R  INDICATES RECORD WAS SET OR TIED.
MM INDICATES DATA IS MISSING.
T  INDICATES TRACE AMOUNT.


&&

...................................

...THE HOUSTON/HOBBY AIRPORT CLIMATE SUMMARY FOR FEBRUARY 11 2016...
VALID TODAY AS OF 400 PM LOCAL TIME.

CLIMATE NORMAL PERIOD 1981 TO 2010
CLIMATE RECORD PERIOD 1930 TO 2016


WEATHER ITEM   OBSERVED TIME   RECORD YEAR NORMAL DEPARTURE LAST
                VALUE   (LST)  VALUE       VALUE  FROM      YEAR
                                                  NORMAL
..................................................................
TEMPERATURE (F)
 TODAY
  MAXIMUM         78    353 PM  79    2000  65     13       72
                                      1976
                                      1967
  MINIMUM         51    253 AM  20    1981  48      3       49
  AVERAGE         65                        56      9       61

PRECIPITATION (IN)
  TODAY            0.00          1.84 1959   0.11  -0.11     0.00
  MONTH TO DATE    0.19                      1.28  -1.09     0.28
  SINCE DEC 1      6.19                      9.18  -2.99    10.02
  SINCE JAN 1      2.70                      5.15  -2.45     5.41

SNOWFALL (IN)
  TODAY            0.0          MM      MM   0.0    0.0     MM
  MONTH TO DATE    0.0                       0.0    0.0      0.0
  SINCE DEC 1      0.0                       0.0    0.0      0.0
  SINCE JUL 1      0.0                       0.0    0.0      0.0
  SNOW DEPTH       0

DEGREE DAYS
 HEATING
  TODAY            0                         9     -9        4
  MONTH TO DATE  100                       108     -8      100
  SINCE DEC 1    611                       783   -172      760
  SINCE JUL 1    685                       939   -254      974
..................................................................


WIND (MPH)
  RESULTANT WIND SPEED  13   RESULTANT WIND DIRECTION  SW (220)
  HIGHEST WIND SPEED    24   HIGHEST WIND DIRECTION    SW (240)
  HIGHEST GUST SPEED    31   HIGHEST GUST DIRECTION    SW (230)
  AVERAGE WIND SPEED    13.1


WEATHER CONDITIONS
 THE FOLLOWING WEATHER WAS RECORDED TODAY.
  NO SIGNIFICANT WEATHER WAS OBSERVED.


RELATIVE HUMIDITY (PERCENT)
 HIGHEST    89          1200 AM
 LOWEST     26           300 PM
 AVERAGE    58

..........................................................


THE HOUSTON/HOBBY AIRPORT CLIMATE NORMALS FOR TOMORROW
                         NORMAL    RECORD    YEAR
 MAXIMUM TEMPERATURE (F)   65        82      1962
 MINIMUM TEMPERATURE (F)   48        25      1963


SUNRISE AND SUNSET
FEBRUARY 11 2016......SUNRISE   704 AM CST   SUNSET   607 PM CST
FEBRUARY 12 2016......SUNRISE   703 AM CST   SUNSET   608 PM CST


-  INDICATES NEGATIVE NUMBERS.
R  INDICATES RECORD WAS SET OR TIED.
MM INDICATES DATA IS MISSING.
T  INDICATES TRACE AMOUNT.

...........................................................

...MISCELLANEOUS CLIMATE DATA FOR TODAY...

LOCATION                        HIGH    LOW     PRECIP

PEARLAND                         78      53      0.00
SUGAR LAND                       79      49      0.00
TOMBALL                          80      50      0.00
CONROE                           78      51      0.00
HUNTSVILLE                       80      54      0.00
ANGLETON/LAKE JACKSON            76      55      0.00
PALACIOS                         70      54      0.00
LEAGUE CITY (NWS)                77      53      0.00


THIS PRODUCT...ALONG WITH OTHER WEATHER...HYDROLOGIC...AND CLIMATE
PRODUCTS...IS AVAILABLE ON THE WEB AT HTTP://WWW.SRH.NOAA.GOV/HGX
OR AT HTTP://WEATHER.GOV

$$
