000
CDUS44 KHGX 092118
CLIHOU

CLIMATE REPORT
NATIONAL WEATHER SERVICE HOUSTON/GALVESTON TX
418 PM CDT WED JUL 9 2014


...................................

...THE HOUSTON INTERCONTINENTAL CLIMATE SUMMARY FOR JULY 9 2014...
VALID TODAY AS OF 400 PM LOCAL TIME.

CLIMATE NORMAL PERIOD 1981 TO 2010
CLIMATE RECORD PERIOD 1892 TO 2014


WEATHER ITEM   OBSERVED TIME   RECORD YEAR NORMAL DEPARTURE LAST
                VALUE   (LST)  VALUE       VALUE  FROM      YEAR
                                                  NORMAL
..................................................................
TEMPERATURE (F)
 TODAY
  MAXIMUM         94    259 PM 102    1980  93      1       96
  MINIMUM         74    617 AM  64    1905  75     -1       74
  AVERAGE         84                        84      0       85

PRECIPITATION (IN)
  TODAY            0.00          2.39 1961   0.14  -0.14     0.00
  MONTH TO DATE    0.88                      1.38  -0.50     0.53
  SINCE JUN 1      3.06                      7.31  -4.25     4.99
  SINCE JAN 1     22.13                     25.70  -3.57    14.31

DEGREE DAYS
 COOLING
  TODAY           19                        19      0       20
  MONTH TO DATE  163                       171     -8      165
  SINCE JUN 1    696                       691      5      756
  SINCE JAN 1   1237                      1343   -106     1326
..................................................................


WIND (MPH)
  RESULTANT WIND SPEED   3   RESULTANT WIND DIRECTION   S (170)
  HIGHEST WIND SPEED    13   HIGHEST WIND DIRECTION     S (160)
  HIGHEST GUST SPEED    16   HIGHEST GUST DIRECTION     S (160)
  AVERAGE WIND SPEED     3.5



WEATHER CONDITIONS
 THE FOLLOWING WEATHER WAS RECORDED TODAY.
  HAZE


RELATIVE HUMIDITY (PERCENT)
 HIGHEST    94           200 AM
 LOWEST     41           100 PM
 AVERAGE    68

..........................................................


THE HOUSTON INTERCONTINENTAL CLIMATE NORMALS FOR TOMORROW
                         NORMAL    RECORD    YEAR
 MAXIMUM TEMPERATURE (F)   93       101      1998
                                             1980
                                             1909
 MINIMUM TEMPERATURE (F)   75        65      1905
                                             1894
                                             1893


SUNRISE AND SUNSET
JULY  9 2014..........SUNRISE   628 AM CDT   SUNSET   826 PM CDT
JULY 10 2014..........SUNRISE   628 AM CDT   SUNSET   825 PM CDT


-  INDICATES NEGATIVE NUMBERS.
R  INDICATES RECORD WAS SET OR TIED.
MM INDICATES DATA IS MISSING.
T  INDICATES TRACE AMOUNT.




...................................

...THE HOUSTON/HOBBY AIRPORT CLIMATE SUMMARY FOR JULY 9 2014...
VALID TODAY AS OF 400 PM LOCAL TIME.

CLIMATE NORMAL PERIOD 1981 TO 2010
CLIMATE RECORD PERIOD 1930 TO 2014


WEATHER ITEM   OBSERVED TIME   RECORD YEAR NORMAL DEPARTURE LAST
                VALUE   (LST)  VALUE       VALUE  FROM      YEAR
                                                  NORMAL
..................................................................
TEMPERATURE (F)
 TODAY
  MAXIMUM         94    259 PM 103    1935  92      2       96
  MINIMUM         75    610 AM  66    2010  76     -1       76
  AVERAGE         85                        84      1       86

PRECIPITATION (IN)
  TODAY            0.00          2.42 1961   0.18  -0.18     0.00
  MONTH TO DATE    0.18                      1.70  -1.52      T
  SINCE JUN 1      3.16                      8.80  -5.64     1.36
  SINCE JAN 1     20.00                     27.08  -7.08    19.82

DEGREE DAYS
 COOLING
  TODAY           20                        19      1       21
  MONTH TO DATE  167                       165      2      178
  SINCE JUN 1    696                       675     21      780
  SINCE JAN 1   1247                      1329    -82     1350
..................................................................


WIND (MPH)
  RESULTANT WIND SPEED   4   RESULTANT WIND DIRECTION   S (200)
  HIGHEST WIND SPEED    15   HIGHEST WIND DIRECTION     S (200)
  HIGHEST GUST SPEED    21   HIGHEST GUST DIRECTION    SW (210)
  AVERAGE WIND SPEED     5.2



WEATHER CONDITIONS
 THE FOLLOWING WEATHER WAS RECORDED TODAY.
  NO SIGNIFICANT WEATHER WAS OBSERVED.


RELATIVE HUMIDITY (PERCENT)
 HIGHEST    94           200 AM
 LOWEST     41           300 PM
 AVERAGE    68

..........................................................


THE HOUSTON/HOBBY AIRPORT CLIMATE NORMALS FOR TOMORROW
                         NORMAL    RECORD    YEAR
 MAXIMUM TEMPERATURE (F)   92       100      1964
 MINIMUM TEMPERATURE (F)   76        66      1947


SUNRISE AND SUNSET
JULY  9 2014..........SUNRISE   628 AM CDT   SUNSET   825 PM CDT
JULY 10 2014..........SUNRISE   628 AM CDT   SUNSET   824 PM CDT


-  INDICATES NEGATIVE NUMBERS.
R  INDICATES RECORD WAS SET OR TIED.
MM INDICATES DATA IS MISSING.
T  INDICATES TRACE AMOUNT.


...MISCELLANEOUS CLIMATE DATA FOR TODAY...

LOCATION                        HIGH    LOW     PRECIP

PEARLAND                         94      74      0.00
SUGAR LAND                       95      75      0.00
TOMBALL                          93      73      0.00
CONROE                           94      70      0.00
HUNTSVILLE                       95      74      0.00
ANGLETON/LAKE JACKSON            91      69      0.00
PALACIOS                         90      80      0.00
LEAGUE CITY (NWS)                94      74      0.00


THIS PRODUCT...ALONG WITH OTHER WEATHER...HYDROLOGIC...AND CLIMATE
PRODUCTS...IS AVAILABLE ON THE WEB AT HTTP://WWW.SRH.NOAA.GOV/HGX
OR AT HTTP://WEATHER.GOV


$$
