000
CDUS44 KHGX 291312
CLIHOU

CLIMATE REPORT
NATIONAL WEATHER SERVICE HOUSTON/GALVESTON TX
810 AM CDT WED JUL 29 2015


...MORNING CLIMATE DATA...

                            MORNING LOW    PRECIP SINCE MIDNIGHT
HOUSTON INTERCONTINENTAL         75                0.00
GALVESTON SCHOLES FIELD          81                0.00
BRYAN/COLLEGE STATION            75                0.00
HOUSTON HOBBY                    77                0.00
...................................

...THE HOUSTON INTERCONTINENTAL CLIMATE SUMMARY FOR JULY 28 2015...

CLIMATE NORMAL PERIOD 1981 TO 2010
CLIMATE RECORD PERIOD 1892 TO 2015


WEATHER ITEM   OBSERVED TIME   RECORD YEAR NORMAL DEPARTURE LAST
                VALUE   (LST)  VALUE       VALUE  FROM      YEAR
                                                  NORMAL
..................................................................
TEMPERATURE (F)
 YESTERDAY
  MAXIMUM        100    241 PM 103    1995  95      5       99
  MINIMUM         76    612 AM  66    1891  75      1       77
  AVERAGE         88                        85      3       88

PRECIPITATION (IN)
  YESTERDAY        0.00          2.52 1904   0.10  -0.10     0.00
  MONTH TO DATE    0.44                      3.51  -3.07     1.46
  SINCE JUN 1     11.83                      9.44   2.39     3.64
  SINCE JAN 1     42.27                     27.83  14.44    22.71

DEGREE DAYS
 COOLING
  YESTERDAY       23                        20      3       23
  MONTH TO DATE  588                       542     46      533
  SINCE JUN 1   1111                      1062     49     1066
  SINCE JAN 1   1803                      1714     89     1607
..................................................................


WIND (MPH)
  HIGHEST WIND SPEED    20   HIGHEST WIND DIRECTION    SE (140)
  HIGHEST GUST SPEED    24   HIGHEST GUST DIRECTION    SE (130)




RELATIVE HUMIDITY (PERCENT)
 HIGHEST   100
 LOWEST     31
 AVERAGE    66

..........................................................


THE HOUSTON INTERCONTINENTAL CLIMATE NORMALS FOR TODAY
                         NORMAL    RECORD    YEAR
 MAXIMUM TEMPERATURE (F)   95       101      1907
 MINIMUM TEMPERATURE (F)   75        64      1994


SUNRISE AND SUNSET
JULY 29 2015..........SUNRISE   639 AM CDT   SUNSET   817 PM CDT
JULY 30 2015..........SUNRISE   639 AM CDT   SUNSET   816 PM CDT


-  INDICATES NEGATIVE NUMBERS.
R  INDICATES RECORD WAS SET OR TIED.
MM INDICATES DATA IS MISSING.
T  INDICATES TRACE AMOUNT.


&&

...................................

...THE HOUSTON/HOBBY AIRPORT CLIMATE SUMMARY FOR JULY 28 2015...

CLIMATE NORMAL PERIOD 1981 TO 2010
CLIMATE RECORD PERIOD 1930 TO 2015


WEATHER ITEM   OBSERVED TIME   RECORD YEAR NORMAL DEPARTURE LAST
                VALUE   (LST)  VALUE       VALUE  FROM      YEAR
                                                  NORMAL
..................................................................
TEMPERATURE (F)
 YESTERDAY
  MAXIMUM         98    321 PM 101    1999  93      5       97
  MINIMUM         78    613 AM  71    1994  76      2       76
                                      1980
                                      1942
  AVERAGE         88                        84      4       87

PRECIPITATION (IN)
  YESTERDAY        0.00          1.55 1943   0.12  -0.12     0.00
  MONTH TO DATE    2.57                      4.30  -1.73     1.12
  SINCE JUN 1      7.44                     11.40  -3.96     4.10
  SINCE JAN 1     42.30                     29.68  12.62    20.94

DEGREE DAYS
 COOLING
  YESTERDAY       23                        19      4       22
  MONTH TO DATE  582                       526     56      534
  SINCE JUN 1   1121                      1036     85     1063
  SINCE JAN 1   1860                      1690    170     1614
..................................................................


WIND (MPH)
  HIGHEST WIND SPEED    16   HIGHEST WIND DIRECTION     S (160)
  HIGHEST GUST SPEED    24   HIGHEST GUST DIRECTION     S (160)




RELATIVE HUMIDITY (PERCENT)
 HIGHEST    91
 LOWEST     38
 AVERAGE    65

..........................................................


THE HOUSTON/HOBBY AIRPORT CLIMATE NORMALS FOR TODAY
                         NORMAL    RECORD    YEAR
 MAXIMUM TEMPERATURE (F)   93       100      1944
 MINIMUM TEMPERATURE (F)   76        68      1994


SUNRISE AND SUNSET
JULY 29 2015..........SUNRISE   639 AM CDT   SUNSET   816 PM CDT
JULY 30 2015..........SUNRISE   640 AM CDT   SUNSET   815 PM CDT


-  INDICATES NEGATIVE NUMBERS.
R  INDICATES RECORD WAS SET OR TIED.
MM INDICATES DATA IS MISSING.
T  INDICATES TRACE AMOUNT.

...MISCELLANEOUS CLIMATE DATA FOR YESTERDAY...

LOCATION                        HIGH    LOW     PRECIP
PEARLAND                         98      77      0.00
SUGAR LAND                       98      73      0.00
TOMBALL                         100      75      0.04
CONROE                           99      72      0.00
HUNTSVILLE                       99      78      0.00
ANGLETON/LAKE JACKSON            96      75      0.00
PALACIOS                         93      82      0.00
LEAGUE CITY (NWS)                95      78      0.00


THIS PRODUCT...ALONG WITH OTHER WEATHER...HYDROLOGIC...AND CLIMATE
PRODUCTS...IS AVAILABLE ON THE WEB AT HTTP://WWW.SRH.NOAA.GOV/HGX
OR AT HTTP://WEATHER.GOV

$$
