000
CDUS44 KHGX 211310
CLIHOU

CLIMATE REPORT
NATIONAL WEATHER SERVICE HOUSTON/GALVESTON TX
810 AM CDT MON AUG 21 2017


...MORNING CLIMATE DATA...

                            MORNING LOW    PRECIP SINCE MIDNIGHT
HOUSTON INTERCONTINENTAL         78                0.00
GALVESTON SCHOLES FIELD          83                0.00
BRYAN/COLLEGE STATION            77                0.00
HOUSTON HOBBY                    81                0.00
...................................

...THE HOUSTON INTERCONTINENTAL CLIMATE SUMMARY FOR AUGUST 20 2017...

CLIMATE NORMAL PERIOD 1981 TO 2010
CLIMATE RECORD PERIOD 1892 TO 2017


WEATHER ITEM   OBSERVED TIME   RECORD YEAR NORMAL DEPARTURE LAST
                VALUE   (LST)  VALUE       VALUE  FROM      YEAR
                                                  NORMAL
..................................................................
TEMPERATURE (F)
 YESTERDAY
  MAXIMUM         97    220 PM 107    1909  95      2       91
  MINIMUM         75    608 AM  65    1976  75      0       75
  AVERAGE         86                        85      1       83

PRECIPITATION (IN)
  YESTERDAY        0.00          1.80 1920   0.13  -0.13     0.53
  MONTH TO DATE    7.70                      2.22   5.48     8.81
  SINCE JUN 1     21.18                     11.94   9.24    23.02
  SINCE JAN 1     39.41                     30.33   9.08    51.97

DEGREE DAYS
 COOLING
  YESTERDAY       21                        20      1       18
  MONTH TO DATE  416                       400     16      417
  SINCE JUN 1   1573                      1521     52     1630
  SINCE JAN 1   2482                      2173    309     2211
..................................................................


WIND (MPH)
  HIGHEST WIND SPEED    17   HIGHEST WIND DIRECTION    SE (130)
  HIGHEST GUST SPEED    20   HIGHEST GUST DIRECTION    SE (150)




RELATIVE HUMIDITY (PERCENT)
 HIGHEST    94
 LOWEST     43
 AVERAGE    69

..........................................................


THE HOUSTON INTERCONTINENTAL CLIMATE NORMALS FOR TODAY
                         NORMAL    RECORD    YEAR
 MAXIMUM TEMPERATURE (F)   94       106      1909
 MINIMUM TEMPERATURE (F)   75        63      1940


SUNRISE AND SUNSET
AUGUST 21 2017........SUNRISE   652 AM CDT   SUNSET   756 PM CDT
AUGUST 22 2017........SUNRISE   653 AM CDT   SUNSET   755 PM CDT


-  INDICATES NEGATIVE NUMBERS.
R  INDICATES RECORD WAS SET OR TIED.
MM INDICATES DATA IS MISSING.
T  INDICATES TRACE AMOUNT.


&&

...................................

...THE HOUSTON/HOBBY AIRPORT CLIMATE SUMMARY FOR AUGUST 20 2017...

CLIMATE NORMAL PERIOD 1981 TO 2010
CLIMATE RECORD PERIOD 1930 TO 2017


WEATHER ITEM   OBSERVED TIME   RECORD YEAR NORMAL DEPARTURE LAST
                VALUE   (LST)  VALUE       VALUE  FROM      YEAR
                                                  NORMAL
..................................................................
TEMPERATURE (F)
 YESTERDAY
  MAXIMUM         98    106 PM 101    1999  93      5       91
                                      1930
  MINIMUM         79    618 AM  66    1940  76      3       76
  AVERAGE         89                        84      5       84

PRECIPITATION (IN)
  YESTERDAY        0.00          2.45 1966   0.18  -0.18     0.55
  MONTH TO DATE    1.86                      2.93  -1.07     6.30
  SINCE JUN 1     10.18                     14.69  -4.51    20.54
  SINCE JAN 1     30.11                     32.97  -2.86    45.39

DEGREE DAYS
 COOLING
  YESTERDAY       24                        19      5       19
  MONTH TO DATE  457                       380     77      424
  SINCE JUN 1   1672                      1473    199     1657
  SINCE JAN 1   2606                      2127    479     2428
..................................................................


WIND (MPH)
  HIGHEST WIND SPEED    17   HIGHEST WIND DIRECTION     S (160)
  HIGHEST GUST SPEED    23   HIGHEST GUST DIRECTION     S (160)




RELATIVE HUMIDITY (PERCENT)
 HIGHEST    85
 LOWEST     42
 AVERAGE    64

..........................................................


THE HOUSTON/HOBBY AIRPORT CLIMATE NORMALS FOR TODAY
                         NORMAL    RECORD    YEAR
 MAXIMUM TEMPERATURE (F)   93       101      1948
 MINIMUM TEMPERATURE (F)   76        60      1940


SUNRISE AND SUNSET
AUGUST 21 2017........SUNRISE   653 AM CDT   SUNSET   755 PM CDT
AUGUST 22 2017........SUNRISE   653 AM CDT   SUNSET   754 PM CDT


-  INDICATES NEGATIVE NUMBERS.
R  INDICATES RECORD WAS SET OR TIED.
MM INDICATES DATA IS MISSING.
T  INDICATES TRACE AMOUNT.

...MISCELLANEOUS CLIMATE DATA FOR YESTERDAY...

LOCATION                        HIGH    LOW     PRECIP
PEARLAND                         97      78      0.00
SUGAR LAND                       99      75      0.00
TOMBALL                          98      75      0.00
CONROE                           97      71      0.00
HUNTSVILLE                       97      76      0.00
ANGLETON/LAKE JACKSON            95      73      0.00
PALACIOS                         91      76      0.00
LEAGUE CITY (NWS)                94      77      0.00


THIS PRODUCT...ALONG WITH OTHER WEATHER...HYDROLOGIC...AND CLIMATE
PRODUCTS...IS AVAILABLE ON THE WEB AT HTTP://WWW.WEATHER.GOV/HGX

$$
