000
CDUS44 KHGX 292130
CLIHOU

CLIMATE REPORT
NATIONAL WEATHER SERVICE HOUSTON/GALVESTON TX
427 PM CDT MON AUG 29 2016


...................................

...THE HOUSTON INTERCONTINENTAL CLIMATE SUMMARY FOR AUGUST 29 2016...
VALID TODAY AS OF 400 PM LOCAL TIME.

CLIMATE NORMAL PERIOD 1981 TO 2010
CLIMATE RECORD PERIOD 1892 TO 2016


WEATHER ITEM   OBSERVED TIME   RECORD YEAR NORMAL DEPARTURE LAST
                VALUE   (LST)  VALUE       VALUE  FROM      YEAR
                                                  NORMAL
..................................................................
TEMPERATURE (F)
 TODAY
  MAXIMUM         84   1104 AM 107    2011  93     -9       90
  MINIMUM         75    734 AM  61    1992  74      1       69
  AVERAGE         80                        84     -4       80

PRECIPITATION (IN)
  TODAY            0.10          2.89 1953   0.15  -0.05     0.00
  MONTH TO DATE   10.40                      3.45   6.95     2.94
  SINCE JUN 1     24.61                     13.17  11.44    14.94
  SINCE JAN 1     53.56                     31.56  22.00    45.38

DEGREE DAYS
 COOLING
  TODAY           15                        19     -4       15
  MONTH TO DATE  574                       573      1      600
  SINCE JUN 1   1787                      1694     93     1783
  SINCE JAN 1   2368                      2346     22     2475
..................................................................


WIND (MPH)
  RESULTANT WIND SPEED   8   RESULTANT WIND DIRECTION  NE (60)
  HIGHEST WIND SPEED    17   HIGHEST WIND DIRECTION    SE (150)
  HIGHEST GUST SPEED    20   HIGHEST GUST DIRECTION    SE (150)
  AVERAGE WIND SPEED     8.8



WEATHER CONDITIONS
 THE FOLLOWING WEATHER WAS RECORDED TODAY.
  THUNDERSTORM
  RAIN
  LIGHT RAIN
  FOG
  HAZE


RELATIVE HUMIDITY (PERCENT)
 HIGHEST    94          1200 AM
 LOWEST     70          1100 AM
 AVERAGE    82

..........................................................


THE HOUSTON INTERCONTINENTAL CLIMATE NORMALS FOR TOMORROW
                         NORMAL    RECORD    YEAR
 MAXIMUM TEMPERATURE (F)   93       104      2000
 MINIMUM TEMPERATURE (F)   74        62      1986
                                             1893


SUNRISE AND SUNSET
AUGUST 29 2016........SUNRISE   657 AM CDT   SUNSET   747 PM CDT
AUGUST 30 2016........SUNRISE   658 AM CDT   SUNSET   745 PM CDT


-  INDICATES NEGATIVE NUMBERS.
R  INDICATES RECORD WAS SET OR TIED.
MM INDICATES DATA IS MISSING.
T  INDICATES TRACE AMOUNT.



&&
...................................

...THE HOUSTON/HOBBY AIRPORT CLIMATE SUMMARY FOR AUGUST 29 2016...
VALID TODAY AS OF 400 PM LOCAL TIME.

CLIMATE NORMAL PERIOD 1981 TO 2010
CLIMATE RECORD PERIOD 1930 TO 2016


WEATHER ITEM   OBSERVED TIME   RECORD YEAR NORMAL DEPARTURE LAST
                VALUE   (LST)  VALUE       VALUE  FROM      YEAR
                                                  NORMAL
..................................................................
TEMPERATURE (F)
 TODAY
  MAXIMUM         80    259 PM 103    2011  92    -12       90
  MINIMUM         76    129 PM  65    1992  75      1       71
  AVERAGE         78                        84     -6       81

PRECIPITATION (IN)
  TODAY            0.11          3.37 1953   0.19  -0.08     0.00
  MONTH TO DATE    8.22                      4.65   3.57    10.76
  SINCE JUN 1     22.46                     16.41   6.05    18.20
  SINCE JAN 1     47.31                     34.69  12.62    53.06

DEGREE DAYS
 COOLING
  TODAY           13                        18     -5       16
  MONTH TO DATE  584                       550     34      603
  SINCE JUN 1   1817                      1643    174     1799
  SINCE JAN 1   2588                      2297    291     2538
..................................................................


WIND (MPH)
  RESULTANT WIND SPEED   9   RESULTANT WIND DIRECTION  NE (50)
  HIGHEST WIND SPEED    15   HIGHEST WIND DIRECTION     E (70)
  HIGHEST GUST SPEED    19   HIGHEST GUST DIRECTION    NE (60)
  AVERAGE WIND SPEED     9.8



WEATHER CONDITIONS
 THE FOLLOWING WEATHER WAS RECORDED TODAY.
  THUNDERSTORM
  RAIN
  LIGHT RAIN


RELATIVE HUMIDITY (PERCENT)
 HIGHEST   100           700 AM
 LOWEST     85           900 AM
 AVERAGE    93

..........................................................


THE HOUSTON/HOBBY AIRPORT CLIMATE NORMALS FOR TOMORROW
                         NORMAL    RECORD    YEAR
 MAXIMUM TEMPERATURE (F)   92       102      2000
 MINIMUM TEMPERATURE (F)   75        66      1992


SUNRISE AND SUNSET
AUGUST 29 2016........SUNRISE   657 AM CDT   SUNSET   746 PM CDT
AUGUST 30 2016........SUNRISE   658 AM CDT   SUNSET   745 PM CDT


-  INDICATES NEGATIVE NUMBERS.
R  INDICATES RECORD WAS SET OR TIED.
MM INDICATES DATA IS MISSING.
T  INDICATES TRACE AMOUNT.


...MISCELLANEOUS CLIMATE DATA FOR TODAY...

LOCATION                        HIGH    LOW     PRECIP
PEARLAND                         82      77      0.20
SUGAR LAND                       83      75       T
TOMBALL                          85      76      0.15
CONROE                           87      73      0.05
HUNTSVILLE                       90      72      0.29
ANGLETON/LAKE JACKSON            85      78      0.05
PALACIOS                         90      75      0.10
LEAGUE CITY (NWS)                80      74      0.38


THIS PRODUCT...ALONG WITH OTHER WEATHER...HYDROLOGIC...AND CLIMATE
PRODUCTS...IS AVAILABLE ON THE WEB AT HTTP://WWW.SRH.NOAA.GOV/HGX
OR AT HTTP://WEATHER.GOV

$$
