000
CDUS44 KHGX 152218
CLIHOU

CLIMATE REPORT
NATIONAL WEATHER SERVICE HOUSTON/GALVESTON TX
415 PM CST FRI DEC 15 2017


...................................

...THE HOUSTON INTERCONTINENTAL CLIMATE SUMMARY FOR DECEMBER 15 2017...
VALID TODAY AS OF 400 PM LOCAL TIME.

CLIMATE NORMAL PERIOD 1981 TO 2010
CLIMATE RECORD PERIOD 1892 TO 2017


WEATHER ITEM   OBSERVED TIME   RECORD YEAR NORMAL DEPARTURE LAST
                VALUE   (LST)  VALUE       VALUE  FROM      YEAR
                                                  NORMAL
..................................................................
TEMPERATURE (F)
 TODAY
  MAXIMUM         57    321 PM  82    1995  64     -7       59
  MINIMUM         48    938 AM  21    1901  44      4       44
  AVERAGE         53                        54     -1       52

PRECIPITATION (IN)
  TODAY            0.00          2.19 1996   0.12  -0.12     0.00
  MONTH TO DATE    1.80                      1.93  -0.13     3.03
  SINCE DEC 1      1.80                      1.93  -0.13     3.03
  SINCE JAN 1     77.77                     47.96  29.81    60.43

SNOWFALL (IN)
  TODAY            0.0           0.0  2002   0.0    0.0      0.0
                                      2001
  MONTH TO DATE    0.7                       0.0    0.7      0.0
  SINCE DEC 1      0.7                       0.0    0.7      0.0
  SINCE JUL 1      0.7                       0.0    0.7      0.0
  SNOW DEPTH       0

DEGREE DAYS
 HEATING
  TODAY           12                        12      0       13
  MONTH TO DATE  173                       155     18      157
  SINCE DEC 1    173                       155     18      157
  SINCE JUL 1    284                       340    -56      215
..................................................................


WIND (MPH)
  RESULTANT WIND SPEED  10   RESULTANT WIND DIRECTION   N (10)
  HIGHEST WIND SPEED    18   HIGHEST WIND DIRECTION     N (350)
  HIGHEST GUST SPEED    23   HIGHEST GUST DIRECTION     N (360)
  AVERAGE WIND SPEED    10.4



WEATHER CONDITIONS
 THE FOLLOWING WEATHER WAS RECORDED TODAY.
  NO SIGNIFICANT WEATHER WAS OBSERVED.


RELATIVE HUMIDITY (PERCENT)
 HIGHEST    66          1200 AM
 LOWEST     43           300 PM
 AVERAGE    55

..........................................................


THE HOUSTON INTERCONTINENTAL CLIMATE NORMALS FOR TOMORROW
                         NORMAL    RECORD    YEAR
 MAXIMUM TEMPERATURE (F)   64        82      1971
                                             1908
 MINIMUM TEMPERATURE (F)   44        19      1989


SUNRISE AND SUNSET
DECEMBER 15 2017......SUNRISE   710 AM CST   SUNSET   524 PM CST
DECEMBER 16 2017......SUNRISE   710 AM CST   SUNSET   524 PM CST


-  INDICATES NEGATIVE NUMBERS.
R  INDICATES RECORD WAS SET OR TIED.
MM INDICATES DATA IS MISSING.
T  INDICATES TRACE AMOUNT.


&&

...................................

...THE HOUSTON/HOBBY AIRPORT CLIMATE SUMMARY FOR DECEMBER 15 2017...
VALID TODAY AS OF 400 PM LOCAL TIME.

CLIMATE NORMAL PERIOD 1981 TO 2010
CLIMATE RECORD PERIOD 1930 TO 2017


WEATHER ITEM   OBSERVED TIME   RECORD YEAR NORMAL DEPARTURE LAST
                VALUE   (LST)  VALUE       VALUE  FROM      YEAR
                                                  NORMAL
..................................................................
TEMPERATURE (F)
 TODAY
  MAXIMUM         56   1213 AM  81    1995  64     -8       59
  MINIMUM         48    800 AM  25    1952  47      1       49
  AVERAGE         52                        55     -3       54

PRECIPITATION (IN)
  TODAY            T             2.13 1959   0.13  -0.13     0.00
  MONTH TO DATE    3.44                      2.02   1.42     2.37
  SINCE DEC 1      3.44                      2.02   1.42     2.37
  SINCE JAN 1     77.94                     52.64  25.30    55.50

SNOWFALL (IN)
  TODAY           MM            MM      MM   0.0   MM        0.0
  MONTH TO DATE    1.5                       0.0    1.5      0.0
  SINCE DEC 1      1.5                       0.0    1.5      0.0
  SINCE JUL 1      1.5                       0.0    1.5      0.0
  SNOW DEPTH       0

DEGREE DAYS
 HEATING
  TODAY           13                        10      3       11
  MONTH TO DATE  174                       139     35      123
  SINCE DEC 1    174                       139     35      123
  SINCE JUL 1    255                       295    -40      160
..................................................................


WIND (MPH)
  RESULTANT WIND SPEED  12   RESULTANT WIND DIRECTION   N (20)
  HIGHEST WIND SPEED    18   HIGHEST WIND DIRECTION     N (350)
  HIGHEST GUST SPEED    24   HIGHEST GUST DIRECTION     N (10)
  AVERAGE WIND SPEED    12.4



WEATHER CONDITIONS
 THE FOLLOWING WEATHER WAS RECORDED TODAY.
  LIGHT RAIN
  HAZE


RELATIVE HUMIDITY (PERCENT)
 HIGHEST    66          1200 AM
 LOWEST     46           300 PM
 AVERAGE    56

..........................................................


THE HOUSTON/HOBBY AIRPORT CLIMATE NORMALS FOR TOMORROW
                         NORMAL    RECORD    YEAR
 MAXIMUM TEMPERATURE (F)   64        82      1971
 MINIMUM TEMPERATURE (F)   46        23      1989


SUNRISE AND SUNSET
DECEMBER 15 2017......SUNRISE   709 AM CST   SUNSET   524 PM CST
DECEMBER 16 2017......SUNRISE   709 AM CST   SUNSET   524 PM CST


-  INDICATES NEGATIVE NUMBERS.
R  INDICATES RECORD WAS SET OR TIED.
MM INDICATES DATA IS MISSING.
T  INDICATES TRACE AMOUNT.

...MISCELLANEOUS CLIMATE DATA FOR TODAY...

LOCATION                        HIGH    LOW     PRECIP
PEARLAND                         56      48       T
SUGAR LAND                       56      49       T
TOMBALL                          57      47       T
CONROE                           57      45       T
HUNTSVILLE                       58      43      0.00
ANGLETON/LAKE JACKSON            56      48       T
PALACIOS                         56      46      0.01
LEAGUE CITY (NWS)                56      46       T


THIS PRODUCT...ALONG WITH OTHER WEATHER...HYDROLOGIC...AND CLIMATE
PRODUCTS...IS AVAILABLE ON THE WEB AT HTTP://WWW.WEATHER.GOV/HGX


$$
