000
CDUS44 KHGX 261300
CLIHOU

CLIMATE REPORT
NATIONAL WEATHER SERVICE HOUSTON/GALVESTON TX
800 AM CDT MON JUN 26 2017

...MORNING CLIMATE DATA...

                            MORNING LOW    PRECIP SINCE MIDNIGHT
HOUSTON INTERCONTINENTAL         73                0.00
GALVESTON SCHOLES FIELD          78                 T
BRYAN/COLLEGE STATION            71                0.00
HOUSTON HOBBY                    76                0.00

...................................

...THE HOUSTON INTERCONTINENTAL CLIMATE SUMMARY FOR JUNE 25 2017...

CLIMATE NORMAL PERIOD 1981 TO 2010
CLIMATE RECORD PERIOD 1892 TO 2017


WEATHER ITEM   OBSERVED TIME   RECORD YEAR NORMAL DEPARTURE LAST
                VALUE   (LST)  VALUE       VALUE  FROM      YEAR
                                                  NORMAL
..................................................................
TEMPERATURE (F)
 YESTERDAY
  MAXIMUM         87    440 PM 102    2012  92     -5       93
                                      2009
  MINIMUM         70    508 AM  60    1974  75     -5       75
  AVERAGE         79                        83     -4       84

PRECIPITATION (IN)
  YESTERDAY        1.29          2.82 1960   0.20   1.09     0.06
  MONTH TO DATE    6.54                      4.98   1.56    12.91
  SINCE JUN 1      6.54                      4.98   1.56    12.91
  SINCE JAN 1     24.77                     23.37   1.40    41.86

DEGREE DAYS
 COOLING
  YESTERDAY       14                        18     -4       19
  MONTH TO DATE  431                       427      4      419
  SINCE JUN 1    431                       427      4      419
  SINCE JAN 1   1340                      1079    261     1000
..................................................................


WIND (MPH)
  HIGHEST WIND SPEED    24   HIGHEST WIND DIRECTION    SE (130)
  HIGHEST GUST SPEED    30   HIGHEST GUST DIRECTION    SE (120)




RELATIVE HUMIDITY (PERCENT)
 HIGHEST    94
 LOWEST     68
 AVERAGE    81

..........................................................


THE HOUSTON INTERCONTINENTAL CLIMATE NORMALS FOR TODAY
                         NORMAL    RECORD    YEAR
 MAXIMUM TEMPERATURE (F)   92       105      2012
 MINIMUM TEMPERATURE (F)   75        59      1974


SUNRISE AND SUNSET
JUNE 26 2017..........SUNRISE   622 AM CDT   SUNSET   826 PM CDT
JUNE 27 2017..........SUNRISE   623 AM CDT   SUNSET   826 PM CDT


-  INDICATES NEGATIVE NUMBERS.
R  INDICATES RECORD WAS SET OR TIED.
MM INDICATES DATA IS MISSING.
T  INDICATES TRACE AMOUNT.



&&
...................................

...THE HOUSTON/HOBBY AIRPORT CLIMATE SUMMARY FOR JUNE 25 2017...

CLIMATE NORMAL PERIOD 1981 TO 2010
CLIMATE RECORD PERIOD 1930 TO 2017


WEATHER ITEM   OBSERVED TIME   RECORD YEAR NORMAL DEPARTURE LAST
                VALUE   (LST)  VALUE       VALUE  FROM      YEAR
                                                  NORMAL
..................................................................
TEMPERATURE (F)
 YESTERDAY
  MAXIMUM         88    444 PM 102    2012  91     -3       92
                                      2009
  MINIMUM         75    547 AM  64    1974  75      0       77
  AVERAGE         82                        83     -1       85

PRECIPITATION (IN)
  YESTERDAY        0.24          3.77 1960   0.23   0.01     0.41
  MONTH TO DATE    4.94                      5.96  -1.02     8.20
  SINCE JUN 1      4.94                      5.96  -1.02     8.20
  SINCE JAN 1     24.87                     24.24   0.63    33.05

DEGREE DAYS
 COOLING
  YESTERDAY       17                        18     -1       20
  MONTH TO DATE  442                       420     22      449
  SINCE JUN 1    442                       420     22      449
  SINCE JAN 1   1376                      1074    302     1220
..................................................................


WIND (MPH)
  HIGHEST WIND SPEED    21   HIGHEST WIND DIRECTION    SE (130)
  HIGHEST GUST SPEED    25   HIGHEST GUST DIRECTION     W (270)




RELATIVE HUMIDITY (PERCENT)
 HIGHEST    91
 LOWEST     63
 AVERAGE    77

..........................................................


THE HOUSTON/HOBBY AIRPORT CLIMATE NORMALS FOR TODAY
                         NORMAL    RECORD    YEAR
 MAXIMUM TEMPERATURE (F)   91       102      2012
 MINIMUM TEMPERATURE (F)   75        64      1974


SUNRISE AND SUNSET
JUNE 26 2017..........SUNRISE   623 AM CDT   SUNSET   825 PM CDT
JUNE 27 2017..........SUNRISE   623 AM CDT   SUNSET   825 PM CDT


-  INDICATES NEGATIVE NUMBERS.
R  INDICATES RECORD WAS SET OR TIED.
MM INDICATES DATA IS MISSING.
T  INDICATES TRACE AMOUNT.

...MISCELLANEOUS CLIMATE DATA FOR YESTERDAY...

LOCATION                        HIGH    LOW     PRECIP
PEARLAND                         89      76      0.01
SUGAR LAND                       89      74      0.62
TOMBALL                          89      73      0.31
CONROE                           88      73      0.02
HUNTSVILLE                       88      73      0.18
ANGLETON/LAKE JACKSON            89      75      0.22
PALACIOS                         87      69      0.32
LEAGUE CITY (NWS)                87      74      0.21


THIS PRODUCT...ALONG WITH OTHER WEATHER...HYDROLOGIC...AND CLIMATE
PRODUCTS...IS AVAILABLE ON THE WEB AT HTTP://WWW.WEATHER.GOV/HGX


$$
