000
CDUS44 KHGX 220835
CLIHOU


CLIMATE REPORT
NATIONAL WEATHER SERVICE HOUSTON/GALVESTON TX
235 AM CST SAT NOV 22 2014


...................................

...THE HOUSTON INTERCONTINENTAL CLIMATE SUMMARY FOR NOVEMBER 21 2014...

CLIMATE NORMAL PERIOD 1981 TO 2010
CLIMATE RECORD PERIOD 1892 TO 2014


WEATHER ITEM   OBSERVED TIME   RECORD YEAR NORMAL DEPARTURE LAST
                VALUE   (LST)  VALUE       VALUE  FROM      YEAR
                                                  NORMAL
..................................................................
TEMPERATURE (F)
 YESTERDAY
  MAXIMUM         66    258 PM  84    2007  71     -5       80
                                      1999
  MINIMUM         61    104 AM  29    1937  50     11       67
  AVERAGE         64                        60      4       74

PRECIPITATION (IN)
  YESTERDAY        0.57          1.54 1977   0.14   0.43     0.06
  MONTH TO DATE    3.06                      3.08  -0.02     0.27
  SINCE SEP 1      9.89                     12.90  -3.01    12.44
  SINCE JAN 1     37.78                     44.77  -6.99    33.64

SNOWFALL (IN)
  YESTERDAY        0.0           0.0  2002
                                      2001
  MONTH TO DATE    0.0
  SINCE SEP 1      0.0
  SINCE JUL 1      0.0

DEGREE DAYS
 HEATING
  YESTERDAY        1                         6     -5        0
  MONTH TO DATE  199                        87    112       80
  SINCE SEP 1    199                       117     82       88
  SINCE JUL 1    199                       117     82       88
..................................................................


WIND (MPH)
  HIGHEST WIND SPEED    17   HIGHEST WIND DIRECTION    SE (120)
  HIGHEST GUST SPEED    22   HIGHEST GUST DIRECTION    SE (120)




RELATIVE HUMIDITY (PERCENT)
 HIGHEST   100
 LOWEST     93
 AVERAGE    97

..........................................................


THE HOUSTON INTERCONTINENTAL CLIMATE NORMALS FOR TODAY
                         NORMAL    RECORD    YEAR
 MAXIMUM TEMPERATURE (F)   70        87      1973
 MINIMUM TEMPERATURE (F)   50        30      1975


SUNRISE AND SUNSET
NOVEMBER 22 2014......SUNRISE   652 AM CST   SUNSET   523 PM CST
NOVEMBER 23 2014......SUNRISE   653 AM CST   SUNSET   522 PM CST


-  INDICATES NEGATIVE NUMBERS.
R  INDICATES RECORD WAS SET OR TIED.
MM INDICATES DATA IS MISSING.
T  INDICATES TRACE AMOUNT.




...................................

...THE HOUSTON/HOBBY AIRPORT CLIMATE SUMMARY FOR NOVEMBER 21 2014...

CLIMATE NORMAL PERIOD 1981 TO 2010
CLIMATE RECORD PERIOD 1930 TO 2014


WEATHER ITEM   OBSERVED TIME   RECORD YEAR NORMAL DEPARTURE LAST
                VALUE   (LST)  VALUE       VALUE  FROM      YEAR
                                                  NORMAL
..................................................................
TEMPERATURE (F)
 YESTERDAY
  MAXIMUM         67    241 PM  84    2007  71     -4       81
                                      1965
                                      1933
  MINIMUM         63   1159 PM  28    1937  52     11       69
  AVERAGE         65                        61      4       75

PRECIPITATION (IN)
  YESTERDAY        0.84          2.33 1992   0.14   0.70     0.01
  MONTH TO DATE    2.44                      3.08  -0.64     0.34
  SINCE SEP 1      9.99                     14.28  -4.29    16.08
  SINCE JAN 1     34.52                     49.38 -14.86    38.95

SNOWFALL (IN)
  YESTERDAY        0.0          MM      MM
  MONTH TO DATE    0.0
  SINCE SEP 1      0.0
  SINCE JUL 1      0.0

DEGREE DAYS
 HEATING
  YESTERDAY        0                         6     -6        0
  MONTH TO DATE  175                        75    100       62
  SINCE SEP 1    175                        96     79       65
  SINCE JUL 1    175                        96     79       65
..................................................................


WIND (MPH)
  HIGHEST WIND SPEED    15   HIGHEST WIND DIRECTION     E (110)
  HIGHEST GUST SPEED    21   HIGHEST GUST DIRECTION     E (110)




RELATIVE HUMIDITY (PERCENT)
 HIGHEST   100
 LOWEST     87
 AVERAGE    94

..........................................................


THE HOUSTON/HOBBY AIRPORT CLIMATE NORMALS FOR TODAY
                         NORMAL    RECORD    YEAR
 MAXIMUM TEMPERATURE (F)   70        86      1973
 MINIMUM TEMPERATURE (F)   52        28      1937


SUNRISE AND SUNSET
NOVEMBER 22 2014......SUNRISE   651 AM CST   SUNSET   523 PM CST
NOVEMBER 23 2014......SUNRISE   652 AM CST   SUNSET   523 PM CST


-  INDICATES NEGATIVE NUMBERS.
R  INDICATES RECORD WAS SET OR TIED.
MM INDICATES DATA IS MISSING.
T  INDICATES TRACE AMOUNT.




$$
