000
CDUS44 KHGX 021412
CLIHOU

CLIMATE REPORT
NATIONAL WEATHER SERVICE HOUSTON/GALVESTON TX
810 AM CST MON MAR 2 2015


...MORNING CLIMATE DATA...

                            MORNING LOW    PRECIP SINCE MIDNIGHT
HOUSTON INTERCONTINENTAL         48                0.01
GALVESTON SCHOLES FIELD          52                0.01
BRYAN/COLLEGE STATION            40                 T
HOUSTON HOBBY                    49                 T
...................................

...THE HOUSTON INTERCONTINENTAL CLIMATE SUMMARY FOR MARCH 1 2015...

CLIMATE NORMAL PERIOD 1981 TO 2010
CLIMATE RECORD PERIOD 1892 TO 2015


WEATHER ITEM   OBSERVED TIME   RECORD YEAR NORMAL DEPARTURE LAST
                VALUE   (LST)  VALUE       VALUE  FROM      YEAR
                                                  NORMAL
..................................................................
TEMPERATURE (F)
 YESTERDAY
  MAXIMUM         59    326 PM  84    1975  69    -10       83
                                      1904
  MINIMUM         49   1159 PM  28    1980  50     -1       64
  AVERAGE         54                        59     -5       74

PRECIPITATION (IN)
  YESTERDAY        0.22          3.32 1993   0.11   0.11     0.00
  MONTH TO DATE    0.22                      0.11   0.11     0.00
  SINCE MAR 1      0.22                      0.11   0.11     0.00
  SINCE JAN 1      4.05                      6.69  -2.64     3.35

SNOWFALL (IN)
  YESTERDAY       MM            MM      MM
  MONTH TO DATE   MM
  SINCE MAR 1     MM
  SINCE JUL 1      0.0

DEGREE DAYS
 HEATING
  YESTERDAY       11                         7      4        0
  MONTH TO DATE   11                         7      4        0
  SINCE MAR 1     11                         7      4        0
  SINCE JUL 1   1330                      1195    135     1480
..................................................................


WIND (MPH)
  HIGHEST WIND SPEED    13   HIGHEST WIND DIRECTION     N (360)
  HIGHEST GUST SPEED    14   HIGHEST GUST DIRECTION     N (10)




RELATIVE HUMIDITY (PERCENT)
 HIGHEST   100
 LOWEST     93
 AVERAGE    97

..........................................................


THE HOUSTON INTERCONTINENTAL CLIMATE NORMALS FOR TODAY
                         NORMAL    RECORD    YEAR
 MAXIMUM TEMPERATURE (F)   70        91      1909
 MINIMUM TEMPERATURE (F)   50        22      1980


SUNRISE AND SUNSET
MARCH  2 2015.........SUNRISE   646 AM CST   SUNSET   621 PM CST
MARCH  3 2015.........SUNRISE   645 AM CST   SUNSET   622 PM CST


-  INDICATES NEGATIVE NUMBERS.
R  INDICATES RECORD WAS SET OR TIED.
MM INDICATES DATA IS MISSING.
T  INDICATES TRACE AMOUNT.


&&

...................................

...THE HOUSTON/HOBBY AIRPORT CLIMATE SUMMARY FOR MARCH 1 2015...

CLIMATE NORMAL PERIOD 1981 TO 2010
CLIMATE RECORD PERIOD 1930 TO 2015


WEATHER ITEM   OBSERVED TIME   RECORD YEAR NORMAL DEPARTURE LAST
                VALUE   (LST)  VALUE       VALUE  FROM      YEAR
                                                  NORMAL
..................................................................
TEMPERATURE (F)
 YESTERDAY
  MAXIMUM         68    305 PM  84    1976  69     -1       82
                                      1975
  MINIMUM         53   1159 PM  29    1980  51      2       64
                                      1968
  AVERAGE         61                        60      1       73

PRECIPITATION (IN)
  YESTERDAY        0.27          2.94 1993   0.11   0.16     0.00
  MONTH TO DATE    0.27                      0.11   0.16     0.00
  SINCE MAR 1      0.27                      0.11   0.16     0.00
  SINCE JAN 1      6.15                      7.19  -1.04     2.62

SNOWFALL (IN)
  YESTERDAY        0.0          MM      MM
  MONTH TO DATE    0.0
  SINCE MAR 1      0.0
  SINCE JUL 1      0.0

DEGREE DAYS
 HEATING
  YESTERDAY        4                         6     -2        0
  MONTH TO DATE    4                         6     -2        0
  SINCE MAR 1      4                         6     -2        0
  SINCE JUL 1   1189                      1076    113     1327
..................................................................


WIND (MPH)
  HIGHEST WIND SPEED    13   HIGHEST WIND DIRECTION     N (350)
  HIGHEST GUST SPEED    17   HIGHEST GUST DIRECTION     E (80)




RELATIVE HUMIDITY (PERCENT)
 HIGHEST   100
 LOWEST     87
 AVERAGE    94

..........................................................


THE HOUSTON/HOBBY AIRPORT CLIMATE NORMALS FOR TODAY
                         NORMAL    RECORD    YEAR
 MAXIMUM TEMPERATURE (F)   69        83      2006
 MINIMUM TEMPERATURE (F)   52        24      1980


SUNRISE AND SUNSET
MARCH  2 2015.........SUNRISE   646 AM CST   SUNSET   621 PM CST
MARCH  3 2015.........SUNRISE   645 AM CST   SUNSET   622 PM CST


-  INDICATES NEGATIVE NUMBERS.
R  INDICATES RECORD WAS SET OR TIED.
MM INDICATES DATA IS MISSING.
T  INDICATES TRACE AMOUNT.

...MISCELLANEOUS CLIMATE DATA FOR YESTERDAY...

LOCATION                        HIGH    LOW     PRECIP
PEARLAND                         74      55      0.24
SUGAR LAND                       59      49      0.13
TOMBALL                          55      47      0.20
CONROE                           53      46      0.18
HUNTSVILLE                       46      42      0.10
ANGLETON/LAKE JACKSON            77      54      0.27
PALACIOS                         61      48      0.08
LEAGUE CITY (NWS)                76      54      0.43


THIS PRODUCT...ALONG WITH OTHER WEATHER...HYDROLOGIC...AND CLIMATE
PRODUCTS...IS AVAILABLE ON THE WEB AT HTTP://WWW.SRH.NOAA.GOV/HGX
OR AT HTTP://WEATHER.GOV


$$
