977
CDUS44 KHGX 031419
CLIHOU

CLIMATE REPORT
NATIONAL WEATHER SERVICE HOUSTON/GALVESTON TX
820 AM CST SAT DEC 3 2016

...MORNING CLIMATE DATA...

                            MORNING LOW    PRECIP SINCE MIDNIGHT
HOUSTON INTERCONTINENTAL         50                0.47
GALVESTON SCHOLES FIELD          62                2.59
BRYAN/COLLEGE STATION            49                0.27
HOUSTON HOBBY                    54                0.37

...................................

...THE HOUSTON INTERCONTINENTAL CLIMATE SUMMARY FOR DECEMBER 2 2016...

CLIMATE NORMAL PERIOD 1981 TO 2010
CLIMATE RECORD PERIOD 1892 TO 2016


WEATHER ITEM   OBSERVED TIME   RECORD YEAR NORMAL DEPARTURE LAST
                VALUE   (LST)  VALUE       VALUE  FROM      YEAR
                                                  NORMAL
..................................................................
TEMPERATURE (F)
 YESTERDAY
  MAXIMUM         65    111 PM  84    2012  67     -2       61
  MINIMUM         45    200 AM  28    1979  47     -2       46
  AVERAGE         55                        57     -2       54

PRECIPITATION (IN)
  YESTERDAY        0.07          3.28 1971   0.13  -0.06     0.00
  MONTH TO DATE    0.07                      0.28  -0.21     0.02
  SINCE DEC 1      0.07                      0.28  -0.21     0.02
  SINCE JAN 1     57.47                     46.31  11.16    64.84

SNOWFALL (IN)
  YESTERDAY       MM             0.0  2001
  MONTH TO DATE    0.0
  SINCE DEC 1      0.0
  SINCE JUL 1      0.0

DEGREE DAYS
 HEATING
  YESTERDAY       10                         9      1       11
  MONTH TO DATE   24                        18      6       22
  SINCE DEC 1     24                        18      6       22
  SINCE JUL 1     82                       203   -121      135
..................................................................


WIND (MPH)
  HIGHEST WIND SPEED    22   HIGHEST WIND DIRECTION     E (100)
  HIGHEST GUST SPEED    26   HIGHEST GUST DIRECTION     E (110)




RELATIVE HUMIDITY (PERCENT)
 HIGHEST    86
 LOWEST     43
 AVERAGE    65

..........................................................


THE HOUSTON INTERCONTINENTAL CLIMATE NORMALS FOR TODAY
                         NORMAL    RECORD    YEAR
 MAXIMUM TEMPERATURE (F)   67        85      1995
 MINIMUM TEMPERATURE (F)   47        25      1929


SUNRISE AND SUNSET
DECEMBER  3 2016......SUNRISE   702 AM CST   SUNSET   521 PM CST
DECEMBER  4 2016......SUNRISE   702 AM CST   SUNSET   521 PM CST


-  INDICATES NEGATIVE NUMBERS.
R  INDICATES RECORD WAS SET OR TIED.
MM INDICATES DATA IS MISSING.
T  INDICATES TRACE AMOUNT.

&&

...................................

...THE HOUSTON/HOBBY AIRPORT CLIMATE SUMMARY FOR DECEMBER 2 2016...

CLIMATE NORMAL PERIOD 1981 TO 2010
CLIMATE RECORD PERIOD 1930 TO 2016


WEATHER ITEM   OBSERVED TIME   RECORD YEAR NORMAL DEPARTURE LAST
                VALUE   (LST)  VALUE       VALUE  FROM      YEAR
                                                  NORMAL
..................................................................
TEMPERATURE (F)
 YESTERDAY
  MAXIMUM         66   1038 AM  84    2012  67     -1       65
  MINIMUM         55    904 PM  33    1974  49      6       48
                                      1960
  AVERAGE         61                        58      3       57

PRECIPITATION (IN)
  YESTERDAY        0.15          3.43 1994   0.14   0.01     0.01
  MONTH TO DATE    0.15                      0.28  -0.13     0.03
  SINCE DEC 1      0.15                      0.28  -0.13     0.03
  SINCE JAN 1     53.28                     50.90   2.38    73.67

SNOWFALL (IN)
  YESTERDAY        0.0          MM      MM
  MONTH TO DATE    0.0
  SINCE DEC 1      0.0
  SINCE JUL 1      0.0

DEGREE DAYS
 HEATING
  YESTERDAY        4                         8     -4        8
  MONTH TO DATE   13                        16     -3       15
  SINCE DEC 1     13                        16     -3       15
  SINCE JUL 1     50                       172   -122       89
..................................................................


WIND (MPH)
  HIGHEST WIND SPEED    21   HIGHEST WIND DIRECTION     E (70)
  HIGHEST GUST SPEED    28   HIGHEST GUST DIRECTION     E (70)




RELATIVE HUMIDITY (PERCENT)
 HIGHEST    86
 LOWEST     63
 AVERAGE    75

..........................................................


THE HOUSTON/HOBBY AIRPORT CLIMATE NORMALS FOR TODAY
                         NORMAL    RECORD    YEAR
 MAXIMUM TEMPERATURE (F)   67        85      1933
 MINIMUM TEMPERATURE (F)   49        32      1963


SUNRISE AND SUNSET
DECEMBER  3 2016......SUNRISE   701 AM CST   SUNSET   522 PM CST
DECEMBER  4 2016......SUNRISE   701 AM CST   SUNSET   522 PM CST


-  INDICATES NEGATIVE NUMBERS.
R  INDICATES RECORD WAS SET OR TIED.
MM INDICATES DATA IS MISSING.
T  INDICATES TRACE AMOUNT.

...MISCELLANEOUS CLIMATE DATA FOR YESTERDAY...

LOCATION                        HIGH    LOW     PRECIP
PEARLAND                         66      55      0.11
SUGAR LAND                       66      50      0.14
TOMBALL                          64      43      0.06
CONROE                           62      38      0.07
HUNTSVILLE                       66      40      0.18
ANGLETON/LAKE JACKSON            69      56      0.08
PALACIOS                         70      57      0.46
LEAGUE CITY (NWS)                66      53      0.20


THIS PRODUCT...ALONG WITH OTHER WEATHER...HYDROLOGIC...AND CLIMATE
PRODUCTS...IS AVAILABLE ON THE WEB AT HTTP://WWW.SRH.NOAA.GOV/HGX
OR AT HTTP://WEATHER.GOV



$$
