276
CDUS44 KHGX 180734
CLIHOU


CLIMATE REPORT
NATIONAL WEATHER SERVICE HOUSTON/GALVESTON TX
133 AM CST WED JAN 18 2017


...................................

...THE HOUSTON INTERCONTINENTAL CLIMATE SUMMARY FOR JANUARY 17 2017...

CLIMATE NORMAL PERIOD 1981 TO 2010
CLIMATE RECORD PERIOD 1892 TO 2017


WEATHER ITEM   OBSERVED TIME   RECORD YEAR NORMAL DEPARTURE LAST
                VALUE   (LST)  VALUE       VALUE  FROM      YEAR
                                                  NORMAL
..................................................................
TEMPERATURE (F)
 YESTERDAY
  MAXIMUM         72    710 AM  80    1974  63      9       57
                                      1907
  MINIMUM         59   1017 PM  15    1930  43     16       36
  AVERAGE         66                        53     13       47

PRECIPITATION (IN)
  YESTERDAY        0.56          2.39 1963   0.11   0.45     0.00
  MONTH TO DATE    2.55                      1.80   0.75     1.89
  SINCE DEC 1      6.11                      5.54   0.57     7.10
  SINCE JAN 1      2.55                      1.80   0.75     1.89

SNOWFALL (IN)
  YESTERDAY        0.0           0.0  2002
  MONTH TO DATE    0.0
  SINCE DEC 1      0.0
  SINCE JUL 1      0.0

DEGREE DAYS
 HEATING
  YESTERDAY        0                        13    -13       18
  MONTH TO DATE  138                       221    -83      241
  SINCE DEC 1    397                       575   -178      461
  SINCE JUL 1    455                       760   -305      574
..................................................................


WIND (MPH)
  HIGHEST WIND SPEED    18   HIGHEST WIND DIRECTION     N (10)
  HIGHEST GUST SPEED    22   HIGHEST GUST DIRECTION     N (10)




RELATIVE HUMIDITY (PERCENT)
 HIGHEST    93
 LOWEST     90
 AVERAGE    92

..........................................................


THE HOUSTON INTERCONTINENTAL CLIMATE NORMALS FOR TODAY
                         NORMAL    RECORD    YEAR
 MAXIMUM TEMPERATURE (F)   63        81      2000
 MINIMUM TEMPERATURE (F)   43         5      1930


SUNRISE AND SUNSET
JANUARY 18 2017.......SUNRISE   717 AM CST   SUNSET   547 PM CST
JANUARY 19 2017.......SUNRISE   717 AM CST   SUNSET   548 PM CST


-  INDICATES NEGATIVE NUMBERS.
R  INDICATES RECORD WAS SET OR TIED.
MM INDICATES DATA IS MISSING.
T  INDICATES TRACE AMOUNT.


&&

...................................

...THE HOUSTON/HOBBY AIRPORT CLIMATE SUMMARY FOR JANUARY 17 2017...

CLIMATE NORMAL PERIOD 1981 TO 2010
CLIMATE RECORD PERIOD 1930 TO 2017


WEATHER ITEM   OBSERVED TIME   RECORD YEAR NORMAL DEPARTURE LAST
                VALUE   (LST)  VALUE       VALUE  FROM      YEAR
                                                  NORMAL
..................................................................
TEMPERATURE (F)
 YESTERDAY
  MAXIMUM         75   1142 AM  80    1974  63     12       58
  MINIMUM         62   1111 PM  23    1965  45     17       40
  AVERAGE         69                        54     15       49

PRECIPITATION (IN)
  YESTERDAY        0.17          2.38 1963   0.13   0.04     0.00
  MONTH TO DATE    1.44                      2.07  -0.63     1.96
  SINCE DEC 1      5.13                      6.10  -0.97     5.45
  SINCE JAN 1      1.44                      2.07  -0.63     1.96

SNOWFALL (IN)
  YESTERDAY        0.0          MM      MM
  MONTH TO DATE    0.0
  SINCE DEC 1      0.0
  SINCE JUL 1      0.0

DEGREE DAYS
 HEATING
  YESTERDAY        0                        12    -12       16
  MONTH TO DATE  123                       204    -81      210
  SINCE DEC 1    335                       524   -189      381
  SINCE JUL 1    372                       680   -308      455
..................................................................


WIND (MPH)
  HIGHEST WIND SPEED    20   HIGHEST WIND DIRECTION     N (350)
  HIGHEST GUST SPEED    23   HIGHEST GUST DIRECTION     N (340)




RELATIVE HUMIDITY (PERCENT)
 HIGHEST    93
 LOWEST     87
 AVERAGE    90

..........................................................


THE HOUSTON/HOBBY AIRPORT CLIMATE NORMALS FOR TODAY
                         NORMAL    RECORD    YEAR
 MAXIMUM TEMPERATURE (F)   63        81      2000
                                             1951
                                             1950
 MINIMUM TEMPERATURE (F)   45        20      1940


SUNRISE AND SUNSET
JANUARY 18 2017.......SUNRISE   716 AM CST   SUNSET   547 PM CST
JANUARY 19 2017.......SUNRISE   716 AM CST   SUNSET   548 PM CST


-  INDICATES NEGATIVE NUMBERS.
R  INDICATES RECORD WAS SET OR TIED.
MM INDICATES DATA IS MISSING.
T  INDICATES TRACE AMOUNT.




$$
