240
CDUS44 KHGX 290723
CLIHOU


CLIMATE REPORT
NATIONAL WEATHER SERVICE HOUSTON/GALVESTON TX
222 AM CDT FRI JUL 29 2016


...................................

...THE HOUSTON INTERCONTINENTAL CLIMATE SUMMARY FOR JULY 28 2016...

CLIMATE NORMAL PERIOD 1981 TO 2010
CLIMATE RECORD PERIOD 1892 TO 2016


WEATHER ITEM   OBSERVED TIME   RECORD YEAR NORMAL DEPARTURE LAST
                VALUE   (LST)  VALUE       VALUE  FROM      YEAR
                                                  NORMAL
..................................................................
TEMPERATURE (F)
 YESTERDAY
  MAXIMUM         91   1046 AM 103    1995  95     -4      100
  MINIMUM         76   1159 PM  66    1891  75      1       76
  AVERAGE         84                        85     -1       88

PRECIPITATION (IN)
  YESTERDAY        0.12          2.52 1904   0.10   0.02     0.00
  MONTH TO DATE    1.09                      3.51  -2.42     0.44
  SINCE JUN 1     14.21                      9.44   4.77    11.83
  SINCE JAN 1     43.16                     27.83  15.33    42.27

DEGREE DAYS
 COOLING
  YESTERDAY       19                        20     -1       23
  MONTH TO DATE  628                       542     86      588
  SINCE JUN 1   1148                      1062     86     1111
  SINCE JAN 1   1729                      1714     15     1803
..................................................................


WIND (MPH)
  HIGHEST WIND SPEED    24   HIGHEST WIND DIRECTION    SE (150)
  HIGHEST GUST SPEED    30   HIGHEST GUST DIRECTION    SE (150)




RELATIVE HUMIDITY (PERCENT)
 HIGHEST    97
 LOWEST     59
 AVERAGE    78

..........................................................


THE HOUSTON INTERCONTINENTAL CLIMATE NORMALS FOR TODAY
                         NORMAL    RECORD    YEAR
 MAXIMUM TEMPERATURE (F)   95       101      1907
 MINIMUM TEMPERATURE (F)   75        64      1994


SUNRISE AND SUNSET
JULY 29 2016..........SUNRISE   639 AM CDT   SUNSET   816 PM CDT
JULY 30 2016..........SUNRISE   640 AM CDT   SUNSET   816 PM CDT


-  INDICATES NEGATIVE NUMBERS.
R  INDICATES RECORD WAS SET OR TIED.
MM INDICATES DATA IS MISSING.
T  INDICATES TRACE AMOUNT.


&&

...................................

...THE HOUSTON/HOBBY AIRPORT CLIMATE SUMMARY FOR JULY 28 2016...

CLIMATE NORMAL PERIOD 1981 TO 2010
CLIMATE RECORD PERIOD 1930 TO 2016


WEATHER ITEM   OBSERVED TIME   RECORD YEAR NORMAL DEPARTURE LAST
                VALUE   (LST)  VALUE       VALUE  FROM      YEAR
                                                  NORMAL
..................................................................
TEMPERATURE (F)
 YESTERDAY
  MAXIMUM         91   1000 AM 101    1999  93     -2       98
  MINIMUM         78   1141 AM  71    1994  76      2       78
                                      1980
                                      1942
  AVERAGE         85                        84      1       88

PRECIPITATION (IN)
  YESTERDAY        0.02          1.55 1943   0.12  -0.10     0.00
  MONTH TO DATE    5.34                      4.30   1.04     2.57
  SINCE JUN 1     14.17                     11.40   2.77     7.44
  SINCE JAN 1     39.02                     29.68   9.34    42.30

DEGREE DAYS
 COOLING
  YESTERDAY       20                        19      1       23
  MONTH TO DATE  618                       526     92      582
  SINCE JUN 1   1168                      1036    132     1121
  SINCE JAN 1   1939                      1690    249     1860
..................................................................


WIND (MPH)
  HIGHEST WIND SPEED    28   HIGHEST WIND DIRECTION     S (200)
  HIGHEST GUST SPEED    40   HIGHEST GUST DIRECTION     S (200)




RELATIVE HUMIDITY (PERCENT)
 HIGHEST    94
 LOWEST     61
 AVERAGE    78

..........................................................


THE HOUSTON/HOBBY AIRPORT CLIMATE NORMALS FOR TODAY
                         NORMAL    RECORD    YEAR
 MAXIMUM TEMPERATURE (F)   93       100      2015
                                             1944
 MINIMUM TEMPERATURE (F)   76        68      1994


SUNRISE AND SUNSET
JULY 29 2016..........SUNRISE   639 AM CDT   SUNSET   815 PM CDT
JULY 30 2016..........SUNRISE   640 AM CDT   SUNSET   815 PM CDT


-  INDICATES NEGATIVE NUMBERS.
R  INDICATES RECORD WAS SET OR TIED.
MM INDICATES DATA IS MISSING.
T  INDICATES TRACE AMOUNT.




$$
