000
CDUS44 KBRO 260630
CLIHRL


CLIMATE REPORT
NATIONAL WEATHER SERVICE BROWNSVILLE TX
129 AM CDT WED APR 26 2017


...................................

...THE HARLINGEN CLIMATE SUMMARY FOR APRIL 25 2017...

CLIMATE NORMAL PERIOD 1981 TO 2010
CLIMATE RECORD PERIOD 1912 TO 2017


WEATHER ITEM   OBSERVED TIME   RECORD YEAR NORMAL DEPARTURE LAST
                VALUE   (LST)  VALUE       VALUE  FROM      YEAR
                                                  NORMAL
..................................................................
TEMPERATURE (F)
 YESTERDAY
  MAXIMUM         93    236 PM 100    1945  87      6       94
  MINIMUM         67   1223 AM  52    1913  67      0       75
  AVERAGE         80                        77      3       85

PRECIPITATION (IN)
  YESTERDAY        0.00          1.44 1981   0.05  -0.05     0.00
  MONTH TO DATE    0.87                      1.40  -0.53     0.48
  SINCE MAR 1      3.09                      2.69   0.40     2.26
  SINCE JAN 1      4.40                      5.16  -0.76     4.17

SNOWFALL (IN)
  YESTERDAY        0.0
  MONTH TO DATE    0.0
  SINCE MAR 1      0.0
  SINCE JUL 1      0.0

DEGREE DAYS
 HEATING
  YESTERDAY        0                         0      0        0
  MONTH TO DATE    0                         7     -7        2
  SINCE MAR 1      4                        53    -49       13
  SINCE JUL 1    234                       621   -387      389

 COOLING
  YESTERDAY       15                        12      3       20
  MONTH TO DATE  290                       255     35      286
  SINCE MAR 1    580                       425    155      571
  SINCE JAN 1    947                       550    397      711
..................................................................


WIND (MPH)
  HIGHEST WIND SPEED    29   HIGHEST WIND DIRECTION     S (180)
  HIGHEST GUST SPEED    36   HIGHEST GUST DIRECTION     S (190)
  AVERAGE WIND SPEED    19.1



WEATHER CONDITIONS
 THE FOLLOWING WEATHER WAS RECORDED YESTERDAY.
  NO SIGNIFICANT WEATHER WAS OBSERVED.


RELATIVE HUMIDITY (PERCENT)
 HIGHEST    93
 LOWEST     52
 AVERAGE    73

..........................................................


THE HARLINGEN CLIMATE NORMALS FOR TODAY
                         NORMAL    RECORD    YEAR
 MAXIMUM TEMPERATURE (F)   87        99      1961
 MINIMUM TEMPERATURE (F)   67        47      1913


SUNRISE AND SUNSET
APRIL 26 2017.........SUNRISE   657 AM CDT   SUNSET   800 PM CDT
APRIL 27 2017.........SUNRISE   656 AM CDT   SUNSET   801 PM CDT


-  INDICATES NEGATIVE NUMBERS.
R  INDICATES RECORD WAS SET OR TIED.
MM INDICATES DATA IS MISSING.
T  INDICATES TRACE AMOUNT.




$$
