000
CDUS44 KBRO 272226
CLIHRL


CLIMATE REPORT
NATIONAL WEATHER SERVICE BROWNSVILLE TX
426 PM CST MON FEB 27 2017


...................................

...THE HARLINGEN CLIMATE SUMMARY FOR FEBRUARY 27 2017...
VALID TODAY AS OF 0400 PM LOCAL TIME.

CLIMATE NORMAL PERIOD 1981 TO 2010
CLIMATE RECORD PERIOD 1912 TO 2017


WEATHER ITEM   OBSERVED TIME   RECORD YEAR NORMAL DEPARTURE LAST
                VALUE   (LST)  VALUE       VALUE  FROM      YEAR
                                                  NORMAL
..................................................................
TEMPERATURE (F)
 TODAY
  MAXIMUM         88    358 PM  96    1939  76     12       74
  MINIMUM         64    732 AM  30    1935  55      9       51
  AVERAGE         76                        65     11       63

PRECIPITATION (IN)
  TODAY            0.00          3.92 1973   0.04  -0.04     0.00
  MONTH TO DATE    0.41                      1.38  -0.97     0.00
  SINCE DEC 1      2.64                      3.70  -1.06     2.21
  SINCE JAN 1      1.31                      2.44  -1.13     1.91

SNOWFALL (IN)
  TODAY            0.0
  MONTH TO DATE    0.0
  SINCE DEC 1      0.0
  SINCE JUL 1      0.0
  SNOW DEPTH       0

DEGREE DAYS
 HEATING
  TODAY            0                         3     -3        2
  MONTH TO DATE    9                       116   -107       67
  SINCE DEC 1    215                       507   -292      340
  SINCE JUL 1    230                       564   -334      376

 COOLING
  TODAY           11                         3      8        0
  MONTH TO DATE  220                        72    148       99
  SINCE DEC 1    508                       179    329      260
  SINCE JAN 1    351                       121    230      127
..................................................................


WIND (MPH)
  HIGHEST WIND SPEED    23   HIGHEST WIND DIRECTION     S (180)
  HIGHEST GUST SPEED    28   HIGHEST GUST DIRECTION     S (170)
  AVERAGE WIND SPEED    12.7



WEATHER CONDITIONS
 THE FOLLOWING WEATHER WAS RECORDED TODAY.
  FOG


RELATIVE HUMIDITY (PERCENT)
 HIGHEST   100
 LOWEST     55
 AVERAGE    78

..........................................................


THE HARLINGEN CLIMATE NORMALS FOR TOMORROW
                         NORMAL    RECORD    YEAR
 MAXIMUM TEMPERATURE (F)   77        99      1940
 MINIMUM TEMPERATURE (F)   55        35      1924


SUNRISE AND SUNSET
FEBRUARY 27 2017......SUNRISE   656 AM CST   SUNSET   631 PM CST
FEBRUARY 28 2017......SUNRISE   655 AM CST   SUNSET   632 PM CST


-  INDICATES NEGATIVE NUMBERS.
R  INDICATES RECORD WAS SET OR TIED.
MM INDICATES DATA IS MISSING.
T  INDICATES TRACE AMOUNT.




$$
