000
CDUS44 KBRO 252136
CLIHRL


CLIMATE REPORT
NATIONAL WEATHER SERVICE BROWNSVILLE TX
435 PM CDT WED MAY 25 2016


...................................

...THE HARLINGEN CLIMATE SUMMARY FOR MAY 25 2016...
VALID TODAY AS OF 0400 PM LOCAL TIME.

CLIMATE NORMAL PERIOD 1981 TO 2010
CLIMATE RECORD PERIOD 1912 TO 2016


WEATHER ITEM   OBSERVED TIME   RECORD YEAR NORMAL DEPARTURE LAST
                VALUE   (LST)  VALUE       VALUE  FROM      YEAR
                                                  NORMAL
..................................................................
TEMPERATURE (F)
 TODAY
  MAXIMUM         95    259 PM  98    1955  92      3       90
  MINIMUM         80    607 AM  57    1967  72      8       75
  AVERAGE         88                        82      6       83

PRECIPITATION (IN)
  TODAY            0.00          6.73 2007   0.10  -0.10    MM
  MONTH TO DATE    1.49                      1.96  -0.47     2.74
  SINCE MAR 1      3.76                      4.92  -1.16     9.53
  SINCE JAN 1      5.67                      7.39  -1.72    12.45

SNOWFALL (IN)
  TODAY            0.0
  MONTH TO DATE    0.0
  SINCE MAR 1      0.0
  SINCE JUL 1      0.0
  SNOW DEPTH       0

DEGREE DAYS
 HEATING
  TODAY            0                         0      0        0
  MONTH TO DATE    0                         0      0        0
  SINCE MAR 1     13                        54    -41       74
  SINCE JUL 1    389                       622   -233      767

 COOLING
  TODAY           23                        17      6       18
  MONTH TO DATE  424                       382     42      419
  SINCE MAR 1   1096                       871    225      919
  SINCE JAN 1   1236                       996    240      978
..................................................................


WIND (MPH)
  HIGHEST WIND SPEED    23   HIGHEST WIND DIRECTION    SE (150)
  HIGHEST GUST SPEED    27   HIGHEST GUST DIRECTION    SE (150)
  AVERAGE WIND SPEED    13.8



WEATHER CONDITIONS
 THE FOLLOWING WEATHER WAS RECORDED TODAY.
  FOG
  HAZE


RELATIVE HUMIDITY (PERCENT)
 HIGHEST    91
 LOWEST     53
 AVERAGE    72

..........................................................


THE HARLINGEN CLIMATE NORMALS FOR TOMORROW
                         NORMAL    RECORD    YEAR
 MAXIMUM TEMPERATURE (F)   92       100      1924
 MINIMUM TEMPERATURE (F)   72        60      1913
                                             1940
                                             1967


SUNRISE AND SUNSET
MAY 25 2016...........SUNRISE   640 AM CDT   SUNSET   816 PM CDT
MAY 26 2016...........SUNRISE   640 AM CDT   SUNSET   816 PM CDT


-  INDICATES NEGATIVE NUMBERS.
R  INDICATES RECORD WAS SET OR TIED.
MM INDICATES DATA IS MISSING.
T  INDICATES TRACE AMOUNT.




$$
