000
CDUS44 KBRO 220633
CLIHRL


CLIMATE REPORT
NATIONAL WEATHER SERVICE BROWNSVILLE TX
133 AM CDT THU JUN 22 2017


...................................

...THE HARLINGEN CLIMATE SUMMARY FOR JUNE 21 2017...

CLIMATE NORMAL PERIOD 1981 TO 2010
CLIMATE RECORD PERIOD 1912 TO 2017


WEATHER ITEM   OBSERVED TIME   RECORD YEAR NORMAL DEPARTURE LAST
                VALUE   (LST)  VALUE       VALUE  FROM      YEAR
                                                  NORMAL
..................................................................
TEMPERATURE (F)
 YESTERDAY
  MAXIMUM        103R   449 PM 101    1937  94      9       94
  MINIMUM         75    455 AM  68    1961  75      0       74
                                      1963
  AVERAGE         89                        84      5       84

PRECIPITATION (IN)
  YESTERDAY        0.00          2.74 1993   0.10  -0.10     0.04
  MONTH TO DATE    0.07                      1.60  -1.53     4.64
  SINCE JUN 1      0.07                      1.60  -1.53     4.64
  SINCE JAN 1      6.66                      9.52  -2.86    11.53

SNOWFALL (IN)
  YESTERDAY        0.0
  MONTH TO DATE    0.0
  SINCE JUN 1      0.0
  SINCE JUL 1      0.0

DEGREE DAYS
 HEATING
  YESTERDAY        0                         0      0        0
  MONTH TO DATE    0                         0      0        0
  SINCE JUN 1      0                         0      0        0
  SINCE JUL 1    234                       622   -388      389

 COOLING
  YESTERDAY       24                        19      5       19
  MONTH TO DATE  418                       392     26      400
  SINCE JUN 1    418                       392     26      400
  SINCE JAN 1   1953                      1493    460     1761
..................................................................


WIND (MPH)
  HIGHEST WIND SPEED    21   HIGHEST WIND DIRECTION     N (360)
  HIGHEST GUST SPEED    34   HIGHEST GUST DIRECTION     N (350)
  AVERAGE WIND SPEED    10.2



WEATHER CONDITIONS
 THE FOLLOWING WEATHER WAS RECORDED YESTERDAY.
  FOG


RELATIVE HUMIDITY (PERCENT)
 HIGHEST   100
 LOWEST     25
 AVERAGE    63

..........................................................


THE HARLINGEN CLIMATE NORMALS FOR TODAY
                         NORMAL    RECORD    YEAR
 MAXIMUM TEMPERATURE (F)   94       102      1953
 MINIMUM TEMPERATURE (F)   75        68      1968


SUNRISE AND SUNSET
JUNE 22 2017..........SUNRISE   639 AM CDT   SUNSET   826 PM CDT
JUNE 23 2017..........SUNRISE   639 AM CDT   SUNSET   826 PM CDT


-  INDICATES NEGATIVE NUMBERS.
R  INDICATES RECORD WAS SET OR TIED.
MM INDICATES DATA IS MISSING.
T  INDICATES TRACE AMOUNT.




$$
