000
CDUS44 KBRO 042145
CLIHRL


CLIMATE REPORT
NATIONAL WEATHER SERVICE BROWNSVILLE TX
445 PM CDT TUE AUG 4 2015


...................................

...THE HARLINGEN CLIMATE SUMMARY FOR AUGUST 4 2015...
VALID TODAY AS OF 0400 PM LOCAL TIME.

CLIMATE NORMAL PERIOD 1981 TO 2010
CLIMATE RECORD PERIOD 1912 TO 2015


WEATHER ITEM   OBSERVED TIME   RECORD YEAR NORMAL DEPARTURE LAST
                VALUE   (LST)  VALUE       VALUE  FROM      YEAR
                                                  NORMAL
..................................................................
TEMPERATURE (F)
 TODAY
  MAXIMUM        100    238 PM 104    1958  96      4       98
  MINIMUM         76    625 AM  69    1926  75      1       72
  AVERAGE         88                        86      2       85

PRECIPITATION (IN)
  TODAY            0.00          0.76 2007   0.03  -0.03     0.00
  MONTH TO DATE    0.00                      0.17  -0.17      T
  SINCE JUN 1      3.33                      4.60  -1.27     0.88
  SINCE JAN 1     15.83                     12.52   3.31     5.72

SNOWFALL (IN)
  TODAY            0.0
  MONTH TO DATE    0.0
  SINCE JUN 1      0.0
  SINCE JUL 1      0.0
  SNOW DEPTH       0

DEGREE DAYS
 HEATING
  TODAY            0                         0      0        0
  MONTH TO DATE    0                         0      0        0
  SINCE JUN 1      0                         0      0        0
  SINCE JUL 1      0                         0      0        0

 COOLING
  TODAY           23                        21      2       20
  MONTH TO DATE   89                        84      5       86
  SINCE JUN 1   1311                      1275     36     1358
  SINCE JAN 1   2395                      2376     19     2294
..................................................................


WIND (MPH)
  HIGHEST WIND SPEED    23   HIGHEST WIND DIRECTION    SE (130)
  HIGHEST GUST SPEED    30   HIGHEST GUST DIRECTION    SE (130)
  AVERAGE WIND SPEED    11.0



WEATHER CONDITIONS
 THE FOLLOWING WEATHER WAS RECORDED TODAY.
  NO SIGNIFICANT WEATHER WAS OBSERVED.


RELATIVE HUMIDITY (PERCENT)
 HIGHEST   100
 LOWEST     42
 AVERAGE    71

..........................................................


THE HARLINGEN CLIMATE NORMALS FOR TOMORROW
                         NORMAL    RECORD    YEAR
 MAXIMUM TEMPERATURE (F)   96       102      1958
 MINIMUM TEMPERATURE (F)   75        70      1933
                                             1934
                                             1968


SUNRISE AND SUNSET
AUGUST  4 2015........SUNRISE   658 AM CDT   SUNSET   816 PM CDT
AUGUST  5 2015........SUNRISE   658 AM CDT   SUNSET   815 PM CDT


-  INDICATES NEGATIVE NUMBERS.
R  INDICATES RECORD WAS SET OR TIED.
MM INDICATES DATA IS MISSING.
T  INDICATES TRACE AMOUNT.




$$
