000
CDUS44 KBRO 160625
CLIHRL


CLIMATE REPORT
NATIONAL WEATHER SERVICE BROWNSVILLE TX
125 AM CDT WED AUG 16 2017


...................................

...THE HARLINGEN CLIMATE SUMMARY FOR AUGUST 15 2017...

CLIMATE NORMAL PERIOD 1981 TO 2010
CLIMATE RECORD PERIOD 1912 TO 2017


WEATHER ITEM   OBSERVED TIME   RECORD YEAR NORMAL DEPARTURE LAST
                VALUE   (LST)  VALUE       VALUE  FROM      YEAR
                                                  NORMAL
..................................................................
TEMPERATURE (F)
 YESTERDAY
  MAXIMUM         98    253 PM 105    1962  96      2       96
  MINIMUM         77    559 AM  60    1967  75      2       75
  AVERAGE         88                        86      2       86

PRECIPITATION (IN)
  YESTERDAY        0.00          2.04 2016   0.04  -0.04     2.04
  MONTH TO DATE    0.60                      0.48   0.12     2.04
  SINCE JUN 1      5.14                      4.91   0.23     7.28
  SINCE JAN 1     11.73                     12.83  -1.10    14.17

SNOWFALL (IN)
  YESTERDAY        0.0
  MONTH TO DATE    0.0
  SINCE JUN 1      0.0
  SINCE JUL 1      0.0

DEGREE DAYS
 HEATING
  YESTERDAY        0                         0      0        0
  MONTH TO DATE    0                         0      0        0
  SINCE JUN 1      0                         0      0        0
  SINCE JUL 1      0                         0      0        0

 COOLING
  YESTERDAY       23                        21      2       21
  MONTH TO DATE  342                       315     27      337
  SINCE JUN 1   1619                      1506    113     1617
  SINCE JAN 1   3154                      2607    547     2978
..................................................................


WIND (MPH)
  HIGHEST WIND SPEED    30   HIGHEST WIND DIRECTION     S (160)
  HIGHEST GUST SPEED    42   HIGHEST GUST DIRECTION    SE (150)
  AVERAGE WIND SPEED    17.5



WEATHER CONDITIONS
 THE FOLLOWING WEATHER WAS RECORDED YESTERDAY.
  NO SIGNIFICANT WEATHER WAS OBSERVED.


RELATIVE HUMIDITY (PERCENT)
 HIGHEST    97
 LOWEST     42
 AVERAGE    70

..........................................................


THE HARLINGEN CLIMATE NORMALS FOR TODAY
                         NORMAL    RECORD    YEAR
 MAXIMUM TEMPERATURE (F)   96       104      1943
 MINIMUM TEMPERATURE (F)   75        67      1967


SUNRISE AND SUNSET
AUGUST 16 2017........SUNRISE   704 AM CDT   SUNSET   806 PM CDT
AUGUST 17 2017........SUNRISE   704 AM CDT   SUNSET   805 PM CDT


-  INDICATES NEGATIVE NUMBERS.
R  INDICATES RECORD WAS SET OR TIED.
MM INDICATES DATA IS MISSING.
T  INDICATES TRACE AMOUNT.




$$
