000
CDUS44 KLZK 180635
CLIHRO


CLIMATE REPORT
NATIONAL WEATHER SERVICE LITTLE ROCK AR
1234 AM CST WED JAN 18 2017


...................................

...THE HARRISON CLIMATE SUMMARY FOR JANUARY 17 2017...

CLIMATE NORMAL PERIOD 1981 TO 2010
CLIMATE RECORD PERIOD 1891 TO 2017


WEATHER ITEM   OBSERVED TIME   RECORD YEAR NORMAL DEPARTURE LAST
                VALUE   (LST)  VALUE       VALUE  FROM      YEAR
                                                  NORMAL
..................................................................
TEMPERATURE (F)
 YESTERDAY
  MAXIMUM         45    129 PM  75    1952  46     -1       34
  MINIMUM         37   1007 PM  -2    1982  26     11       16
  AVERAGE         41                        36      5       25

PRECIPITATION (IN)
  YESTERDAY        0.00          1.12 1913   0.09  -0.09      T
  MONTH TO DATE    1.44                      1.44   0.00     0.79
  SINCE DEC 1      2.76                      4.64  -1.88     9.23
  SINCE JAN 1      1.44                      1.44   0.00     0.79

SNOWFALL (IN)
  YESTERDAY        0.0           2.0  1977   0.1   -0.1      0.2
  MONTH TO DATE    0.4                       1.7   -1.3      0.2
  SINCE DEC 1      0.9                       3.0   -2.1      0.2
  SINCE JUL 1      0.9                       3.5   -2.6      0.2
  SNOW DEPTH       0

DEGREE DAYS
 HEATING
  YESTERDAY       24                        29     -5       40
  MONTH TO DATE  470                       493    -23      492
  SINCE DEC 1   1279                      1328    -49     1053
  SINCE JUL 1   1729                      2092   -363     1639

 COOLING
  YESTERDAY        0                         0      0        0
  MONTH TO DATE    0                         0      0        0
  SINCE DEC 1      0                         0      0        2
  SINCE JAN 1      0                         0      0        0
..................................................................


WIND (MPH)
  HIGHEST WIND SPEED    14   HIGHEST WIND DIRECTION     W (270)
  HIGHEST GUST SPEED    19   HIGHEST GUST DIRECTION     W (250)
  AVERAGE WIND SPEED     6.4


SKY COVER
  POSSIBLE SUNSHINE  MM
  AVERAGE SKY COVER 0.8


WEATHER CONDITIONS
 THE FOLLOWING WEATHER WAS RECORDED YESTERDAY.
  NO SIGNIFICANT WEATHER WAS OBSERVED.


RELATIVE HUMIDITY (PERCENT)
 HIGHEST   100          1000 PM
 LOWEST     76           200 PM
 AVERAGE    88

..........................................................


THE HARRISON CLIMATE NORMALS FOR TODAY
                         NORMAL    RECORD    YEAR
 MAXIMUM TEMPERATURE (F)   47        71      1951
 MINIMUM TEMPERATURE (F)   26       -18      1930


SUNRISE AND SUNSET
JANUARY 18 2017.......SUNRISE   722 AM CST   SUNSET   525 PM CST
JANUARY 19 2017.......SUNRISE   722 AM CST   SUNSET   526 PM CST


-  INDICATES NEGATIVE NUMBERS.
R  INDICATES RECORD WAS SET OR TIED.
MM INDICATES DATA IS MISSING.
T  INDICATES TRACE AMOUNT.




$$
