000
CDUS44 KLZK 062109
CLIHRO


CLIMATE REPORT
NATIONAL WEATHER SERVICE LITTLE ROCK AR
409 PM CDT FRI MAY 6 2016


...................................

...THE HARRISON CLIMATE SUMMARY FOR MAY 6 2016...
VALID TODAY AS OF 0400 PM LOCAL TIME.

CLIMATE NORMAL PERIOD 1981 TO 2010
CLIMATE RECORD PERIOD 1891 TO 2016


WEATHER ITEM   OBSERVED TIME   RECORD YEAR NORMAL DEPARTURE LAST
                VALUE   (LST)  VALUE       VALUE  FROM      YEAR
                                                  NORMAL
..................................................................
TEMPERATURE (F)
 TODAY
  MAXIMUM         76    306 PM  92    1940  74      2       79
  MINIMUM         41    456 AM  33    1911  53    -12       63
  AVERAGE         59                        63     -4       71

PRECIPITATION (IN)
  TODAY            0.00          2.60 1907   0.18  -0.18     0.01
  MONTH TO DATE    T                         1.03  -1.03     0.01
  SINCE MAR 1      7.06                      9.14  -2.08     8.71
  SINCE JAN 1      9.34                     14.34  -5.00    12.25

SNOWFALL (IN)
  TODAY            0.0          MM      MM   0.0    0.0      0.0
  MONTH TO DATE    0.0                       0.0    0.0      0.0
  SINCE MAR 1      0.0                       2.3   -2.3      4.3
  SINCE JUL 1      3.7                      11.5   -7.8     13.6
  SNOW DEPTH       0

DEGREE DAYS
 HEATING
  TODAY            6                         4      2        0
  MONTH TO DATE   36                        24     12       10
  SINCE MAR 1    552                       773   -221      713
  SINCE JUL 1   3165                      3945   -780     4108

 COOLING
  TODAY            0                         2     -2        6
  MONTH TO DATE    0                        12    -12       15
  SINCE MAR 1     23                        49    -26       40
  SINCE JAN 1     23                        49    -26       40
..................................................................


WIND (MPH)
  HIGHEST WIND SPEED     9   HIGHEST WIND DIRECTION    NW (300)
  HIGHEST GUST SPEED    13   HIGHEST GUST DIRECTION    NW (300)
  AVERAGE WIND SPEED     3.3


SKY COVER
  POSSIBLE SUNSHINE  MM
  AVERAGE SKY COVER 0.0


WEATHER CONDITIONS
 THE FOLLOWING WEATHER WAS RECORDED TODAY.
  NO SIGNIFICANT WEATHER WAS OBSERVED.


RELATIVE HUMIDITY (PERCENT)
 HIGHEST    83           600 AM
 LOWEST     27          1100 AM
 AVERAGE    55

..........................................................


THE HARRISON CLIMATE NORMALS FOR TOMORROW
                         NORMAL    RECORD    YEAR
 MAXIMUM TEMPERATURE (F)   74        91      1918
 MINIMUM TEMPERATURE (F)   53        29      1906


SUNRISE AND SUNSET
MAY  6 2016...........SUNRISE   614 AM CDT   SUNSET   805 PM CDT
MAY  7 2016...........SUNRISE   613 AM CDT   SUNSET   806 PM CDT


-  INDICATES NEGATIVE NUMBERS.
R  INDICATES RECORD WAS SET OR TIED.
MM INDICATES DATA IS MISSING.
T  INDICATES TRACE AMOUNT.




$$
