000
CDUS44 KLZK 262158
CLIHRO


CLIMATE REPORT
NATIONAL WEATHER SERVICE LITTLE ROCK AR
357 PM CST THU FEB 26 2015


...................................

...THE HARRISON CLIMATE SUMMARY FOR FEBRUARY 26 2015...
VALID TODAY AS OF 0300 PM LOCAL TIME.

CLIMATE NORMAL PERIOD 1981 TO 2010
CLIMATE RECORD PERIOD 1891 TO 2015


WEATHER ITEM   OBSERVED TIME   RECORD YEAR NORMAL DEPARTURE LAST
                VALUE   (LST)  VALUE       VALUE  FROM      YEAR
                                                  NORMAL
..................................................................
TEMPERATURE (F)
 TODAY
  MAXIMUM         35    125 AM  83    1917  54    -19       33
  MINIMUM         21    958 AM  10    1934  33    -12       15
  AVERAGE         28                        43    -15       24

PRECIPITATION (IN)
  TODAY            T             3.48 1945   0.10  -0.10      T
  MONTH TO DATE    1.50                      2.44  -0.94     0.90
  SINCE DEC 1      5.57                      8.20  -2.63     5.68
  SINCE JAN 1      3.32                      5.00  -1.68     1.93

SNOWFALL (IN)
  TODAY            T             2.0  1941   0.1   -0.1       T
  MONTH TO DATE    5.7                       3.0    2.7      5.8
  SINCE DEC 1      5.7                       8.5   -2.8     15.8
  SINCE JUL 1      6.3                       9.0   -2.7     15.8
  SNOW DEPTH       0

DEGREE DAYS
 HEATING
  TODAY           37                        22     15       41
  MONTH TO DATE  822                       644    178      794
  SINCE DEC 1   2444                      2366     78     2664
  SINCE JUL 1   3298                      3130    168     3477

 COOLING
  TODAY            0                         0      0        0
  MONTH TO DATE    0                         0      0        0
  SINCE DEC 1      0                         0      0        0
  SINCE JAN 1      0                         0      0        0
..................................................................


WIND (MPH)
  HIGHEST WIND SPEED    22   HIGHEST WIND DIRECTION    NW (310)
  HIGHEST GUST SPEED    30   HIGHEST GUST DIRECTION    NW (320)
  AVERAGE WIND SPEED    13.2


SKY COVER
  POSSIBLE SUNSHINE  MM
  AVERAGE SKY COVER 0.8


WEATHER CONDITIONS
 THE FOLLOWING WEATHER WAS RECORDED TODAY.
  LIGHT SNOW
  HAZE


RELATIVE HUMIDITY (PERCENT)
 HIGHEST    92           300 AM
 LOWEST     50           200 PM
 AVERAGE    71

..........................................................


THE HARRISON CLIMATE NORMALS FOR TOMORROW
                         NORMAL    RECORD    YEAR
 MAXIMUM TEMPERATURE (F)   54        77      1932
 MINIMUM TEMPERATURE (F)   33         6      1934


SUNRISE AND SUNSET
FEBRUARY 26 2015......SUNRISE   647 AM CST   SUNSET   604 PM CST
FEBRUARY 27 2015......SUNRISE   646 AM CST   SUNSET   605 PM CST


-  INDICATES NEGATIVE NUMBERS.
R  INDICATES RECORD WAS SET OR TIED.
MM INDICATES DATA IS MISSING.
T  INDICATES TRACE AMOUNT.




$$
