000
CDUS44 KLZK 210912
CLIHRO


CLIMATE REPORT
NATIONAL WEATHER SERVICE LITTLE ROCK AR
412 AM CDT THU AUG 21 2014


...................................

...THE HARRISON CLIMATE SUMMARY FOR AUGUST 20 2014...

CLIMATE NORMAL PERIOD 1981 TO 2010
CLIMATE RECORD PERIOD 1891 TO 2014


WEATHER ITEM   OBSERVED TIME   RECORD YEAR NORMAL DEPARTURE LAST
                VALUE   (LST)  VALUE       VALUE  FROM      YEAR
                                                  NORMAL
..................................................................
TEMPERATURE (F)
 YESTERDAY
  MAXIMUM         90    231 PM 107    1936  89      1       85
  MINIMUM         73    619 AM  49    1953  66      7       61
  AVERAGE         82                        78      4       73

PRECIPITATION (IN)
  YESTERDAY        0.00          2.00 1969   0.11  -0.11     0.00
  MONTH TO DATE    1.01                      2.37  -1.36     7.45
  SINCE JUN 1     11.23                      9.75   1.48    14.70
  SINCE JAN 1     26.54                     27.75  -1.21    32.82

SNOWFALL (IN)
  YESTERDAY        0.0          MM      MM   0.0    0.0      0.0
  MONTH TO DATE    0.0                       0.0    0.0      0.0
  SINCE JUN 1      0.0                       0.0    0.0      0.0
  SINCE JUL 1      0.0                       0.0    0.0      0.0
  SNOW DEPTH       0

DEGREE DAYS
 HEATING
  YESTERDAY        0                         0      0        0
  MONTH TO DATE    0                         0      0        1
  SINCE JUN 1      0                         6     -6        6
  SINCE JUL 1      0                         0      0        1

 COOLING
  YESTERDAY       17                        13      4        8
  MONTH TO DATE  226                       272    -46      179
  SINCE JUN 1    774                       951   -177      843
  SINCE JAN 1    961                      1090   -129      989
..................................................................


WIND (MPH)
  HIGHEST WIND SPEED    15   HIGHEST WIND DIRECTION     S (180)
  HIGHEST GUST SPEED    20   HIGHEST GUST DIRECTION     S (180)
  AVERAGE WIND SPEED     6.7


SKY COVER
  POSSIBLE SUNSHINE  MM
  AVERAGE SKY COVER 0.0


WEATHER CONDITIONS
 THE FOLLOWING WEATHER WAS RECORDED YESTERDAY.
  NO SIGNIFICANT WEATHER WAS OBSERVED.


RELATIVE HUMIDITY (PERCENT)
 HIGHEST    82           700 AM
 LOWEST     41           300 PM
 AVERAGE    62

..........................................................


THE HARRISON CLIMATE NORMALS FOR TODAY
                         NORMAL    RECORD    YEAR
 MAXIMUM TEMPERATURE (F)   89       105      1936
 MINIMUM TEMPERATURE (F)   66        47      1956


SUNRISE AND SUNSET
AUGUST 21 2014........SUNRISE   635 AM CDT   SUNSET   755 PM CDT
AUGUST 22 2014........SUNRISE   636 AM CDT   SUNSET   754 PM CDT


-  INDICATES NEGATIVE NUMBERS.
R  INDICATES RECORD WAS SET OR TIED.
MM INDICATES DATA IS MISSING.
T  INDICATES TRACE AMOUNT.




$$
