000
CDUS44 KLZK 260637
CLIHRO


CLIMATE REPORT
NATIONAL WEATHER SERVICE LITTLE ROCK AR
137 AM CDT TUE JUL 26 2016


...................................

...THE HARRISON CLIMATE SUMMARY FOR JULY 25 2016...

CLIMATE NORMAL PERIOD 1981 TO 2010
CLIMATE RECORD PERIOD 1891 TO 2016


WEATHER ITEM   OBSERVED TIME   RECORD YEAR NORMAL DEPARTURE LAST
                VALUE   (LST)  VALUE       VALUE  FROM      YEAR
                                                  NORMAL
..................................................................
TEMPERATURE (F)
 YESTERDAY
  MAXIMUM         87    421 PM 106    1934  90     -3       93
  MINIMUM         72    605 AM  52    1905  68      4       69
  AVERAGE         80                        79      1       81

PRECIPITATION (IN)
  YESTERDAY        0.00          1.11 1917   0.11  -0.11     0.00
  MONTH TO DATE    3.08                      2.52   0.56     6.62
  SINCE JUN 1      6.36                      6.76  -0.40    12.14
  SINCE JAN 1     19.19                     24.76  -5.57    35.09

SNOWFALL (IN)
  YESTERDAY        0.0          MM      MM   0.0    0.0      0.0
  MONTH TO DATE    0.0                       0.0    0.0      0.0
  SINCE JUN 1      0.0                       0.0    0.0      0.0
  SINCE JUL 1      0.0                       0.0    0.0      0.0
  SNOW DEPTH       0

DEGREE DAYS
 HEATING
  YESTERDAY        0                         0      0        0
  MONTH TO DATE    0                         0      0        0
  SINCE JUN 1      0                         6     -6        0
  SINCE JUL 1      0                         0      0        0

 COOLING
  YESTERDAY       15                        14      1       16
  MONTH TO DATE  375                       331     44      365
  SINCE JUN 1    733                       596    137      694
  SINCE JAN 1    838                       735    103      818
..................................................................


WIND (MPH)
  HIGHEST WIND SPEED    14   HIGHEST WIND DIRECTION     N (10)
  HIGHEST GUST SPEED    20   HIGHEST GUST DIRECTION     N (10)
  AVERAGE WIND SPEED     3.7


SKY COVER
  POSSIBLE SUNSHINE  MM
  AVERAGE SKY COVER 0.2


WEATHER CONDITIONS
 THE FOLLOWING WEATHER WAS RECORDED YESTERDAY.
  NO SIGNIFICANT WEATHER WAS OBSERVED.


RELATIVE HUMIDITY (PERCENT)
 HIGHEST    94           900 PM
 LOWEST     61           400 PM
 AVERAGE    78

..........................................................


THE HARRISON CLIMATE NORMALS FOR TODAY
                         NORMAL    RECORD    YEAR
 MAXIMUM TEMPERATURE (F)   90       108      1934
 MINIMUM TEMPERATURE (F)   68        57      1924


SUNRISE AND SUNSET
JULY 26 2016..........SUNRISE   615 AM CDT   SUNSET   823 PM CDT
JULY 27 2016..........SUNRISE   616 AM CDT   SUNSET   822 PM CDT


-  INDICATES NEGATIVE NUMBERS.
R  INDICATES RECORD WAS SET OR TIED.
MM INDICATES DATA IS MISSING.
T  INDICATES TRACE AMOUNT.




$$
