000
CDUS44 KLZK 122348 AAA
CLIHRO

CLIMATE REPORT
NATIONAL WEATHER SERVICE LITTLE ROCK AR
400 PM CST FRI FEB 12 2016


...................................

...THE HARRISON CLIMATE SUMMARY FOR FEBRUARY 12 2016...
VALID TODAY AS OF 0400 PM LOCAL TIME.

CLIMATE NORMAL PERIOD 1981 TO 2010
CLIMATE RECORD PERIOD 1891 TO 2016


WEATHER ITEM   OBSERVED TIME   RECORD YEAR NORMAL DEPARTURE LAST
                VALUE   (LST)  VALUE       VALUE  FROM      YEAR
                                                  NORMAL
..................................................................
TEMPERATURE (F)
 TODAY
  MAXIMUM         50    259 PM  80    1962  50      0       36
  MINIMUM         29    118 AM -24    1899  30     -1       23
  AVERAGE         40                        40      0       30

PRECIPITATION (IN)
  TODAY            0.00          2.15 1950   0.10  -0.10     0.00
  MONTH TO DATE    0.24                      1.08  -0.84     0.22
  SINCE DEC 1      9.63                      6.84   2.79     4.29
  SINCE JAN 1      1.19                      3.64  -2.45     2.04

SNOWFALL (IN)
  TODAY            0.0           5.0  2008   0.1   -0.1      0.0
  MONTH TO DATE    T                         1.6   -1.6      0.2
  SINCE DEC 1      0.7                       7.1   -6.4      0.2
  SINCE JUL 1      0.7                       7.6   -6.9      0.8
  SNOW DEPTH       0

DEGREE DAYS
 HEATING
  TODAY           25                        25      0       35
  MONTH TO DATE  307                       315     -8      308
  SINCE DEC 1   1731                      2037   -306     1930
  SINCE JUL 1   2317                      2801   -484     2784

 COOLING
  TODAY            0                         0      0        0
  MONTH TO DATE    0                         0      0        0
  SINCE DEC 1      2                         0      2        0
  SINCE JAN 1      0                         0      0        0
..................................................................


WIND (MPH)
  HIGHEST WIND SPEED    17   HIGHEST WIND DIRECTION    NW (320)
  HIGHEST GUST SPEED    25   HIGHEST GUST DIRECTION    NW (330)
  AVERAGE WIND SPEED     7.5


SKY COVER
  POSSIBLE SUNSHINE  MM
  AVERAGE SKY COVER 0.0


WEATHER CONDITIONS
 THE FOLLOWING WEATHER WAS RECORDED TODAY.
  NO SIGNIFICANT WEATHER WAS OBSERVED.


RELATIVE HUMIDITY (PERCENT)
 HIGHEST    69           700 AM
 LOWEST     36           300 PM
 AVERAGE    53

..........................................................


THE HARRISON CLIMATE NORMALS FOR TOMORROW
                         NORMAL    RECORD    YEAR
 MAXIMUM TEMPERATURE (F)   50        81      1962
 MINIMUM TEMPERATURE (F)   30       -20      1905


SUNRISE AND SUNSET
FEBRUARY 12 2016......SUNRISE   704 AM CST   SUNSET   550 PM CST
FEBRUARY 13 2016......SUNRISE   703 AM CST   SUNSET   551 PM CST


-  INDICATES NEGATIVE NUMBERS.
R  INDICATES RECORD WAS SET OR TIED.
MM INDICATES DATA IS MISSING.
T  INDICATES TRACE AMOUNT.




$$
