000
CDUS44 KLZK 280707
CLIHRO


CLIMATE REPORT
NATIONAL WEATHER SERVICE LITTLE ROCK AR
206 AM CDT SUN MAY 28 2017


...................................

...THE HARRISON CLIMATE SUMMARY FOR MAY 27 2017...

CLIMATE NORMAL PERIOD 1981 TO 2010
CLIMATE RECORD PERIOD 1891 TO 2017


WEATHER ITEM   OBSERVED TIME   RECORD YEAR NORMAL DEPARTURE LAST
                VALUE   (LST)  VALUE       VALUE  FROM      YEAR
                                                  NORMAL
..................................................................
TEMPERATURE (F)
 YESTERDAY
  MAXIMUM         87    235 PM  97    1926  79      8       76
  MINIMUM         62    941 PM  35    1901  58      4       65
  AVERAGE         75                        68      7       71

PRECIPITATION (IN)
  YESTERDAY        0.50          1.76 2000   0.13   0.37     0.01
  MONTH TO DATE    5.08                      4.12   0.96     3.44
  SINCE MAR 1     22.40                     12.23  10.17    10.50
  SINCE JAN 1     25.98                     17.43   8.55    12.78

SNOWFALL (IN)
  YESTERDAY        0.0          MM      MM   0.0    0.0      0.0
  MONTH TO DATE    0.0                       0.0    0.0      0.0
  SINCE MAR 1      2.5                       2.3    0.2      0.0
  SINCE JUL 1      3.4                      11.5   -8.1      3.7
  SNOW DEPTH       0

DEGREE DAYS
 HEATING
  YESTERDAY        0                         1     -1        0
  MONTH TO DATE   74                        73      1      104
  SINCE MAR 1    590                       822   -232      620
  SINCE JUL 1   2996                      3994   -998     3233

 COOLING
  YESTERDAY       10                         5      5        6
  MONTH TO DATE   78                        83     -5       56
  SINCE MAR 1    124                       120      4       79
  SINCE JAN 1    131                       120     11       79
..................................................................


WIND (MPH)
  HIGHEST WIND SPEED    28   HIGHEST WIND DIRECTION    NW (320)
  HIGHEST GUST SPEED    41   HIGHEST GUST DIRECTION    NW (330)
  AVERAGE WIND SPEED     8.9


SKY COVER
  POSSIBLE SUNSHINE  MM
  AVERAGE SKY COVER 0.5


WEATHER CONDITIONS
 THE FOLLOWING WEATHER WAS RECORDED YESTERDAY.
  THUNDERSTORM
  HEAVY RAIN
  LIGHT RAIN
  FOG


RELATIVE HUMIDITY (PERCENT)
 HIGHEST    93          1200 AM
 LOWEST     57           100 PM
 AVERAGE    75

..........................................................


THE HARRISON CLIMATE NORMALS FOR TODAY
                         NORMAL    RECORD    YEAR
 MAXIMUM TEMPERATURE (F)   79        99      1926
 MINIMUM TEMPERATURE (F)   58        34      1907


SUNRISE AND SUNSET
MAY 28 2017...........SUNRISE   558 AM CDT   SUNSET   822 PM CDT
MAY 29 2017...........SUNRISE   558 AM CDT   SUNSET   823 PM CDT


-  INDICATES NEGATIVE NUMBERS.
R  INDICATES RECORD WAS SET OR TIED.
MM INDICATES DATA IS MISSING.
T  INDICATES TRACE AMOUNT.




$$
