000
CDUS44 KLZK 240645
CLIHRO


CLIMATE REPORT
NATIONAL WEATHER SERVICE LITTLE ROCK AR
1245 AM CST SAT FEB 24 2018


...................................

...THE HARRISON CLIMATE SUMMARY FOR FEBRUARY 23 2018...

CLIMATE NORMAL PERIOD 1981 TO 2010
CLIMATE RECORD PERIOD 1891 TO 2018


WEATHER ITEM   OBSERVED TIME   RECORD YEAR NORMAL DEPARTURE LAST
                VALUE   (LST)  VALUE       VALUE  FROM      YEAR
                                                  NORMAL
..................................................................
TEMPERATURE (F)
 YESTERDAY
  MAXIMUM         47   1055 PM  84    1930  53     -6       80
  MINIMUM         43    300 AM   5    1910  32     11       50
  AVERAGE         45                        42      3       65

PRECIPITATION (IN)
  YESTERDAY        0.37          3.60 1985   0.11   0.26     0.00
  MONTH TO DATE    4.42                      2.13   2.29     1.37
  SINCE DEC 1      8.93                      7.89   1.04     4.87
  SINCE JAN 1      7.05                      4.69   2.36     3.55

SNOWFALL (IN)
  YESTERDAY        0.0           4.0  1904   0.1   -0.1      0.0
  MONTH TO DATE    0.3                       2.7   -2.4      0.0
  SINCE DEC 1      2.1                       8.2   -6.1      0.9
  SINCE JUL 1      2.1                       8.7   -6.6      0.9
  SNOW DEPTH       0

DEGREE DAYS
 HEATING
  YESTERDAY       20                        23     -3        0
  MONTH TO DATE  563                       578    -15      318
  SINCE DEC 1   2288                      2300    -12     1868
  SINCE JUL 1   2884                      3064   -180     2318

 COOLING
  YESTERDAY        0                         0      0        0
  MONTH TO DATE    5                         0      5        4
  SINCE DEC 1      5                         0      5        4
  SINCE JAN 1      5                         0      5        4
..................................................................


WIND (MPH)
  HIGHEST WIND SPEED    24   HIGHEST WIND DIRECTION    SE (130)
  HIGHEST GUST SPEED    29   HIGHEST GUST DIRECTION    SE (130)
  AVERAGE WIND SPEED     4.7


SKY COVER
  POSSIBLE SUNSHINE  MM
  AVERAGE SKY COVER 1.0


WEATHER CONDITIONS
 THE FOLLOWING WEATHER WAS RECORDED YESTERDAY.
  RAIN
  LIGHT RAIN
  FOG
  FOG W/VISIBILITY <= 1/4 MILE


RELATIVE HUMIDITY (PERCENT)
 HIGHEST   100          1200 AM
 LOWEST    100          1200 AM
 AVERAGE   100

..........................................................


THE HARRISON CLIMATE NORMALS FOR TODAY
                         NORMAL    RECORD    YEAR
 MAXIMUM TEMPERATURE (F)   53        83      1918
 MINIMUM TEMPERATURE (F)   32         4      1910


SUNRISE AND SUNSET
FEBRUARY 24 2018......SUNRISE   649 AM CST   SUNSET   603 PM CST
FEBRUARY 25 2018......SUNRISE   648 AM CST   SUNSET   604 PM CST


-  INDICATES NEGATIVE NUMBERS.
R  INDICATES RECORD WAS SET OR TIED.
MM INDICATES DATA IS MISSING.
T  INDICATES TRACE AMOUNT.




$$
