000
CDUS44 KLZK 220908
CLIHRO


CLIMATE REPORT
NATIONAL WEATHER SERVICE LITTLE ROCK AR
407 AM CDT FRI MAY 22 2015


...................................

...THE HARRISON CLIMATE SUMMARY FOR MAY 21 2015...

CLIMATE NORMAL PERIOD 1981 TO 2010
CLIMATE RECORD PERIOD 1891 TO 2015


WEATHER ITEM   OBSERVED TIME   RECORD YEAR NORMAL DEPARTURE LAST
                VALUE   (LST)  VALUE       VALUE  FROM      YEAR
                                                  NORMAL
..................................................................
TEMPERATURE (F)
 YESTERDAY
  MAXIMUM         63    449 PM  96    1904  77    -14       85
  MINIMUM         46   1151 PM  38    1954  57    -11       64
  AVERAGE         55                        67    -12       75

PRECIPITATION (IN)
  YESTERDAY        0.00          3.43 1920   0.13  -0.13     0.00
  MONTH TO DATE    7.33                      3.32   4.01     3.35
  SINCE MAR 1     16.03                     11.43   4.60    12.34
  SINCE JAN 1     19.57                     16.63   2.94    14.29

SNOWFALL (IN)
  YESTERDAY        0.0          MM      MM   0.0    0.0      0.0
  MONTH TO DATE    0.0                       0.0    0.0      0.0
  SINCE MAR 1      4.3                       2.3    2.0     10.0
  SINCE JUL 1     13.6                      11.5    2.1     25.8
  SNOW DEPTH       0

DEGREE DAYS
 HEATING
  YESTERDAY       10                         2      8        0
  MONTH TO DATE   44                        64    -20       99
  SINCE MAR 1    747                       813    -66      930
  SINCE JUL 1   4142                      3985    157     4465

 COOLING
  YESTERDAY        0                         4     -4       10
  MONTH TO DATE   57                        57      0       96
  SINCE MAR 1     82                        94    -12      114
  SINCE JAN 1     82                        94    -12      114
..................................................................


WIND (MPH)
  HIGHEST WIND SPEED    13   HIGHEST WIND DIRECTION     N (350)
  HIGHEST GUST SPEED    21   HIGHEST GUST DIRECTION    NW (330)
  AVERAGE WIND SPEED     5.6


SKY COVER
  POSSIBLE SUNSHINE  MM
  AVERAGE SKY COVER 0.6


WEATHER CONDITIONS
 THE FOLLOWING WEATHER WAS RECORDED YESTERDAY.
  NO SIGNIFICANT WEATHER WAS OBSERVED.


RELATIVE HUMIDITY (PERCENT)
 HIGHEST    93           900 PM
 LOWEST     55           100 PM
 AVERAGE    74

..........................................................


THE HARRISON CLIMATE NORMALS FOR TODAY
                         NORMAL    RECORD    YEAR
 MAXIMUM TEMPERATURE (F)   78        93      1941
 MINIMUM TEMPERATURE (F)   57        43      1963


SUNRISE AND SUNSET
MAY 22 2015...........SUNRISE   601 AM CDT   SUNSET   818 PM CDT
MAY 23 2015...........SUNRISE   601 AM CDT   SUNSET   818 PM CDT


-  INDICATES NEGATIVE NUMBERS.
R  INDICATES RECORD WAS SET OR TIED.
MM INDICATES DATA IS MISSING.
T  INDICATES TRACE AMOUNT.




$$
