000
CDUS42 KMHX 220625
CLIHSE


CLIMATE REPORT
NATIONAL WEATHER SERVICE NEWPORT/MOREHEAD CITY NC
125 AM EST SAT NOV 22 2014


...................................

...THE CAPE HATTERAS NC CLIMATE SUMMARY FOR NOVEMBER 21 2014...

CLIMATE NORMAL PERIOD 1981 TO 2010
CLIMATE RECORD PERIOD 1874 TO 2014


WEATHER ITEM   OBSERVED TIME   RECORD YEAR NORMAL DEPARTURE LAST
                VALUE   (LST)  VALUE       VALUE  FROM      YEAR
                                                  NORMAL
..................................................................
TEMPERATURE (F)
 YESTERDAY
  MAXIMUM         50    249 AM  77    1931  63    -13       67
  MINIMUM         39   1124 PM  32    1914  50    -11       56
  AVERAGE         45                        56    -11       62

PRECIPITATION (IN)
  YESTERDAY        0.00          4.58 1952   0.15  -0.15     0.10
  MONTH TO DATE    2.60                      3.61  -1.01     1.68
  SINCE SEP 1     16.67                     15.24   1.43    15.96
  SINCE JAN 1     57.72                     52.43   5.29    47.16

SNOWFALL (IN)
  YESTERDAY        0.0
  MONTH TO DATE    0.0
  SINCE NOV 1      0.0
  SINCE JUL 1      0.0
  SNOW DEPTH       0

DEGREE DAYS
 HEATING
  YESTERDAY       20                         9     11        3
  MONTH TO DATE  229                       146     83      129
  SINCE SEP 1    289                       221     68      180
  SINCE JUL 1    289                       221     68      180

 COOLING
  YESTERDAY        0                         1     -1        0
  MONTH TO DATE    0                        21    -21       22
  SINCE SEP 1    386                       405    -19      446
  SINCE JAN 1   1762                      1711     51     1990
..................................................................


WIND (MPH)
  HIGHEST WIND SPEED    14   HIGHEST WIND DIRECTION     N (10)
  HIGHEST GUST SPEED    24   HIGHEST GUST DIRECTION     N (360)
  AVERAGE WIND SPEED     9.5


SKY COVER
  POSSIBLE SUNSHINE  MM
  AVERAGE SKY COVER 0.0


WEATHER CONDITIONS
 THE FOLLOWING WEATHER WAS RECORDED YESTERDAY.
  NO SIGNIFICANT WEATHER WAS OBSERVED.


RELATIVE HUMIDITY (PERCENT)
 HIGHEST    77           200 AM
 LOWEST     41           300 PM
 AVERAGE    59

..........................................................


THE CAPE HATTERAS NC CLIMATE NORMALS FOR TODAY
                         NORMAL    RECORD    YEAR
 MAXIMUM TEMPERATURE (F)   62        78      1985
 MINIMUM TEMPERATURE (F)   50        28      1987


SUNRISE AND SUNSET
NOVEMBER 22 2014......SUNRISE   644 AM EST   SUNSET   453 PM EST
NOVEMBER 23 2014......SUNRISE   645 AM EST   SUNSET   452 PM EST


-  INDICATES NEGATIVE NUMBERS.
R  INDICATES RECORD WAS SET OR TIED.
MM INDICATES DATA IS MISSING.
T  INDICATES TRACE AMOUNT.




$$
