000
CDUS42 KMHX 271922
CLIHSE


CLIMATE REPORT
NATIONAL WEATHER SERVICE NEWPORT/MOREHEAD CITY NC
219 PM EST FRI FEB 27 2015


...................................

...THE CAPE HATTERAS NC CLIMATE SUMMARY FOR FEBRUARY 24 2015...

CLIMATE NORMAL PERIOD 1981 TO 2010
CLIMATE RECORD PERIOD 1874 TO 2015


WEATHER ITEM   OBSERVED TIME   RECORD YEAR NORMAL DEPARTURE LAST
                VALUE   (LST)  VALUE       VALUE  FROM      YEAR
                                                  NORMAL
..................................................................
TEMPERATURE (F)
 YESTERDAY
  MAXIMUM         34    735 PM  75    1975  55    -21       59
  MINIMUM         30   1232 PM  21    1964  41    -11       42
  AVERAGE         32                        48    -16       51

PRECIPITATION (IN)
  YESTERDAY        0.60          1.41 1954   0.14   0.46     0.00
  MONTH TO DATE    6.10                      3.45   2.65     4.62
  SINCE DEC 1     13.16                     12.96   0.20    13.86
  SINCE JAN 1     10.71                      8.69   2.02     9.96

SNOWFALL (IN)
  YESTERDAY        2.0
  MONTH TO DATE    2.0
  SINCE NOV 1      2.0
  SINCE JUL 1      2.0
  SNOW DEPTH       0

DEGREE DAYS
 HEATING
  YESTERDAY       33                        17     16       14
  MONTH TO DATE  627                       443    184      406
  SINCE DEC 1   1663                      1538    125     1436
  SINCE JUL 1   2064                      1856    208     1751

 COOLING
  YESTERDAY        0                         0      0        0
  MONTH TO DATE    0                         0      0        0
  SINCE DEC 1      2                         3     -1        7
  SINCE JAN 1      2                         0      2        0
..................................................................


WIND (MPH)
  HIGHEST WIND SPEED    17   HIGHEST WIND DIRECTION    NE (30)
  HIGHEST GUST SPEED    28   HIGHEST GUST DIRECTION    NE (30)
  AVERAGE WIND SPEED    10.9


SKY COVER
  POSSIBLE SUNSHINE  MM
  AVERAGE SKY COVER 1.0


WEATHER CONDITIONS
 THE FOLLOWING WEATHER WAS RECORDED YESTERDAY.
  LIGHT RAIN
  LIGHT SNOW
  FOG


RELATIVE HUMIDITY (PERCENT)
 HIGHEST   100           100 PM
 LOWEST     53          1200 AM
 AVERAGE    77

..........................................................


THE CAPE HATTERAS NC CLIMATE NORMALS FOR TODAY
                         NORMAL    RECORD    YEAR
 MAXIMUM TEMPERATURE (F)   55        73      1930
 MINIMUM TEMPERATURE (F)   41        19      1967


SUNRISE AND SUNSET
FEBRUARY 25 2015......SUNRISE   637 AM EST   SUNSET   554 PM EST
FEBRUARY 26 2015......SUNRISE   636 AM EST   SUNSET   555 PM EST


-  INDICATES NEGATIVE NUMBERS.
R  INDICATES RECORD WAS SET OR TIED.
MM INDICATES DATA IS MISSING.
T  INDICATES TRACE AMOUNT.




$$
