000
CDUS42 KMHX 240531
CLIHSE


CLIMATE REPORT
NATIONAL WEATHER SERVICE NEWPORT/MOREHEAD CITY NC
131 AM EDT FRI MAR 24 2017


...................................

...THE CAPE HATTERAS NC CLIMATE SUMMARY FOR MARCH 23 2017...

CLIMATE NORMAL PERIOD 1981 TO 2010
CLIMATE RECORD PERIOD 1874 TO 2017


WEATHER ITEM   OBSERVED TIME   RECORD YEAR NORMAL DEPARTURE LAST
                VALUE   (LST)  VALUE       VALUE  FROM      YEAR
                                                  NORMAL
..................................................................
TEMPERATURE (F)
 YESTERDAY
  MAXIMUM         48    133 PM  82    1907  60    -12       68
  MINIMUM         38    937 PM  28    1960  46     -8       57
  AVERAGE         43                        53    -10       63

PRECIPITATION (IN)
  YESTERDAY        0.00          1.43 1989   0.16  -0.16     0.00
  MONTH TO DATE    4.07                      3.49   0.58     3.97
  SINCE MAR 1      4.07                      3.49   0.58     3.97
  SINCE JAN 1     10.38                     12.75  -2.37    17.08

SNOWFALL (IN)
  YESTERDAY        0.0
  MONTH TO DATE    0.0
  SINCE NOV 1      T
  SINCE JUL 1      T
  SNOW DEPTH       0

DEGREE DAYS
 HEATING
  YESTERDAY       22                        12     10        2
  MONTH TO DATE  334                       332      2      178
  SINCE MAR 1    334                       332      2      178
  SINCE JUL 1   1656                      2256   -600     1491

 COOLING
  YESTERDAY        0                         0      0        0
  MONTH TO DATE    7                         0      7       11
  SINCE MAR 1      7                         0      7       11
  SINCE JAN 1     15                         0     15       12
..................................................................


WIND (MPH)
  HIGHEST WIND SPEED    17   HIGHEST WIND DIRECTION    NE (30)
  HIGHEST GUST SPEED    28   HIGHEST GUST DIRECTION    NE (40)
  AVERAGE WIND SPEED    10.2


SKY COVER
  POSSIBLE SUNSHINE  MM
  AVERAGE SKY COVER 0.0


WEATHER CONDITIONS
 THE FOLLOWING WEATHER WAS RECORDED YESTERDAY.
  NO SIGNIFICANT WEATHER WAS OBSERVED.


RELATIVE HUMIDITY (PERCENT)
 HIGHEST    70           800 PM
 LOWEST     41          1000 AM
 AVERAGE    56

..........................................................


THE CAPE HATTERAS NC CLIMATE NORMALS FOR TODAY
                         NORMAL    RECORD    YEAR
 MAXIMUM TEMPERATURE (F)   61        80      1907
 MINIMUM TEMPERATURE (F)   46        26      1971


SUNRISE AND SUNSET
MARCH 24 2017.........SUNRISE   700 AM EDT   SUNSET   718 PM EDT
MARCH 25 2017.........SUNRISE   659 AM EDT   SUNSET   719 PM EDT


-  INDICATES NEGATIVE NUMBERS.
R  INDICATES RECORD WAS SET OR TIED.
MM INDICATES DATA IS MISSING.
T  INDICATES TRACE AMOUNT.




$$
