567
CDUS42 KMHX 050631
CLIHSE


CLIMATE REPORT
NATIONAL WEATHER SERVICE NEWPORT/MOREHEAD CITY NC
131 AM EST MON DEC 5 2016


...................................

...THE CAPE HATTERAS NC CLIMATE SUMMARY FOR DECEMBER 4 2016...

CLIMATE NORMAL PERIOD 1981 TO 2010
CLIMATE RECORD PERIOD 1874 TO 2016


WEATHER ITEM   OBSERVED TIME   RECORD YEAR NORMAL DEPARTURE LAST
                VALUE   (LST)  VALUE       VALUE  FROM      YEAR
                                                  NORMAL
..................................................................
TEMPERATURE (F)
 YESTERDAY
  MAXIMUM         53   1112 AM  76    1982  59     -6       55
  MINIMUM         48    644 PM  27    1979  46      2       49
  AVERAGE         51                        52     -1       52

PRECIPITATION (IN)
  YESTERDAY        0.06          3.41 1927   0.14  -0.08     0.00
  MONTH TO DATE    0.12                      0.54  -0.42     0.48
  SINCE DEC 1      0.12                      0.54  -0.42     0.48
  SINCE JAN 1     68.36                     54.31  14.05    65.06

SNOWFALL (IN)
  YESTERDAY        0.0
  MONTH TO DATE    0.0
  SINCE NOV 1      0.0
  SINCE JUL 1      0.0
  SNOW DEPTH       0

DEGREE DAYS
 HEATING
  YESTERDAY       14                        13      1       13
  MONTH TO DATE   42                        50     -8       22
  SINCE DEC 1     42                        50     -8       22
  SINCE JUL 1    314                       368    -54      194

 COOLING
  YESTERDAY        0                         0      0        0
  MONTH TO DATE    0                         0      0        0
  SINCE DEC 1      0                         0      0        0
  SINCE JAN 1   2221                      1711    510     2039
..................................................................


WIND (MPH)
  HIGHEST WIND SPEED     9   HIGHEST WIND DIRECTION     N (20)
  HIGHEST GUST SPEED    16   HIGHEST GUST DIRECTION     N (20)
  AVERAGE WIND SPEED     5.0


SKY COVER
  POSSIBLE SUNSHINE  MM
  AVERAGE SKY COVER 0.6


WEATHER CONDITIONS
 THE FOLLOWING WEATHER WAS RECORDED YESTERDAY.
  LIGHT RAIN
  FOG


RELATIVE HUMIDITY (PERCENT)
 HIGHEST    80           800 PM
 LOWEST     56          1200 AM
 AVERAGE    68

..........................................................


THE CAPE HATTERAS NC CLIMATE NORMALS FOR TODAY
                         NORMAL    RECORD    YEAR
 MAXIMUM TEMPERATURE (F)   59        77      1982
 MINIMUM TEMPERATURE (F)   46        30      1963
                                             1960
                                             1935


SUNRISE AND SUNSET
DECEMBER  5 2016......SUNRISE   657 AM EST   SUNSET   450 PM EST
DECEMBER  6 2016......SUNRISE   657 AM EST   SUNSET   450 PM EST


-  INDICATES NEGATIVE NUMBERS.
R  INDICATES RECORD WAS SET OR TIED.
MM INDICATES DATA IS MISSING.
T  INDICATES TRACE AMOUNT.




$$
