000
CDUS42 KMHX 250526
CLIHSE


CLIMATE REPORT
NATIONAL WEATHER SERVICE NEWPORT/MOREHEAD CITY NC
125 AM EDT SUN JUN 25 2017


...................................

...THE CAPE HATTERAS NC CLIMATE SUMMARY FOR JUNE 24 2017...

CLIMATE NORMAL PERIOD 1981 TO 2010
CLIMATE RECORD PERIOD 1874 TO 2017


WEATHER ITEM   OBSERVED TIME   RECORD YEAR NORMAL DEPARTURE LAST
                VALUE   (LST)  VALUE       VALUE  FROM      YEAR
                                                  NORMAL
..................................................................
TEMPERATURE (F)
 YESTERDAY
  MAXIMUM         85    237 PM  95    1944  83      2       84
  MINIMUM         77   1159 PM  54    1966  72      5       75
  AVERAGE         81                        77      4       80

PRECIPITATION (IN)
  YESTERDAY        0.02          1.05 1984   0.14  -0.12     0.15
                                      1900
  MONTH TO DATE    2.25                      3.15  -0.90    10.18
  SINCE JUN 1      2.25                      3.15  -0.90    10.18
  SINCE JAN 1     28.98                     24.39   4.59    44.24

SNOWFALL (IN)
  YESTERDAY        0.0
  MONTH TO DATE    0.0
  SINCE NOV 1      T
  SINCE JUL 1      T
  SNOW DEPTH       0

DEGREE DAYS
 HEATING
  YESTERDAY        0                         0      0        0
  MONTH TO DATE    0                         0      0        0
  SINCE JUN 1      0                         0      0        0
  SINCE JUL 1   1728                      2584   -856     1700

 COOLING
  YESTERDAY       16                        12      4       15
  MONTH TO DATE  312                       232     80      278
  SINCE JUN 1    312                       232     80      278
  SINCE JAN 1    739                       375    364      487
..................................................................


WIND (MPH)
  HIGHEST WIND SPEED    22   HIGHEST WIND DIRECTION    SW (240)
  HIGHEST GUST SPEED    32   HIGHEST GUST DIRECTION    SW (220)
  AVERAGE WIND SPEED    15.7


SKY COVER
  POSSIBLE SUNSHINE  MM
  AVERAGE SKY COVER 0.3


WEATHER CONDITIONS
 THE FOLLOWING WEATHER WAS RECORDED YESTERDAY.
  LIGHT RAIN
  FOG
  HAZE


RELATIVE HUMIDITY (PERCENT)
 HIGHEST    91           600 AM
 LOWEST     74          1200 PM
 AVERAGE    83

..........................................................


THE CAPE HATTERAS NC CLIMATE NORMALS FOR TODAY
                         NORMAL    RECORD    YEAR
 MAXIMUM TEMPERATURE (F)   83        96      1952
 MINIMUM TEMPERATURE (F)   72        61      1982
                                             1978
                                             1963


SUNRISE AND SUNSET
JUNE 25 2017..........SUNRISE   549 AM EDT   SUNSET   821 PM EDT
JUNE 26 2017..........SUNRISE   550 AM EDT   SUNSET   821 PM EDT


-  INDICATES NEGATIVE NUMBERS.
R  INDICATES RECORD WAS SET OR TIED.
MM INDICATES DATA IS MISSING.
T  INDICATES TRACE AMOUNT.




$$
