000
CDUS42 KMHX 230525
CLIHSE


CLIMATE REPORT
NATIONAL WEATHER SERVICE NEWPORT/MOREHEAD CITY NC
125 AM EDT SUN APR 23 2017


...................................

...THE CAPE HATTERAS NC CLIMATE SUMMARY FOR APRIL 22 2017...

CLIMATE NORMAL PERIOD 1981 TO 2010
CLIMATE RECORD PERIOD 1874 TO 2017


WEATHER ITEM   OBSERVED TIME   RECORD YEAR NORMAL DEPARTURE LAST
                VALUE   (LST)  VALUE       VALUE  FROM      YEAR
                                                  NORMAL
..................................................................
TEMPERATURE (F)
 YESTERDAY
  MAXIMUM         77    138 PM  86    1985  68      9       72
  MINIMUM         64   1159 PM  39    1965  54     10       63
  AVERAGE         71                        61     10       68

PRECIPITATION (IN)
  YESTERDAY        0.00          3.18 2012   0.12  -0.12     0.00
  MONTH TO DATE    4.31                      2.75   1.56     1.54
  SINCE MAR 1      9.59                      7.52   2.07     7.51
  SINCE JAN 1     15.90                     16.78  -0.88    20.62

SNOWFALL (IN)
  YESTERDAY        0.0
  MONTH TO DATE    0.0
  SINCE NOV 1      T
  SINCE JUL 1      T
  SNOW DEPTH       0

DEGREE DAYS
 HEATING
  YESTERDAY        0                         5     -5        0
  MONTH TO DATE   45                       158   -113      147
  SINCE MAR 1    400                       577   -177      344
  SINCE JUL 1   1722                      2501   -779     1657

 COOLING
  YESTERDAY        6                         1      5        3
  MONTH TO DATE   93                        13     80       10
  SINCE MAR 1    117                        16    101       36
  SINCE JAN 1    125                        16    109       37
..................................................................


WIND (MPH)
  HIGHEST WIND SPEED    18   HIGHEST WIND DIRECTION    SW (230)
  HIGHEST GUST SPEED    25   HIGHEST GUST DIRECTION    SW (230)
  AVERAGE WIND SPEED    11.8


SKY COVER
  POSSIBLE SUNSHINE  MM
  AVERAGE SKY COVER 0.2


WEATHER CONDITIONS
 THE FOLLOWING WEATHER WAS RECORDED YESTERDAY.
  FOG
  HAZE


RELATIVE HUMIDITY (PERCENT)
 HIGHEST    87           600 AM
 LOWEST     69           100 PM
 AVERAGE    78

..........................................................


THE CAPE HATTERAS NC CLIMATE NORMALS FOR TODAY
                         NORMAL    RECORD    YEAR
 MAXIMUM TEMPERATURE (F)   68        89      1985
 MINIMUM TEMPERATURE (F)   55        37      1982


SUNRISE AND SUNSET
APRIL 23 2017.........SUNRISE   620 AM EDT   SUNSET   742 PM EDT
APRIL 24 2017.........SUNRISE   619 AM EDT   SUNSET   743 PM EDT


-  INDICATES NEGATIVE NUMBERS.
R  INDICATES RECORD WAS SET OR TIED.
MM INDICATES DATA IS MISSING.
T  INDICATES TRACE AMOUNT.




$$
