000
CDUS42 KMHX 290527
CLIHSE


CLIMATE REPORT
NATIONAL WEATHER SERVICE NEWPORT/MOREHEAD CITY NC
127 AM EDT SAT AUG 29 2015


...................................

...THE CAPE HATTERAS NC CLIMATE SUMMARY FOR AUGUST 28 2015...

CLIMATE NORMAL PERIOD 1981 TO 2010
CLIMATE RECORD PERIOD 1874 TO 2015


WEATHER ITEM   OBSERVED TIME   RECORD YEAR NORMAL DEPARTURE LAST
                VALUE   (LST)  VALUE       VALUE  FROM      YEAR
                                                  NORMAL
..................................................................
TEMPERATURE (F)
 YESTERDAY
  MAXIMUM         82    224 PM  91    1990  83     -1       86
  MINIMUM         72   1210 AM  59    1984  72      0       73
  AVERAGE         77                        78     -1       80

PRECIPITATION (IN)
  YESTERDAY        0.00          5.72 1962   0.25  -0.25     0.00
  MONTH TO DATE    5.29                      6.19  -0.90    10.05
  SINCE JUN 1     16.69                     15.21   1.48    18.26
  SINCE JAN 1     36.32                     36.45  -0.13    41.05

SNOWFALL (IN)
  YESTERDAY        0.0
  MONTH TO DATE    0.0
  SINCE NOV 1      2.0
  SINCE JUL 1      0.0
  SNOW DEPTH       0

DEGREE DAYS
 HEATING
  YESTERDAY        0                         0      0        0
  MONTH TO DATE    0                         0      0        0
  SINCE JUN 1      0                         3     -3        0
  SINCE JUL 1      0                         0      0        0

 COOLING
  YESTERDAY       12                        13     -1       15
  MONTH TO DATE  393                       381     12      381
  SINCE JUN 1   1309                      1126    183     1092
  SINCE JAN 1   1476                      1269    207     1328
..................................................................


WIND (MPH)
  HIGHEST WIND SPEED    16   HIGHEST WIND DIRECTION    NE (40)
  HIGHEST GUST SPEED    23   HIGHEST GUST DIRECTION    NE (40)
  AVERAGE WIND SPEED     9.1


SKY COVER
  POSSIBLE SUNSHINE  MM
  AVERAGE SKY COVER 0.1


WEATHER CONDITIONS
 THE FOLLOWING WEATHER WAS RECORDED YESTERDAY.
  NO SIGNIFICANT WEATHER WAS OBSERVED.


RELATIVE HUMIDITY (PERCENT)
 HIGHEST    87          1200 AM
 LOWEST     58          1100 AM
 AVERAGE    73

..........................................................


THE CAPE HATTERAS NC CLIMATE NORMALS FOR TODAY
                         NORMAL    RECORD    YEAR
 MAXIMUM TEMPERATURE (F)   83        92      1993
 MINIMUM TEMPERATURE (F)   72        61      1966


SUNRISE AND SUNSET
AUGUST 29 2015........SUNRISE   633 AM EDT   SUNSET   734 PM EDT
AUGUST 30 2015........SUNRISE   633 AM EDT   SUNSET   732 PM EDT


-  INDICATES NEGATIVE NUMBERS.
R  INDICATES RECORD WAS SET OR TIED.
MM INDICATES DATA IS MISSING.
T  INDICATES TRACE AMOUNT.




$$
