000
CDUS42 KMHX 020630
CLIHSE


CLIMATE REPORT
NATIONAL WEATHER SERVICE NEWPORT/MOREHEAD CITY NC
230 AM EDT THU JUL 2 2015


...................................

...THE CAPE HATTERAS NC CLIMATE SUMMARY FOR JULY 1 2015...

CLIMATE NORMAL PERIOD 1981 TO 2010
CLIMATE RECORD PERIOD 1874 TO 2015


WEATHER ITEM   OBSERVED TIME   RECORD YEAR NORMAL DEPARTURE LAST
                VALUE   (LST)  VALUE       VALUE  FROM      YEAR
                                                  NORMAL
..................................................................
TEMPERATURE (F)
 YESTERDAY
  MAXIMUM         82    305 PM  93    1990  84     -2       MM
  MINIMUM         72    530 AM  55    1988  73     -1       MM
  AVERAGE         77                        78     -1       MM

PRECIPITATION (IN)
  YESTERDAY        0.15          3.78 1894   0.15   0.00     0.00
  MONTH TO DATE    0.15                      0.15   0.00     0.00
  SINCE JUN 1      5.88                      4.18   1.70     1.71
  SINCE JAN 1     25.51                     25.42   0.09    24.50

SNOWFALL (IN)
  YESTERDAY        0.0
  MONTH TO DATE    0.0
  SINCE NOV 1      2.0
  SINCE JUL 1      0.0
  SNOW DEPTH       0

DEGREE DAYS
 HEATING
  YESTERDAY        0                         0      0       MM
  MONTH TO DATE    0                         0      0       MM
  SINCE JUN 1      0                         3     -3        0
  SINCE JUL 1      0                         0      0       MM

 COOLING
  YESTERDAY       12                        13     -1       MM
  MONTH TO DATE   12                        13     -1       MM
  SINCE JUN 1    440                       321    119      275
  SINCE JAN 1    607                       464    143      511
..................................................................


WIND (MPH)
  HIGHEST WIND SPEED    21   HIGHEST WIND DIRECTION    SW (240)
  HIGHEST GUST SPEED    35   HIGHEST GUST DIRECTION     W (250)
  AVERAGE WIND SPEED    13.6


SKY COVER
  POSSIBLE SUNSHINE  MM
  AVERAGE SKY COVER 0.1


WEATHER CONDITIONS
 THE FOLLOWING WEATHER WAS RECORDED YESTERDAY.
  LIGHT RAIN


RELATIVE HUMIDITY (PERCENT)
 HIGHEST    91          1000 PM
 LOWEST     74           900 AM
 AVERAGE    83

..........................................................


THE CAPE HATTERAS NC CLIMATE NORMALS FOR TODAY
                         NORMAL    RECORD    YEAR
 MAXIMUM TEMPERATURE (F)   84        90      2014
                                             1932
 MINIMUM TEMPERATURE (F)   73        56      1988


SUNRISE AND SUNSET
JULY  2 2015..........SUNRISE   552 AM EDT   SUNSET   821 PM EDT
JULY  3 2015..........SUNRISE   552 AM EDT   SUNSET   821 PM EDT


-  INDICATES NEGATIVE NUMBERS.
R  INDICATES RECORD WAS SET OR TIED.
MM INDICATES DATA IS MISSING.
T  INDICATES TRACE AMOUNT.




$$
