000
CDUS42 KMHX 040526
CLIHSE


CLIMATE REPORT
NATIONAL WEATHER SERVICE NEWPORT/MOREHEAD CITY NC
126 AM EDT WED MAY 4 2016


...................................

...THE CAPE HATTERAS NC CLIMATE SUMMARY FOR MAY 3 2016...

CLIMATE NORMAL PERIOD 1981 TO 2010
CLIMATE RECORD PERIOD 1874 TO 2016


WEATHER ITEM   OBSERVED TIME   RECORD YEAR NORMAL DEPARTURE LAST
                VALUE   (LST)  VALUE       VALUE  FROM      YEAR
                                                  NORMAL
..................................................................
TEMPERATURE (F)
 YESTERDAY
  MAXIMUM         73    749 AM  83    1906  71      2       72
  MINIMUM         65    844 AM  41    2015  57      8       41
                                      1966
  AVERAGE         69                        64      5       57

PRECIPITATION (IN)
  YESTERDAY        0.33          3.11 1903   0.11   0.22     0.00
  MONTH TO DATE    0.33                      0.35  -0.02     0.14
  SINCE MAR 1      8.61                      8.76  -0.15     4.61
  SINCE JAN 1     21.72                     18.02   3.70    16.56

SNOWFALL (IN)
  YESTERDAY        0.0
  MONTH TO DATE    0.0
  SINCE NOV 1      T
  SINCE JUL 1      T
  SNOW DEPTH       0

DEGREE DAYS
 HEATING
  YESTERDAY        0                         3     -3        8
  MONTH TO DATE    0                         9     -9       33
  SINCE MAR 1    366                       619   -253      610
  SINCE JUL 1   1679                      2543   -864     2783

 COOLING
  YESTERDAY        4                         2      2        0
  MONTH TO DATE   12                         6      6        0
  SINCE MAR 1     66                        34     32       17
  SINCE JAN 1     67                        34     33       19
..................................................................


WIND (MPH)
  HIGHEST WIND SPEED    23   HIGHEST WIND DIRECTION     W (280)
  HIGHEST GUST SPEED    36   HIGHEST GUST DIRECTION     W (290)
  AVERAGE WIND SPEED    11.0


SKY COVER
  POSSIBLE SUNSHINE  MM
  AVERAGE SKY COVER 0.5


WEATHER CONDITIONS
 THE FOLLOWING WEATHER WAS RECORDED YESTERDAY.
  HEAVY RAIN
  RAIN
  LIGHT RAIN
  FOG


RELATIVE HUMIDITY (PERCENT)
 HIGHEST   100          1000 AM
 LOWEST     84           400 PM
 AVERAGE    92

..........................................................


THE CAPE HATTERAS NC CLIMATE NORMALS FOR TODAY
                         NORMAL    RECORD    YEAR
 MAXIMUM TEMPERATURE (F)   71        81      2012
                                             1938
                                             1913
 MINIMUM TEMPERATURE (F)   57        40      1966


SUNRISE AND SUNSET
MAY  4 2016...........SUNRISE   608 AM EDT   SUNSET   751 PM EDT
MAY  5 2016...........SUNRISE   607 AM EDT   SUNSET   752 PM EDT


-  INDICATES NEGATIVE NUMBERS.
R  INDICATES RECORD WAS SET OR TIED.
MM INDICATES DATA IS MISSING.
T  INDICATES TRACE AMOUNT.




$$
