000
CDUS43 KGID 060729
CLIHSI


CLIMATE REPORT
NATIONAL WEATHER SERVICE HASTINGS NE
228 AM CDT FRI MAY 6 2016


...................................

...THE HASTINGS NE CLIMATE SUMMARY FOR MAY 5 2016...

CLIMATE NORMAL PERIOD 1981 TO 2010
CLIMATE RECORD PERIOD 1894 TO 2016


WEATHER ITEM   OBSERVED TIME   RECORD YEAR NORMAL DEPARTURE LAST
                VALUE   (LST)  VALUE       VALUE  FROM      YEAR
                                                  NORMAL
..................................................................
TEMPERATURE (F)
 YESTERDAY
  MAXIMUM         79    525 PM  94    1909  69     10       76
  MINIMUM         42    408 AM  29    1944  46     -4       55
  AVERAGE         61                        57      4       66

PRECIPITATION (IN)
  YESTERDAY        0.00          1.72 1960   0.16  -0.16     0.06
  MONTH TO DATE    0.03                      0.80  -0.77     0.19
  SINCE MAR 1      6.26                      5.15   1.11     3.94
  SINCE JAN 1      8.18                      6.05   2.13     5.05

SNOWFALL (IN)
  YESTERDAY        0.0           T    2002   0.0    0.0      0.0
  MONTH TO DATE    0.0                       0.0    0.0      0.0
  SINCE MAR 1      2.1                       6.4   -4.3      0.8
  SINCE JUL 1     32.4                      28.8    3.6     17.0
  SNOW DEPTH       0

DEGREE DAYS
 HEATING
  YESTERDAY        4                         8     -4        0
  MONTH TO DATE   57                        44     13        6
  SINCE MAR 1    987                      1253   -266      997
  SINCE JUL 1   4897                      5883   -986     5620

 COOLING
  YESTERDAY        0                         1     -1        1
  MONTH TO DATE    0                         3     -3       18
  SINCE MAR 1      0                         8     -8       22
  SINCE JAN 1      0                         8     -8       22
..................................................................


WIND (MPH)
  HIGHEST WIND SPEED    12   HIGHEST WIND DIRECTION     S (180)
  HIGHEST GUST SPEED    15   HIGHEST GUST DIRECTION     S (170)
  AVERAGE WIND SPEED     5.2


SKY COVER
  AVERAGE SKY COVER 0.0


WEATHER CONDITIONS
 THE FOLLOWING WEATHER WAS RECORDED YESTERDAY.
  NO SIGNIFICANT WEATHER WAS OBSERVED.


RELATIVE HUMIDITY (PERCENT)
 HIGHEST    76           300 AM
 LOWEST     25           400 PM
 AVERAGE    51

..........................................................


THE HASTINGS NE CLIMATE NORMALS FOR TODAY
                         NORMAL    RECORD    YEAR
 MAXIMUM TEMPERATURE (F)   69        98      1916
 MINIMUM TEMPERATURE (F)   47        25      1944


SUNRISE AND SUNSET
MAY  6 2016...........SUNRISE   626 AM CDT   SUNSET   835 PM CDT
MAY  7 2016...........SUNRISE   625 AM CDT   SUNSET   836 PM CDT


-  INDICATES NEGATIVE NUMBERS.
R  INDICATES RECORD WAS SET OR TIED.
MM INDICATES DATA IS MISSING.
T  INDICATES TRACE AMOUNT.




$$
