000
CDUS43 KGID 050639
CLIHSI


CLIMATE REPORT
NATIONAL WEATHER SERVICE HASTINGS NE
1238 AM CST THU MAR 5 2015


...................................

...THE HASTINGS NE CLIMATE SUMMARY FOR MARCH 4 2015...

CLIMATE NORMAL PERIOD 1981 TO 2010
CLIMATE RECORD PERIOD 1894 TO 2015


WEATHER ITEM   OBSERVED TIME   RECORD YEAR NORMAL DEPARTURE LAST
                VALUE   (LST)  VALUE       VALUE  FROM      YEAR
                                                  NORMAL
..................................................................
TEMPERATURE (F)
 YESTERDAY
  MAXIMUM         30    417 PM  80    1921  46    -16       48
  MINIMUM          8   1153 PM -12    1978  25    -17       13
                                      1960
  AVERAGE         19                        35    -16       31

PRECIPITATION (IN)
  YESTERDAY        0.04          0.72 1981   0.04   0.00     0.00
  MONTH TO DATE    0.04                      0.13  -0.09      T
  SINCE MAR 1      0.04                      0.13  -0.09      T
  SINCE JAN 1      1.15                      1.03   0.12     0.71

SNOWFALL (IN)
  YESTERDAY        0.7           6.0  1976   0.2    0.5      0.0
                                      1944
  MONTH TO DATE    0.8                       0.7    0.1       T
  SINCE MAR 1      0.8                       0.7    0.1       T
  SINCE JUL 1     17.0                      23.1   -6.1     18.3
  SNOW DEPTH 6AM   1

DEGREE DAYS
 HEATING
  YESTERDAY       46                        30     16       34
  MONTH TO DATE  154                       121     33      208
  SINCE MAR 1    154                       121     33      208
  SINCE JUL 1   4777                      4751     26     5088

 COOLING
  YESTERDAY        0                         0      0        0
  MONTH TO DATE    0                         0      0        0
  SINCE MAR 1      0                         0      0        0
  SINCE JAN 1      0                         0      0        0
..................................................................


WIND (MPH)
  HIGHEST WIND SPEED    21   HIGHEST WIND DIRECTION    NW (330)
  HIGHEST GUST SPEED    27   HIGHEST GUST DIRECTION    NW (320)
  AVERAGE WIND SPEED    10.4


SKY COVER
  AVERAGE SKY COVER 0.3


WEATHER CONDITIONS
 THE FOLLOWING WEATHER WAS RECORDED YESTERDAY.
  LIGHT SNOW
  FOG


RELATIVE HUMIDITY (PERCENT)
 HIGHEST    84           800 AM
 LOWEST     33           600 PM
 AVERAGE    59

..........................................................


THE HASTINGS NE CLIMATE NORMALS FOR TODAY
                         NORMAL    RECORD    YEAR
 MAXIMUM TEMPERATURE (F)   46        75      2009
                                             1950
                                             1910
 MINIMUM TEMPERATURE (F)   25        -1      1989


SUNRISE AND SUNSET
MARCH  5 2015.........SUNRISE   702 AM CST   SUNSET   629 PM CST
MARCH  6 2015.........SUNRISE   700 AM CST   SUNSET   630 PM CST


-  INDICATES NEGATIVE NUMBERS.
R  INDICATES RECORD WAS SET OR TIED.
MM INDICATES DATA IS MISSING.
T  INDICATES TRACE AMOUNT.




$$
