000
CDUS43 KGID 190625
CLIHSI


CLIMATE REPORT
NATIONAL WEATHER SERVICE HASTINGS NE
124 AM CDT SAT AUG 19 2017


...................................

...THE HASTINGS NE CLIMATE SUMMARY FOR AUGUST 18 2017...

CLIMATE NORMAL PERIOD 1981 TO 2010
CLIMATE RECORD PERIOD 1894 TO 2017


WEATHER ITEM   OBSERVED TIME   RECORD YEAR NORMAL DEPARTURE LAST
                VALUE   (LST)  VALUE       VALUE  FROM      YEAR
                                                  NORMAL
..................................................................
TEMPERATURE (F)
 YESTERDAY
  MAXIMUM         86    400 PM 109    1936  85      1       94
  MINIMUM         61    537 AM  46    1943  63     -2       66
  AVERAGE         74                        74      0       80

PRECIPITATION (IN)
  YESTERDAY        0.01          1.98 1997   0.12  -0.11     0.00
  MONTH TO DATE    4.12                      1.71   2.41     0.45
  SINCE JUN 1     10.62                      9.25   1.37     3.42
  SINCE JAN 1     22.46                     19.07   3.39    15.25

SNOWFALL (IN)
  YESTERDAY        0.0                       0.0    0.0      0.0
  MONTH TO DATE    0.0                       0.0    0.0      0.0
  SINCE JUN 1      0.0                       0.0    0.0      0.0
  SINCE JUL 1      0.0                       0.0    0.0      0.0
  SNOW DEPTH       0

DEGREE DAYS
 HEATING
  YESTERDAY        0                         0      0        0
  MONTH TO DATE    4                         0      4        0
  SINCE JUN 1      7                        22    -15        3
  SINCE JUL 1      4                         1      3        3

 COOLING
  YESTERDAY        9                         9      0       15
  MONTH TO DATE   96                       191    -95      214
  SINCE JUN 1    802                       792     10      942
  SINCE JAN 1    863                       851     12      971
..................................................................


WIND (MPH)
  HIGHEST WIND SPEED    16   HIGHEST WIND DIRECTION    SE (130)
  HIGHEST GUST SPEED    22   HIGHEST GUST DIRECTION    NW (330)
  AVERAGE WIND SPEED     5.5


SKY COVER
  AVERAGE SKY COVER 0.0


WEATHER CONDITIONS
 THE FOLLOWING WEATHER WAS RECORDED YESTERDAY.
  THUNDERSTORM


RELATIVE HUMIDITY (PERCENT)
 HIGHEST    84           600 AM
 LOWEST     44           500 PM
 AVERAGE    64

..........................................................


THE HASTINGS NE CLIMATE NORMALS FOR TODAY
                         NORMAL    RECORD    YEAR
 MAXIMUM TEMPERATURE (F)   85       106      1936
 MINIMUM TEMPERATURE (F)   63        46      2012


SUNRISE AND SUNSET
AUGUST 19 2017........SUNRISE   648 AM CDT   SUNSET   825 PM CDT
AUGUST 20 2017........SUNRISE   649 AM CDT   SUNSET   824 PM CDT


-  INDICATES NEGATIVE NUMBERS.
R  INDICATES RECORD WAS SET OR TIED.
MM INDICATES DATA IS MISSING.
T  INDICATES TRACE AMOUNT.




$$
