000
CDUS43 KGID 300637
CLIHSI


CLIMATE REPORT
NATIONAL WEATHER SERVICE HASTINGS NE
135 AM CDT SAT MAY 30 2015


...................................

...THE HASTINGS NE CLIMATE SUMMARY FOR MAY 29 2015...

CLIMATE NORMAL PERIOD 1981 TO 2010
CLIMATE RECORD PERIOD 1894 TO 2015


WEATHER ITEM   OBSERVED TIME   RECORD YEAR NORMAL DEPARTURE LAST
                VALUE   (LST)  VALUE       VALUE  FROM      YEAR
                                                  NORMAL
..................................................................
TEMPERATURE (F)
 YESTERDAY
  MAXIMUM         77    225 PM 105    1934  77      0       87
  MINIMUM         52   1159 PM  29    1947  56     -4       66
  AVERAGE         65                        66     -1       77

PRECIPITATION (IN)
  YESTERDAY        0.02          2.20 1969   0.12  -0.10     0.00
  MONTH TO DATE    3.86                      4.32  -0.46     2.15
  SINCE MAR 1      7.61                      8.67  -1.06     6.23
  SINCE JAN 1      8.72                      9.57  -0.85     6.94

SNOWFALL (IN)
  YESTERDAY        0.0          MM      MM   0.0    0.0      0.0
  MONTH TO DATE    0.0                       0.0    0.0      0.0
  SINCE MAR 1      0.8                       6.4   -5.6      3.4
  SINCE JUL 1     17.0                      28.8  -11.8     21.7
  SNOW DEPTH       0

DEGREE DAYS
 HEATING
  YESTERDAY        0                         2     -2        0
  MONTH TO DATE  170                       165      5      174
  SINCE MAR 1   1161                      1374   -213     1437
  SINCE JUL 1   5784                      6004   -220     6317

 COOLING
  YESTERDAY        0                         3     -3       12
  MONTH TO DATE   27                        48    -21       90
  SINCE MAR 1     31                        53    -22       98
  SINCE JAN 1     31                        53    -22       98
..................................................................


WIND (MPH)
  HIGHEST WIND SPEED    32   HIGHEST WIND DIRECTION     N (350)
  HIGHEST GUST SPEED    40   HIGHEST GUST DIRECTION     N (350)
  AVERAGE WIND SPEED    14.2


SKY COVER
  AVERAGE SKY COVER 0.5


WEATHER CONDITIONS
 THE FOLLOWING WEATHER WAS RECORDED YESTERDAY.
  LIGHT RAIN


RELATIVE HUMIDITY (PERCENT)
 HIGHEST    93           500 AM
 LOWEST     54           100 PM
 AVERAGE    74

..........................................................


THE HASTINGS NE CLIMATE NORMALS FOR TODAY
                         NORMAL    RECORD    YEAR
 MAXIMUM TEMPERATURE (F)   77       103      1934
 MINIMUM TEMPERATURE (F)   56        41      1930


SUNRISE AND SUNSET
MAY 30 2015...........SUNRISE   606 AM CDT   SUNSET   857 PM CDT
MAY 31 2015...........SUNRISE   606 AM CDT   SUNSET   857 PM CDT


-  INDICATES NEGATIVE NUMBERS.
R  INDICATES RECORD WAS SET OR TIED.
MM INDICATES DATA IS MISSING.
T  INDICATES TRACE AMOUNT.

$$

HALBLAUB
