000
CDUS43 KGID 192331
CLIHSI


CLIMATE REPORT
NATIONAL WEATHER SERVICE HASTINGS NE
531 PM CST FRI DEC 19 2014


...................................

...THE HASTINGS NE CLIMATE SUMMARY FOR DECEMBER 19 2014...
VALID TODAY AS OF 0500 PM LOCAL TIME.

CLIMATE NORMAL PERIOD 1981 TO 2010
CLIMATE RECORD PERIOD 1894 TO 2014


WEATHER ITEM   OBSERVED TIME   RECORD YEAR NORMAL DEPARTURE LAST
                VALUE   (LST)  VALUE       VALUE  FROM      YEAR
                                                  NORMAL
..................................................................
TEMPERATURE (F)
 TODAY
  MAXIMUM         36    419 PM  66    1941  36      0       35
  MINIMUM         29   1043 AM -15    1989  17     12       10
  AVERAGE         33                        26      7       23

PRECIPITATION (IN)
  TODAY            0.00          1.30 1968   0.01  -0.01      T
  MONTH TO DATE    0.32                      0.45  -0.13     0.13
  SINCE DEC 1      0.32                      0.45  -0.13     0.13
  SINCE JAN 1     28.99                     26.95   2.04    25.20

SNOWFALL (IN)
  TODAY            0.0          10.0  1973   0.2   -0.2       T
  MONTH TO DATE    0.2                       3.6   -3.4      4.4
  SINCE DEC 1      0.2                       3.6   -3.4      4.4
  SINCE JUL 1      1.9                       7.4   -5.5      4.8
  SNOW DEPTH (6AM) 0

DEGREE DAYS
 HEATING
  TODAY           32                        38     -6       42
  MONTH TO DATE  592                       689    -97      781
  SINCE DEC 1    592                       689    -97      781
  SINCE JUL 1   1930                      1970    -40     2046

 COOLING
  TODAY            0                         0      0        0
  MONTH TO DATE    0                         0      0        0
  SINCE DEC 1      0                         0      0        0
  SINCE JAN 1   1018                      1077    -59     1158
..................................................................


WIND (MPH)
  HIGHEST WIND SPEED    14   HIGHEST WIND DIRECTION    SW (210)
  HIGHEST GUST SPEED    17   HIGHEST GUST DIRECTION    SW (210)
  AVERAGE WIND SPEED     7.1


SKY COVER
  AVERAGE SKY COVER 1.0


WEATHER CONDITIONS
 THE FOLLOWING WEATHER WAS RECORDED TODAY.
  FOG
  HAZE


RELATIVE HUMIDITY (PERCENT)
 HIGHEST    92          1100 AM
 LOWEST     75           200 PM
 AVERAGE    84

..........................................................


THE HASTINGS NE CLIMATE NORMALS FOR TOMORROW
                         NORMAL    RECORD    YEAR
 MAXIMUM TEMPERATURE (F)   36        64      1941
 MINIMUM TEMPERATURE (F)   17       -16      1989


SUNRISE AND SUNSET
DECEMBER 19 2014......SUNRISE   753 AM CST   SUNSET   509 PM CST
DECEMBER 20 2014......SUNRISE   753 AM CST   SUNSET   509 PM CST


-  INDICATES NEGATIVE NUMBERS.
R  INDICATES RECORD WAS SET OR TIED.
MM INDICATES DATA IS MISSING.
T  INDICATES TRACE AMOUNT.




$$
