000
CDUS43 KGID 300633
CLIHSI


CLIMATE REPORT
NATIONAL WEATHER SERVICE HASTINGS NE
132 AM CDT THU OCT 30 2014


...................................

...THE HASTINGS NE CLIMATE SUMMARY FOR OCTOBER 29 2014...

CLIMATE NORMAL PERIOD 1981 TO 2010
CLIMATE RECORD PERIOD 1894 TO 2014


WEATHER ITEM   OBSERVED TIME   RECORD YEAR NORMAL DEPARTURE LAST
                VALUE   (LST)  VALUE       VALUE  FROM      YEAR
                                                  NORMAL
..................................................................
TEMPERATURE (F)
 YESTERDAY
  MAXIMUM         62    445 PM  91    1937  59      3       46
  MINIMUM         29    704 AM   9    1913  35     -6       40
  AVERAGE         46                        47     -1       43

PRECIPITATION (IN)
  YESTERDAY        0.00          1.60 1979   0.05  -0.05     0.07
  MONTH TO DATE    1.76                      1.91  -0.15     4.74
  SINCE SEP 1      3.54                      4.47  -0.93     6.00
  SINCE JAN 1     28.44                     25.13   3.31    24.06

SNOWFALL (IN)
  YESTERDAY        0.0           7.2  1925   0.1   -0.1      0.0
  MONTH TO DATE    0.0                       0.9   -0.9      0.0
  SINCE SEP 1      0.0                       1.1   -1.1      0.0
  SINCE JUL 1      0.0                       1.1   -1.1      0.0
  SNOW DEPTH       0

DEGREE DAYS
 HEATING
  YESTERDAY       19                        18      1       22
  MONTH TO DATE  267                       359    -92      369
  SINCE SEP 1    376                       449    -73      398
  SINCE JUL 1    382                       455    -73      404

 COOLING
  YESTERDAY        0                         0      0        0
  MONTH TO DATE    3                        11     -8       15
  SINCE SEP 1     98                       121    -23      200
  SINCE JAN 1   1018                      1074    -56     1158
..................................................................


WIND (MPH)
  HIGHEST WIND SPEED    16   HIGHEST WIND DIRECTION     S (160)
  HIGHEST GUST SPEED    22   HIGHEST GUST DIRECTION     S (160)
  AVERAGE WIND SPEED     6.5


SKY COVER
  AVERAGE SKY COVER 0.0


WEATHER CONDITIONS
 THE FOLLOWING WEATHER WAS RECORDED YESTERDAY.
  HAZE


RELATIVE HUMIDITY (PERCENT)
 HIGHEST    78           500 AM
 LOWEST     27           300 PM
 AVERAGE    53

..........................................................


THE HASTINGS NE CLIMATE NORMALS FOR TODAY
                         NORMAL    RECORD    YEAR
 MAXIMUM TEMPERATURE (F)   58        87      1937
 MINIMUM TEMPERATURE (F)   35         9      1913


SUNRISE AND SUNSET
OCTOBER 30 2014.......SUNRISE   802 AM CDT   SUNSET   633 PM CDT
OCTOBER 31 2014.......SUNRISE   803 AM CDT   SUNSET   631 PM CDT


-  INDICATES NEGATIVE NUMBERS.
R  INDICATES RECORD WAS SET OR TIED.
MM INDICATES DATA IS MISSING.
T  INDICATES TRACE AMOUNT.




$$
