000
CDUS43 KGID 160705
CLIHSI


CLIMATE REPORT
NATIONAL WEATHER SERVICE HASTINGS NE
204 AM CDT TUE SEP 16 2014


...................................

...THE HASTINGS NE CLIMATE SUMMARY FOR SEPTEMBER 15 2014...

CLIMATE NORMAL PERIOD 1981 TO 2010
CLIMATE RECORD PERIOD 1894 TO 2014


WEATHER ITEM   OBSERVED TIME   RECORD YEAR NORMAL DEPARTURE LAST
                VALUE   (LST)  VALUE       VALUE  FROM      YEAR
                                                  NORMAL
..................................................................
TEMPERATURE (F)
 YESTERDAY
  MAXIMUM         66    325 PM 100    1939  78    -12       69
  MINIMUM         47   1115 PM  35    1993  54     -7       58
  AVERAGE         57                        66     -9       64

PRECIPITATION (IN)
  YESTERDAY        T             1.50 1917   0.07  -0.07      T
  MONTH TO DATE    1.34                      1.36  -0.02     0.40
  SINCE SEP 1      1.34                      1.36  -0.02     0.40
  SINCE JAN 1     26.24                     22.02   4.22    18.46

SNOWFALL (IN)
  YESTERDAY        0.0                       0.0    0.0      0.0
  MONTH TO DATE    0.0                       0.0    0.0      0.0
  SINCE SEP 1      0.0                       0.0    0.0      0.0
  SINCE JUL 1      0.0                       0.0    0.0      0.0
  SNOW DEPTH       0

DEGREE DAYS
 HEATING
  YESTERDAY        8                         2      6        1
  MONTH TO DATE   90                        21     69        2
  SINCE SEP 1     90                        21     69        2
  SINCE JUL 1     96                        27     69        8

 COOLING
  YESTERDAY        0                         4     -4        0
  MONTH TO DATE   42                        76    -34      142
  SINCE SEP 1     42                        76    -34      142
  SINCE JAN 1    962                      1029    -67     1100
..................................................................


WIND (MPH)
  HIGHEST WIND SPEED    22   HIGHEST WIND DIRECTION     N (20)
  HIGHEST GUST SPEED    29   HIGHEST GUST DIRECTION     N (360)
  AVERAGE WIND SPEED    10.2


SKY COVER
  AVERAGE SKY COVER 0.2


WEATHER CONDITIONS
 THE FOLLOWING WEATHER WAS RECORDED YESTERDAY.
  NO SIGNIFICANT WEATHER WAS OBSERVED.


RELATIVE HUMIDITY (PERCENT)
 HIGHEST    89           700 AM
 LOWEST     43           400 PM
 AVERAGE    66

..........................................................


THE HASTINGS NE CLIMATE NORMALS FOR TODAY
                         NORMAL    RECORD    YEAR
 MAXIMUM TEMPERATURE (F)   78        97      1955
 MINIMUM TEMPERATURE (F)   54        36      1951


SUNRISE AND SUNSET
SEPTEMBER 16 2014.....SUNRISE   715 AM CDT   SUNSET   741 PM CDT
SEPTEMBER 17 2014.....SUNRISE   716 AM CDT   SUNSET   739 PM CDT


-  INDICATES NEGATIVE NUMBERS.
R  INDICATES RECORD WAS SET OR TIED.
MM INDICATES DATA IS MISSING.
T  INDICATES TRACE AMOUNT.




$$
