000
CDUS43 KGID 132324
CLIHSI


CLIMATE REPORT
NATIONAL WEATHER SERVICE HASTINGS NE
523 PM CST WED DEC 13 2017


...................................

...THE HASTINGS NE CLIMATE SUMMARY FOR DECEMBER 13 2017...
VALID TODAY AS OF 0500 PM LOCAL TIME.

CLIMATE NORMAL PERIOD 1981 TO 2010
CLIMATE RECORD PERIOD 1894 TO 2017


WEATHER ITEM   OBSERVED TIME   RECORD YEAR NORMAL DEPARTURE LAST
                VALUE   (LST)  VALUE       VALUE  FROM      YEAR
                                                  NORMAL
..................................................................
TEMPERATURE (F)
 TODAY
  MAXIMUM         54    127 PM  70    1921  37     17       24
  MINIMUM         37    308 AM -14    1917  18     19        5
  AVERAGE         46                        28     18       15

PRECIPITATION (IN)
  TODAY            0.00          1.18 2015   0.01  -0.01     0.00
  MONTH TO DATE    T                         0.39  -0.39     0.08
  SINCE DEC 1      T                         0.39  -0.39     0.08
  SINCE JAN 1     30.39                     26.89   3.50    20.13

SNOWFALL (IN)
  TODAY            0.0           5.5  1984   0.2   -0.2      0.0
  MONTH TO DATE    0.2                       2.4   -2.2      0.7
  SINCE DEC 1      0.2                       2.4   -2.2      0.7
  SINCE JUL 1      0.4                       6.2   -5.8      0.8
  SNOW DEPTH       0

DEGREE DAYS
 HEATING
  TODAY           19                        37    -18       50
  MONTH TO DATE  364                       461    -97      512
  SINCE DEC 1    364                       461    -97      512
  SINCE JUL 1   1507                      1742   -235     1379

 COOLING
  TODAY            0                         0      0        0
  MONTH TO DATE    0                         0      0        0
  SINCE DEC 1      0                         0      0        0
  SINCE JAN 1   1129                      1077     52     1195
..................................................................


WIND (MPH)
  HIGHEST WIND SPEED    36   HIGHEST WIND DIRECTION    NW (320)
  HIGHEST GUST SPEED    47   HIGHEST GUST DIRECTION     N (340)
  AVERAGE WIND SPEED    21.2


SKY COVER
  AVERAGE SKY COVER 0.1


WEATHER CONDITIONS
 THE FOLLOWING WEATHER WAS RECORDED TODAY.
  NO SIGNIFICANT WEATHER WAS OBSERVED.


RELATIVE HUMIDITY (PERCENT)
 HIGHEST    44          1200 AM
 LOWEST     26           700 AM
 AVERAGE    35

..........................................................


THE HASTINGS NE CLIMATE NORMALS FOR TOMORROW
                         NORMAL    RECORD    YEAR
 MAXIMUM TEMPERATURE (F)   37        64      1988
                                             1966
 MINIMUM TEMPERATURE (F)   18       -13      1917


SUNRISE AND SUNSET
DECEMBER 13 2017......SUNRISE   749 AM CST   SUNSET   507 PM CST
DECEMBER 14 2017......SUNRISE   750 AM CST   SUNSET   507 PM CST


-  INDICATES NEGATIVE NUMBERS.
R  INDICATES RECORD WAS SET OR TIED.
MM INDICATES DATA IS MISSING.
T  INDICATES TRACE AMOUNT.




$$
