000
CDUS43 KGID 230724
CLIHSI


CLIMATE REPORT
NATIONAL WEATHER SERVICE HASTINGS NE
122 AM CST MON JAN 23 2017


...................................

...THE HASTINGS NE CLIMATE SUMMARY FOR JANUARY 22 2017...

CLIMATE NORMAL PERIOD 1981 TO 2010
CLIMATE RECORD PERIOD 1894 TO 2017


WEATHER ITEM   OBSERVED TIME   RECORD YEAR NORMAL DEPARTURE LAST
                VALUE   (LST)  VALUE       VALUE  FROM      YEAR
                                                  NORMAL
..................................................................
TEMPERATURE (F)
 YESTERDAY
  MAXIMUM         48    436 PM  64    1950  36     12       26
                                      1931
  MINIMUM         29   1153 PM -13    1930  16     13       21
  AVERAGE         39                        26     13       24

PRECIPITATION (IN)
  YESTERDAY        0.00          0.41 1941   0.02  -0.02     0.00
  MONTH TO DATE    0.83                      0.24   0.59     0.34
  SINCE DEC 1      1.44                      0.85   0.59     2.52
  SINCE JAN 1      0.83                      0.24   0.59     0.34

SNOWFALL (IN)
  YESTERDAY        0.0           4.0  1941   0.2   -0.2      0.0
  MONTH TO DATE    3.7                       4.0   -0.3      5.4
  SINCE DEC 1      4.7                      10.1   -5.4     10.0
  SINCE JUL 1      4.8                      13.9   -9.1     14.2
  SNOW DEPTH       0

DEGREE DAYS
 HEATING
  YESTERDAY       26                        39    -13       41
  MONTH TO DATE  877                       862     15      875
  SINCE DEC 1   2059                      2021     38     1859
  SINCE JUL 1   2926                      3302   -376     2785

 COOLING
  YESTERDAY        0                         0      0        0
  MONTH TO DATE    0                         0      0        0
  SINCE DEC 1      0                         0      0        0
  SINCE JAN 1      0                         0      0        0
..................................................................


WIND (MPH)
  HIGHEST WIND SPEED    17   HIGHEST WIND DIRECTION     N (340)
  HIGHEST GUST SPEED    MM   HIGHEST GUST DIRECTION    MM
  AVERAGE WIND SPEED     9.4


SKY COVER
  AVERAGE SKY COVER 0.0


WEATHER CONDITIONS
 THE FOLLOWING WEATHER WAS RECORDED YESTERDAY.
  FOG


RELATIVE HUMIDITY (PERCENT)
 HIGHEST    96           100 AM
 LOWEST     50           400 PM
 AVERAGE    73

..........................................................


THE HASTINGS NE CLIMATE NORMALS FOR TODAY
                         NORMAL    RECORD    YEAR
 MAXIMUM TEMPERATURE (F)   37        70      1981
                                             1950
 MINIMUM TEMPERATURE (F)   16       -23      1915


SUNRISE AND SUNSET
JANUARY 23 2017.......SUNRISE   751 AM CST   SUNSET   541 PM CST
JANUARY 24 2017.......SUNRISE   750 AM CST   SUNSET   542 PM CST


-  INDICATES NEGATIVE NUMBERS.
R  INDICATES RECORD WAS SET OR TIED.
MM INDICATES DATA IS MISSING.
T  INDICATES TRACE AMOUNT.




$$
