000
CDUS43 KGID 280626
CLIHSI


CLIMATE REPORT
NATIONAL WEATHER SERVICE HASTINGS NE
126 AM CDT WED SEP 28 2016


...................................

...THE HASTINGS NE CLIMATE SUMMARY FOR SEPTEMBER 27 2016...

CLIMATE NORMAL PERIOD 1981 TO 2010
CLIMATE RECORD PERIOD 1894 TO 2016


WEATHER ITEM   OBSERVED TIME   RECORD YEAR NORMAL DEPARTURE LAST
                VALUE   (LST)  VALUE       VALUE  FROM      YEAR
                                                  NORMAL
..................................................................
TEMPERATURE (F)
 YESTERDAY
  MAXIMUM         85    345 PM  93    1956  73     12       84
  MINIMUM         47    544 AM  33    1942  49     -2       56
  AVERAGE         66                        61      5       70

PRECIPITATION (IN)
  YESTERDAY        0.00          2.06 1901   0.07  -0.07     0.00
  MONTH TO DATE    1.80                      2.34  -0.54     1.05
  SINCE SEP 1      1.80                      2.34  -0.54     1.05
  SINCE JAN 1     18.37                     23.00  -4.63    24.10

SNOWFALL (IN)
  YESTERDAY        0.0                       0.1   -0.1      0.0
  MONTH TO DATE    0.0                       0.2   -0.2      0.0
  SINCE SEP 1      0.0                       0.2   -0.2      0.0
  SINCE JUL 1      0.0                       0.2   -0.2      0.0
  6 AM SNOW DEPTH  0

DEGREE DAYS
 HEATING
  YESTERDAY        0                         6     -6        0
  MONTH TO DATE   38                        70    -32       12
  SINCE SEP 1     38                        70    -32       12
  SINCE JUL 1     42                        76    -34       27

 COOLING
  YESTERDAY        1                         2     -1        5
  MONTH TO DATE  138                       105     33      217
  SINCE SEP 1    138                       105     33      217
  SINCE JAN 1   1186                      1058    128     1060
..................................................................


WIND (MPH)
  HIGHEST WIND SPEED    17   HIGHEST WIND DIRECTION     W (290)
  HIGHEST GUST SPEED    22   HIGHEST GUST DIRECTION    NW (330)
  AVERAGE WIND SPEED     6.2


SKY COVER
  AVERAGE SKY COVER 0.0


WEATHER CONDITIONS
 THE FOLLOWING WEATHER WAS RECORDED YESTERDAY.
  NO SIGNIFICANT WEATHER WAS OBSERVED.


RELATIVE HUMIDITY (PERCENT)
 HIGHEST    80           500 AM
 LOWEST     26           200 PM
 AVERAGE    53

..........................................................


THE HASTINGS NE CLIMATE NORMALS FOR TODAY
                         NORMAL    RECORD    YEAR
 MAXIMUM TEMPERATURE (F)   72        96      1953
 MINIMUM TEMPERATURE (F)   49        28      1951


SUNRISE AND SUNSET
SEPTEMBER 28 2016.....SUNRISE   728 AM CDT   SUNSET   720 PM CDT
SEPTEMBER 29 2016.....SUNRISE   729 AM CDT   SUNSET   718 PM CDT


-  INDICATES NEGATIVE NUMBERS.
R  INDICATES RECORD WAS SET OR TIED.
MM INDICATES DATA IS MISSING.
T  INDICATES TRACE AMOUNT.




$$
