000
CDUS44 KHUN 260729
CLIHSV


CLIMATE REPORT
NATIONAL WEATHER SERVICE HUNTSVILLE AL
229 AM CDT TUE MAY 26 2015


...................................

...THE HUNTSVILLE CLIMATE SUMMARY FOR MAY 25 2015...

CLIMATE NORMAL PERIOD 1981 TO 2010
CLIMATE RECORD PERIOD 1894 TO 2015


WEATHER ITEM   OBSERVED TIME   RECORD YEAR NORMAL DEPARTURE LAST
                VALUE   (LST)  VALUE       VALUE  FROM      YEAR
                                                  NORMAL
..................................................................
TEMPERATURE (F)
 YESTERDAY
  MAXIMUM         79    121 PM  97    1926  84     -5       89
                                      1921
  MINIMUM         68   1159 PM  45    1942  62      6       65
                                      1935
  AVERAGE         74                        73      1       77

PRECIPITATION (IN)
  YESTERDAY        0.23          1.72 1993   0.15   0.08     0.00
  MONTH TO DATE    2.07                      4.20  -2.13     2.14
  SINCE MAR 1     14.63                     13.73   0.90    12.94
  SINCE JAN 1     22.37                     23.46  -1.09    22.81

SNOWFALL (IN)
  YESTERDAY        0.0
  MONTH TO DATE    0.0
  SINCE MAR 1      1.0
  SINCE JUL 1      9.8
  SNOW DEPTH       0

DEGREE DAYS
 HEATING
  YESTERDAY        0                         0      0        0
  MONTH TO DATE   14                        25    -11       38
  SINCE MAR 1    389                       547   -158      628
  SINCE JUL 1   3030                      2999     31     3463

 COOLING
  YESTERDAY        9                         8      1       12
  MONTH TO DATE  194                       138     56      155
  SINCE MAR 1    257                       209     48      197
  SINCE JAN 1    257                       210     47      198
..................................................................


WIND (MPH)
  HIGHEST WIND SPEED    22   HIGHEST WIND DIRECTION     W (260)
  HIGHEST GUST SPEED    30   HIGHEST GUST DIRECTION     W (260)
  AVERAGE WIND SPEED     9.6


SKY COVER
  POSSIBLE SUNSHINE  MM
  AVERAGE SKY COVER 0.8


WEATHER CONDITIONS
 THE FOLLOWING WEATHER WAS RECORDED YESTERDAY.
  HEAVY RAIN
  RAIN
  LIGHT RAIN
  FOG


RELATIVE HUMIDITY (PERCENT)
 HIGHEST    90           300 PM
 LOWEST     68           400 AM
 AVERAGE    79

..........................................................


THE HUNTSVILLE CLIMATE NORMALS FOR TODAY
                         NORMAL    RECORD    YEAR
 MAXIMUM TEMPERATURE (F)   84        97      1926
                                             1915
                                             1911
 MINIMUM TEMPERATURE (F)   62        44      1979


SUNRISE AND SUNSET
MAY 26 2015...........SUNRISE   538 AM CDT   SUNSET   751 PM CDT
MAY 27 2015...........SUNRISE   537 AM CDT   SUNSET   752 PM CDT


-  INDICATES NEGATIVE NUMBERS.
R  INDICATES RECORD WAS SET OR TIED.
MM INDICATES DATA IS MISSING.
T  INDICATES TRACE AMOUNT.




$$
