000
CDUS44 KHUN 222125
CLIHSV


CLIMATE REPORT
NATIONAL WEATHER SERVICE HUNTSVILLE AL
424 PM CDT THU JUN 22 2017


...................................

...THE HUNTSVILLE CLIMATE SUMMARY FOR JUNE 22 2017...
VALID TODAY AS OF 0400 PM LOCAL TIME.

CLIMATE NORMAL PERIOD 1981 TO 2010
CLIMATE RECORD PERIOD 1894 TO 2017


WEATHER ITEM   OBSERVED TIME   RECORD YEAR NORMAL DEPARTURE LAST
                VALUE   (LST)  VALUE       VALUE  FROM      YEAR
                                                  NORMAL
..................................................................
TEMPERATURE (F)
 TODAY
  MAXIMUM         79    310 PM 105    1933  89    -10       95
  MINIMUM         72    657 AM  51    1992  69      3       73
  AVERAGE         76                        79     -3       84

PRECIPITATION (IN)
  TODAY            1.68          2.70 1989   0.15   1.53     0.00
  MONTH TO DATE    4.10                      3.12   0.98     2.82
  SINCE JUN 1      4.10                      3.12   0.98     2.82
  SINCE JAN 1     26.82                     27.49  -0.67    21.12

SNOWFALL (IN)
  TODAY            0.0
  MONTH TO DATE    0.0
  SINCE JUN 1      0.0
  SINCE JUL 1      T
  SNOW DEPTH       0

DEGREE DAYS
 HEATING
  TODAY            0                         0      0        0
  MONTH TO DATE    0                         0      0        0
  SINCE JUN 1      0                         0      0        0
  SINCE JUL 1   1967                      3001  -1034     2253

 COOLING
  TODAY           11                        14     -3       19
  MONTH TO DATE  278                       264     14      329
  SINCE JUN 1    278                       264     14      329
  SINCE JAN 1    667                       527    140      616
..................................................................


WIND (MPH)
  HIGHEST WIND SPEED    16   HIGHEST WIND DIRECTION     S (160)
  HIGHEST GUST SPEED    21   HIGHEST GUST DIRECTION     S (170)
  AVERAGE WIND SPEED     9.6


SKY COVER
  POSSIBLE SUNSHINE  MM
  AVERAGE SKY COVER 0.8


WEATHER CONDITIONS
 THE FOLLOWING WEATHER WAS RECORDED TODAY.
  HEAVY RAIN
  RAIN
  LIGHT RAIN
  FOG


RELATIVE HUMIDITY (PERCENT)
 HIGHEST   100           300 AM
 LOWEST     93          1200 AM
 AVERAGE    97

..........................................................


THE HUNTSVILLE CLIMATE NORMALS FOR TOMORROW
                         NORMAL    RECORD    YEAR
 MAXIMUM TEMPERATURE (F)   90       104      1930
 MINIMUM TEMPERATURE (F)   69        53      1992
                                             1972


SUNRISE AND SUNSET
JUNE 22 2017..........SUNRISE   535 AM CDT   SUNSET   804 PM CDT
JUNE 23 2017..........SUNRISE   535 AM CDT   SUNSET   804 PM CDT


-  INDICATES NEGATIVE NUMBERS.
R  INDICATES RECORD WAS SET OR TIED.
MM INDICATES DATA IS MISSING.
T  INDICATES TRACE AMOUNT.




$$
