000
CDUS44 KHUN 250707
CLIHSV


CLIMATE REPORT
NATIONAL WEATHER SERVICE HUNTSVILLE AL
206 AM CDT FRI APR 25 2014


...................................

...THE HUNTSVILLE CLIMATE SUMMARY FOR APRIL 24 2014...

CLIMATE NORMAL PERIOD 1981 TO 2010
CLIMATE RECORD PERIOD 1894 TO 2014


WEATHER ITEM   OBSERVED TIME   RECORD YEAR NORMAL DEPARTURE LAST
                VALUE   (LST)  VALUE       VALUE  FROM      YEAR
                                                  NORMAL
..................................................................
TEMPERATURE (F)
 YESTERDAY
  MAXIMUM         82    458 PM  91    1960  76      6       66
  MINIMUM         44    504 AM  32    1910  53     -9       48
  AVERAGE         63                        64     -1       57

PRECIPITATION (IN)
  YESTERDAY        0.02          1.93 1937   0.15  -0.13     0.29
  MONTH TO DATE    4.40                      3.42   0.98     3.33
  SINCE MAR 1      7.08                      8.63  -1.55     8.88
  SINCE JAN 1     16.95                     18.36  -1.41    20.76

SNOWFALL (IN)
  YESTERDAY        0.0
  MONTH TO DATE    T
  SINCE MAR 1      T
  SINCE JUL 1      5.2
  SNOW DEPTH       0

DEGREE DAYS
 HEATING
  YESTERDAY        2                         3     -1        8
  MONTH TO DATE  127                       138    -11      146
  SINCE MAR 1    589                       506     83      682
  SINCE JUL 1   3424                      2958    466     2954

 COOLING
  YESTERDAY        0                         3     -3        0
  MONTH TO DATE   21                        40    -19       51
  SINCE MAR 1     21                        53    -32       51
  SINCE JAN 1     22                        54    -32       57
..................................................................


WIND (MPH)
  HIGHEST WIND SPEED    22   HIGHEST WIND DIRECTION     S (160)
  HIGHEST GUST SPEED    25   HIGHEST GUST DIRECTION     S (170)
  AVERAGE WIND SPEED     7.9


SKY COVER
  POSSIBLE SUNSHINE  MM
  AVERAGE SKY COVER 0.5


WEATHER CONDITIONS
 THE FOLLOWING WEATHER WAS RECORDED YESTERDAY.
  LIGHT RAIN
  HAZE


RELATIVE HUMIDITY (PERCENT)
 HIGHEST    92           500 AM
 LOWEST     30          1100 AM
 AVERAGE    61

..........................................................


THE HUNTSVILLE CLIMATE NORMALS FOR TODAY
                         NORMAL    RECORD    YEAR
 MAXIMUM TEMPERATURE (F)   76        90      1960
 MINIMUM TEMPERATURE (F)   53        26      1910


SUNRISE AND SUNSET
APRIL 25 2014.........SUNRISE   603 AM CDT   SUNSET   727 PM CDT
APRIL 26 2014.........SUNRISE   602 AM CDT   SUNSET   728 PM CDT


-  INDICATES NEGATIVE NUMBERS.
R  INDICATES RECORD WAS SET OR TIED.
MM INDICATES DATA IS MISSING.
T  INDICATES TRACE AMOUNT.




$$
