388
CDUS44 KHUN 200801
CLIHSV


CLIMATE REPORT
NATIONAL WEATHER SERVICE HUNTSVILLE AL
200 AM CST FRI JAN 20 2017


...................................

...THE HUNTSVILLE CLIMATE SUMMARY FOR JANUARY 19 2017...

CLIMATE NORMAL PERIOD 1981 TO 2010
CLIMATE RECORD PERIOD 1894 TO 2017


WEATHER ITEM   OBSERVED TIME   RECORD YEAR NORMAL DEPARTURE LAST
                VALUE   (LST)  VALUE       VALUE  FROM      YEAR
                                                  NORMAL
..................................................................
TEMPERATURE (F)
 YESTERDAY
  MAXIMUM         66   1217 PM  72    1982  51     15       34
                                      1929
  MINIMUM         55    524 AM  -2    1940  32     23       16
  AVERAGE         61                        41     20       25

PRECIPITATION (IN)
  YESTERDAY        1.46          3.35 1988   0.16   1.30     0.00
  MONTH TO DATE    2.36                      3.02  -0.66     0.59
  SINCE DEC 1      8.27                      8.79  -0.52    11.27
  SINCE JAN 1      2.36                      3.02  -0.66     0.59

SNOWFALL (IN)
  YESTERDAY        0.0
  MONTH TO DATE    T
  SINCE DEC 1      T
  SINCE JUL 1      T
  SNOW DEPTH       0

DEGREE DAYS
 HEATING
  YESTERDAY        4                        24    -20       40
  MONTH TO DATE  264                       456   -192      490
  SINCE DEC 1    812                      1110   -298      811
  SINCE JUL 1   1076                      1637   -561     1105

 COOLING
  YESTERDAY        0                         0      0        0
  MONTH TO DATE    1                         0      1        0
  SINCE DEC 1      5                         2      3       23
  SINCE JAN 1      1                         0      1        0
..................................................................


WIND (MPH)
  HIGHEST WIND SPEED    16   HIGHEST WIND DIRECTION    SW (230)
  HIGHEST GUST SPEED    21   HIGHEST GUST DIRECTION    SE (150)
  AVERAGE WIND SPEED     7.5


SKY COVER
  POSSIBLE SUNSHINE  MM
  AVERAGE SKY COVER 1.0


WEATHER CONDITIONS
 THE FOLLOWING WEATHER WAS RECORDED YESTERDAY.
  HEAVY RAIN
  RAIN
  LIGHT RAIN
  FOG


RELATIVE HUMIDITY (PERCENT)
 HIGHEST   100           600 AM
 LOWEST     77          1200 AM
 AVERAGE    89

..........................................................


THE HUNTSVILLE CLIMATE NORMALS FOR TODAY
                         NORMAL    RECORD    YEAR
 MAXIMUM TEMPERATURE (F)   51        73      1933
 MINIMUM TEMPERATURE (F)   32        -9      1985


SUNRISE AND SUNSET
JANUARY 20 2017.......SUNRISE   652 AM CST   SUNSET   505 PM CST
JANUARY 21 2017.......SUNRISE   652 AM CST   SUNSET   506 PM CST


-  INDICATES NEGATIVE NUMBERS.
R  INDICATES RECORD WAS SET OR TIED.
MM INDICATES DATA IS MISSING.
T  INDICATES TRACE AMOUNT.




$$
