000
CDUS44 KHUN 010705
CLIHSV


CLIMATE REPORT
NATIONAL WEATHER SERVICE HUNTSVILLE AL
205 AM CDT WED JUL 1 2015


...................................

...THE HUNTSVILLE CLIMATE SUMMARY FOR JUNE 30 2015...

CLIMATE NORMAL PERIOD 1981 TO 2010
CLIMATE RECORD PERIOD 1894 TO 2015


WEATHER ITEM   OBSERVED TIME   RECORD YEAR NORMAL DEPARTURE LAST
                VALUE   (LST)  VALUE       VALUE  FROM      YEAR
                                                  NORMAL
..................................................................
TEMPERATURE (F)
 YESTERDAY
  MAXIMUM         88    222 PM 105    2012  90     -2       93
  MINIMUM         73   1246 AM  52    1923  70      3       73
  AVERAGE         81                        80      1       83

PRECIPITATION (IN)
  YESTERDAY        0.01          1.95 1951   0.14  -0.13     0.00
  MONTH TO DATE    2.38                      4.29  -1.91     7.13
  SINCE JUN 1      2.38                      4.29  -1.91     7.13
  SINCE JAN 1     27.76                     28.66  -0.90    30.60

SNOWFALL (IN)
  YESTERDAY        0.0
  MONTH TO DATE    0.0
  SINCE JUN 1      0.0
  SINCE JUL 1      9.8
  SNOW DEPTH       0

DEGREE DAYS
 HEATING
  YESTERDAY        0                         0      0        0
  MONTH TO DATE    0                         0      0        0
  SINCE JUN 1      0                         1     -1        0
  SINCE JUL 1   3030                      3002     28     3463

 COOLING
  YESTERDAY       16                        15      1       18
  MONTH TO DATE  497                       380    117      401
  SINCE JUN 1    497                       380    117      401
  SINCE JAN 1    822                       643    179      672
..................................................................


WIND (MPH)
  HIGHEST WIND SPEED    20   HIGHEST WIND DIRECTION     W (260)
  HIGHEST GUST SPEED    25   HIGHEST GUST DIRECTION     W (260)
  AVERAGE WIND SPEED     8.3


SKY COVER
  POSSIBLE SUNSHINE  MM
  AVERAGE SKY COVER 0.7


WEATHER CONDITIONS
 THE FOLLOWING WEATHER WAS RECORDED YESTERDAY.
  THUNDERSTORM
  LIGHT RAIN


RELATIVE HUMIDITY (PERCENT)
 HIGHEST    79          1200 AM
 LOWEST     50           100 PM
 AVERAGE    65

..........................................................


THE HUNTSVILLE CLIMATE NORMALS FOR TODAY
                         NORMAL    RECORD    YEAR
 MAXIMUM TEMPERATURE (F)   90       105      2012
 MINIMUM TEMPERATURE (F)   70        53      1937


SUNRISE AND SUNSET
JULY  1 2015..........SUNRISE   538 AM CDT   SUNSET   804 PM CDT
JULY  2 2015..........SUNRISE   538 AM CDT   SUNSET   804 PM CDT


-  INDICATES NEGATIVE NUMBERS.
R  INDICATES RECORD WAS SET OR TIED.
MM INDICATES DATA IS MISSING.
T  INDICATES TRACE AMOUNT.




$$
