000
CDUS44 KHUN 240728
CLIHSV


CLIMATE REPORT
NATIONAL WEATHER SERVICE HUNTSVILLE AL
228 AM CDT TUE OCT 24 2017


...................................

...THE HUNTSVILLE CLIMATE SUMMARY FOR OCTOBER 23 2017...

CLIMATE NORMAL PERIOD 1981 TO 2010
CLIMATE RECORD PERIOD 1894 TO 2017


WEATHER ITEM   OBSERVED TIME   RECORD YEAR NORMAL DEPARTURE LAST
                VALUE   (LST)  VALUE       VALUE  FROM      YEAR
                                                  NORMAL
..................................................................
TEMPERATURE (F)
 YESTERDAY
  MAXIMUM         71    206 AM  89    1927  72     -1       78
  MINIMUM         50   1159 PM  27    1937  49      1       42
  AVERAGE         61                        60      1       60

PRECIPITATION (IN)
  YESTERDAY        0.99          1.21 1984   0.12   0.87     0.00
  MONTH TO DATE    4.39                      2.59   1.80     0.77
  SINCE SEP 1      7.10                      6.31   0.79     1.24
  SINCE JAN 1     47.31                     42.63   4.68    33.75

SNOWFALL (IN)
  YESTERDAY        0.0
  MONTH TO DATE    0.0
  SINCE SEP 1      0.0
  SINCE JUL 1      0.0
  SNOW DEPTH       0

DEGREE DAYS
 HEATING
  YESTERDAY        4                         6     -2        5
  MONTH TO DATE   30                        83    -53       21
  SINCE SEP 1     41                        96    -55       24
  SINCE JUL 1     41                        96    -55       24

 COOLING
  YESTERDAY        0                         1     -1        0
  MONTH TO DATE  116                        62     54      134
  SINCE SEP 1    357                       337     20      579
  SINCE JAN 1   2085                      1932    153     2484
..................................................................


WIND (MPH)
  HIGHEST WIND SPEED    21   HIGHEST WIND DIRECTION    NW (300)
  HIGHEST GUST SPEED    28   HIGHEST GUST DIRECTION    NW (300)
  AVERAGE WIND SPEED     7.5


SKY COVER
  POSSIBLE SUNSHINE  MM
  AVERAGE SKY COVER 0.7


WEATHER CONDITIONS
 THE FOLLOWING WEATHER WAS RECORDED YESTERDAY.
  HEAVY RAIN
  RAIN
  LIGHT RAIN
  FOG


RELATIVE HUMIDITY (PERCENT)
 HIGHEST   100          1200 AM
 LOWEST     72           500 PM
 AVERAGE    86

..........................................................


THE HUNTSVILLE CLIMATE NORMALS FOR TODAY
                         NORMAL    RECORD    YEAR
 MAXIMUM TEMPERATURE (F)   72        88      1939
                                             1927
 MINIMUM TEMPERATURE (F)   48        25      1937


SUNRISE AND SUNSET
OCTOBER 24 2017.......SUNRISE   701 AM CDT   SUNSET   601 PM CDT
OCTOBER 25 2017.......SUNRISE   701 AM CDT   SUNSET   600 PM CDT


-  INDICATES NEGATIVE NUMBERS.
R  INDICATES RECORD WAS SET OR TIED.
MM INDICATES DATA IS MISSING.
T  INDICATES TRACE AMOUNT.




$$
