000
CDUS44 KHUN 240918
CLIHSV


CLIMATE REPORT
NATIONAL WEATHER SERVICE HUNTSVILLE AL
317 AM CST WED JAN 24 2018


...................................

...THE HUNTSVILLE CLIMATE SUMMARY FOR JANUARY 23 2018...

CLIMATE NORMAL PERIOD 1981 TO 2010
CLIMATE RECORD PERIOD 1894 TO 2018


WEATHER ITEM   OBSERVED TIME   RECORD YEAR NORMAL DEPARTURE LAST
                VALUE   (LST)  VALUE       VALUE  FROM      YEAR
                                                  NORMAL
..................................................................
TEMPERATURE (F)
 YESTERDAY
  MAXIMUM         51   1237 PM  74    2002  51      0       62
                                      1943
  MINIMUM         35    947 PM  -1    1963  32      3       46
  AVERAGE         43                        42      1       54

PRECIPITATION (IN)
  YESTERDAY        0.00          2.16 1982   0.15  -0.15     0.03
  MONTH TO DATE    1.26                      3.65  -2.39     6.18
  SINCE DEC 1      5.74                      9.42  -3.68    12.09
  SINCE JAN 1      1.26                      3.65  -2.39     6.18

SNOWFALL (IN)
  YESTERDAY        0.0
  MONTH TO DATE    0.4
  SINCE DEC 1      0.4
  SINCE JUL 1      0.4
  SNOW DEPTH       0

DEGREE DAYS
 HEATING
  YESTERDAY       22                        23     -1       11
  MONTH TO DATE  665                       550    115      285
  SINCE DEC 1   1323                      1204    119      833
  SINCE JUL 1   1801                      1731     70     1097

 COOLING
  YESTERDAY        0                         0      0        0
  MONTH TO DATE    0                         0      0        1
  SINCE DEC 1      0                         2     -2        5
  SINCE JAN 1      0                         0      0        1
..................................................................


WIND (MPH)
  HIGHEST WIND SPEED    20   HIGHEST WIND DIRECTION    NW (300)
  HIGHEST GUST SPEED    27   HIGHEST GUST DIRECTION     W (290)
  AVERAGE WIND SPEED     9.4


SKY COVER
  POSSIBLE SUNSHINE  MM
  AVERAGE SKY COVER 0.3


WEATHER CONDITIONS
 THE FOLLOWING WEATHER WAS RECORDED YESTERDAY.
  NO SIGNIFICANT WEATHER WAS OBSERVED.


RELATIVE HUMIDITY (PERCENT)
 HIGHEST    76           700 AM
 LOWEST     50          1200 AM
 AVERAGE    63

..........................................................


THE HUNTSVILLE CLIMATE NORMALS FOR TODAY
                         NORMAL    RECORD    YEAR
 MAXIMUM TEMPERATURE (F)   52        75      1972
                                             1967
                                             1950
 MINIMUM TEMPERATURE (F)   32        -4      1963


SUNRISE AND SUNSET
JANUARY 24 2018.......SUNRISE   650 AM CST   SUNSET   508 PM CST
JANUARY 25 2018.......SUNRISE   650 AM CST   SUNSET   509 PM CST


-  INDICATES NEGATIVE NUMBERS.
R  INDICATES RECORD WAS SET OR TIED.
MM INDICATES DATA IS MISSING.
T  INDICATES TRACE AMOUNT.




$$
