000
CDUS44 KHUN 052249
CLIHSV


CLIMATE REPORT
NATIONAL WEATHER SERVICE HUNTSVILLE AL
448 PM CST MON DEC 5 2016


...................................

...THE HUNTSVILLE CLIMATE SUMMARY FOR DECEMBER 5 2016...
VALID TODAY AS OF 0400 PM LOCAL TIME.

CLIMATE NORMAL PERIOD 1981 TO 2010
CLIMATE RECORD PERIOD 1894 TO 2016


WEATHER ITEM   OBSERVED TIME   RECORD YEAR NORMAL DEPARTURE LAST
                VALUE   (LST)  VALUE       VALUE  FROM      YEAR
                                                  NORMAL
..................................................................
TEMPERATURE (F)
 TODAY
  MAXIMUM         52    359 PM  79    1998  56     -4       62
  MINIMUM         49   1056 AM  18    1907  37     12       30
  AVERAGE         51                        46      5       46

PRECIPITATION (IN)
  TODAY            0.38          2.15 1910   0.19   0.19     0.00
  MONTH TO DATE    1.63                      0.97   0.66     1.51
  SINCE DEC 1      1.63                      0.97   0.66     1.51
  SINCE JAN 1     40.16                     49.54  -9.38    55.40

SNOWFALL (IN)
  TODAY            0.0
  MONTH TO DATE    0.0
  SINCE DEC 1      0.0
  SINCE JUL 1      0.0
  SNOW DEPTH       0

DEGREE DAYS
 HEATING
  TODAY           14                        19     -5       19
  MONTH TO DATE   89                        92     -3       83
  SINCE DEC 1     89                        92     -3       83
  SINCE JUL 1    353                       619   -266      377

 COOLING
  TODAY            0                         0      0        0
  MONTH TO DATE    0                         0      0        0
  SINCE DEC 1      0                         0      0        0
  SINCE JAN 1   2548                      1949    599     2279
..................................................................


WIND (MPH)
  HIGHEST WIND SPEED    12   HIGHEST WIND DIRECTION    NE (40)
  HIGHEST GUST SPEED    14   HIGHEST GUST DIRECTION    NE (30)
  AVERAGE WIND SPEED     6.0


SKY COVER
  POSSIBLE SUNSHINE  MM
  AVERAGE SKY COVER 1.0


WEATHER CONDITIONS
 THE FOLLOWING WEATHER WAS RECORDED TODAY.
  RAIN
  LIGHT RAIN
  FOG


RELATIVE HUMIDITY (PERCENT)
 HIGHEST   100           700 AM
 LOWEST     89           100 PM
 AVERAGE    95

..........................................................


THE HUNTSVILLE CLIMATE NORMALS FOR TOMORROW
                         NORMAL    RECORD    YEAR
 MAXIMUM TEMPERATURE (F)   56        76      1998
 MINIMUM TEMPERATURE (F)   36        12      1937


SUNRISE AND SUNSET
DECEMBER  5 2016......SUNRISE   640 AM CST   SUNSET   436 PM CST
DECEMBER  6 2016......SUNRISE   640 AM CST   SUNSET   436 PM CST


-  INDICATES NEGATIVE NUMBERS.
R  INDICATES RECORD WAS SET OR TIED.
MM INDICATES DATA IS MISSING.
T  INDICATES TRACE AMOUNT.




$$
