000
CDUS44 KHUN 270804
CLIHSV


CLIMATE REPORT
NATIONAL WEATHER SERVICE HUNTSVILLE AL
204 AM CST TUE JAN 27 2015


...................................

...THE HUNTSVILLE CLIMATE SUMMARY FOR JANUARY 26 2015...

CLIMATE NORMAL PERIOD 1981 TO 2010
CLIMATE RECORD PERIOD 1894 TO 2015


WEATHER ITEM   OBSERVED TIME   RECORD YEAR NORMAL DEPARTURE LAST
                VALUE   (LST)  VALUE       VALUE  FROM      YEAR
                                                  NORMAL
..................................................................
TEMPERATURE (F)
 YESTERDAY
  MAXIMUM         46    101 AM  75    1950  52     -6       57
  MINIMUM         38    902 AM  -4    1940  32      6       22
  AVERAGE         42                        42      0       40

PRECIPITATION (IN)
  YESTERDAY        T             1.50 1994   0.15  -0.15     0.00
  MONTH TO DATE    3.97                      4.11  -0.14     3.30
  SINCE DEC 1      9.70                      9.88  -0.18     9.87
  SINCE JAN 1      3.97                      4.11  -0.14     3.30

SNOWFALL (IN)
  YESTERDAY        0.0
  MONTH TO DATE    T
  SINCE DEC 1      T
  SINCE JUL 1      T
  SNOW DEPTH       0

DEGREE DAYS
 HEATING
  YESTERDAY       23                        23      0       25
  MONTH TO DATE  632                       619     13      769
  SINCE DEC 1   1175                      1273    -98     1401
  SINCE JUL 1   1791                      1800     -9     2036

 COOLING
  YESTERDAY        0                         0      0        0
  MONTH TO DATE    0                         0      0        0
  SINCE DEC 1      0                         2     -2        5
  SINCE JAN 1      0                         0      0        0
..................................................................


WIND (MPH)
  HIGHEST WIND SPEED    22   HIGHEST WIND DIRECTION    NW (320)
  HIGHEST GUST SPEED    29   HIGHEST GUST DIRECTION    NW (320)
  AVERAGE WIND SPEED     9.1


SKY COVER
  POSSIBLE SUNSHINE  MM
  AVERAGE SKY COVER 0.9


WEATHER CONDITIONS
 THE FOLLOWING WEATHER WAS RECORDED YESTERDAY.
  LIGHT RAIN
  FOG
  HAZE


RELATIVE HUMIDITY (PERCENT)
 HIGHEST    89           400 AM
 LOWEST     57           400 PM
 AVERAGE    73

..........................................................


THE HUNTSVILLE CLIMATE NORMALS FOR TODAY
                         NORMAL    RECORD    YEAR
 MAXIMUM TEMPERATURE (F)   52        74      1944
 MINIMUM TEMPERATURE (F)   32        -7      1940


SUNRISE AND SUNSET
JANUARY 27 2015.......SUNRISE   649 AM CST   SUNSET   511 PM CST
JANUARY 28 2015.......SUNRISE   648 AM CST   SUNSET   512 PM CST


-  INDICATES NEGATIVE NUMBERS.
R  INDICATES RECORD WAS SET OR TIED.
MM INDICATES DATA IS MISSING.
T  INDICATES TRACE AMOUNT.


$$
