000
CDUS44 KHUN 202222
CLIHSV


CLIMATE REPORT
NATIONAL WEATHER SERVICE HUNTSVILLE AL
422 PM CST MON FEB 20 2017


...................................

...THE HUNTSVILLE CLIMATE SUMMARY FOR FEBRUARY 20 2017...
VALID TODAY AS OF 0400 PM LOCAL TIME.

CLIMATE NORMAL PERIOD 1981 TO 2010
CLIMATE RECORD PERIOD 1894 TO 2017


WEATHER ITEM   OBSERVED TIME   RECORD YEAR NORMAL DEPARTURE LAST
                VALUE   (LST)  VALUE       VALUE  FROM      YEAR
                                                  NORMAL
..................................................................
TEMPERATURE (F)
 TODAY
  MAXIMUM         76    338 PM  79    1986  57     19       65
  MINIMUM         48    616 AM   9    1958  37     11       56
  AVERAGE         62                        47     15       61

PRECIPITATION (IN)
  TODAY            0.00          2.14 2014   0.18  -0.18     0.00
  MONTH TO DATE    0.96                      3.41  -2.45     4.59
  SINCE DEC 1     13.27                     14.07  -0.80    18.84
  SINCE JAN 1      7.36                      8.30  -0.94     8.16

SNOWFALL (IN)
  TODAY            0.0
  MONTH TO DATE    0.0
  SINCE DEC 1      T
  SINCE JUL 1      T
  SNOW DEPTH       0

DEGREE DAYS
 HEATING
  TODAY            3                        18    -15        4
  MONTH TO DATE  266                       407   -141      405
  SINCE DEC 1   1247                      1790   -543     1488
  SINCE JUL 1   1511                      2317   -806     1782

 COOLING
  TODAY            0                         0      0        0
  MONTH TO DATE    0                         0      0        1
  SINCE DEC 1      5                         2      3       24
  SINCE JAN 1      1                         0      1        1
..................................................................


WIND (MPH)
  HIGHEST WIND SPEED    17   HIGHEST WIND DIRECTION     E (110)
  HIGHEST GUST SPEED    20   HIGHEST GUST DIRECTION     E (110)
  AVERAGE WIND SPEED     6.4


SKY COVER
  POSSIBLE SUNSHINE  MM
  AVERAGE SKY COVER 0.5


WEATHER CONDITIONS
 THE FOLLOWING WEATHER WAS RECORDED TODAY.
  NO SIGNIFICANT WEATHER WAS OBSERVED.


RELATIVE HUMIDITY (PERCENT)
 HIGHEST    93           500 AM
 LOWEST     33           300 PM
 AVERAGE    63

..........................................................


THE HUNTSVILLE CLIMATE NORMALS FOR TOMORROW
                         NORMAL    RECORD    YEAR
 MAXIMUM TEMPERATURE (F)   58        76      1922
 MINIMUM TEMPERATURE (F)   37        12      1963
                                             1958


SUNRISE AND SUNSET
FEBRUARY 20 2017......SUNRISE   627 AM CST   SUNSET   535 PM CST
FEBRUARY 21 2017......SUNRISE   626 AM CST   SUNSET   536 PM CST


-  INDICATES NEGATIVE NUMBERS.
R  INDICATES RECORD WAS SET OR TIED.
MM INDICATES DATA IS MISSING.
T  INDICATES TRACE AMOUNT.




$$
