496
CDUS44 KHUN 232127
CLIHSV


CLIMATE REPORT
NATIONAL WEATHER SERVICE HUNTSVILLE AL
427 PM CDT TUE MAY 23 2017


...................................

...THE HUNTSVILLE CLIMATE SUMMARY FOR MAY 23 2017...
VALID TODAY AS OF 0400 PM LOCAL TIME.

CLIMATE NORMAL PERIOD 1981 TO 2010
CLIMATE RECORD PERIOD 1894 TO 2017


WEATHER ITEM   OBSERVED TIME   RECORD YEAR NORMAL DEPARTURE LAST
                VALUE   (LST)  VALUE       VALUE  FROM      YEAR
                                                  NORMAL
..................................................................
TEMPERATURE (F)
 TODAY
  MAXIMUM         78    146 PM  95    2010  83     -5       87
  MINIMUM         66   1224 AM  45    1954  61      5       52
                                      1931
  AVERAGE         72                        72      0       70

PRECIPITATION (IN)
  TODAY            0.22          1.85 1930   0.15   0.07     0.00
  MONTH TO DATE    3.20                      3.89  -0.69     1.62
  SINCE MAR 1     11.08                     13.42  -2.34     8.35
  SINCE JAN 1     19.95                     23.15  -3.20    18.30

SNOWFALL (IN)
  TODAY            0.0
  MONTH TO DATE    0.0
  SINCE MAR 1      T
  SINCE JUL 1      T
  SNOW DEPTH       0

DEGREE DAYS
 HEATING
  TODAY            0                         0      0        0
  MONTH TO DATE   32                        25      7       20
  SINCE MAR 1    397                       547   -150      357
  SINCE JUL 1   1964                      2999  -1035     2253

 COOLING
  TODAY            7                         8     -1        5
  MONTH TO DATE  146                       122     24       98
  SINCE MAR 1    324                       193    131      188
  SINCE JAN 1    329                       194    135      189
..................................................................


WIND (MPH)
  HIGHEST WIND SPEED    12   HIGHEST WIND DIRECTION    SW (240)
  HIGHEST GUST SPEED    15   HIGHEST GUST DIRECTION     W (260)
  AVERAGE WIND SPEED     5.4


SKY COVER
  POSSIBLE SUNSHINE  MM
  AVERAGE SKY COVER 0.9


WEATHER CONDITIONS
 THE FOLLOWING WEATHER WAS RECORDED TODAY.
  THUNDERSTORM
  HEAVY RAIN
  LIGHT RAIN
  FOG


RELATIVE HUMIDITY (PERCENT)
 HIGHEST   100           100 AM
 LOWEST     64           100 PM
 AVERAGE    82

..........................................................


THE HUNTSVILLE CLIMATE NORMALS FOR TOMORROW
                         NORMAL    RECORD    YEAR
 MAXIMUM TEMPERATURE (F)   83        96      1996
                                             1944
                                             1933
 MINIMUM TEMPERATURE (F)   62        43      1931


SUNRISE AND SUNSET
MAY 23 2017...........SUNRISE   539 AM CDT   SUNSET   749 PM CDT
MAY 24 2017...........SUNRISE   538 AM CDT   SUNSET   750 PM CDT


-  INDICATES NEGATIVE NUMBERS.
R  INDICATES RECORD WAS SET OR TIED.
MM INDICATES DATA IS MISSING.
T  INDICATES TRACE AMOUNT.




$$
