077
CDUS43 KAPX 270528
CLIHTL


CLIMATE REPORT
NATIONAL WEATHER SERVICE GAYLORD MI
127 AM EDT TUE JUN 27 2017


...................................

...THE HOUGHTON LAKE MI CLIMATE SUMMARY FOR JUNE 26 2017...

CLIMATE NORMAL PERIOD 1981 TO 2010
CLIMATE RECORD PERIOD 1913 TO 2017


WEATHER ITEM   OBSERVED TIME   RECORD YEAR NORMAL DEPARTURE LAST
                VALUE   (LST)  VALUE       VALUE  FROM      YEAR
                                                  NORMAL
..................................................................
TEMPERATURE (F)
 YESTERDAY
  MAXIMUM         61    320 PM  96    1921  78    -17       82
  MINIMUM         50   1159 PM  30    1922  53     -3       68
  AVERAGE         56                        66    -10       75

PRECIPITATION (IN)
  YESTERDAY        0.06          2.06 1969   0.10  -0.04     0.37
  MONTH TO DATE    4.56                      2.71   1.85     2.76
  SINCE JUN 1      4.56                      2.71   1.85     2.76
  SINCE JAN 1     20.47                     12.57   7.90    16.83

DEGREE DAYS
 HEATING
  YESTERDAY        9                         2      7        0
  MONTH TO DATE   58                       115    -57       92
  SINCE JUN 1     58                       115    -57       92
  SINCE JUL 1   6890                      8134  -1244     6996

 COOLING
  YESTERDAY        0                         3     -3       10
  MONTH TO DATE   73                        47     26       42
  SINCE JUN 1     73                        47     26       42
  SINCE JAN 1     87                        63     24       71
..................................................................


WIND (MPH)
  HIGHEST WIND SPEED    20   HIGHEST WIND DIRECTION     W (280)
  HIGHEST GUST SPEED    27   HIGHEST GUST DIRECTION     W (250)
  AVERAGE WIND SPEED    11.7




RELATIVE HUMIDITY (PERCENT)
 HIGHEST    93
 LOWEST     55
 AVERAGE    74

..........................................................


THE HOUGHTON LAKE MI CLIMATE NORMALS FOR TODAY
                         NORMAL    RECORD    YEAR
 MAXIMUM TEMPERATURE (F)   79       100      1933
 MINIMUM TEMPERATURE (F)   53        33      1926


SUNRISE AND SUNSET
JUNE 27 2017..........SUNRISE   557 AM EDT   SUNSET   927 PM EDT
JUNE 28 2017..........SUNRISE   557 AM EDT   SUNSET   927 PM EDT


-  INDICATES NEGATIVE NUMBERS.
R  INDICATES RECORD WAS SET OR TIED.
MM INDICATES DATA IS MISSING.
T  INDICATES TRACE AMOUNT.




$$
