000
CDUS43 KAPX 040531
CLIHTL


CLIMATE REPORT
NATIONAL WEATHER SERVICE GAYLORD MI
127 AM EDT FRI SEP 4 2015


...................................

...THE HOUGHTON LAKE MI CLIMATE SUMMARY FOR SEPTEMBER 3 2015...

CLIMATE NORMAL PERIOD 1981 TO 2010
CLIMATE RECORD PERIOD 1913 TO 2015


WEATHER ITEM   OBSERVED TIME   RECORD YEAR NORMAL DEPARTURE LAST
                VALUE   (LST)  VALUE       VALUE  FROM      YEAR
                                                  NORMAL
..................................................................
TEMPERATURE (F)
 YESTERDAY
  MAXIMUM         69    449 PM  96    1929  74     -5       80
  MINIMUM         59    232 AM  26    1946  49     10       54
  AVERAGE         64                        62      2       67

PRECIPITATION (IN)
  YESTERDAY        1.32R         0.91 1934   0.11   1.21     0.00
  MONTH TO DATE    2.18                      0.31   1.87     0.53
  SINCE SEP 1      2.18                      0.31   1.87     0.53
  SINCE JAN 1     18.69                     19.43  -0.74    20.41

DEGREE DAYS
 HEATING
  YESTERDAY        1                         5     -4        0
  MONTH TO DATE    1                        14    -13        0
  SINCE SEP 1      1                        14    -13        0
  SINCE JUL 1     91                       141    -50      156

 COOLING
  YESTERDAY        0                         1     -1        2
  MONTH TO DATE   17                         3     14        5
  SINCE SEP 1     17                         3     14        5
  SINCE JAN 1    275                       268      7      200
..................................................................


WIND (MPH)
  HIGHEST WIND SPEED    12   HIGHEST WIND DIRECTION     E (80)
  HIGHEST GUST SPEED    16   HIGHEST GUST DIRECTION     E (90)
  AVERAGE WIND SPEED     4.9




RELATIVE HUMIDITY (PERCENT)
 HIGHEST   100
 LOWEST     93
 AVERAGE    97

..........................................................


THE HOUGHTON LAKE MI CLIMATE NORMALS FOR TODAY
                         NORMAL    RECORD    YEAR
 MAXIMUM TEMPERATURE (F)   73        94      1929
 MINIMUM TEMPERATURE (F)   49        28      1930


SUNRISE AND SUNSET
SEPTEMBER  4 2015.....SUNRISE   705 AM EDT   SUNSET   810 PM EDT
SEPTEMBER  5 2015.....SUNRISE   706 AM EDT   SUNSET   808 PM EDT


-  INDICATES NEGATIVE NUMBERS.
R  INDICATES RECORD WAS SET OR TIED.
MM INDICATES DATA IS MISSING.
T  INDICATES TRACE AMOUNT.




$$
