000
CDUS43 KAPX 280537
CLIHTL


CLIMATE REPORT
NATIONAL WEATHER SERVICE GAYLORD MI
137 AM EDT SAT MAR 28 2015


...................................

...THE HOUGHTON LAKE MI CLIMATE SUMMARY FOR MARCH 27 2015...

CLIMATE NORMAL PERIOD 1981 TO 2010
CLIMATE RECORD PERIOD 1913 TO 2015


WEATHER ITEM   OBSERVED TIME   RECORD YEAR NORMAL DEPARTURE LAST
                VALUE   (LST)  VALUE       VALUE  FROM      YEAR
                                                  NORMAL
..................................................................
TEMPERATURE (F)
 YESTERDAY
  MAXIMUM         24    311 PM  77    1945  45    -21       36
  MINIMUM         10   1147 PM  -7    1947  23    -13       26
  AVERAGE         17                        34    -17       31

PRECIPITATION (IN)
  YESTERDAY        T             1.00 1991   0.06  -0.06     0.22
  MONTH TO DATE    0.41                      1.56  -1.15     0.80
  SINCE MAR 1      0.41                      1.56  -1.15     0.80
  SINCE JAN 1      2.22                      4.28  -2.06     3.60

SNOWFALL (IN)
  YESTERDAY        T             6.7  1948   0.2   -0.2      0.3
  MONTH TO DATE    1.4                       7.4   -6.0      6.1
  SINCE OCT 1     43.0                      61.9  -18.9     58.4
  SINCE JUL 1     43.0                      61.9  -18.9     58.4
  SNOW DEPTH       T

DEGREE DAYS
 HEATING
  YESTERDAY       48                        31     17       34
  MONTH TO DATE 1033                       993     40     1284
  SINCE MAR 1   1033                       993     40     1284
  SINCE JUL 1   7400                      6865    535     7732

 COOLING
  YESTERDAY        0                         0      0        0
  MONTH TO DATE    0                         0      0        0
  SINCE MAR 1      0                         0      0        0
  SINCE JAN 1      0                         0      0        0
..................................................................


WIND (MPH)
  HIGHEST WIND SPEED    21   HIGHEST WIND DIRECTION    NW (310)
  HIGHEST GUST SPEED    29   HIGHEST GUST DIRECTION    NW (320)
  AVERAGE WIND SPEED    11.5




RELATIVE HUMIDITY (PERCENT)
 HIGHEST    67
 LOWEST     38
 AVERAGE    53

..........................................................


THE HOUGHTON LAKE MI CLIMATE NORMALS FOR TODAY
                         NORMAL    RECORD    YEAR
 MAXIMUM TEMPERATURE (F)   45        80      1946
 MINIMUM TEMPERATURE (F)   23        -4      1926


SUNRISE AND SUNSET
MARCH 28 2015.........SUNRISE   728 AM EDT   SUNSET   801 PM EDT
MARCH 29 2015.........SUNRISE   726 AM EDT   SUNSET   802 PM EDT


-  INDICATES NEGATIVE NUMBERS.
R  INDICATES RECORD WAS SET OR TIED.
MM INDICATES DATA IS MISSING.
T  INDICATES TRACE AMOUNT.




$$
