000
CDUS43 KAPX 260537
CLIHTL


CLIMATE REPORT
NATIONAL WEATHER SERVICE GAYLORD MI
137 AM EDT TUE MAY 26 2015


...................................

...THE HOUGHTON LAKE MI CLIMATE SUMMARY FOR MAY 25 2015...

CLIMATE NORMAL PERIOD 1981 TO 2010
CLIMATE RECORD PERIOD 1913 TO 2015


WEATHER ITEM   OBSERVED TIME   RECORD YEAR NORMAL DEPARTURE LAST
                VALUE   (LST)  VALUE       VALUE  FROM      YEAR
                                                  NORMAL
..................................................................
TEMPERATURE (F)
 YESTERDAY
  MAXIMUM         75    155 PM  87    1933  69      6       81
  MINIMUM         57    538 AM  23    1949  44     13       45
  AVERAGE         66                        57      9       63

PRECIPITATION (IN)
  YESTERDAY        0.37          2.25 1953   0.10   0.27     0.00
  MONTH TO DATE    2.41                      2.23   0.18     2.87
  SINCE MAR 1      5.14                      6.55  -1.41     9.68
  SINCE JAN 1      6.95                      9.27  -2.32    12.48

DEGREE DAYS
 HEATING
  YESTERDAY        0                         9     -9        2
  MONTH TO DATE  233                       309    -76      317
  SINCE MAR 1   2087                      2098    -11     2439
  SINCE JUL 1   8454                      7970    484     8887

 COOLING
  YESTERDAY        1                         1      0        0
  MONTH TO DATE   11                         6      5        0
  SINCE MAR 1     11                         8      3        0
  SINCE JAN 1     11                         8      3        0
..................................................................


WIND (MPH)
  HIGHEST WIND SPEED    29   HIGHEST WIND DIRECTION     S (200)
  HIGHEST GUST SPEED    36   HIGHEST GUST DIRECTION     S (200)
  AVERAGE WIND SPEED     9.8




RELATIVE HUMIDITY (PERCENT)
 HIGHEST    93
 LOWEST     68
 AVERAGE    81

..........................................................


THE HOUGHTON LAKE MI CLIMATE NORMALS FOR TODAY
                         NORMAL    RECORD    YEAR
 MAXIMUM TEMPERATURE (F)   69        90      1944
 MINIMUM TEMPERATURE (F)   45        26      1930


SUNRISE AND SUNSET
MAY 26 2015...........SUNRISE   602 AM EDT   SUNSET   910 PM EDT
MAY 27 2015...........SUNRISE   601 AM EDT   SUNSET   911 PM EDT


-  INDICATES NEGATIVE NUMBERS.
R  INDICATES RECORD WAS SET OR TIED.
MM INDICATES DATA IS MISSING.
T  INDICATES TRACE AMOUNT.




$$
