000
CDUS43 KAPX 270535
CLIHTL


CLIMATE REPORT
NATIONAL WEATHER SERVICE GAYLORD MI
134 AM EDT FRI MAY 27 2016


...................................

...THE HOUGHTON LAKE MI CLIMATE SUMMARY FOR MAY 26 2016...

CLIMATE NORMAL PERIOD 1981 TO 2010
CLIMATE RECORD PERIOD 1913 TO 2016


WEATHER ITEM   OBSERVED TIME   RECORD YEAR NORMAL DEPARTURE LAST
                VALUE   (LST)  VALUE       VALUE  FROM      YEAR
                                                  NORMAL
..................................................................
TEMPERATURE (F)
 YESTERDAY
  MAXIMUM         81    222 PM  90    1944  69     12       80
  MINIMUM         58    100 AM  26    1930  45     13       61
  AVERAGE         70                        57     13       71

PRECIPITATION (IN)
  YESTERDAY        0.09          1.25 1991   0.10  -0.01     1.04
  MONTH TO DATE    3.76                      2.33   1.43     3.45
  SINCE MAR 1     10.63                      6.65   3.98     6.18
  SINCE JAN 1     13.75                      9.37   4.38     7.99

DEGREE DAYS
 HEATING
  YESTERDAY        0                         9     -9        0
  MONTH TO DATE  307                       318    -11      233
  SINCE MAR 1   1990                      2107   -117     2087
  SINCE JUL 1   6903                      7979  -1076     8454

 COOLING
  YESTERDAY        5                         1      4        6
  MONTH TO DATE    9                         7      2       17
  SINCE MAR 1      9                         9      0       17
  SINCE JAN 1      9                         9      0       17
..................................................................


WIND (MPH)
  HIGHEST WIND SPEED    24   HIGHEST WIND DIRECTION    SW (210)
  HIGHEST GUST SPEED    32   HIGHEST GUST DIRECTION    SW (210)
  AVERAGE WIND SPEED     6.9




RELATIVE HUMIDITY (PERCENT)
 HIGHEST    93
 LOWEST     54
 AVERAGE    74

..........................................................


THE HOUGHTON LAKE MI CLIMATE NORMALS FOR TODAY
                         NORMAL    RECORD    YEAR
 MAXIMUM TEMPERATURE (F)   70        89      1978
                                             1944
 MINIMUM TEMPERATURE (F)   45        23      1930
                                             1927


SUNRISE AND SUNSET
MAY 27 2016...........SUNRISE   600 AM EDT   SUNSET   912 PM EDT
MAY 28 2016...........SUNRISE   600 AM EDT   SUNSET   913 PM EDT


-  INDICATES NEGATIVE NUMBERS.
R  INDICATES RECORD WAS SET OR TIED.
MM INDICATES DATA IS MISSING.
T  INDICATES TRACE AMOUNT.




$$
