000
CDUS43 KAPX 050537
CLIHTL


CLIMATE REPORT
NATIONAL WEATHER SERVICE GAYLORD MI
137 AM EDT SUN JUL 5 2015


...................................

...THE HOUGHTON LAKE MI CLIMATE SUMMARY FOR JULY 4 2015...

CLIMATE NORMAL PERIOD 1981 TO 2010
CLIMATE RECORD PERIOD 1913 TO 2015


WEATHER ITEM   OBSERVED TIME   RECORD YEAR NORMAL DEPARTURE LAST
                VALUE   (LST)  VALUE       VALUE  FROM      YEAR
                                                  NORMAL
..................................................................
TEMPERATURE (F)
 YESTERDAY
  MAXIMUM         82    420 PM 105    1921  80      2       77
  MINIMUM         56   1155 PM  29    1922  54      2       46
  AVERAGE         69                        67      2       62

PRECIPITATION (IN)
  YESTERDAY        0.00          1.82 1951   0.08  -0.08     0.00
  MONTH TO DATE    0.00                      0.33  -0.33     0.08
  SINCE JUN 1      3.16                      3.43  -0.27     2.70
  SINCE JAN 1     11.78                     13.29  -1.51    15.18

DEGREE DAYS
 HEATING
  YESTERDAY        0                         2     -2        3
  MONTH TO DATE   23                         8     15        8
  SINCE JUN 1    140                       132      8       82
  SINCE JUL 1     23                         8     15        8

 COOLING
  YESTERDAY        4                         4      0        0
  MONTH TO DATE    4                        13     -9        7
  SINCE JUN 1     24                        72    -48       80
  SINCE JAN 1     49                        88    -39       95
..................................................................


WIND (MPH)
  HIGHEST WIND SPEED    10   HIGHEST WIND DIRECTION     N (360)
  HIGHEST GUST SPEED    13   HIGHEST GUST DIRECTION     N (10)
  AVERAGE WIND SPEED     4.3




RELATIVE HUMIDITY (PERCENT)
 HIGHEST    93
 LOWEST     42
 AVERAGE    68

..........................................................


THE HOUGHTON LAKE MI CLIMATE NORMALS FOR TODAY
                         NORMAL    RECORD    YEAR
 MAXIMUM TEMPERATURE (F)   80       102      1921
 MINIMUM TEMPERATURE (F)   54        32      1920


SUNRISE AND SUNSET
JULY  5 2015..........SUNRISE   601 AM EDT   SUNSET   926 PM EDT
JULY  6 2015..........SUNRISE   601 AM EDT   SUNSET   925 PM EDT


-  INDICATES NEGATIVE NUMBERS.
R  INDICATES RECORD WAS SET OR TIED.
MM INDICATES DATA IS MISSING.
T  INDICATES TRACE AMOUNT.




$$
