000
CDUS43 KAPX 180528
CLIHTL


CLIMATE REPORT
NATIONAL WEATHER SERVICE GAYLORD MI
127 AM EDT WED OCT 18 2017


...................................

...THE HOUGHTON LAKE MI CLIMATE SUMMARY FOR OCTOBER 17 2017...

CLIMATE NORMAL PERIOD 1981 TO 2010
CLIMATE RECORD PERIOD 1913 TO 2017


WEATHER ITEM   OBSERVED TIME   RECORD YEAR NORMAL DEPARTURE LAST
                VALUE   (LST)  VALUE       VALUE  FROM      YEAR
                                                  NORMAL
..................................................................
TEMPERATURE (F)
 YESTERDAY
  MAXIMUM         66    338 PM  82    1953  55     11       69
                                      1947
  MINIMUM         44    333 AM  12    1919  36      8       57
  AVERAGE         55                        45     10       63

PRECIPITATION (IN)
  YESTERDAY        0.00          0.97 1988   0.08  -0.08     0.28
  MONTH TO DATE    1.83                      1.45   0.38     2.20
  SINCE SEP 1      2.56                      4.55  -1.99     5.13
  SINCE JAN 1     28.17                     23.67   4.50    28.74

SNOWFALL (IN)
  YESTERDAY        0.0           0.4  1972   0.0    0.0      0.0
  MONTH TO DATE    0.0                       0.1   -0.1      0.0
  SINCE OCT 1      0.0                       0.1   -0.1      0.0
  SINCE JUL 1      0.0                       0.1   -0.1      0.0
  SNOW DEPTH       0

DEGREE DAYS
 HEATING
  YESTERDAY       10                        20    -10        2
  MONTH TO DATE  155                       287   -132      166
  SINCE SEP 1    327                       541   -214      290
  SINCE JUL 1    417                       668   -251      323

 COOLING
  YESTERDAY        0                         0      0        0
  MONTH TO DATE    4                         0      4        2
  SINCE SEP 1     76                        20     56       50
  SINCE JAN 1    320                       285     35      459
..................................................................


WIND (MPH)
  HIGHEST WIND SPEED    16   HIGHEST WIND DIRECTION     W (250)
  HIGHEST GUST SPEED    25   HIGHEST GUST DIRECTION    SW (220)
  AVERAGE WIND SPEED     8.9




RELATIVE HUMIDITY (PERCENT)
 HIGHEST    83
 LOWEST     48
 AVERAGE    66

..........................................................


THE HOUGHTON LAKE MI CLIMATE NORMALS FOR TODAY
                         NORMAL    RECORD    YEAR
 MAXIMUM TEMPERATURE (F)   55        82      1947
 MINIMUM TEMPERATURE (F)   35        16      1948
                                             1919


SUNRISE AND SUNSET
OCTOBER 18 2017.......SUNRISE   758 AM EDT   SUNSET   649 PM EDT
OCTOBER 19 2017.......SUNRISE   759 AM EDT   SUNSET   647 PM EDT


-  INDICATES NEGATIVE NUMBERS.
R  INDICATES RECORD WAS SET OR TIED.
MM INDICATES DATA IS MISSING.
T  INDICATES TRACE AMOUNT.




$$
