000
CDUS41 KRLX 240718
CLIHTS


CLIMATE REPORT
NATIONAL WEATHER SERVICE CHARLESTON WV
318 AM EDT TUE MAY 24 2016


...................................

...THE HUNTINGTON WV CLIMATE SUMMARY FOR MAY 23 2016...

CLIMATE NORMAL PERIOD 1981 TO 2010
CLIMATE RECORD PERIOD 1897 TO 2016


WEATHER ITEM   OBSERVED TIME   RECORD YEAR NORMAL DEPARTURE LAST
                VALUE   (LST)  VALUE       VALUE  FROM      YEAR
                                                  NORMAL
..................................................................
TEMPERATURE (F)
 YESTERDAY
  MAXIMUM         76    519 PM  93    1921  77     -1       78
  MINIMUM         47    525 AM  32    1897  55     -8       45
  AVERAGE         62                        66     -4       62

PRECIPITATION (IN)
  YESTERDAY        0.00          2.22 1913   0.15  -0.15     0.00
  MONTH TO DATE    5.10                      3.42   1.68     0.71
  SINCE JAN 1     19.47                     16.80   2.67    20.05

SNOWFALL (IN)
  YESTERDAY        0.0
  MONTH TO DATE    0.0
  SINCE SEP 1     23.8
  SNOW DEPTH       0

DEGREE DAYS
 HEATING
  YESTERDAY        3                         3      0        3
  MONTH TO DATE  127                        97     30       64
  SINCE MAR 1    753                       984   -231      966
  SINCE JUL 1   3788                      4485   -697     4982

 COOLING
  YESTERDAY        0                         3     -3        0
  MONTH TO DATE   26                        49    -23       90
  SINCE MAR 1     73                        81     -8       99
  SINCE JAN 1     73                        81     -8       99
..................................................................


WIND (MPH)
  HIGHEST WIND SPEED     9   HIGHEST WIND DIRECTION     E (100)
  HIGHEST GUST SPEED    13   HIGHEST GUST DIRECTION     N (10)
  AVERAGE WIND SPEED     1.5


SKY COVER
  POSSIBLE SUNSHINE  MM


WEATHER CONDITIONS
 THE FOLLOWING WEATHER WAS RECORDED YESTERDAY.
  FOG
  FOG W/VISIBILITY <= 1/4 MILE


RELATIVE HUMIDITY (PERCENT)
 HIGHEST    96           100 AM
 LOWEST     38           500 PM
 AVERAGE    67

..........................................................


THE HUNTINGTON WV CLIMATE NORMALS FOR TODAY
                         NORMAL    RECORD    YEAR
 MAXIMUM TEMPERATURE (F)   77        91      1939
                                             1901
 MINIMUM TEMPERATURE (F)   55        37      1956


SUNRISE AND SUNSET
MAY 24 2016...........SUNRISE   612 AM EDT   SUNSET   843 PM EDT
MAY 25 2016...........SUNRISE   611 AM EDT   SUNSET   843 PM EDT


-  INDICATES NEGATIVE NUMBERS.
R  INDICATES RECORD WAS SET OR TIED.
MM INDICATES DATA IS MISSING.
T  INDICATES TRACE AMOUNT.




$$
