000
CDUS41 KRLX 290825
CLIHTS


CLIMATE REPORT
NATIONAL WEATHER SERVICE CHARLESTON WV
321 AM EST MON DEC 29 2014


...................................

...THE HUNTINGTON WV CLIMATE SUMMARY FOR DECEMBER 28 2014...

CLIMATE NORMAL PERIOD 1981 TO 2010
CLIMATE RECORD PERIOD 1897 TO 2014


WEATHER ITEM   OBSERVED TIME   RECORD YEAR NORMAL DEPARTURE LAST
                VALUE   (LST)  VALUE       VALUE  FROM      YEAR
                                                  NORMAL
..................................................................
TEMPERATURE (F)
 YESTERDAY
  MAXIMUM         53   1214 AM  73    1984  43     10       52
  MINIMUM         36   1159 PM   4    1925  26     10       27
  AVERAGE         45                        34     11       40

PRECIPITATION (IN)
  YESTERDAY        0.05          1.04 1916   0.10  -0.05      T
  MONTH TO DATE    3.31                      3.01   0.30     4.86
  SINCE JAN 1     48.51                     42.29   6.22    44.22

SNOWFALL (IN)
  YESTERDAY        0.0
  MONTH TO DATE    0.0
  SINCE SEP 1      T
  SNOW DEPTH       0

DEGREE DAYS
 HEATING
  YESTERDAY       20                        30    -10       25
  MONTH TO DATE  691                       776    -85      709
  SINCE DEC 1    691                       776    -85      709
  SINCE JUL 1   1770                      1663    107     1660

 COOLING
  YESTERDAY        0                         0      0        0
  MONTH TO DATE    0                         0      0        2
  SINCE DEC 1      0                         0      0        2
  SINCE JAN 1    971                      1134   -163     1217
..................................................................


WIND (MPH)
  HIGHEST WIND SPEED    16   HIGHEST WIND DIRECTION    NW (320)
  HIGHEST GUST SPEED    23   HIGHEST GUST DIRECTION    SW (240)
  AVERAGE WIND SPEED     5.8


SKY COVER
  POSSIBLE SUNSHINE  MM


WEATHER CONDITIONS
 THE FOLLOWING WEATHER WAS RECORDED YESTERDAY.
  LIGHT RAIN
  FOG


RELATIVE HUMIDITY (PERCENT)
 HIGHEST   100           800 AM
 LOWEST     59          1200 AM
 AVERAGE    80

..........................................................


THE HUNTINGTON WV CLIMATE NORMALS FOR TODAY
                         NORMAL    RECORD    YEAR
 MAXIMUM TEMPERATURE (F)   43        74      1984
 MINIMUM TEMPERATURE (F)   26         2      1899


SUNRISE AND SUNSET
DECEMBER 29 2014......SUNRISE   747 AM EST   SUNSET   518 PM EST
DECEMBER 30 2014......SUNRISE   747 AM EST   SUNSET   519 PM EST


-  INDICATES NEGATIVE NUMBERS.
R  INDICATES RECORD WAS SET OR TIED.
MM INDICATES DATA IS MISSING.
T  INDICATES TRACE AMOUNT.




$$
