000
CDUS41 KRLX 140836
CLIHTS


CLIMATE REPORT
NATIONAL WEATHER SERVICE CHARLESTON WV
334 AM EST THU DEC 14 2017


...................................

...THE HUNTINGTON WV CLIMATE SUMMARY FOR DECEMBER 13 2017...

CLIMATE NORMAL PERIOD 1981 TO 2010
CLIMATE RECORD PERIOD 1897 TO 2017


WEATHER ITEM   OBSERVED TIME   RECORD YEAR NORMAL DEPARTURE LAST
                VALUE   (LST)  VALUE       VALUE  FROM      YEAR
                                                  NORMAL
..................................................................
TEMPERATURE (F)
 YESTERDAY
  MAXIMUM         45   1159 PM  71    1929  46     -1       43
                                      1901
  MINIMUM         17    726 AM  -3    1962  29    -12       33
  AVERAGE         31                        37     -6       38

PRECIPITATION (IN)
  YESTERDAY        T             2.30 1892   0.11  -0.11     0.00
  MONTH TO DATE    0.61                      1.45  -0.84     1.38
  SINCE JAN 1     43.76                     40.73   3.03    43.67

SNOWFALL (IN)
  YESTERDAY        T             4.0  1935   0.1   -0.1      0.0
  MONTH TO DATE    T                         1.1   -1.1      0.5
  SINCE SEP 1      T                         1.9   -1.9      0.5
  SNOW DEPTH       T

DEGREE DAYS
 HEATING
  YESTERDAY       34                        28      6       27
  MONTH TO DATE  352                       337     15      348
  SINCE DEC 1    352                       337     15      348
  SINCE JUL 1   1124                      1224   -100      946

 COOLING
  YESTERDAY        0                         0      0        0
  MONTH TO DATE    0                         0      0        0
  SINCE DEC 1      0                         0      0        0
  SINCE JAN 1   1191                      1134     57     1589
..................................................................


WIND (MPH)
  HIGHEST WIND SPEED    20   HIGHEST WIND DIRECTION    SW (230)
  HIGHEST GUST SPEED    27   HIGHEST GUST DIRECTION    SW (220)
  AVERAGE WIND SPEED     7.9


SKY COVER
  POSSIBLE SUNSHINE  MM
  AVERAGE SKY COVER 0.5


WEATHER CONDITIONS
 THE FOLLOWING WEATHER WAS RECORDED YESTERDAY.
  LIGHT SNOW


RELATIVE HUMIDITY (PERCENT)
 HIGHEST    62           800 AM
 LOWEST     27           900 PM
 AVERAGE    45

..........................................................


THE HUNTINGTON WV CLIMATE NORMALS FOR TODAY
                         NORMAL    RECORD    YEAR
 MAXIMUM TEMPERATURE (F)   46        69      2015
                                             1984
                                             1971
 MINIMUM TEMPERATURE (F)   29         3      1901
                                             1898


SUNRISE AND SUNSET
DECEMBER 14 2017......SUNRISE   739 AM EST   SUNSET   510 PM EST
DECEMBER 15 2017......SUNRISE   740 AM EST   SUNSET   511 PM EST


-  INDICATES NEGATIVE NUMBERS.
R  INDICATES RECORD WAS SET OR TIED.
MM INDICATES DATA IS MISSING.
T  INDICATES TRACE AMOUNT.




$$
