000
CDUS41 KRLX 010720
CLIHTS


CLIMATE REPORT
NATIONAL WEATHER SERVICE CHARLESTON WV
320 AM EDT TUE SEP 1 2015


...................................

...THE HUNTINGTON WV CLIMATE SUMMARY FOR AUGUST 31 2015...

CLIMATE NORMAL PERIOD 1981 TO 2010
CLIMATE RECORD PERIOD 1897 TO 2015


WEATHER ITEM   OBSERVED TIME   RECORD YEAR NORMAL DEPARTURE LAST
                VALUE   (LST)  VALUE       VALUE  FROM      YEAR
                                                  NORMAL
..................................................................
TEMPERATURE (F)
 YESTERDAY
  MAXIMUM         89    349 PM 101    1953  84      5       75
  MINIMUM         63    605 AM  48    1946  62      1       69
  AVERAGE         76                        73      3       72

PRECIPITATION (IN)
  YESTERDAY        T             1.73 1991   0.11  -0.11     0.25
  MONTH TO DATE    1.20                      3.74  -2.54     6.28
  SINCE JAN 1     34.80                     30.25   4.55    34.34

SNOWFALL (IN)
  YESTERDAY        0.0
  MONTH TO DATE    0.0
  SINCE SEP 1     36.6
  SNOW DEPTH       0

DEGREE DAYS
 HEATING
  YESTERDAY        0                         0      0        0
  MONTH TO DATE    0                         0      0        0
  SINCE JUN 1     14                        14      0        3
  SINCE JUL 1      0                         2     -2        3

 COOLING
  YESTERDAY       11                         8      3        7
  MONTH TO DATE  232                       307    -75      246
  SINCE JUN 1    802                       864    -62      727
  SINCE JAN 1    968                       977     -9      841
..................................................................


WIND (MPH)
  HIGHEST WIND SPEED     8   HIGHEST WIND DIRECTION    SW (210)
  HIGHEST GUST SPEED    13   HIGHEST GUST DIRECTION     S (170)
  AVERAGE WIND SPEED     1.7


SKY COVER
  POSSIBLE SUNSHINE  MM


WEATHER CONDITIONS
 THE FOLLOWING WEATHER WAS RECORDED YESTERDAY.
  LIGHT RAIN
  FOG


RELATIVE HUMIDITY (PERCENT)
 HIGHEST   100           100 AM
 LOWEST     40           200 PM
 AVERAGE    70

..........................................................


THE HUNTINGTON WV CLIMATE NORMALS FOR TODAY
                         NORMAL    RECORD    YEAR
 MAXIMUM TEMPERATURE (F)   84       103      1953
                                             1932
 MINIMUM TEMPERATURE (F)   62        47      1946


SUNRISE AND SUNSET
SEPTEMBER  1 2015.....SUNRISE   659 AM EDT   SUNSET   800 PM EDT
SEPTEMBER  2 2015.....SUNRISE   700 AM EDT   SUNSET   759 PM EDT


-  INDICATES NEGATIVE NUMBERS.
R  INDICATES RECORD WAS SET OR TIED.
MM INDICATES DATA IS MISSING.
T  INDICATES TRACE AMOUNT.




$$
