000
CDUS41 KRLX 282125
CLIHTS


CLIMATE REPORT
NATIONAL WEATHER SERVICE CHARLESTON WV
525 PM EDT THU APR 28 2016


...................................

...THE HUNTINGTON WV CLIMATE SUMMARY FOR APRIL 28 2016...
VALID TODAY AS OF 0500 PM LOCAL TIME.

CLIMATE NORMAL PERIOD 1981 TO 2010
CLIMATE RECORD PERIOD 1897 TO 2016


WEATHER ITEM   OBSERVED TIME   RECORD YEAR NORMAL DEPARTURE LAST
                VALUE   (LST)  VALUE       VALUE  FROM      YEAR
                                                  NORMAL
..................................................................
TEMPERATURE (F)
 TODAY
  MAXIMUM         80    243 PM  91    1957  72      8       63
  MINIMUM         61    741 AM  30    2004  48     13       36
                                      1967
                                      1934
  AVERAGE         71                        60     11       50

PRECIPITATION (IN)
  TODAY            0.09          1.76 2002   0.12  -0.03     0.00
  MONTH TO DATE    3.80                      3.20   0.60     7.38
  SINCE MAR 1      6.47                      7.10  -0.63    13.71
  SINCE JAN 1     13.93                     13.14   0.79    19.15

DEGREE DAYS
 HEATING
  TODAY            0                         6     -6       15
  MONTH TO DATE  244                       279    -35      249
  SINCE MAR 1    619                       875   -256      878
  SINCE JUL 1   3654                      4376   -722     4894

 COOLING
  TODAY            6                         1      5        0
  MONTH TO DATE   37                        27     10        9
  SINCE MAR 1     46                        32     14        9
  SINCE JAN 1     46                        32     14        9
..................................................................


WIND (MPH)
  HIGHEST WIND SPEED    18   HIGHEST WIND DIRECTION     W (290)
  HIGHEST GUST SPEED    27   HIGHEST GUST DIRECTION     W (270)
  AVERAGE WIND SPEED     5.8


SKY COVER
  POSSIBLE SUNSHINE  MM
  AVERAGE SKY COVER 0.7


WEATHER CONDITIONS
 THE FOLLOWING WEATHER WAS RECORDED TODAY.
  RAIN
  LIGHT RAIN
  FOG


RELATIVE HUMIDITY (PERCENT)
 HIGHEST    97           500 AM
 LOWEST     48           300 PM
 AVERAGE    73

..........................................................


THE HUNTINGTON WV CLIMATE NORMALS FOR TOMORROW
                         NORMAL    RECORD    YEAR
 MAXIMUM TEMPERATURE (F)   72        91      1914
 MINIMUM TEMPERATURE (F)   48        31      1967


SUNRISE AND SUNSET
APRIL 28 2016.........SUNRISE   636 AM EDT   SUNSET   819 PM EDT
APRIL 29 2016.........SUNRISE   635 AM EDT   SUNSET   820 PM EDT


-  INDICATES NEGATIVE NUMBERS.
R  INDICATES RECORD WAS SET OR TIED.
MM INDICATES DATA IS MISSING.
T  INDICATES TRACE AMOUNT.




$$
