000
CDUS43 KIND 200530
CLIHUF


CLIMATE REPORT
NATIONAL WEATHER SERVICE INDIANAPOLIS IN
130 AM EDT FRI OCT 20 2017


...................................

...THE TERRE HAUTE IN CLIMATE SUMMARY FOR OCTOBER 19 2017...

CLIMATE NORMAL PERIOD 1981 TO 2010
CLIMATE RECORD PERIOD 9999 TO 9999


WEATHER ITEM   OBSERVED TIME   NORMAL DEPARTURE LAST
                VALUE   (LST)  VALUE  FROM      YEAR
                                      NORMAL
......................................................
TEMPERATURE (F)
 YESTERDAY
  MAXIMUM         75    435 PM  65     10       74
  MINIMUM         50    730 AM  42      8       54
  AVERAGE         63            53     10       64

PRECIPITATION (IN)
  YESTERDAY        0.00          0.13  -0.13     0.16
  MONTH TO DATE    4.13          2.20   1.93     0.57
  SINCE SEP 1      4.44          5.62  -1.18     4.19
  SINCE JAN 1     40.28         36.90   3.38    31.15

DEGREE DAYS
 HEATING
  YESTERDAY        2            12    -10        1
  MONTH TO DATE   64           181   -117       63
  SINCE SEP 1    112           254   -142       76
  SINCE JUL 1    112           259   -147       80

 COOLING
  YESTERDAY        0             0      0        0
  MONTH TO DATE   51            12     39       43
  SINCE SEP 1    214           111    103      234
  SINCE JAN 1   1124           990    134     1382
......................................................


WIND (MPH)
  HIGHEST WIND SPEED    10   HIGHEST WIND DIRECTION     S (200)
  HIGHEST GUST SPEED    15   HIGHEST GUST DIRECTION    SW (210)
  AVERAGE WIND SPEED     4.5


SKY COVER
  AVERAGE SKY COVER 0.0


WEATHER CONDITIONS
 THE FOLLOWING WEATHER WAS RECORDED YESTERDAY.
  NO SIGNIFICANT WEATHER WAS OBSERVED.


RELATIVE HUMIDITY (PERCENT)
 HIGHEST    89           800 PM
 LOWEST     44           300 PM
 AVERAGE    67

..........................................................


THE TERRE HAUTE IN CLIMATE NORMALS FOR TODAY
                         NORMAL
 MAXIMUM TEMPERATURE (F)   64
 MINIMUM TEMPERATURE (F)   41


SUNRISE AND SUNSET
OCTOBER 20 2017.......SUNRISE   805 AM EDT   SUNSET   703 PM EDT
OCTOBER 21 2017.......SUNRISE   806 AM EDT   SUNSET   701 PM EDT


-  INDICATES NEGATIVE NUMBERS.
R  INDICATES RECORD WAS SET OR TIED.
MM INDICATES DATA IS MISSING.
T  INDICATES TRACE AMOUNT.




$$
