000
CDUS43 KIND 220621
CLIHUF


CLIMATE REPORT
NATIONAL WEATHER SERVICE INDIANAPOLIS IN
221 AM EDT WED OCT 22 2014


...................................

...THE TERRE HAUTE IN CLIMATE SUMMARY FOR OCTOBER 21 2014...

CLIMATE NORMAL PERIOD 1981 TO 2010
CLIMATE RECORD PERIOD 9999 TO 9999


WEATHER ITEM   OBSERVED TIME   NORMAL DEPARTURE LAST
                VALUE   (LST)  VALUE  FROM      YEAR
                                      NORMAL
......................................................
TEMPERATURE (F)
 YESTERDAY
  MAXIMUM         59    243 PM  64     -5       59
  MINIMUM         44   1159 PM  41      3       33
  AVERAGE         52            52      0       46

PRECIPITATION (IN)
  YESTERDAY        0.00          0.13  -0.13     0.00
  MONTH TO DATE    6.24          2.45   3.79     1.60
  SINCE SEP 1      9.23          5.87   3.36     2.80
  SINCE JAN 1     37.36         37.15   0.21    35.83

DEGREE DAYS
 HEATING
  YESTERDAY       13            13      0       19
  MONTH TO DATE  211           206      5      150
  SINCE SEP 1    305           279     26      203
  SINCE JUL 1    316           284     32      213

 COOLING
  YESTERDAY        0             0      0        0
  MONTH TO DATE   11            12     -1       33
  SINCE SEP 1     87           111    -24      181
  SINCE JAN 1    938           990    -52     1056
......................................................


WIND (MPH)
  HIGHEST WIND SPEED    15   HIGHEST WIND DIRECTION     N (20)
  HIGHEST GUST SPEED    20   HIGHEST GUST DIRECTION    NE (30)
  AVERAGE WIND SPEED     6.7


SKY COVER
  AVERAGE SKY COVER 0.7


WEATHER CONDITIONS
 THE FOLLOWING WEATHER WAS RECORDED YESTERDAY.
  NO SIGNIFICANT WEATHER WAS OBSERVED.


RELATIVE HUMIDITY (PERCENT)
 HIGHEST    93           300 AM
 LOWEST     47           200 PM
 AVERAGE    70

..........................................................


THE TERRE HAUTE IN CLIMATE NORMALS FOR TODAY
                         NORMAL
 MAXIMUM TEMPERATURE (F)   63
 MINIMUM TEMPERATURE (F)   41


SUNRISE AND SUNSET
OCTOBER 22 2014.......SUNRISE   806 AM EDT   SUNSET   700 PM EDT
OCTOBER 23 2014.......SUNRISE   807 AM EDT   SUNSET   659 PM EDT


-  INDICATES NEGATIVE NUMBERS.
R  INDICATES RECORD WAS SET OR TIED.
MM INDICATES DATA IS MISSING.
T  INDICATES TRACE AMOUNT.




$$
