000
CDUS41 KCAR 240550
CLIHUL


CLIMATE REPORT
NATIONAL WEATHER SERVICE CARIBOU, ME
1250 AM EST WED JAN 24 2018


...................................

...THE HOULTON ME CLIMATE SUMMARY FOR JANUARY 23 2018...

CLIMATE NORMAL PERIOD 1981 TO 2010
CLIMATE RECORD PERIOD 1948 TO 2018


WEATHER ITEM   OBSERVED TIME   RECORD YEAR NORMAL DEPARTURE LAST
                VALUE   (LST)  VALUE       VALUE  FROM      YEAR
                                                  NORMAL
..................................................................
TEMPERATURE (F)
 YESTERDAY
  MAXIMUM         36    651 PM  48    1973  22     14       29
  MINIMUM         12    137 AM -29    1994   0     12       11
  AVERAGE         24                        11     13       20

PRECIPITATION (IN)
  YESTERDAY        1.16R         0.85 1957   0.09   1.07     0.00
  MONTH TO DATE    3.20                      2.14   1.06     1.53
  SINCE DEC 1      6.44                      5.43   1.01     4.45
  SINCE JAN 1      3.20                      2.14   1.06     1.53

SNOWFALL (IN)
  YESTERDAY       MM             5.6  1981   0.7   MM       MM
  MONTH TO DATE   MM                        17.5   MM       MM
  SINCE DEC 1     MM                        33.9   MM       MM
  SINCE JUL 1     MM                        42.0   MM       MM
  SNOW DEPTH      MM

DEGREE DAYS
 HEATING
  YESTERDAY       41                        54    -13       45
  MONTH TO DATE 1160                      1224    -64     1107
  SINCE DEC 1   2718                      2636     82     2551
  SINCE JUL 1   4424                      4744   -320     4294

 COOLING
  YESTERDAY        0                         0      0        0
  MONTH TO DATE    0                         0      0        0
  SINCE DEC 1      0                         0      0        0
  SINCE JAN 1      0                         0      0        0
..................................................................


WIND (MPH)
  HIGHEST WIND SPEED    21   HIGHEST WIND DIRECTION    SE (120)
  HIGHEST GUST SPEED    30   HIGHEST GUST DIRECTION    SE (140)
  AVERAGE WIND SPEED     4.2


SKY COVER
  POSSIBLE SUNSHINE  MM
  AVERAGE SKY COVER 1.0


WEATHER CONDITIONS
 THE FOLLOWING WEATHER WAS RECORDED YESTERDAY.
  RAIN
  LIGHT RAIN
  FREEZING RAIN
  LT FREEZING RAIN
  SNOW
  LIGHT SNOW
  FOG
  HAZE


RELATIVE HUMIDITY (PERCENT)
 HIGHEST   100           700 PM
 LOWEST     76           100 AM
 AVERAGE    88

..........................................................


THE HOULTON ME CLIMATE NORMALS FOR TODAY
                         NORMAL    RECORD    YEAR
 MAXIMUM TEMPERATURE (F)   22        50      1996
 MINIMUM TEMPERATURE (F)    0       -27      1976


SUNRISE AND SUNSET
JANUARY 24 2018.......SUNRISE   702 AM EST   SUNSET   425 PM EST
JANUARY 25 2018.......SUNRISE   701 AM EST   SUNSET   426 PM EST


-  INDICATES NEGATIVE NUMBERS.
R  INDICATES RECORD WAS SET OR TIED.
MM INDICATES DATA IS MISSING.
T  INDICATES TRACE AMOUNT.




$$
