000
CDUS41 KCAR 270528
CLIHUL


CLIMATE REPORT
NATIONAL WEATHER SERVICE CARIBOU, ME
128 AM EDT THU APR 27 2017


...................................

...THE HOULTON ME CLIMATE SUMMARY FOR APRIL 26 2017...

CLIMATE NORMAL PERIOD 1981 TO 2010
CLIMATE RECORD PERIOD 1948 TO 2017


WEATHER ITEM   OBSERVED TIME   RECORD YEAR NORMAL DEPARTURE LAST
                VALUE   (LST)  VALUE       VALUE  FROM      YEAR
                                                  NORMAL
..................................................................
TEMPERATURE (F)
 YESTERDAY
  MAXIMUM         57    955 PM  76    1982  56      1       46
  MINIMUM         40    513 AM  17    2016  32      8       17
                                      1972
  AVERAGE         49                        44      5       32

PRECIPITATION (IN)
  YESTERDAY        0.71          1.00 1951   0.13   0.58     0.00
  MONTH TO DATE    3.79                      3.33   0.46     2.76
  SINCE MAR 1      5.32                      5.92  -0.60     6.76
  SINCE JAN 1      9.77                     10.78  -1.01    11.72

SNOWFALL (IN)
  YESTERDAY       MM             3.8  1976   0.0   MM       MM
  MONTH TO DATE   MM                         5.7   MM       MM
  SINCE MAR 1     MM                        23.5   MM       MM
  SINCE JUL 1     MM                        89.1   MM       MM
  SNOW DEPTH      MM

DEGREE DAYS
 HEATING
  YESTERDAY       16                        21     -5       33
  MONTH TO DATE  647                       697    -50      727
  SINCE MAR 1   1975                      1920     55     1904
  SINCE JUL 1   7936                      8493   -557     7522

 COOLING
  YESTERDAY        0                         0      0        0
  MONTH TO DATE    0                         0      0        0
  SINCE MAR 1      0                         0      0        0
  SINCE JAN 1      0                         0      0        0
..................................................................


WIND (MPH)
  HIGHEST WIND SPEED    12   HIGHEST WIND DIRECTION     S (160)
  HIGHEST GUST SPEED    16   HIGHEST GUST DIRECTION    SE (150)
  AVERAGE WIND SPEED     4.9


SKY COVER
  POSSIBLE SUNSHINE  MM
  AVERAGE SKY COVER 1.0


WEATHER CONDITIONS
 THE FOLLOWING WEATHER WAS RECORDED YESTERDAY.
  RAIN
  LIGHT RAIN
  FOG


RELATIVE HUMIDITY (PERCENT)
 HIGHEST   100           300 AM
 LOWEST     82          1200 AM
 AVERAGE    91

..........................................................


THE HOULTON ME CLIMATE NORMALS FOR TODAY
                         NORMAL    RECORD    YEAR
 MAXIMUM TEMPERATURE (F)   56        86      1970
 MINIMUM TEMPERATURE (F)   33        18      2016
                                             1966


SUNRISE AND SUNSET
APRIL 27 2017.........SUNRISE   524 AM EDT   SUNSET   735 PM EDT
APRIL 28 2017.........SUNRISE   522 AM EDT   SUNSET   736 PM EDT


-  INDICATES NEGATIVE NUMBERS.
R  INDICATES RECORD WAS SET OR TIED.
MM INDICATES DATA IS MISSING.
T  INDICATES TRACE AMOUNT.




$$
