000
CDUS41 KCAR 190533
CLIHUL


CLIMATE REPORT
NATIONAL WEATHER SERVICE CARIBOU, ME
1233 AM EST THU JAN 19 2017


...................................

...THE HOULTON ME CLIMATE SUMMARY FOR JANUARY 18 2017...

CLIMATE NORMAL PERIOD 1981 TO 2010
CLIMATE RECORD PERIOD 1948 TO 2017


WEATHER ITEM   OBSERVED TIME   RECORD YEAR NORMAL DEPARTURE LAST
                VALUE   (LST)  VALUE       VALUE  FROM      YEAR
                                                  NORMAL
..................................................................
TEMPERATURE (F)
 YESTERDAY
  MAXIMUM         22    202 PM  51    2006  22      0       21
  MINIMUM          0   1205 AM -34    1971   0      0        3
  AVERAGE         11                        11      0       12

PRECIPITATION (IN)
  YESTERDAY        0.00          2.50 2006   0.10  -0.10      T
  MONTH TO DATE    1.41                      1.66  -0.25     1.36
  SINCE DEC 1      4.33                      4.95  -0.62     5.55
  SINCE JAN 1      1.41                      1.66  -0.25     1.36

SNOWFALL (IN)
  YESTERDAY       MM             9.8  1978   0.8   MM       MM
  MONTH TO DATE   MM                        13.6   MM       MM
  SINCE DEC 1     MM                        30.0   MM       MM
  SINCE JUL 1     MM                        38.1   MM       MM
  SNOW DEPTH      MM

DEGREE DAYS
 HEATING
  YESTERDAY       54                        54      0       53
  MONTH TO DATE  903                       954    -51      841
  SINCE DEC 1   2347                      2366    -19     1928
  SINCE JUL 1   4090                      4474   -384     3723

 COOLING
  YESTERDAY        0                         0      0        0
  MONTH TO DATE    0                         0      0        0
  SINCE DEC 1      0                         0      0        0
  SINCE JAN 1      0                         0      0        0
..................................................................


WIND (MPH)
  HIGHEST WIND SPEED    15   HIGHEST WIND DIRECTION    SE (130)
  HIGHEST GUST SPEED    22   HIGHEST GUST DIRECTION     E (110)
  AVERAGE WIND SPEED     4.9


SKY COVER
  POSSIBLE SUNSHINE  MM
  AVERAGE SKY COVER 0.4


WEATHER CONDITIONS
 THE FOLLOWING WEATHER WAS RECORDED YESTERDAY.
  NO SIGNIFICANT WEATHER WAS OBSERVED.


RELATIVE HUMIDITY (PERCENT)
 HIGHEST    83          1200 AM
 LOWEST     62           300 PM
 AVERAGE    73

..........................................................


THE HOULTON ME CLIMATE NORMALS FOR TODAY
                         NORMAL    RECORD    YEAR
 MAXIMUM TEMPERATURE (F)   22        53      1996
 MINIMUM TEMPERATURE (F)    0       -37      1971


SUNRISE AND SUNSET
JANUARY 19 2017.......SUNRISE   707 AM EST   SUNSET   418 PM EST
JANUARY 20 2017.......SUNRISE   706 AM EST   SUNSET   419 PM EST


-  INDICATES NEGATIVE NUMBERS.
R  INDICATES RECORD WAS SET OR TIED.
MM INDICATES DATA IS MISSING.
T  INDICATES TRACE AMOUNT.




$$
