000
CDUS41 KCAR 200528
CLIHUL


CLIMATE REPORT
NATIONAL WEATHER SERVICE CARIBOU, ME
1227 AM EST SAT DEC 20 2014


...................................

...THE HOULTON ME CLIMATE SUMMARY FOR DECEMBER 19 2014...

CLIMATE NORMAL PERIOD 1981 TO 2010
CLIMATE RECORD PERIOD 1948 TO 2014


WEATHER ITEM   OBSERVED TIME   RECORD YEAR NORMAL DEPARTURE LAST
                VALUE   (LST)  VALUE       VALUE  FROM      YEAR
                                                  NORMAL
..................................................................
TEMPERATURE (F)
 YESTERDAY
  MAXIMUM         29    247 PM  49    1954  27      2       24
  MINIMUM         12   1112 PM -24    1971   9      3        5
  AVERAGE         21                        18      3       15

PRECIPITATION (IN)
  YESTERDAY        T             0.60 2012   0.10  -0.10      T
  MONTH TO DATE    4.31                      2.17   2.14     1.01
  SINCE DEC 1      4.31                      2.17   2.14     1.01
  SINCE JAN 1     41.15                     38.86   2.29    40.96

SNOWFALL (IN)
  YESTERDAY       MM             7.0  1969   0.5   MM       MM
  MONTH TO DATE   MM                         9.4   MM       MM
  SINCE DEC 1     MM                         9.4   MM       MM
  SINCE JUL 1     MM                        17.5   MM       MM
  SNOW DEPTH      MM

DEGREE DAYS
 HEATING
  YESTERDAY       44                        47     -3       50
  MONTH TO DATE  768                       821    -53      924
  SINCE DEC 1    768                       821    -53      924
  SINCE JUL 1   2665                      2929   -264     2925

 COOLING
  YESTERDAY        0                         0      0        0
  MONTH TO DATE    0                         0      0        0
  SINCE DEC 1      0                         0      0        0
  SINCE JAN 1    233                       191     42      198
..................................................................


WIND (MPH)
  HIGHEST WIND SPEED    17   HIGHEST WIND DIRECTION     N (340)
  HIGHEST GUST SPEED    25   HIGHEST GUST DIRECTION    NW (330)
  AVERAGE WIND SPEED     9.7


SKY COVER
  POSSIBLE SUNSHINE  MM
  AVERAGE SKY COVER 0.5


WEATHER CONDITIONS
 THE FOLLOWING WEATHER WAS RECORDED YESTERDAY.
  LIGHT SNOW


RELATIVE HUMIDITY (PERCENT)
 HIGHEST    88          1000 PM
 LOWEST     68           400 PM
 AVERAGE    78

..........................................................


THE HOULTON ME CLIMATE NORMALS FOR TODAY
                         NORMAL    RECORD    YEAR
 MAXIMUM TEMPERATURE (F)   27        51      1957
 MINIMUM TEMPERATURE (F)    8       -27      1975


SUNRISE AND SUNSET
DECEMBER 20 2014......SUNRISE   710 AM EST   SUNSET   348 PM EST
DECEMBER 21 2014......SUNRISE   711 AM EST   SUNSET   348 PM EST


-  INDICATES NEGATIVE NUMBERS.
R  INDICATES RECORD WAS SET OR TIED.
MM INDICATES DATA IS MISSING.
T  INDICATES TRACE AMOUNT.




$$
