000
CDUS41 KCAR 222026
CLIHUL


CLIMATE REPORT
NATIONAL WEATHER SERVICE CARIBOU, ME
426 PM EDT SUN OCT 22 2017


...................................

...THE HOULTON ME CLIMATE SUMMARY FOR OCTOBER 22 2017...
VALID TODAY AS OF 0400 PM LOCAL TIME.

CLIMATE NORMAL PERIOD 1981 TO 2010
CLIMATE RECORD PERIOD 1948 TO 2017


WEATHER ITEM   OBSERVED TIME   RECORD YEAR NORMAL DEPARTURE LAST
                VALUE   (LST)  VALUE       VALUE  FROM      YEAR
                                                  NORMAL
..................................................................
TEMPERATURE (F)
 TODAY
  MAXIMUM         58    240 PM  78    1979  52      6       64
  MINIMUM         36   1207 AM  15    1959  31      5       54
  AVERAGE         47                        41      6       59

PRECIPITATION (IN)
  TODAY            0.00          1.49 2016   0.12  -0.12     1.49
  MONTH TO DATE    1.51                      2.57  -1.06     2.15
  SINCE SEP 1      4.10                      5.97  -1.87     3.14
  SINCE JAN 1     26.44                     31.59  -5.15    30.00

SNOWFALL (IN)
  TODAY           MM             T    1997   0.1   MM       MM
  MONTH TO DATE   MM                         0.4   MM       MM
  SINCE SEP 1     MM                         0.5   MM       MM
  SINCE JUL 1     MM                         0.5   MM       MM
  SNOW DEPTH      MM

DEGREE DAYS
 HEATING
  TODAY           18                        24     -6        6
  MONTH TO DATE  322                       442   -120      343
  SINCE SEP 1    482                       754   -272      585
  SINCE JUL 1    630                       910   -280      679

 COOLING
  TODAY            0                         0      0        0
  MONTH TO DATE    0                         0      0        0
  SINCE SEP 1     35                        13     22       23
  SINCE JAN 1    211                       191     20      229
..................................................................


WIND (MPH)
  HIGHEST WIND SPEED     9   HIGHEST WIND DIRECTION    SE (120)
  HIGHEST GUST SPEED    12   HIGHEST GUST DIRECTION     E (110)
  AVERAGE WIND SPEED     2.3


SKY COVER
  POSSIBLE SUNSHINE  MM
  AVERAGE SKY COVER 0.5


WEATHER CONDITIONS
 THE FOLLOWING WEATHER WAS RECORDED TODAY.
  NO SIGNIFICANT WEATHER WAS OBSERVED.


RELATIVE HUMIDITY (PERCENT)
 HIGHEST    96          1200 AM
 LOWEST     32          1200 PM
 AVERAGE    64

..........................................................


THE HOULTON ME CLIMATE NORMALS FOR TOMORROW
                         NORMAL    RECORD    YEAR
 MAXIMUM TEMPERATURE (F)   51        74      1979
 MINIMUM TEMPERATURE (F)   31        16      1982


SUNRISE AND SUNSET
OCTOBER 22 2017.......SUNRISE   658 AM EDT   SUNSET   532 PM EDT
OCTOBER 23 2017.......SUNRISE   659 AM EDT   SUNSET   531 PM EDT


-  INDICATES NEGATIVE NUMBERS.
R  INDICATES RECORD WAS SET OR TIED.
MM INDICATES DATA IS MISSING.
T  INDICATES TRACE AMOUNT.




$$
