000
CDUS41 KCAR 310531
CLIHUL


CLIMATE REPORT
NATIONAL WEATHER SERVICE CARIBOU, ME
1231 AM EST SAT JAN 31 2015


...................................

...THE HOULTON ME CLIMATE SUMMARY FOR JANUARY 30 2015...

CLIMATE NORMAL PERIOD 1981 TO 2010
CLIMATE RECORD PERIOD 1948 TO 2015


WEATHER ITEM   OBSERVED TIME   RECORD YEAR NORMAL DEPARTURE LAST
                VALUE   (LST)  VALUE       VALUE  FROM      YEAR
                                                  NORMAL
..................................................................
TEMPERATURE (F)
 YESTERDAY
  MAXIMUM         26    125 PM  50    2013  23      3       19
  MINIMUM          2    117 AM -27    1994   0      2        2
                                      1952
  AVERAGE         14                        11      3       11

PRECIPITATION (IN)
  YESTERDAY        0.09          2.33 1990   0.09   0.00     0.00
                                      2002
  MONTH TO DATE    1.41                      2.77  -1.36     4.18
  SINCE DEC 1      6.91                      6.06   0.85     6.55
  SINCE JAN 1      1.41                      2.77  -1.36     4.18

SNOWFALL (IN)
  YESTERDAY       MM            16.4  1990   0.7   MM       MM
  MONTH TO DATE   MM                        22.6   MM       MM
  SINCE DEC 1     MM                        39.0   MM       MM
  SINCE JUL 1     MM                        47.1   MM       MM
  SNOW DEPTH      MM

DEGREE DAYS
 HEATING
  YESTERDAY       51                        54     -3       54
  MONTH TO DATE 1642                      1602     40     1526
  SINCE DEC 1   2886                      3014   -128     3087
  SINCE JUL 1   4783                      5122   -339     5088

 COOLING
  YESTERDAY        0                         0      0        0
  MONTH TO DATE    0                         0      0        0
  SINCE DEC 1      0                         0      0        0
  SINCE JAN 1      0                         0      0        0
..................................................................


WIND (MPH)
  HIGHEST WIND SPEED    16   HIGHEST WIND DIRECTION    SE (120)
  HIGHEST GUST SPEED    22   HIGHEST GUST DIRECTION     E (110)
  AVERAGE WIND SPEED     3.5


SKY COVER
  POSSIBLE SUNSHINE  MM
  AVERAGE SKY COVER 0.9


WEATHER CONDITIONS
 THE FOLLOWING WEATHER WAS RECORDED YESTERDAY.
  LIGHT SNOW
  FOG


RELATIVE HUMIDITY (PERCENT)
 HIGHEST    88           300 AM
 LOWEST     80          1200 AM
 AVERAGE    84

..........................................................


THE HOULTON ME CLIMATE NORMALS FOR TODAY
                         NORMAL    RECORD    YEAR
 MAXIMUM TEMPERATURE (F)   23        54      2013
 MINIMUM TEMPERATURE (F)    0       -31      1994
                                             1975


SUNRISE AND SUNSET
JANUARY 31 2015.......SUNRISE   655 AM EST   SUNSET   434 PM EST
FEBRUARY  1 2015......SUNRISE   654 AM EST   SUNSET   436 PM EST


-  INDICATES NEGATIVE NUMBERS.
R  INDICATES RECORD WAS SET OR TIED.
MM INDICATES DATA IS MISSING.
T  INDICATES TRACE AMOUNT.




$$
