000
CDUS41 KCAR 280527
CLIHUL


CLIMATE REPORT
NATIONAL WEATHER SERVICE CARIBOU, ME
126 AM EDT FRI AUG 28 2015


...................................

...THE HOULTON ME CLIMATE SUMMARY FOR AUGUST 27 2015...

CLIMATE NORMAL PERIOD 1981 TO 2010
CLIMATE RECORD PERIOD 1948 TO 2015


WEATHER ITEM   OBSERVED TIME   RECORD YEAR NORMAL DEPARTURE LAST
                VALUE   (LST)  VALUE       VALUE  FROM      YEAR
                                                  NORMAL
..................................................................
TEMPERATURE (F)
 YESTERDAY
  MAXIMUM         76    139 PM  93    1952  74      2       84
  MINIMUM         53   1149 PM  32    1987  50      3       59
  AVERAGE         65                        62      3       72

PRECIPITATION (IN)
  YESTERDAY        0.00          2.46 1990   0.11  -0.11     0.00
  MONTH TO DATE    3.79                      3.29   0.50     2.22
  SINCE JUN 1      9.41                     10.60  -1.19    12.91
  SINCE JAN 1     18.76                     25.23  -6.47    27.61

SNOWFALL (IN)
  YESTERDAY       MM             0.0  2003   0.0   MM       MM
  MONTH TO DATE    0.0                       0.0    0.0     MM
  SINCE JUN 1      0.0                       0.0    0.0     MM
  SINCE JUL 1      0.0                       0.0    0.0     MM
  SNOW DEPTH      MM

DEGREE DAYS
 HEATING
  YESTERDAY        0                         5     -5        0
  MONTH TO DATE   16                        76    -60       37
  SINCE JUN 1    316                       317     -1      203
  SINCE JUL 1     79                       136    -57       74

 COOLING
  YESTERDAY        0                         1     -1        7
  MONTH TO DATE  106                        51     55       45
  SINCE JUN 1    159                       167     -8      200
  SINCE JAN 1    184                       171     13      201
..................................................................


WIND (MPH)
  HIGHEST WIND SPEED    18   HIGHEST WIND DIRECTION     W (280)
  HIGHEST GUST SPEED    27   HIGHEST GUST DIRECTION     W (280)
  AVERAGE WIND SPEED     3.6


SKY COVER
  POSSIBLE SUNSHINE  MM
  AVERAGE SKY COVER 0.4


WEATHER CONDITIONS
 THE FOLLOWING WEATHER WAS RECORDED YESTERDAY.
  FOG
  FOG W/VISIBILITY <= 1/4 MILE


RELATIVE HUMIDITY (PERCENT)
 HIGHEST   100           200 AM
 LOWEST     49          1200 PM
 AVERAGE    75

..........................................................


THE HOULTON ME CLIMATE NORMALS FOR TODAY
                         NORMAL    RECORD    YEAR
 MAXIMUM TEMPERATURE (F)   74        94      1952
 MINIMUM TEMPERATURE (F)   49        30      1978


SUNRISE AND SUNSET
AUGUST 28 2015........SUNRISE   546 AM EDT   SUNSET   718 PM EDT
AUGUST 29 2015........SUNRISE   548 AM EDT   SUNSET   716 PM EDT


-  INDICATES NEGATIVE NUMBERS.
R  INDICATES RECORD WAS SET OR TIED.
MM INDICATES DATA IS MISSING.
T  INDICATES TRACE AMOUNT.




$$
