000
CDUS41 KCAR 270527
CLIHUL


CLIMATE REPORT
NATIONAL WEATHER SERVICE CARIBOU, ME
127 AM EDT FRI MAR 27 2015


...................................

...THE HOULTON ME CLIMATE SUMMARY FOR MARCH 26 2015...

CLIMATE NORMAL PERIOD 1981 TO 2010
CLIMATE RECORD PERIOD 1948 TO 2015


WEATHER ITEM   OBSERVED TIME   RECORD YEAR NORMAL DEPARTURE LAST
                VALUE   (LST)  VALUE       VALUE  FROM      YEAR
                                                  NORMAL
..................................................................
TEMPERATURE (F)
 YESTERDAY
  MAXIMUM         48    223 PM  63    1993  40      8       28
  MINIMUM         32    139 AM  -5    1960  20     12        2
  AVERAGE         40                        30     10       15

PRECIPITATION (IN)
  YESTERDAY        0.12          0.92 1979   0.09   0.03      T
  MONTH TO DATE    0.69                      2.17  -1.48     1.53
  SINCE MAR 1      0.69                      2.17  -1.48     1.53
  SINCE JAN 1      2.79                      7.03  -4.24     7.11

SNOWFALL (IN)
  YESTERDAY       MM             3.5  1955   0.5   MM       MM
  MONTH TO DATE   MM                        15.8   MM       MM
  SINCE MAR 1     MM                        15.8   MM       MM
  SINCE JUL 1     MM                        81.4   MM       MM
  SNOW DEPTH      MM

DEGREE DAYS
 HEATING
  YESTERDAY       25                        35    -10       50
  MONTH TO DATE 1219                      1053    166     1318
  SINCE MAR 1   1219                      1053    166     1318
  SINCE JUL 1   7787                      7626    161     7908

 COOLING
  YESTERDAY        0                         0      0        0
  MONTH TO DATE    0                         0      0        0
  SINCE MAR 1      0                         0      0        0
  SINCE JAN 1      0                         0      0        0
..................................................................


WIND (MPH)
  HIGHEST WIND SPEED    21   HIGHEST WIND DIRECTION    SW (230)
  HIGHEST GUST SPEED    29   HIGHEST GUST DIRECTION     S (200)
  AVERAGE WIND SPEED     8.5


SKY COVER
  POSSIBLE SUNSHINE  MM
  AVERAGE SKY COVER 0.8


WEATHER CONDITIONS
 THE FOLLOWING WEATHER WAS RECORDED YESTERDAY.
  LIGHT RAIN
  LIGHT SNOW
  FOG


RELATIVE HUMIDITY (PERCENT)
 HIGHEST    92           600 PM
 LOWEST     50           200 PM
 AVERAGE    71

..........................................................


THE HOULTON ME CLIMATE NORMALS FOR TODAY
                         NORMAL    RECORD    YEAR
 MAXIMUM TEMPERATURE (F)   40        68      1993
 MINIMUM TEMPERATURE (F)   20         0      1990


SUNRISE AND SUNSET
MARCH 27 2015.........SUNRISE   621 AM EDT   SUNSET   653 PM EDT
MARCH 28 2015.........SUNRISE   619 AM EDT   SUNSET   654 PM EDT


-  INDICATES NEGATIVE NUMBERS.
R  INDICATES RECORD WAS SET OR TIED.
MM INDICATES DATA IS MISSING.
T  INDICATES TRACE AMOUNT.




$$
