033
CDUS45 KTFX 280935
CLIHVR


CLIMATE REPORT
NATIONAL WEATHER SERVICE GREAT FALLS MT
334 AM MDT WED JUN 28 2017


...................................

...THE HAVRE MT CLIMATE SUMMARY FOR JUNE 27 2017...

CLIMATE NORMAL PERIOD 1981 TO 2010
CLIMATE RECORD PERIOD 1880 TO 2017


WEATHER ITEM   OBSERVED TIME   RECORD YEAR NORMAL DEPARTURE LAST
                VALUE   (LST)  VALUE       VALUE  FROM      YEAR
                                                  NORMAL
..................................................................
TEMPERATURE (F)
 YESTERDAY
  MAXIMUM         82    448 PM 107    1936  79      3       81
  MINIMUM         56   1150 PM  36    2000  50      6       46
  AVERAGE         69                        65      4       64

PRECIPITATION (IN)
  YESTERDAY        0.00          1.37 1998   0.07  -0.07     0.00
  MONTH TO DATE    0.54                      1.98  -1.44     1.88
  SINCE OCT 1      7.06                      7.12  -0.06    11.70
  SINCE JAN 1      3.07                      5.71  -2.64     9.77

SNOWFALL (IN)
  YESTERDAY        0.0           0.0  2000   0.0    0.0      0.0
                                      2001
                                      1998
  MONTH TO DATE    0.0                       0.5   -0.5      0.0
  SINCE JUN 1      0.0                       0.5   -0.5      0.0
  SINCE JUL 1     32.9                      39.5   -6.6     17.3
  SNOW DEPTH       0

DEGREE DAYS
 HEATING
  YESTERDAY        0                         3     -3        1
  MONTH TO DATE   79                       127    -48       85
  SINCE JUN 1     79                       127    -48       85
  SINCE JUL 1   7856                      8215   -359     7168

 COOLING
  YESTERDAY        4                         3      1        0
  MONTH TO DATE   61                        40     21       33
  SINCE JUN 1     61                        40     21       33
  SINCE JAN 1     72                        51     21       34
..................................................................


WIND (MPH)
  HIGHEST WIND SPEED    24   HIGHEST WIND DIRECTION     W (290)
  HIGHEST GUST SPEED    30   HIGHEST GUST DIRECTION    NW (300)
  AVERAGE WIND SPEED    12.0


SKY COVER
  AVERAGE SKY COVER 0.2


WEATHER CONDITIONS
 THE FOLLOWING WEATHER WAS RECORDED YESTERDAY.
  NO SIGNIFICANT WEATHER WAS OBSERVED.


RELATIVE HUMIDITY (PERCENT)
 HIGHEST    80           100 AM
 LOWEST     23           600 PM
 AVERAGE    52

..........................................................


THE HAVRE MT CLIMATE NORMALS FOR TODAY
                         NORMAL    RECORD    YEAR
 MAXIMUM TEMPERATURE (F)   80       103      2015
 MINIMUM TEMPERATURE (F)   51        38      2008
                                             1915


SUNRISE AND SUNSET
JUNE 28 2017..........SUNRISE   520 AM MDT   SUNSET   925 PM MDT
JUNE 29 2017..........SUNRISE   520 AM MDT   SUNSET   925 PM MDT


-  INDICATES NEGATIVE NUMBERS.
R  INDICATES RECORD WAS SET OR TIED.
MM INDICATES DATA IS MISSING.
T  INDICATES TRACE AMOUNT.




$$
