000
CDUS45 KTFX 241028
CLIHVR


CLIMATE REPORT
NATIONAL WEATHER SERVICE GREAT FALLS MT
428 AM MDT FRI OCT 24 2014


...................................

...THE HAVRE MT CLIMATE SUMMARY FOR OCTOBER 23 2014...

CLIMATE NORMAL PERIOD 1981 TO 2010
CLIMATE RECORD PERIOD 1880 TO 2014


WEATHER ITEM   OBSERVED TIME   RECORD YEAR NORMAL DEPARTURE LAST
                VALUE   (LST)  VALUE       VALUE  FROM      YEAR
                                                  NORMAL
..................................................................
TEMPERATURE (F)
 YESTERDAY
  MAXIMUM         64    219 PM  79    1903  55      9       52
  MINIMUM         44   1205 AM   8    1919  28     16       41
  AVERAGE         54                        41     13       47

PRECIPITATION (IN)
  YESTERDAY        T             0.50 1898   0.02  -0.02     0.00
  MONTH TO DATE    0.61                      0.46   0.15     0.16
  SINCE OCT 1      0.61                      0.46   0.15     0.16
  SINCE JAN 1     11.77                     10.25   1.52    17.31

SNOWFALL (IN)
  YESTERDAY        0.0           1.2  1933   0.1   -0.1      0.0
  MONTH TO DATE    T                         1.3   -1.3      0.0
  SINCE SEP 1      T                         1.6   -1.6      0.0
  SINCE JUL 1      T                         1.6   -1.6      0.0
  SNOW DEPTH       0

DEGREE DAYS
 HEATING
  YESTERDAY       11                        24    -13       18
  MONTH TO DATE  283                       436   -153      444
  SINCE SEP 1    524                       710   -186      594
  SINCE JUL 1    568                       793   -225      612

 COOLING
  YESTERDAY        0                         0      0        0
  MONTH TO DATE    0                         0      0        0
  SINCE SEP 1     12                        19     -7       70
  SINCE JAN 1    402                       386     16      445
..................................................................


WIND (MPH)
  HIGHEST WIND SPEED    28   HIGHEST WIND DIRECTION    SW (210)
  HIGHEST GUST SPEED    33   HIGHEST GUST DIRECTION    SW (210)
  AVERAGE WIND SPEED    14.8


SKY COVER
  AVERAGE SKY COVER 0.2


WEATHER CONDITIONS
 THE FOLLOWING WEATHER WAS RECORDED YESTERDAY.
  NO SIGNIFICANT WEATHER WAS OBSERVED.


RELATIVE HUMIDITY (PERCENT)
 HIGHEST    64          1000 PM
 LOWEST     39          1000 AM
 AVERAGE    52

..........................................................


THE HAVRE MT CLIMATE NORMALS FOR TODAY
                         NORMAL    RECORD    YEAR
 MAXIMUM TEMPERATURE (F)   54        82      2007
 MINIMUM TEMPERATURE (F)   28        -3      1887


SUNRISE AND SUNSET
OCTOBER 24 2014.......SUNRISE   753 AM MDT   SUNSET   613 PM MDT
OCTOBER 25 2014.......SUNRISE   754 AM MDT   SUNSET   611 PM MDT


-  INDICATES NEGATIVE NUMBERS.
R  INDICATES RECORD WAS SET OR TIED.
MM INDICATES DATA IS MISSING.
T  INDICATES TRACE AMOUNT.




$$
