000
CDUS45 KTFX 261018
CLIHVR


CLIMATE REPORT
NATIONAL WEATHER SERVICE GREAT FALLS MT
418 AM MDT TUE JUL 26 2016


...................................

...THE HAVRE MT CLIMATE SUMMARY FOR JULY 25 2016...

CLIMATE NORMAL PERIOD 1981 TO 2010
CLIMATE RECORD PERIOD 1880 TO 2016


WEATHER ITEM   OBSERVED TIME   RECORD YEAR NORMAL DEPARTURE LAST
                VALUE   (LST)  VALUE       VALUE  FROM      YEAR
                                                  NORMAL
..................................................................
TEMPERATURE (F)
 YESTERDAY
  MAXIMUM         94    356 PM 107    1933  87      7       93
  MINIMUM         51    514 AM  44    1999  55     -4       51
  AVERAGE         73                        71      2       72

PRECIPITATION (IN)
  YESTERDAY        0.00          0.73 1953   0.03  -0.03     0.02
  MONTH TO DATE    2.10                      1.42   0.68     0.82
  SINCE OCT 1     13.85                      8.75   5.10     6.95
  SINCE JAN 1     11.92                      7.34   4.58     5.38

SNOWFALL (IN)
  YESTERDAY        0.0           0.0  1999   0.0    0.0      0.0
                                      1998
  MONTH TO DATE    0.0                       0.0    0.0       T
  SINCE JUN 1      0.0                       0.0    0.0       T
  SINCE JUL 1      0.0                       0.0    0.0       T
  SNOW DEPTH       0

DEGREE DAYS
 HEATING
  YESTERDAY        0                         0      0        0
  MONTH TO DATE   19                        29    -10       18
  SINCE JUN 1    104                       162    -58       75
  SINCE JUL 1     19                        29    -10       18

 COOLING
  YESTERDAY        8                         7      1        7
  MONTH TO DATE  107                       121    -14      130
  SINCE JUN 1    161                       169     -8      240
  SINCE JAN 1    162                       180    -18      240
..................................................................


WIND (MPH)
  HIGHEST WIND SPEED    20   HIGHEST WIND DIRECTION    NE (60)
  HIGHEST GUST SPEED    26   HIGHEST GUST DIRECTION    NE (50)
  AVERAGE WIND SPEED     7.2


SKY COVER
  AVERAGE SKY COVER 0.0


WEATHER CONDITIONS
 THE FOLLOWING WEATHER WAS RECORDED YESTERDAY.
  NO SIGNIFICANT WEATHER WAS OBSERVED.


RELATIVE HUMIDITY (PERCENT)
 HIGHEST    83           500 AM
 LOWEST     20           400 PM
 AVERAGE    52

..........................................................


THE HAVRE MT CLIMATE NORMALS FOR TODAY
                         NORMAL    RECORD    YEAR
 MAXIMUM TEMPERATURE (F)   87       102      1933
 MINIMUM TEMPERATURE (F)   55        39      1999


SUNRISE AND SUNSET
JULY 26 2016..........SUNRISE   546 AM MDT   SUNSET   904 PM MDT
JULY 27 2016..........SUNRISE   548 AM MDT   SUNSET   903 PM MDT


-  INDICATES NEGATIVE NUMBERS.
R  INDICATES RECORD WAS SET OR TIED.
MM INDICATES DATA IS MISSING.
T  INDICATES TRACE AMOUNT.




$$
