736
CDUS45 KTFX 222230
CLIHVR


CLIMATE REPORT
NATIONAL WEATHER SERVICE GREAT FALLS MT
430 PM MDT WED MAR 22 2017


...................................

...THE HAVRE MT CLIMATE SUMMARY FOR MARCH 22 2017...
VALID TODAY AS OF 0400 PM LOCAL TIME.

CLIMATE NORMAL PERIOD 1981 TO 2010
CLIMATE RECORD PERIOD 1880 TO 2017


WEATHER ITEM   OBSERVED TIME   RECORD YEAR NORMAL DEPARTURE LAST
                VALUE   (LST)  VALUE       VALUE  FROM      YEAR
                                                  NORMAL
..................................................................
TEMPERATURE (F)
 TODAY
  MAXIMUM         64    259 PM  75    1928  47     17       37
                                      1910
  MINIMUM         30    702 AM -14    2002  24      6       25
  AVERAGE         47                        36     11       31

PRECIPITATION (IN)
  TODAY            0.00          0.35 1987   0.02  -0.02     0.00
  MONTH TO DATE    0.15                      0.35  -0.20     0.22
  SINCE OCT 1      5.52                      2.37   3.15     2.61
  SINCE JAN 1      1.53                      0.96   0.57     0.68

SNOWFALL (IN)
  TODAY            0.0           6.0  1987   0.2   -0.2      0.0
  MONTH TO DATE    1.0                       4.5   -3.5       T
  SINCE MAR 1      1.0                       4.5   -3.5       T
  SINCE JUL 1     31.9                      32.4   -0.5     14.3

DEGREE DAYS
 HEATING
  TODAY           18                        29    -11       34
  MONTH TO DATE  747                       752     -5      540
  SINCE MAR 1    747                       752     -5      540
  SINCE JUL 1   6746                      6872   -126     5965

 COOLING
  TODAY            0                         0      0        0
  MONTH TO DATE    0                         0      0        0
  SINCE MAR 1      0                         0      0        0
  SINCE JAN 1      0                         0      0        0
..................................................................


WIND (MPH)
  HIGHEST WIND SPEED    26   HIGHEST WIND DIRECTION     W (260)
  HIGHEST GUST SPEED    32   HIGHEST GUST DIRECTION    SW (240)
  AVERAGE WIND SPEED    10.1


SKY COVER
  AVERAGE SKY COVER 0.1


WEATHER CONDITIONS
 THE FOLLOWING WEATHER WAS RECORDED TODAY.
  NO SIGNIFICANT WEATHER WAS OBSERVED.


RELATIVE HUMIDITY (PERCENT)
 HIGHEST   100           100 AM
 LOWEST     27           300 PM
 AVERAGE    64

..........................................................


THE HAVRE MT CLIMATE NORMALS FOR TOMORROW
                         NORMAL    RECORD    YEAR
 MAXIMUM TEMPERATURE (F)   48        76      1993
 MINIMUM TEMPERATURE (F)   24       -14      1965


SUNRISE AND SUNSET
MARCH 22 2017.........SUNRISE   717 AM MDT   SUNSET   735 PM MDT
MARCH 23 2017.........SUNRISE   715 AM MDT   SUNSET   737 PM MDT


-  INDICATES NEGATIVE NUMBERS.
R  INDICATES RECORD WAS SET OR TIED.
MM INDICATES DATA IS MISSING.
T  INDICATES TRACE AMOUNT.




$$
