000
CDUS45 KTFX 141136
CLIHVR


CLIMATE REPORT
NATIONAL WEATHER SERVICE GREAT FALLS MT
436 AM MST SUN FEB 14 2016


...................................

...THE HAVRE MT CLIMATE SUMMARY FOR FEBRUARY 13 2016...

CLIMATE NORMAL PERIOD 1981 TO 2010
CLIMATE RECORD PERIOD 1880 TO 2016


WEATHER ITEM   OBSERVED TIME   RECORD YEAR NORMAL DEPARTURE LAST
                VALUE   (LST)  VALUE       VALUE  FROM      YEAR
                                                  NORMAL
..................................................................
TEMPERATURE (F)
 YESTERDAY
  MAXIMUM         49    404 PM  57    2015  33     16       57
  MINIMUM         21   1201 AM -34    1895  10     11       34
  AVERAGE         35                        22     13       46

PRECIPITATION (IN)
  YESTERDAY        T             0.16 1910   0.01  -0.01     0.00
  MONTH TO DATE    T                         0.12  -0.12     0.31
  SINCE OCT 1      2.29                      1.86   0.43     3.18
  SINCE JAN 1      0.36                      0.45  -0.09     1.61

SNOWFALL (IN)
  YESTERDAY        T             1.4  1910   0.3   -0.3      0.0
  MONTH TO DATE    T                         2.6   -2.6      5.0
  SINCE DEC 1     10.8                      17.1   -6.3     15.8
  SINCE JUL 1     13.8                      24.7  -10.9     20.4
  SNOW DEPTH       T

DEGREE DAYS
 HEATING
  YESTERDAY       30                        43    -13       19
  MONTH TO DATE  406                       577   -171      535
  SINCE DEC 1   3113                      3457   -344     3147
  SINCE JUL 1   4966                      5500   -534     5084

 COOLING
  YESTERDAY        0                         0      0        0
  MONTH TO DATE    0                         0      0        0
  SINCE DEC 1      0                         0      0        0
  SINCE JAN 1      0                         0      0        0
..................................................................


WIND (MPH)
  HIGHEST WIND SPEED    37   HIGHEST WIND DIRECTION    NW (300)
  HIGHEST GUST SPEED    45   HIGHEST GUST DIRECTION    NW (310)
  AVERAGE WIND SPEED     9.4


SKY COVER
  AVERAGE SKY COVER 0.7


WEATHER CONDITIONS
 THE FOLLOWING WEATHER WAS RECORDED YESTERDAY.
  LIGHT RAIN
  LIGHT SNOW
  FOG
  FOG W/VISIBILITY <= 1/4 MILE


RELATIVE HUMIDITY (PERCENT)
 HIGHEST   100          1200 AM
 LOWEST     53          1200 PM
 AVERAGE    77

..........................................................


THE HAVRE MT CLIMATE NORMALS FOR TODAY
                         NORMAL    RECORD    YEAR
 MAXIMUM TEMPERATURE (F)   33        55      1931
 MINIMUM TEMPERATURE (F)   10       -39      1936


SUNRISE AND SUNSET
FEBRUARY 14 2016......SUNRISE   729 AM MST   SUNSET   538 PM MST
FEBRUARY 15 2016......SUNRISE   727 AM MST   SUNSET   540 PM MST


-  INDICATES NEGATIVE NUMBERS.
R  INDICATES RECORD WAS SET OR TIED.
MM INDICATES DATA IS MISSING.
T  INDICATES TRACE AMOUNT.




$$
