000
CDUS45 KTFX 282232
CLIHVR


CLIMATE REPORT
NATIONAL WEATHER SERVICE GREAT FALLS MT
430 PM MDT SUN AUG 28 2016


...................................

...THE HAVRE MT CLIMATE SUMMARY FOR AUGUST 28 2016...
VALID TODAY AS OF 0400 PM LOCAL TIME.

CLIMATE NORMAL PERIOD 1981 TO 2010
CLIMATE RECORD PERIOD 1880 TO 2016


WEATHER ITEM   OBSERVED TIME   RECORD YEAR NORMAL DEPARTURE LAST
                VALUE   (LST)  VALUE       VALUE  FROM      YEAR
                                                  NORMAL
..................................................................
TEMPERATURE (F)
 TODAY
  MAXIMUM         77    259 PM  99    2012  80     -3       90
  MINIMUM         58    644 AM  34    1911  48     10       55
  AVERAGE         68                        64      4       73

PRECIPITATION (IN)
  TODAY            0.00          0.42 1937   0.04  -0.04     0.00
  MONTH TO DATE    1.02                      1.01   0.01     0.67
  SINCE OCT 1     15.20                      9.98   5.22    10.07
  SINCE JAN 1     13.27                      8.57   4.70     8.50

SNOWFALL (IN)
  TODAY            0.0           0.0  1999   0.0    0.0      0.0
                                      1998
  MONTH TO DATE    0.0                       0.0    0.0      0.0
  SINCE JUN 1      0.0                       0.0    0.0       T
  SINCE JUL 1      0.0                       0.0    0.0       T

DEGREE DAYS
 HEATING
  TODAY            0                         3     -3        0
  MONTH TO DATE   42                        42      0       50
  SINCE JUN 1    146                       205    -59      132
  SINCE JUL 1     61                        72    -11       75

 COOLING
  TODAY            3                         2      1        8
  MONTH TO DATE   94                       141    -47      131
  SINCE JUN 1    299                       351    -52      394
  SINCE JAN 1    300                       362    -62      394
..................................................................


WIND (MPH)
  HIGHEST WIND SPEED    17   HIGHEST WIND DIRECTION    NW (320)
  HIGHEST GUST SPEED    22   HIGHEST GUST DIRECTION    NW (330)
  AVERAGE WIND SPEED     8.3


SKY COVER
  AVERAGE SKY COVER 0.4


WEATHER CONDITIONS
 THE FOLLOWING WEATHER WAS RECORDED TODAY.
  NO SIGNIFICANT WEATHER WAS OBSERVED.


RELATIVE HUMIDITY (PERCENT)
 HIGHEST    80           700 AM
 LOWEST     33           300 PM
 AVERAGE    57

..........................................................


THE HAVRE MT CLIMATE NORMALS FOR TOMORROW
                         NORMAL    RECORD    YEAR
 MAXIMUM TEMPERATURE (F)   79       102      2005
 MINIMUM TEMPERATURE (F)   48        37      2000
                                             1946
                                             1937


SUNRISE AND SUNSET
AUGUST 28 2016........SUNRISE   631 AM MDT   SUNSET   808 PM MDT
AUGUST 29 2016........SUNRISE   633 AM MDT   SUNSET   806 PM MDT


-  INDICATES NEGATIVE NUMBERS.
R  INDICATES RECORD WAS SET OR TIED.
MM INDICATES DATA IS MISSING.
T  INDICATES TRACE AMOUNT.




$$
