089
CDUS45 KTFX 261109
CLIHVR


CLIMATE REPORT
NATIONAL WEATHER SERVICE GREAT FALLS MT
508 AM MDT MON SEP 26 2016


...................................

...THE HAVRE MT CLIMATE SUMMARY FOR SEPTEMBER 25 2016...

CLIMATE NORMAL PERIOD 1981 TO 2010
CLIMATE RECORD PERIOD 1880 TO 2016


WEATHER ITEM   OBSERVED TIME   RECORD YEAR NORMAL DEPARTURE LAST
                VALUE   (LST)  VALUE       VALUE  FROM      YEAR
                                                  NORMAL
..................................................................
TEMPERATURE (F)
 YESTERDAY
  MAXIMUM         68    438 PM  96    2001  67      1       90
  MINIMUM         38    215 AM  20    1934  38      0       43
  AVERAGE         53                        53      0       67

PRECIPITATION (IN)
  YESTERDAY        0.00          1.95 1986   0.04  -0.04     0.00
  MONTH TO DATE    1.80                      0.95   0.85     1.67
  SINCE OCT 1     17.22                     11.03   6.19    11.81
  SINCE JAN 1     15.29                      9.62   5.67    10.24

SNOWFALL (IN)
  YESTERDAY        0.0           1.0  1927   0.1   -0.1      0.0
  MONTH TO DATE    0.0                       0.2   -0.2      0.0
  SINCE SEP 1      0.0                       0.2   -0.2      0.0
  SINCE JUL 1      0.0                       0.2   -0.2       T
  SNOW DEPTH       0

DEGREE DAYS
 HEATING
  YESTERDAY       12                        12      0        0
  MONTH TO DATE  229                       208     21      189
  SINCE SEP 1    229                       208     21      189
  SINCE JUL 1    290                       291     -1      264

 COOLING
  YESTERDAY        0                         0      0        2
  MONTH TO DATE   17                        17      0        6
  SINCE SEP 1     17                        17      0        6
  SINCE JAN 1    341                       384    -43      416
..................................................................


WIND (MPH)
  HIGHEST WIND SPEED    24   HIGHEST WIND DIRECTION     W (250)
  HIGHEST GUST SPEED    31   HIGHEST GUST DIRECTION    SW (240)
  AVERAGE WIND SPEED    10.2


SKY COVER
  AVERAGE SKY COVER 0.0


WEATHER CONDITIONS
 THE FOLLOWING WEATHER WAS RECORDED YESTERDAY.
  NO SIGNIFICANT WEATHER WAS OBSERVED.


RELATIVE HUMIDITY (PERCENT)
 HIGHEST    93           700 AM
 LOWEST     27           400 PM
 AVERAGE    60

..........................................................


THE HAVRE MT CLIMATE NORMALS FOR TODAY
                         NORMAL    RECORD    YEAR
 MAXIMUM TEMPERATURE (F)   67        92      1952
 MINIMUM TEMPERATURE (F)   38        19      1900


SUNRISE AND SUNSET
SEPTEMBER 26 2016.....SUNRISE   712 AM MDT   SUNSET   707 PM MDT
SEPTEMBER 27 2016.....SUNRISE   714 AM MDT   SUNSET   705 PM MDT


-  INDICATES NEGATIVE NUMBERS.
R  INDICATES RECORD WAS SET OR TIED.
MM INDICATES DATA IS MISSING.
T  INDICATES TRACE AMOUNT.




$$
