000
CDUS45 KTFX 041027
CLIHVR


CLIMATE REPORT
NATIONAL WEATHER SERVICE GREAT FALLS MT
425 AM MDT SAT JUL 4 2015


...................................

...THE HAVRE MT CLIMATE SUMMARY FOR JULY 3 2015...

CLIMATE NORMAL PERIOD 1981 TO 2010
CLIMATE RECORD PERIOD 1880 TO 2015


WEATHER ITEM   OBSERVED TIME   RECORD YEAR NORMAL DEPARTURE LAST
                VALUE   (LST)  VALUE       VALUE  FROM      YEAR
                                                  NORMAL
..................................................................
TEMPERATURE (F)
 YESTERDAY
  MAXIMUM         96    403 PM 102    1936  81     15       93
  MINIMUM         54    456 AM  41    1972  51      3       58
                                      1971
  AVERAGE         75                        66      9       76

PRECIPITATION (IN)
  YESTERDAY        0.00          1.34 1995   0.07  -0.07     0.00
  MONTH TO DATE    0.06                      0.21  -0.15     0.00
  SINCE OCT 1      6.13                      7.54  -1.41     8.39
  SINCE JAN 1      4.56                      6.13  -1.57     6.38

SNOWFALL (IN)
  YESTERDAY        0.0           0.0  2000   0.0    0.0      0.0
                                      1998
  MONTH TO DATE    0.0                       0.0    0.0      0.0
  SINCE JUN 1      0.0                       0.0    0.0      0.0
  SINCE JUL 1      0.0                       0.0    0.0      0.0
  SNOW DEPTH       0

DEGREE DAYS
 HEATING
  YESTERDAY        0                         2     -2        0
  MONTH TO DATE    0                         6     -6        0
  SINCE JUN 1     57                       139    -82      175
  SINCE JUL 1      0                         6     -6        0

 COOLING
  YESTERDAY       10                         3      7       11
  MONTH TO DATE   18                         9      9       16
  SINCE JUN 1    128                        57     71       22
  SINCE JAN 1    128                        68     60       29
..................................................................


WIND (MPH)
  HIGHEST WIND SPEED    14   HIGHEST WIND DIRECTION     S (200)
  HIGHEST GUST SPEED    18   HIGHEST GUST DIRECTION     S (200)
  AVERAGE WIND SPEED     5.6


SKY COVER
  AVERAGE SKY COVER 0.0


WEATHER CONDITIONS
 THE FOLLOWING WEATHER WAS RECORDED YESTERDAY.
  FOG
  HAZE


RELATIVE HUMIDITY (PERCENT)
 HIGHEST    93           500 AM
 LOWEST     16           300 PM
 AVERAGE    55

..........................................................


THE HAVRE MT CLIMATE NORMALS FOR TODAY
                         NORMAL    RECORD    YEAR
 MAXIMUM TEMPERATURE (F)   82       105      1937
 MINIMUM TEMPERATURE (F)   52        37      1915


SUNRISE AND SUNSET
JULY  4 2015..........SUNRISE   523 AM MDT   SUNSET   924 PM MDT
JULY  5 2015..........SUNRISE   524 AM MDT   SUNSET   923 PM MDT


-  INDICATES NEGATIVE NUMBERS.
R  INDICATES RECORD WAS SET OR TIED.
MM INDICATES DATA IS MISSING.
T  INDICATES TRACE AMOUNT.




$$
