000
CDUS45 KTFX 250735
CLIHVR


CLIMATE REPORT
NATIONAL WEATHER SERVICE GREAT FALLS MT
1233 AM MST SUN JAN 25 2015


...................................

...THE HAVRE MT CLIMATE SUMMARY FOR JANUARY 24 2015...

CLIMATE NORMAL PERIOD 1981 TO 2010
CLIMATE RECORD PERIOD 1880 TO 2015


WEATHER ITEM   OBSERVED TIME   RECORD YEAR NORMAL DEPARTURE LAST
                VALUE   (LST)  VALUE       VALUE  FROM      YEAR
                                                  NORMAL
..................................................................
TEMPERATURE (F)
 YESTERDAY
  MAXIMUM         49    321 PM  64    2005  29     20       53
  MINIMUM         29   1149 PM -52    1969   8     21       32
  AVERAGE         39                        19     20       43

PRECIPITATION (IN)
  YESTERDAY        T             0.44 1931   0.01  -0.01     0.00
  MONTH TO DATE    1.17                      0.27   0.90     0.18
  SINCE OCT 1      2.74                      1.68   1.06     2.19
  SINCE JAN 1      1.17                      0.27   0.90     0.18

SNOWFALL (IN)
  YESTERDAY        0.0           4.2  1952   0.2   -0.2      0.0
  MONTH TO DATE    5.7                       5.8   -0.1      2.2
  SINCE DEC 1      5.8                      13.2   -7.4     22.4
  SINCE JUL 1     10.4                      20.8  -10.4     28.2
  SNOW DEPTH       T

DEGREE DAYS
 HEATING
  YESTERDAY       26                        46    -20       22
  MONTH TO DATE 1154                      1136     18      906
  SINCE DEC 1   2407                      2559   -152     2523
  SINCE JUL 1   4344                      4602   -258     4449

 COOLING
  YESTERDAY        0                         0      0        0
  MONTH TO DATE    0                         0      0        0
  SINCE DEC 1      0                         0      0        0
  SINCE JAN 1      0                         0      0        0
..................................................................


WIND (MPH)
  HIGHEST WIND SPEED    36   HIGHEST WIND DIRECTION    SW (210)
  HIGHEST GUST SPEED    44   HIGHEST GUST DIRECTION    SW (220)
  AVERAGE WIND SPEED    14.8


SKY COVER
  AVERAGE SKY COVER 0.0


WEATHER CONDITIONS
 THE FOLLOWING WEATHER WAS RECORDED YESTERDAY.
  LIGHT RAIN


RELATIVE HUMIDITY (PERCENT)
 HIGHEST    92          1000 PM
 LOWEST     56           300 PM
 AVERAGE    74

..........................................................


THE HAVRE MT CLIMATE NORMALS FOR TODAY
                         NORMAL    RECORD    YEAR
 MAXIMUM TEMPERATURE (F)   30        54      2014
 MINIMUM TEMPERATURE (F)    8       -42      1943


SUNRISE AND SUNSET
JANUARY 25 2015.......SUNRISE   757 AM MST   SUNSET   506 PM MST
JANUARY 26 2015.......SUNRISE   756 AM MST   SUNSET   508 PM MST


-  INDICATES NEGATIVE NUMBERS.
R  INDICATES RECORD WAS SET OR TIED.
MM INDICATES DATA IS MISSING.
T  INDICATES TRACE AMOUNT.




$$
