000
CDUS45 KTFX 312219
CLIHVR


CLIMATE REPORT
NATIONAL WEATHER SERVICE GREAT FALLS MT
418 PM MDT MON AUG 31 2015


...................................

...THE HAVRE MT CLIMATE SUMMARY FOR AUGUST 31 2015...
VALID TODAY AS OF 0400 PM LOCAL TIME.

CLIMATE NORMAL PERIOD 1981 TO 2010
CLIMATE RECORD PERIOD 1880 TO 2015


WEATHER ITEM   OBSERVED TIME   RECORD YEAR NORMAL DEPARTURE LAST
                VALUE   (LST)  VALUE       VALUE  FROM      YEAR
                                                  NORMAL
..................................................................
TEMPERATURE (F)
 TODAY
  MAXIMUM         80    259 PM 102    1991  78      2       76
  MINIMUM         50    538 AM  35    1952  47      3       49
  AVERAGE         65                        63      2       63

PRECIPITATION (IN)
  TODAY            0.00          1.62 1887   0.03  -0.03      T
  MONTH TO DATE    0.74                      1.11  -0.37     3.68
  SINCE OCT 1     10.14                     10.08   0.06    12.33
  SINCE JAN 1      8.57                      8.67  -0.10    10.32

SNOWFALL (IN)
  TODAY            0.0           0.0  1999   0.0    0.0      0.0
                                      2001
                                      1998
  MONTH TO DATE    0.0                       0.0    0.0      0.0
  SINCE JUN 1      T                         0.0    0.0      0.0
  SINCE JUL 1      T                         0.0    0.0      0.0
  SNOW DEPTH       0

DEGREE DAYS
 HEATING
  TODAY            0                         4     -4        2
  MONTH TO DATE   50                        54     -4       44
  SINCE JUN 1    132                       216    -84      219
  SINCE JUL 1     75                        83     -8       44

 COOLING
  TODAY            0                         2     -2        0
  MONTH TO DATE  147                       146      1      176
  SINCE JUN 1    410                       356     54      383
  SINCE JAN 1    410                       367     43      390
..................................................................


WIND (MPH)
  HIGHEST WIND SPEED    24   HIGHEST WIND DIRECTION     W (270)
  HIGHEST GUST SPEED    28   HIGHEST GUST DIRECTION     W (280)
  AVERAGE WIND SPEED    12.7


SKY COVER
  AVERAGE SKY COVER 0.0


WEATHER CONDITIONS
 THE FOLLOWING WEATHER WAS RECORDED TODAY.
  NO SIGNIFICANT WEATHER WAS OBSERVED.


RELATIVE HUMIDITY (PERCENT)
 HIGHEST    63           100 AM
 LOWEST     19           200 PM
 AVERAGE    41

..........................................................


THE HAVRE MT CLIMATE NORMALS FOR TOMORROW
                         NORMAL    RECORD    YEAR
 MAXIMUM TEMPERATURE (F)   78        99      1983
 MINIMUM TEMPERATURE (F)   47        35      1999
                                             1930
                                             1917


SUNRISE AND SUNSET
AUGUST 31 2015........SUNRISE   635 AM MDT   SUNSET   803 PM MDT
SEPTEMBER  1 2015.....SUNRISE   636 AM MDT   SUNSET   801 PM MDT


-  INDICATES NEGATIVE NUMBERS.
R  INDICATES RECORD WAS SET OR TIED.
MM INDICATES DATA IS MISSING.
T  INDICATES TRACE AMOUNT.




$$
