000
CDUS45 KTFX 241046
CLIHVR


CLIMATE REPORT
NATIONAL WEATHER SERVICE GREAT FALLS MT
446 AM MDT THU JUL 24 2014


...................................

...THE HAVRE MT CLIMATE SUMMARY FOR JULY 23 2014...

CLIMATE NORMAL PERIOD 1981 TO 2010
CLIMATE RECORD PERIOD 1880 TO 2014


WEATHER ITEM   OBSERVED TIME   RECORD YEAR NORMAL DEPARTURE LAST
                VALUE   (LST)  VALUE       VALUE  FROM      YEAR
                                                  NORMAL
..................................................................
TEMPERATURE (F)
 YESTERDAY
  MAXIMUM         95    537 PM 106    2007  87      8       87
  MINIMUM         59    511 AM  44    1918  55      4       51
  AVERAGE         77                        71      6       69

PRECIPITATION (IN)
  YESTERDAY        0.12          1.53 1884   0.04   0.08     0.01
  MONTH TO DATE    0.21                      1.34  -1.13     1.38
  SINCE OCT 1      8.60                      8.67  -0.07    15.07
  SINCE JAN 1      6.59                      7.26  -0.67    12.59

SNOWFALL (IN)
  YESTERDAY        0.0           T    1992   0.0    0.0      0.0
                                      1998
  MONTH TO DATE    0.0                       0.0    0.0      0.0
  SINCE JUN 1      0.0                       0.0    0.0      0.0
  SINCE JUL 1      0.0                       0.0    0.0      0.0
  SNOW DEPTH       0

DEGREE DAYS
 HEATING
  YESTERDAY        0                         0      0        0
  MONTH TO DATE    0                        29    -29        5
  SINCE JUN 1    175                       162     13      118
  SINCE JUL 1      0                        29    -29        5

 COOLING
  YESTERDAY       12                         6      6        4
  MONTH TO DATE  145                       108     37      123
  SINCE JUN 1    151                       156     -5      166
  SINCE JAN 1    158                       167     -9      173
..................................................................


WIND (MPH)
  HIGHEST WIND SPEED    40   HIGHEST WIND DIRECTION    SW (240)
  HIGHEST GUST SPEED    52   HIGHEST GUST DIRECTION    SW (210)
  AVERAGE WIND SPEED    10.4


SKY COVER
  AVERAGE SKY COVER 0.1


WEATHER CONDITIONS
 THE FOLLOWING WEATHER WAS RECORDED YESTERDAY.
  THUNDERSTORM
  HEAVY RAIN
  RAIN
  LIGHT RAIN
  FOG


RELATIVE HUMIDITY (PERCENT)
 HIGHEST    72           400 AM
 LOWEST     24           600 PM
 AVERAGE    48

..........................................................


THE HAVRE MT CLIMATE NORMALS FOR TODAY
                         NORMAL    RECORD    YEAR
 MAXIMUM TEMPERATURE (F)   87       104      1929
 MINIMUM TEMPERATURE (F)   55        40      1896


SUNRISE AND SUNSET
JULY 24 2014..........SUNRISE   543 AM MDT   SUNSET   907 PM MDT
JULY 25 2014..........SUNRISE   545 AM MDT   SUNSET   906 PM MDT


-  INDICATES NEGATIVE NUMBERS.
R  INDICATES RECORD WAS SET OR TIED.
MM INDICATES DATA IS MISSING.
T  INDICATES TRACE AMOUNT.




$$
