000
CDUS45 KTFX 232330
CLIHVR


CLIMATE REPORT
NATIONAL WEATHER SERVICE GREAT FALLS MT
430 PM MST TUE JAN 23 2018


...................................

...THE HAVRE MT CLIMATE SUMMARY FOR JANUARY 23 2018...
VALID TODAY AS OF 0400 PM LOCAL TIME.

CLIMATE NORMAL PERIOD 1981 TO 2010
CLIMATE RECORD PERIOD 1880 TO 2018


WEATHER ITEM   OBSERVED TIME   RECORD YEAR NORMAL DEPARTURE LAST
                VALUE   (LST)  VALUE       VALUE  FROM      YEAR
                                                  NORMAL
..................................................................
TEMPERATURE (F)
 TODAY
  MAXIMUM         30    333 PM  64    2005  29      1       27
  MINIMUM         17    829 AM -49    1969   8      9       20
  AVERAGE         24                        19      5       24

PRECIPITATION (IN)
  TODAY            0.00          0.34 1897   0.01  -0.01     0.11
  MONTH TO DATE    0.30                      0.26   0.04     0.65
  SINCE OCT 1      3.82                      1.67   2.15     4.64
  SINCE JAN 1      0.30                      0.26   0.04     0.65

SNOWFALL (IN)
  TODAY            0.0          10.1  2010   0.1   -0.1      2.0
  MONTH TO DATE    7.0                       5.6    1.4      9.0
  SINCE DEC 1     25.6                      13.0   12.6     16.2
  SINCE JUL 1     43.1                      20.6   22.5     21.7

DEGREE DAYS
 HEATING
  TODAY           41                        46     -5       41
  MONTH TO DATE 1208                      1090    118     1253
  SINCE DEC 1   2592                      2513     79     2819
  SINCE JUL 1   4650                      4556     94     4566

 COOLING
  TODAY            0                         0      0        0
  MONTH TO DATE    0                         0      0        0
  SINCE DEC 1      0                         0      0        0
  SINCE JAN 1      0                         0      0        0
..................................................................


WIND (MPH)
  HIGHEST WIND SPEED    21   HIGHEST WIND DIRECTION    SW (220)
  HIGHEST GUST SPEED    25   HIGHEST GUST DIRECTION    SW (220)
  AVERAGE WIND SPEED    12.3


SKY COVER
  AVERAGE SKY COVER 0.1


WEATHER CONDITIONS
 THE FOLLOWING WEATHER WAS RECORDED TODAY.
  NO SIGNIFICANT WEATHER WAS OBSERVED.


RELATIVE HUMIDITY (PERCENT)
 HIGHEST    84           600 AM
 LOWEST     75           300 AM
 AVERAGE    80

..........................................................


THE HAVRE MT CLIMATE NORMALS FOR TOMORROW
                         NORMAL    RECORD    YEAR
 MAXIMUM TEMPERATURE (F)   29        64      2005
 MINIMUM TEMPERATURE (F)    8       -52      1969


SUNRISE AND SUNSET
JANUARY 23 2018.......SUNRISE   759 AM MST   SUNSET   504 PM MST
JANUARY 24 2018.......SUNRISE   758 AM MST   SUNSET   505 PM MST


-  INDICATES NEGATIVE NUMBERS.
R  INDICATES RECORD WAS SET OR TIED.
MM INDICATES DATA IS MISSING.
T  INDICATES TRACE AMOUNT.




$$
