000
CDUS45 KTFX 030811
CLIHVR


CLIMATE REPORT
NATIONAL WEATHER SERVICE GREAT FALLS MT
210 AM MDT TUE MAY 3 2016


...................................

...THE HAVRE MT CLIMATE SUMMARY FOR MAY 2 2016...

CLIMATE NORMAL PERIOD 1981 TO 2010
CLIMATE RECORD PERIOD 1880 TO 2016


WEATHER ITEM   OBSERVED TIME   RECORD YEAR NORMAL DEPARTURE LAST
                VALUE   (LST)  VALUE       VALUE  FROM      YEAR
                                                  NORMAL
..................................................................
TEMPERATURE (F)
 YESTERDAY
  MAXIMUM         75    454 PM  88    1957  64     11       65
  MINIMUM         34    523 AM  14    2005  35     -1       35
                                      1954
  AVERAGE         55                        50      5       50

PRECIPITATION (IN)
  YESTERDAY        0.00          2.48 1899   0.04  -0.04     0.00
  MONTH TO DATE    0.00                      0.08  -0.08     0.00
  SINCE OCT 1      6.34                      3.48   2.86     4.06
  SINCE JAN 1      4.41                      2.07   2.34     2.49

SNOWFALL (IN)
  YESTERDAY        0.0          24.8  1899   0.0    0.0      0.0
  MONTH TO DATE    0.0                       0.1   -0.1      0.0
  SINCE MAR 1      3.0                       9.4   -6.4      0.2
  SINCE JUL 1     17.3                      37.3  -20.0     20.8
  SNOW DEPTH       0

DEGREE DAYS
 HEATING
  YESTERDAY       10                        16     -6       15
  MONTH TO DATE   25                        32     -7       22
  SINCE MAR 1   1319                      1649   -330     1362
  SINCE JUL 1   6744                      7769  -1025     7030

 COOLING
  YESTERDAY        0                         0      0        0
  MONTH TO DATE    0                         0      0        0
  SINCE MAR 1      0                         1     -1        0
  SINCE JAN 1      0                         1     -1        0
..................................................................


WIND (MPH)
  HIGHEST WIND SPEED    16   HIGHEST WIND DIRECTION    SW (230)
  HIGHEST GUST SPEED    19   HIGHEST GUST DIRECTION    SW (230)
  AVERAGE WIND SPEED     6.8


SKY COVER
  AVERAGE SKY COVER 0.0


WEATHER CONDITIONS
 THE FOLLOWING WEATHER WAS RECORDED YESTERDAY.
  NO SIGNIFICANT WEATHER WAS OBSERVED.


RELATIVE HUMIDITY (PERCENT)
 HIGHEST    92           200 AM
 LOWEST     27           400 PM
 AVERAGE    60

..........................................................


THE HAVRE MT CLIMATE NORMALS FOR TODAY
                         NORMAL    RECORD    YEAR
 MAXIMUM TEMPERATURE (F)   64        90      1998
 MINIMUM TEMPERATURE (F)   36        15      1899


SUNRISE AND SUNSET
MAY  3 2016...........SUNRISE   555 AM MDT   SUNSET   837 PM MDT
MAY  4 2016...........SUNRISE   554 AM MDT   SUNSET   839 PM MDT


-  INDICATES NEGATIVE NUMBERS.
R  INDICATES RECORD WAS SET OR TIED.
MM INDICATES DATA IS MISSING.
T  INDICATES TRACE AMOUNT.




$$
