000
CDUS43 KUNR 020858
CLIICR


CLIMATE REPORT
NATIONAL WEATHER SERVICE RAPID CITY SD
258 AM MDT TUE SEP 2 2014


...................................

...THE WINNER REGIONAL AIRPORT SD CLIMATE SUMMARY FOR SEPTEMBER 1 2014...

CLIMATE NORMAL PERIOD 1981 TO 2010
CLIMATE RECORD PERIOD 9999 TO 9999


WEATHER ITEM   OBSERVED TIME   NORMAL DEPARTURE LAST
                VALUE   (LST)  VALUE  FROM      YEAR
                                      NORMAL
......................................................
TEMPERATURE (F)
 YESTERDAY
  MAXIMUM         80    248 PM  83     -3       83
  MINIMUM         54    616 AM  58     -4       55
  AVERAGE         67            70     -3       69

PRECIPITATION (IN)
  YESTERDAY        0.22          0.08   0.14     0.00
  MONTH TO DATE    0.22          0.08   0.14     0.00
  SINCE SEP 1      0.22          0.08   0.14     0.00
  SINCE JAN 1     13.29         17.08  -3.79    15.99

DEGREE DAYS
 HEATING
  YESTERDAY        0             1     -1        0
  MONTH TO DATE    0             1     -1        0
  SINCE SEP 1      0             1     -1        0
  SINCE JUL 1     13            15     -2        7

 COOLING
  YESTERDAY        2             7     -5        4
  MONTH TO DATE    2             7     -5        4
  SINCE SEP 1      2             7     -5        4
  SINCE JAN 1    732           813    -81      795
......................................................


WIND (MPH)
  HIGHEST WIND SPEED    24   HIGHEST WIND DIRECTION     W (280)
  HIGHEST GUST SPEED    30   HIGHEST GUST DIRECTION     W (250)
  AVERAGE WIND SPEED     7.7


SKY COVER
  AVERAGE SKY COVER 0.2


WEATHER CONDITIONS
 THE FOLLOWING WEATHER WAS RECORDED YESTERDAY.
  THUNDERSTORM
  RAIN
  LIGHT RAIN


RELATIVE HUMIDITY (PERCENT)
 HIGHEST    93           100 AM
 LOWEST     32           400 PM
 AVERAGE    63

..........................................................




SUNRISE AND SUNSET
SEPTEMBER  2 2014.....SUNRISE   704 AM CDT   SUNSET   813 PM CDT
SEPTEMBER  3 2014.....SUNRISE   706 AM CDT   SUNSET   811 PM CDT


-  INDICATES NEGATIVE NUMBERS.
R  INDICATES RECORD WAS SET OR TIED.
MM INDICATES DATA IS MISSING.
T  INDICATES TRACE AMOUNT.




$$
