000
CDUS43 KUNR 060831
CLIICR


CLIMATE REPORT
NATIONAL WEATHER SERVICE RAPID CITY SD
231 AM MDT FRI MAY 6 2016


...................................

...THE WINNER REGIONAL AIRPORT SD CLIMATE SUMMARY FOR MAY 5 2016...

CLIMATE NORMAL PERIOD 1981 TO 2010
CLIMATE RECORD PERIOD 9999 TO 9999


WEATHER ITEM   OBSERVED TIME   NORMAL DEPARTURE LAST
                VALUE   (LST)  VALUE  FROM      YEAR
                                      NORMAL
......................................................
TEMPERATURE (F)
 YESTERDAY
  MAXIMUM         86    457 PM  66     20       64
  MINIMUM         52    518 AM  43      9       46
  AVERAGE         69            55     14       55

PRECIPITATION (IN)
  YESTERDAY        0.00          0.12  -0.12     0.17
  MONTH TO DATE    T             0.61  -0.61     0.18
  SINCE MAR 1      6.14          4.48   1.66     1.03
  SINCE JAN 1      6.53          5.24   1.29     1.12

DEGREE DAYS
 HEATING
  YESTERDAY        0            11    -11       10
  MONTH TO DATE   46            57    -11       25
  SINCE MAR 1   1145          1452   -307     1038
  SINCE JUL 1   5438          6461  -1023     5798

 COOLING
  YESTERDAY        4             0      4        0
  MONTH TO DATE    4             0      4        6
  SINCE MAR 1     13             2     11       18
  SINCE JAN 1     13             2     11       18
......................................................


WIND (MPH)
  HIGHEST WIND SPEED    24   HIGHEST WIND DIRECTION     S (200)
  HIGHEST GUST SPEED    32   HIGHEST GUST DIRECTION     S (200)
  AVERAGE WIND SPEED    14.0


SKY COVER
  AVERAGE SKY COVER 0.0


WEATHER CONDITIONS
 THE FOLLOWING WEATHER WAS RECORDED YESTERDAY.
  NO SIGNIFICANT WEATHER WAS OBSERVED.


RELATIVE HUMIDITY (PERCENT)
 HIGHEST    59           100 AM
 LOWEST     25           400 PM
 AVERAGE    42

..........................................................




SUNRISE AND SUNSET
MAY  6 2016...........SUNRISE   625 AM CDT   SUNSET   848 PM CDT
MAY  7 2016...........SUNRISE   624 AM CDT   SUNSET   849 PM CDT


-  INDICATES NEGATIVE NUMBERS.
R  INDICATES RECORD WAS SET OR TIED.
MM INDICATES DATA IS MISSING.
T  INDICATES TRACE AMOUNT.




$$
