000
CDUS43 KUNR 200849
CLIICR


CLIMATE REPORT
NATIONAL WEATHER SERVICE RAPID CITY SD
247 AM MDT THU JUL 20 2017


...................................

...THE WINNER REGIONAL AIRPORT SD CLIMATE SUMMARY FOR JULY 19 2017...

CLIMATE NORMAL PERIOD 1981 TO 2010
CLIMATE RECORD PERIOD 9999 TO 9999


WEATHER ITEM   OBSERVED TIME   NORMAL DEPARTURE LAST
                VALUE   (LST)  VALUE  FROM      YEAR
                                      NORMAL
......................................................
TEMPERATURE (F)
 YESTERDAY
  MAXIMUM        105    216 PM  89     16       98
  MINIMUM         70    412 AM  63      7       71
  AVERAGE         88            76     12       85

PRECIPITATION (IN)
  YESTERDAY        T             0.07  -0.07      T
  MONTH TO DATE    0.13          1.87  -1.74     1.22
  SINCE JUN 1      0.38          5.52  -5.14     2.27
  SINCE JAN 1      7.47         13.59  -6.12    11.62

DEGREE DAYS
 HEATING
  YESTERDAY        0             0      0        0
  MONTH TO DATE    0             0      0        1
  SINCE JUN 1      8            54    -46        4
  SINCE JUL 1      0             0      0        1

 COOLING
  YESTERDAY       23            11     12       20
  MONTH TO DATE  337           190    147      201
  SINCE JUN 1    567           335    232      487
  SINCE JAN 1    595           365    230      534
......................................................


WIND (MPH)
  HIGHEST WIND SPEED    28   HIGHEST WIND DIRECTION    SE (130)
  HIGHEST GUST SPEED    35   HIGHEST GUST DIRECTION    SE (130)
  AVERAGE WIND SPEED    11.2


SKY COVER
  AVERAGE SKY COVER 0.1


WEATHER CONDITIONS
 THE FOLLOWING WEATHER WAS RECORDED YESTERDAY.
  THUNDERSTORM
  LIGHT RAIN
  FOG
  HAZE


RELATIVE HUMIDITY (PERCENT)
 HIGHEST    93           600 AM
 LOWEST     29           200 PM
 AVERAGE    61

..........................................................




SUNRISE AND SUNSET
JULY 20 2017..........SUNRISE   617 AM CDT   SUNSET   914 PM CDT
JULY 21 2017..........SUNRISE   618 AM CDT   SUNSET   913 PM CDT


-  INDICATES NEGATIVE NUMBERS.
R  INDICATES RECORD WAS SET OR TIED.
MM INDICATES DATA IS MISSING.
T  INDICATES TRACE AMOUNT.




$$
