030
CDUS43 KUNR 051016
CLIICR


CLIMATE REPORT
NATIONAL WEATHER SERVICE RAPID CITY SD
314 AM MST FRI FEB 5 2016


...................................

...THE WINNER REGIONAL AIRPORT SD CLIMATE SUMMARY FOR FEBRUARY 4 2016...

CLIMATE NORMAL PERIOD 1981 TO 2010
CLIMATE RECORD PERIOD 9999 TO 9999


WEATHER ITEM   OBSERVED TIME   NORMAL DEPARTURE LAST
                VALUE   (LST)  VALUE  FROM      YEAR
                                      NORMAL
......................................................
TEMPERATURE (F)
 YESTERDAY
  MAXIMUM         32    301 PM  36     -4       18
  MINIMUM         19    816 AM  15      4        3
  AVERAGE         26            25      1       11

PRECIPITATION (IN)
  YESTERDAY        0.00          0.02  -0.02      T
  MONTH TO DATE    0.01          0.07  -0.06     0.01
  SINCE DEC 1      1.53          0.66   0.87     0.29
  SINCE JAN 1      0.08          0.32  -0.24     0.09

DEGREE DAYS
 HEATING
  YESTERDAY       39            40     -1       54
  MONTH TO DATE  153           160     -7      214
  SINCE DEC 1   2528          2644   -116     2403
  SINCE JUL 1   3623          4115   -492     3859

 COOLING
  YESTERDAY        0             0      0        0
  MONTH TO DATE    0             0      0        0
  SINCE DEC 1      0             0      0        0
  SINCE JAN 1      0             0      0        0
......................................................


WIND (MPH)
  HIGHEST WIND SPEED    21   HIGHEST WIND DIRECTION     S (180)
  HIGHEST GUST SPEED    26   HIGHEST GUST DIRECTION     S (180)
  AVERAGE WIND SPEED     9.4


SKY COVER
  AVERAGE SKY COVER 0.2


WEATHER CONDITIONS
 THE FOLLOWING WEATHER WAS RECORDED YESTERDAY.
  NO SIGNIFICANT WEATHER WAS OBSERVED.


RELATIVE HUMIDITY (PERCENT)
 HIGHEST    74          1200 AM
 LOWEST     55           500 AM
 AVERAGE    65

..........................................................




SUNRISE AND SUNSET
FEBRUARY  5 2016......SUNRISE   751 AM CST   SUNSET   556 PM CST
FEBRUARY  6 2016......SUNRISE   750 AM CST   SUNSET   557 PM CST


-  INDICATES NEGATIVE NUMBERS.
R  INDICATES RECORD WAS SET OR TIED.
MM INDICATES DATA IS MISSING.
T  INDICATES TRACE AMOUNT.




$$
