000
CDUS43 KUNR 150833
CLIICR


CLIMATE REPORT
NATIONAL WEATHER SERVICE RAPID CITY SD
232 AM MDT TUE APR 15 2014


...................................

...THE WINNER REGIONAL AIRPORT SD CLIMATE SUMMARY FOR APRIL 14 2014...

CLIMATE NORMAL PERIOD 1981 TO 2010
CLIMATE RECORD PERIOD 9999 TO 9999


WEATHER ITEM   OBSERVED TIME   NORMAL DEPARTURE LAST
                VALUE   (LST)  VALUE  FROM      YEAR
                                      NORMAL
......................................................
TEMPERATURE (F)
 YESTERDAY
  MAXIMUM         45    109 PM  59    -14       42
  MINIMUM         16    422 AM  35    -19       29
  AVERAGE         31            47    -16       36

PRECIPITATION (IN)
  YESTERDAY        T             0.08  -0.08     0.53
  MONTH TO DATE    0.14          0.94  -0.80     0.70
  SINCE MAR 1      0.18          2.32  -2.14     1.30
  SINCE JAN 1      0.26          3.08  -2.82     1.30

DEGREE DAYS
 HEATING
  YESTERDAY       34            18     16       29
  MONTH TO DATE  280           282     -2      377
  SINCE MAR 1   1230          1158     72     1389
  SINCE JUL 1   6563          6167    396     6052

 COOLING
  YESTERDAY        0             0      0        0
  MONTH TO DATE    2             0      2        0
  SINCE MAR 1      2             0      2        0
  SINCE JAN 1      2             0      2        0
......................................................


WIND (MPH)
  HIGHEST WIND SPEED    32   HIGHEST WIND DIRECTION    NW (320)
  HIGHEST GUST SPEED    41   HIGHEST GUST DIRECTION    NW (330)
  AVERAGE WIND SPEED    12.2


SKY COVER
  AVERAGE SKY COVER 0.3


WEATHER CONDITIONS
 THE FOLLOWING WEATHER WAS RECORDED YESTERDAY.
  LIGHT SNOW
  HAZE


RELATIVE HUMIDITY (PERCENT)
 HIGHEST    74           600 AM
 LOWEST     24           400 PM
 AVERAGE    49

..........................................................




SUNRISE AND SUNSET
APRIL 15 2014.........SUNRISE   657 AM CDT   SUNSET   822 PM CDT
APRIL 16 2014.........SUNRISE   655 AM CDT   SUNSET   824 PM CDT


-  INDICATES NEGATIVE NUMBERS.
R  INDICATES RECORD WAS SET OR TIED.
MM INDICATES DATA IS MISSING.
T  INDICATES TRACE AMOUNT.




$$
