000
CDUS43 KUNR 280846
CLIICR


CLIMATE REPORT
NATIONAL WEATHER SERVICE RAPID CITY SD
243 AM MDT TUE JUL 28 2015


...................................

...THE WINNER REGIONAL AIRPORT SD CLIMATE SUMMARY FOR JULY 27 2015...

CLIMATE NORMAL PERIOD 1981 TO 2010
CLIMATE RECORD PERIOD 9999 TO 9999


WEATHER ITEM   OBSERVED TIME   NORMAL DEPARTURE LAST
                VALUE   (LST)  VALUE  FROM      YEAR
                                      NORMAL
......................................................
TEMPERATURE (F)
 YESTERDAY
  MAXIMUM         94    524 PM  89      5       84
  MINIMUM         66    558 AM  64      2       56
  AVERAGE         80            77      3       70

PRECIPITATION (IN)
  YESTERDAY        0.52          0.10   0.42     0.00
  MONTH TO DATE    2.00          2.53  -0.53     0.25
  SINCE JUN 1      6.02          6.18  -0.16     4.41
  SINCE JAN 1      9.69         14.25  -4.56     9.20

DEGREE DAYS
 HEATING
  YESTERDAY        0             0      0        0
  MONTH TO DATE    0             0      0       12
  SINCE JUN 1      3            54    -51       49
  SINCE JUL 1      0             0      0       12

 COOLING
  YESTERDAY       15            12      3        5
  MONTH TO DATE  330           284     46      267
  SINCE JUN 1    548           429    119      384
  SINCE JAN 1    583           459    124      465
......................................................


WIND (MPH)
  HIGHEST WIND SPEED    32   HIGHEST WIND DIRECTION    NW (320)
  HIGHEST GUST SPEED    42   HIGHEST GUST DIRECTION    NW (320)
  AVERAGE WIND SPEED    14.1


SKY COVER
  AVERAGE SKY COVER 0.1


WEATHER CONDITIONS
 THE FOLLOWING WEATHER WAS RECORDED YESTERDAY.
  THUNDERSTORM
  HEAVY RAIN
  FOG


RELATIVE HUMIDITY (PERCENT)
 HIGHEST    81           400 AM
 LOWEST     38           100 PM
 AVERAGE    60

..........................................................




SUNRISE AND SUNSET
JULY 28 2015..........SUNRISE   625 AM CDT   SUNSET   906 PM CDT
JULY 29 2015..........SUNRISE   626 AM CDT   SUNSET   905 PM CDT


-  INDICATES NEGATIVE NUMBERS.
R  INDICATES RECORD WAS SET OR TIED.
MM INDICATES DATA IS MISSING.
T  INDICATES TRACE AMOUNT.




$$
