000
CDUS43 KUNR 290833
CLIICR


CLIMATE REPORT
NATIONAL WEATHER SERVICE RAPID CITY SD
233 AM MDT MON MAY 29 2017


...................................

...THE WINNER REGIONAL AIRPORT SD CLIMATE SUMMARY FOR MAY 28 2017...

CLIMATE NORMAL PERIOD 1981 TO 2010
CLIMATE RECORD PERIOD 9999 TO 9999


WEATHER ITEM   OBSERVED TIME   NORMAL DEPARTURE LAST
                VALUE   (LST)  VALUE  FROM      YEAR
                                      NORMAL
......................................................
TEMPERATURE (F)
 YESTERDAY
  MAXIMUM         78    431 PM  74      4       74
  MINIMUM         51   1159 PM  50      1       56
  AVERAGE         65            62      3       65

PRECIPITATION (IN)
  YESTERDAY        T             0.13  -0.13     0.00
  MONTH TO DATE    3.03          3.03   0.00     2.80
  SINCE MAR 1      5.45          6.90  -1.45     8.94
  SINCE JAN 1      7.09          7.66  -0.57     9.33

DEGREE DAYS
 HEATING
  YESTERDAY        0             5     -5        0
  MONTH TO DATE  185           229    -44      176
  SINCE MAR 1   1376          1624   -248     1275
  SINCE JUL 1   5528          6633  -1105     5568

 COOLING
  YESTERDAY        0             2     -2        0
  MONTH TO DATE   26            24      2       29
  SINCE MAR 1     28            26      2       38
  SINCE JAN 1     28            26      2       38
......................................................


WIND (MPH)
  HIGHEST WIND SPEED    25   HIGHEST WIND DIRECTION    NW (330)
  HIGHEST GUST SPEED    33   HIGHEST GUST DIRECTION    NW (310)
  AVERAGE WIND SPEED    13.2


SKY COVER
  AVERAGE SKY COVER 0.1


WEATHER CONDITIONS
 THE FOLLOWING WEATHER WAS RECORDED YESTERDAY.
  LIGHT RAIN


RELATIVE HUMIDITY (PERCENT)
 HIGHEST    77           100 AM
 LOWEST     24           200 PM
 AVERAGE    51

..........................................................




SUNRISE AND SUNSET
MAY 29 2017...........SUNRISE   603 AM CDT   SUNSET   911 PM CDT
MAY 30 2017...........SUNRISE   603 AM CDT   SUNSET   912 PM CDT


-  INDICATES NEGATIVE NUMBERS.
R  INDICATES RECORD WAS SET OR TIED.
MM INDICATES DATA IS MISSING.
T  INDICATES TRACE AMOUNT.




$$
