000
CDUS43 KUNR 200833
CLIICR


CLIMATE REPORT
NATIONAL WEATHER SERVICE RAPID CITY SD
133 AM MST MON NOV 20 2017


...................................

...THE WINNER REGIONAL AIRPORT SD CLIMATE SUMMARY FOR NOVEMBER 19 2017...

CLIMATE NORMAL PERIOD 1981 TO 2010
CLIMATE RECORD PERIOD 9999 TO 9999


WEATHER ITEM   OBSERVED TIME   NORMAL DEPARTURE LAST
                VALUE   (LST)  VALUE  FROM      YEAR
                                      NORMAL
......................................................
TEMPERATURE (F)
 YESTERDAY
  MAXIMUM         60    352 PM  44     16       37
  MINIMUM         28    740 AM  24      4       15
  AVERAGE         44            34     10       26

PRECIPITATION (IN)
  YESTERDAY        0.00          0.02  -0.02     0.00
  MONTH TO DATE    0.34          0.45  -0.11     0.08
  SINCE SEP 1      3.69          4.08  -0.39     3.40
  SINCE JAN 1     19.21         21.08  -1.87    18.26

DEGREE DAYS
 HEATING
  YESTERDAY       21            31    -10       39
  MONTH TO DATE  504           497      7      241
  SINCE SEP 1   1029          1081    -52      555
  SINCE JUL 1   1031          1095    -64      563

 COOLING
  YESTERDAY        0             0      0        0
  MONTH TO DATE    0             0      0        0
  SINCE SEP 1    137           110     27      149
  SINCE JAN 1   1113           916    197     1193
......................................................


WIND (MPH)
  HIGHEST WIND SPEED    15   HIGHEST WIND DIRECTION    SW (210)
  HIGHEST GUST SPEED    18   HIGHEST GUST DIRECTION    SW (210)
  AVERAGE WIND SPEED     8.0


SKY COVER
  AVERAGE SKY COVER 0.0


WEATHER CONDITIONS
 THE FOLLOWING WEATHER WAS RECORDED YESTERDAY.
  NO SIGNIFICANT WEATHER WAS OBSERVED.


RELATIVE HUMIDITY (PERCENT)
 HIGHEST    69          1200 AM
 LOWEST     19           300 PM
 AVERAGE    44

..........................................................




SUNRISE AND SUNSET
NOVEMBER 20 2017......SUNRISE   739 AM CST   SUNSET   510 PM CST
NOVEMBER 21 2017......SUNRISE   741 AM CST   SUNSET   510 PM CST


-  INDICATES NEGATIVE NUMBERS.
R  INDICATES RECORD WAS SET OR TIED.
MM INDICATES DATA IS MISSING.
T  INDICATES TRACE AMOUNT.




$$
