000
CDUS43 KUNR 240833
CLIICR


CLIMATE REPORT
NATIONAL WEATHER SERVICE RAPID CITY SD
233 AM MDT FRI OCT 24 2014


...................................

...THE WINNER REGIONAL AIRPORT SD CLIMATE SUMMARY FOR OCTOBER 23 2014...

CLIMATE NORMAL PERIOD 1981 TO 2010
CLIMATE RECORD PERIOD 9999 TO 9999


WEATHER ITEM   OBSERVED TIME   NORMAL DEPARTURE LAST
                VALUE   (LST)  VALUE  FROM      YEAR
                                      NORMAL
......................................................
TEMPERATURE (F)
 YESTERDAY
  MAXIMUM         77    215 PM  59     18       51
  MINIMUM         48    724 AM  36     12       37
  AVERAGE         63            48     15       44

PRECIPITATION (IN)
  YESTERDAY        0.00          0.05  -0.05      T
  MONTH TO DATE    0.24          1.31  -1.07     3.95
  SINCE SEP 1      1.28          3.30  -2.02     4.69
  SINCE JAN 1     14.35         20.30  -5.95    20.68

DEGREE DAYS
 HEATING
  YESTERDAY        2            17    -15       21
  MONTH TO DATE  196           302   -106      350
  SINCE SEP 1    303           430   -127      398
  SINCE JUL 1    316           444   -128      405

 COOLING
  YESTERDAY        0             0      0        0
  MONTH TO DATE    5             9     -4        2
  SINCE SEP 1    129           109     20      223
  SINCE JAN 1    859           915    -56     1014
......................................................


WIND (MPH)
  HIGHEST WIND SPEED    16   HIGHEST WIND DIRECTION     W (270)
  HIGHEST GUST SPEED    20   HIGHEST GUST DIRECTION     W (250)
  AVERAGE WIND SPEED     8.0


SKY COVER
  AVERAGE SKY COVER 0.0


WEATHER CONDITIONS
 THE FOLLOWING WEATHER WAS RECORDED YESTERDAY.
  NO SIGNIFICANT WEATHER WAS OBSERVED.


RELATIVE HUMIDITY (PERCENT)
 HIGHEST    80           700 AM
 LOWEST     17           100 PM
 AVERAGE    49

..........................................................




SUNRISE AND SUNSET
OCTOBER 24 2014.......SUNRISE   804 AM CDT   SUNSET   642 PM CDT
OCTOBER 25 2014.......SUNRISE   806 AM CDT   SUNSET   641 PM CDT


-  INDICATES NEGATIVE NUMBERS.
R  INDICATES RECORD WAS SET OR TIED.
MM INDICATES DATA IS MISSING.
T  INDICATES TRACE AMOUNT.




$$
