000
CDUS43 KUNR 050838
CLIICR


CLIMATE REPORT
NATIONAL WEATHER SERVICE RAPID CITY SD
238 AM MDT SUN JUL 5 2015


...................................

...THE WINNER REGIONAL AIRPORT SD CLIMATE SUMMARY FOR JULY 4 2015...

CLIMATE NORMAL PERIOD 1981 TO 2010
CLIMATE RECORD PERIOD 9999 TO 9999


WEATHER ITEM   OBSERVED TIME   NORMAL DEPARTURE LAST
                VALUE   (LST)  VALUE  FROM      YEAR
                                      NORMAL
......................................................
TEMPERATURE (F)
 YESTERDAY
  MAXIMUM         94    441 PM  86      8       87
  MINIMUM         68    617 AM  61      7       69
  AVERAGE         81            74      7       78

PRECIPITATION (IN)
  YESTERDAY        0.00          0.13  -0.13      T
  MONTH TO DATE    0.01          0.50  -0.49     0.03
  SINCE JUN 1      4.03          4.15  -0.12     4.19
  SINCE JAN 1      7.70         12.22  -4.52     8.98

DEGREE DAYS
 HEATING
  YESTERDAY        0             0      0        0
  MONTH TO DATE    0             0      0        7
  SINCE JUN 1      3            54    -51       44
  SINCE JUL 1      0             0      0        7

 COOLING
  YESTERDAY       16             9      7       13
  MONTH TO DATE   42            35      7       19
  SINCE JUN 1    260           180     80      136
  SINCE JAN 1    295           210     85      217
......................................................


WIND (MPH)
  HIGHEST WIND SPEED    23   HIGHEST WIND DIRECTION     S (180)
  HIGHEST GUST SPEED    29   HIGHEST GUST DIRECTION     S (170)
  AVERAGE WIND SPEED    15.8


SKY COVER
  AVERAGE SKY COVER 0.0


WEATHER CONDITIONS
 THE FOLLOWING WEATHER WAS RECORDED YESTERDAY.
  NO SIGNIFICANT WEATHER WAS OBSERVED.


RELATIVE HUMIDITY (PERCENT)
 HIGHEST    76           600 AM
 LOWEST     32           300 PM
 AVERAGE    54

..........................................................




SUNRISE AND SUNSET
JULY  5 2015..........SUNRISE   605 AM CDT   SUNSET   923 PM CDT
JULY  6 2015..........SUNRISE   605 AM CDT   SUNSET   922 PM CDT


-  INDICATES NEGATIVE NUMBERS.
R  INDICATES RECORD WAS SET OR TIED.
MM INDICATES DATA IS MISSING.
T  INDICATES TRACE AMOUNT.




$$
