000
CDUS43 KUNR 290839
CLIICR


CLIMATE REPORT
NATIONAL WEATHER SERVICE RAPID CITY SD
238 AM MDT THU SEP 29 2016


...................................

...THE WINNER REGIONAL AIRPORT SD CLIMATE SUMMARY FOR SEPTEMBER 28 2016...

CLIMATE NORMAL PERIOD 1981 TO 2010
CLIMATE RECORD PERIOD 9999 TO 9999


WEATHER ITEM   OBSERVED TIME   NORMAL DEPARTURE LAST
                VALUE   (LST)  VALUE  FROM      YEAR
                                      NORMAL
......................................................
TEMPERATURE (F)
 YESTERDAY
  MAXIMUM         72    239 PM  71      1       71
  MINIMUM         42    628 AM  45     -3       56
  AVERAGE         57            58     -1       64

PRECIPITATION (IN)
  YESTERDAY        0.00          0.07  -0.07     0.39
  MONTH TO DATE    2.03          1.88   0.15     1.50
  SINCE SEP 1      2.03          1.88   0.15     1.50
  SINCE JAN 1     16.89         18.88  -1.99    14.30

DEGREE DAYS
 HEATING
  YESTERDAY        8             8      0        1
  MONTH TO DATE   56           112    -56       25
  SINCE SEP 1     56           112    -56       25
  SINCE JUL 1     64           126    -62       39

 COOLING
  YESTERDAY        0             1     -1        0
  MONTH TO DATE  116            99     17      188
  SINCE SEP 1    116            99     17      188
  SINCE JAN 1   1160           905    255     1128
......................................................


WIND (MPH)
  HIGHEST WIND SPEED    14   HIGHEST WIND DIRECTION    NE (50)
  HIGHEST GUST SPEED    19   HIGHEST GUST DIRECTION    NE (50)
  AVERAGE WIND SPEED     5.7


SKY COVER
  AVERAGE SKY COVER 0.0


WEATHER CONDITIONS
 THE FOLLOWING WEATHER WAS RECORDED YESTERDAY.
  FOG
  HAZE


RELATIVE HUMIDITY (PERCENT)
 HIGHEST    89           700 AM
 LOWEST     29           200 PM
 AVERAGE    59

..........................................................




SUNRISE AND SUNSET
SEPTEMBER 29 2016.....SUNRISE   735 AM CDT   SUNSET   723 PM CDT
SEPTEMBER 30 2016.....SUNRISE   736 AM CDT   SUNSET   721 PM CDT


-  INDICATES NEGATIVE NUMBERS.
R  INDICATES RECORD WAS SET OR TIED.
MM INDICATES DATA IS MISSING.
T  INDICATES TRACE AMOUNT.




$$
