000
CDUS43 KUNR 240843
CLIICR


CLIMATE REPORT
NATIONAL WEATHER SERVICE RAPID CITY SD
242 AM MDT SUN SEP 24 2017


...................................

...THE WINNER REGIONAL AIRPORT SD CLIMATE SUMMARY FOR SEPTEMBER 23 2017...

CLIMATE NORMAL PERIOD 1981 TO 2010
CLIMATE RECORD PERIOD 9999 TO 9999


WEATHER ITEM   OBSERVED TIME   NORMAL DEPARTURE LAST
                VALUE   (LST)  VALUE  FROM      YEAR
                                      NORMAL
......................................................
TEMPERATURE (F)
 YESTERDAY
  MAXIMUM         54    654 PM  74    -20       95
  MINIMUM         51    902 AM  48      3       63
  AVERAGE         53            61     -8       79

PRECIPITATION (IN)
  YESTERDAY        1.54          0.07   1.47      T
  MONTH TO DATE    2.20          1.56   0.64     2.03
  SINCE SEP 1      2.20          1.56   0.64     2.03
  SINCE JAN 1     17.72         18.56  -0.84    16.89

DEGREE DAYS
 HEATING
  YESTERDAY       12             6      6        0
  MONTH TO DATE   59            77    -18       38
  SINCE SEP 1     59            77    -18       38
  SINCE JUL 1     61            91    -30       46

 COOLING
  YESTERDAY        0             2     -2       14
  MONTH TO DATE  130            93     37      114
  SINCE SEP 1    130            93     37      114
  SINCE JAN 1   1106           899    207     1158
......................................................


WIND (MPH)
  HIGHEST WIND SPEED    25   HIGHEST WIND DIRECTION     W (270)
  HIGHEST GUST SPEED    34   HIGHEST GUST DIRECTION     W (260)
  AVERAGE WIND SPEED     9.5


SKY COVER
  AVERAGE SKY COVER 0.8


WEATHER CONDITIONS
 THE FOLLOWING WEATHER WAS RECORDED YESTERDAY.
  THUNDERSTORM
  HEAVY RAIN
  RAIN
  LIGHT RAIN
  FOG


RELATIVE HUMIDITY (PERCENT)
 HIGHEST    93           100 PM
 LOWEST     89           500 AM
 AVERAGE    91

..........................................................




SUNRISE AND SUNSET
SEPTEMBER 24 2017.....SUNRISE   729 AM CDT   SUNSET   733 PM CDT
SEPTEMBER 25 2017.....SUNRISE   730 AM CDT   SUNSET   731 PM CDT


-  INDICATES NEGATIVE NUMBERS.
R  INDICATES RECORD WAS SET OR TIED.
MM INDICATES DATA IS MISSING.
T  INDICATES TRACE AMOUNT.




$$
