000
CDUS43 KUNR 040842
CLIICR


CLIMATE REPORT
NATIONAL WEATHER SERVICE RAPID CITY SD
140 AM MST WED MAR 4 2015


...................................

...THE WINNER REGIONAL AIRPORT SD CLIMATE SUMMARY FOR MARCH 3 2015...

CLIMATE NORMAL PERIOD 1981 TO 2010
CLIMATE RECORD PERIOD 9999 TO 9999


WEATHER ITEM   OBSERVED TIME   NORMAL DEPARTURE LAST
                VALUE   (LST)  VALUE  FROM      YEAR
                                      NORMAL
......................................................
TEMPERATURE (F)
 YESTERDAY
  MAXIMUM         33    159 AM  43    -10       30
  MINIMUM          7   1152 PM  21    -14       -9
  AVERAGE         20            32    -12       11

PRECIPITATION (IN)
  YESTERDAY        0.05          0.02   0.03     0.00
  MONTH TO DATE    0.05          0.04   0.01     0.01
  SINCE MAR 1      0.05          0.04   0.01     0.01
  SINCE JAN 1      0.14          0.80  -0.66     0.09

DEGREE DAYS
 HEATING
  YESTERDAY       45            33     12       54
  MONTH TO DATE  121           100     21      193
  SINCE MAR 1    121           100     21      193
  SINCE JUL 1   4881          5109   -228     5526

 COOLING
  YESTERDAY        0             0      0        0
  MONTH TO DATE    0             0      0        0
  SINCE MAR 1      0             0      0        0
  SINCE JAN 1      0             0      0        0
......................................................


WIND (MPH)
  HIGHEST WIND SPEED    37   HIGHEST WIND DIRECTION     N (350)
  HIGHEST GUST SPEED    46   HIGHEST GUST DIRECTION     N (340)
  AVERAGE WIND SPEED    16.9


SKY COVER
  AVERAGE SKY COVER 0.7


WEATHER CONDITIONS
 THE FOLLOWING WEATHER WAS RECORDED YESTERDAY.
  HEAVY SNOW
  SNOW
  LIGHT SNOW
  FOG
  HAZE
  BLOWING SNOW


RELATIVE HUMIDITY (PERCENT)
 HIGHEST    80           800 AM
 LOWEST     45           300 PM
 AVERAGE    63

..........................................................




SUNRISE AND SUNSET
MARCH  4 2015.........SUNRISE   711 AM CST   SUNSET   632 PM CST
MARCH  5 2015.........SUNRISE   709 AM CST   SUNSET   633 PM CST


-  INDICATES NEGATIVE NUMBERS.
R  INDICATES RECORD WAS SET OR TIED.
MM INDICATES DATA IS MISSING.
T  INDICATES TRACE AMOUNT.




$$
