000
CDUS43 KICT 222207
CLIICT


CLIMATE REPORT
NATIONAL WEATHER SERVICE WICHITA KS
507 PM CDT SUN OCT 22 2017


...................................

...THE WICHITA EISENHOWER NATIONAL CLIMATE SUMMARY FOR OCTOBER 22 2017...
VALID TODAY AS OF 0500 PM LOCAL TIME.

CLIMATE NORMAL PERIOD 1981 TO 2010
CLIMATE RECORD PERIOD 1888 TO 2017


WEATHER ITEM   OBSERVED TIME   RECORD YEAR NORMAL DEPARTURE LAST
                VALUE   (LST)  VALUE       VALUE  FROM      YEAR
                                                  NORMAL
..................................................................
TEMPERATURE (F)
 TODAY
  MAXIMUM         71    334 PM  87    1899  68      3       78
  MINIMUM         44    454 AM  26    2006  45     -1       45
  AVERAGE         58                        56      2       62

PRECIPITATION (IN)
  TODAY            0.00          1.16 2000   0.09  -0.09     0.00
  MONTH TO DATE    3.60                      2.12   1.48     1.12
  SINCE SEP 1      5.94                      5.26   0.68    12.42
  SINCE JAN 1     33.29                     29.35   3.94    48.76

SNOWFALL (IN)
  TODAY            0.0           0.2  1996   0.0    0.0      0.0
  MONTH TO DATE    0.0                       0.0    0.0      0.0
  SINCE SEP 1      0.0                       0.0    0.0      0.0
  SINCE JUL 1      0.0                       0.0    0.0      0.0
  SNOW DEPTH       0

DEGREE DAYS
 HEATING
  TODAY            7                         9     -2        3
  MONTH TO DATE   71                       143    -72       69
  SINCE SEP 1     77                       185   -108       83
  SINCE JUL 1     77                       186   -109       83

 COOLING
  TODAY            0                         1     -1        0
  MONTH TO DATE   68                        35     33       68
  SINCE SEP 1    344                       257     87      348
  SINCE JAN 1   1783                      1684     99     2020
..................................................................


WIND (MPH)
  HIGHEST WIND SPEED    13   HIGHEST WIND DIRECTION     W (290)
  HIGHEST GUST SPEED    17   HIGHEST GUST DIRECTION    NW (320)
  AVERAGE WIND SPEED     7.1


SKY COVER
  POSSIBLE SUNSHINE  MM
  AVERAGE SKY COVER 0.2


WEATHER CONDITIONS
 THE FOLLOWING WEATHER WAS RECORDED TODAY.
  NO SIGNIFICANT WEATHER WAS OBSERVED.


RELATIVE HUMIDITY (PERCENT)
 HIGHEST    89           500 AM
 LOWEST     20           300 PM
 AVERAGE    55

..........................................................


THE WICHITA EISENHOWER NATIONAL CLIMATE NORMALS FOR TOMORROW
                         NORMAL    RECORD    YEAR
 MAXIMUM TEMPERATURE (F)   67        91      2012
 MINIMUM TEMPERATURE (F)   45        25      1938
                                             1917


SUNRISE AND SUNSET
OCTOBER 22 2017.......SUNRISE   745 AM CDT   SUNSET   643 PM CDT
OCTOBER 23 2017.......SUNRISE   746 AM CDT   SUNSET   641 PM CDT


-  INDICATES NEGATIVE NUMBERS.
R  INDICATES RECORD WAS SET OR TIED.
MM INDICATES DATA IS MISSING.
T  INDICATES TRACE AMOUNT.




$$
