000
CDUS45 KPIH 100732
CLIIDA


CLIMATE REPORT
NATIONAL WEATHER SERVICE POCATELLO ID
132 AM MDT THU JUL 10 2014


...................................

...THE IDAHO FALLS ID CLIMATE SUMMARY FOR JULY 9 2014...

CLIMATE NORMAL PERIOD 1981 TO 2010
CLIMATE RECORD PERIOD 1948 TO 2014


WEATHER ITEM   OBSERVED TIME   RECORD YEAR NORMAL DEPARTURE LAST
                VALUE   (LST)  VALUE       VALUE  FROM      YEAR
                                                  NORMAL
..................................................................
TEMPERATURE (F)
 YESTERDAY
  MAXIMUM         92    536 PM  97    1956  85      7       92
  MINIMUM         50    532 AM  38    2009  50      0       48
  AVERAGE         71                        67      4       70

PRECIPITATION (IN)
  YESTERDAY        T             0.88 1983   0.02  -0.02     0.00
  MONTH TO DATE    T                         0.14  -0.14     0.04
  SINCE OCT 1      5.14                      8.65  -3.51     4.67
  SINCE JAN 1      3.84                      6.08  -2.24     1.98

SNOWFALL (IN)
  YESTERDAY       MM
  MONTH TO DATE   MM
  SINCE JUN 1     MM
  SINCE JUL 1     MM
  SNOW DEPTH      MM

DEGREE DAYS
 HEATING
  YESTERDAY        0                         1     -1        0
  MONTH TO DATE    2                        13    -11        0
  SINCE JUN 1    130                       166    -36      100
  SINCE JUL 1      2                        13    -11        0

 COOLING
  YESTERDAY        6                         4      2        5
  MONTH TO DATE   52                        27     25       76
  SINCE JUN 1     61                        57      4      145
  SINCE JAN 1     62                        59      3      149
..................................................................


WIND (MPH)
  HIGHEST WIND SPEED    21   HIGHEST WIND DIRECTION     S (200)
  HIGHEST GUST SPEED    24   HIGHEST GUST DIRECTION    SW (210)
  AVERAGE WIND SPEED     6.8


SKY COVER
  POSSIBLE SUNSHINE  MM
  AVERAGE SKY COVER 0.2


WEATHER CONDITIONS
 THE FOLLOWING WEATHER WAS RECORDED YESTERDAY.
  NO SIGNIFICANT WEATHER WAS OBSERVED.


RELATIVE HUMIDITY (PERCENT)
 HIGHEST    89           300 AM
 LOWEST     19          1200 PM
 AVERAGE    54

..........................................................


THE IDAHO FALLS ID CLIMATE NORMALS FOR TODAY
                         NORMAL    RECORD    YEAR
 MAXIMUM TEMPERATURE (F)   85        98      2013
                                             1973
 MINIMUM TEMPERATURE (F)   50        39      1999


SUNRISE AND SUNSET
JULY 10 2014..........SUNRISE   557 AM MDT   SUNSET   910 PM MDT
JULY 11 2014..........SUNRISE   558 AM MDT   SUNSET   909 PM MDT


-  INDICATES NEGATIVE NUMBERS.
R  INDICATES RECORD WAS SET OR TIED.
MM INDICATES DATA IS MISSING.
T  INDICATES TRACE AMOUNT.




$$
