000
CDUS45 KPIH 272338
CLIIDA


CLIMATE REPORT
NATIONAL WEATHER SERVICE POCATELLO ID
435 PM MST SAT DEC 27 2014


...................................

...THE IDAHO FALLS ID CLIMATE SUMMARY FOR DECEMBER 27 2014...
VALID TODAY AS OF 0400 PM LOCAL TIME.

CLIMATE NORMAL PERIOD 1981 TO 2010
CLIMATE RECORD PERIOD 1948 TO 2014


WEATHER ITEM   OBSERVED TIME   RECORD YEAR NORMAL DEPARTURE LAST
                VALUE   (LST)  VALUE       VALUE  FROM      YEAR
                                                  NORMAL
..................................................................
TEMPERATURE (F)
 TODAY
  MAXIMUM         18    359 PM  53    1980  28    -10       28
  MINIMUM          6    702 AM -17    1954  11     -5        6
  AVERAGE         12                        19     -7       17

PRECIPITATION (IN)
  TODAY            T             0.24 2006   0.03  -0.03     0.00
  MONTH TO DATE    0.77                      0.77   0.00     0.13
  SINCE OCT 1      1.33                      2.47  -1.14     1.28
  SINCE JAN 1     10.16                     10.29  -0.13     6.30

SNOWFALL (IN)
  TODAY           MM
  MONTH TO DATE   MM
  SINCE DEC 1     MM
  SINCE JUL 1     MM
  SNOW DEPTH      MM

DEGREE DAYS
 HEATING
  TODAY           53                        46      7       48
  MONTH TO DATE  884                      1188   -304     1353
  SINCE DEC 1    884                      1188   -304     1353
  SINCE JUL 1   2573                      3091   -518     3077

 COOLING
  TODAY            0                         0      0        0
  MONTH TO DATE    0                         0      0        0
  SINCE DEC 1      0                         0      0        0
  SINCE JAN 1    303                       264     39      510
..................................................................


WIND (MPH)
  HIGHEST WIND SPEED    20   HIGHEST WIND DIRECTION    SW (210)
  HIGHEST GUST SPEED    23   HIGHEST GUST DIRECTION     S (200)
  AVERAGE WIND SPEED     7.1


SKY COVER
  POSSIBLE SUNSHINE  MM
  AVERAGE SKY COVER 1.0


WEATHER CONDITIONS
 THE FOLLOWING WEATHER WAS RECORDED TODAY.
  LIGHT SNOW
  FOG
  HAZE


RELATIVE HUMIDITY (PERCENT)
 HIGHEST    92           200 AM
 LOWEST     80           600 AM
 AVERAGE    86

..........................................................


THE IDAHO FALLS ID CLIMATE NORMALS FOR TOMORROW
                         NORMAL    RECORD    YEAR
 MAXIMUM TEMPERATURE (F)   28        44      2004
 MINIMUM TEMPERATURE (F)   11       -13      1983


SUNRISE AND SUNSET
DECEMBER 27 2014......SUNRISE   800 AM MST   SUNSET   458 PM MST
DECEMBER 28 2014......SUNRISE   801 AM MST   SUNSET   459 PM MST


-  INDICATES NEGATIVE NUMBERS.
R  INDICATES RECORD WAS SET OR TIED.
MM INDICATES DATA IS MISSING.
T  INDICATES TRACE AMOUNT.




$$
