000
CDUS45 KPIH 212325
CLIIDA


CLIMATE REPORT
NATIONAL WEATHER SERVICE POCATELLO ID
524 PM MDT SUN SEP 21 2014


...................................

...THE IDAHO FALLS ID CLIMATE SUMMARY FOR SEPTEMBER 21 2014...
VALID TODAY AS OF 0500 PM LOCAL TIME.

CLIMATE NORMAL PERIOD 1981 TO 2010
CLIMATE RECORD PERIOD 1948 TO 2014


WEATHER ITEM   OBSERVED TIME   RECORD YEAR NORMAL DEPARTURE LAST
                VALUE   (LST)  VALUE       VALUE  FROM      YEAR
                                                  NORMAL
..................................................................
TEMPERATURE (F)
 TODAY
  MAXIMUM         80    216 PM  86    1966  72      8       82
  MINIMUM         49    529 AM  22    1983  39     10       40
  AVERAGE         65                        55     10       61

PRECIPITATION (IN)
  TODAY            0.00          1.03 2006   0.03  -0.03     0.00
  MONTH TO DATE    0.02                      0.57  -0.55     2.05
  SINCE OCT 1      7.66                     10.12  -2.46     7.44
  SINCE JAN 1      6.36                      7.55  -1.19     4.75

SNOWFALL (IN)
  TODAY           MM
  MONTH TO DATE   MM
  SINCE SEP 1     MM
  SINCE JUL 1     MM
  SNOW DEPTH      MM

DEGREE DAYS
 HEATING
  TODAY            0                        10    -10        4
  MONTH TO DATE  105                       133    -28       47
  SINCE SEP 1    105                       133    -28       47
  SINCE JUL 1    160                       198    -38       47

 COOLING
  TODAY            0                         0      0        0
  MONTH TO DATE   14                        10      4       50
  SINCE SEP 1     14                        10      4       50
  SINCE JAN 1    296                       262     34      510
..................................................................


WIND (MPH)
  HIGHEST WIND SPEED    23   HIGHEST WIND DIRECTION    SW (210)
  HIGHEST GUST SPEED    27   HIGHEST GUST DIRECTION     S (170)
  AVERAGE WIND SPEED     8.9


SKY COVER
  POSSIBLE SUNSHINE  MM
  AVERAGE SKY COVER 0.2


WEATHER CONDITIONS
 THE FOLLOWING WEATHER WAS RECORDED TODAY.
  NO SIGNIFICANT WEATHER WAS OBSERVED.


RELATIVE HUMIDITY (PERCENT)
 HIGHEST    80           500 AM
 LOWEST     28          1200 PM
 AVERAGE    54

..........................................................


THE IDAHO FALLS ID CLIMATE NORMALS FOR TOMORROW
                         NORMAL    RECORD    YEAR
 MAXIMUM TEMPERATURE (F)   71        87      1966
 MINIMUM TEMPERATURE (F)   38        25      1971


SUNRISE AND SUNSET
SEPTEMBER 21 2014.....SUNRISE   714 AM MDT   SUNSET   727 PM MDT
SEPTEMBER 22 2014.....SUNRISE   716 AM MDT   SUNSET   725 PM MDT


-  INDICATES NEGATIVE NUMBERS.
R  INDICATES RECORD WAS SET OR TIED.
MM INDICATES DATA IS MISSING.
T  INDICATES TRACE AMOUNT.




$$
