000
CDUS45 KPIH 252330
CLIIDA


CLIMATE REPORT
NATIONAL WEATHER SERVICE POCATELLO ID
528 PM MDT MON SEP 25 2017


...................................

...THE IDAHO FALLS ID CLIMATE SUMMARY FOR SEPTEMBER 25 2017...
VALID TODAY AS OF 0500 PM LOCAL TIME.

CLIMATE NORMAL PERIOD 1981 TO 2010
CLIMATE RECORD PERIOD 1948 TO 2017


WEATHER ITEM   OBSERVED TIME   RECORD YEAR NORMAL DEPARTURE LAST
                VALUE   (LST)  VALUE       VALUE  FROM      YEAR
                                                  NORMAL
..................................................................
TEMPERATURE (F)
 TODAY
  MAXIMUM         56    315 PM  89    2015  70    -14       65
                                      2014
  MINIMUM         29    517 AM  21    1970  37     -8       34
  AVERAGE         43                        53    -10       50

PRECIPITATION (IN)
  TODAY            0.00          0.17 1948   0.03  -0.03     0.00
  MONTH TO DATE    2.30                      0.69   1.61     1.78
  SINCE OCT 1     12.67                     10.24   2.43     9.54
  SINCE JAN 1      8.39                      7.67   0.72     7.22

SNOWFALL (IN)
  TODAY           MM
  MONTH TO DATE   MM
  SINCE SEP 1     MM
  SINCE JUL 1     MM
  SNOW DEPTH      MM

DEGREE DAYS
 HEATING
  TODAY           22                        12     10       15
  MONTH TO DATE  201                       177     24      213
  SINCE SEP 1    201                       177     24      213
  SINCE JUL 1    210                       242    -32      290

 COOLING
  TODAY            0                         0      0        0
  MONTH TO DATE   40                        10     30       16
  SINCE SEP 1     40                        10     30       16
  SINCE JAN 1    362                       262    100      260
..................................................................


WIND (MPH)
  HIGHEST WIND SPEED    12   HIGHEST WIND DIRECTION     W (290)
  HIGHEST GUST SPEED    16   HIGHEST GUST DIRECTION     W (290)
  AVERAGE WIND SPEED     4.4


SKY COVER
  POSSIBLE SUNSHINE  MM
  AVERAGE SKY COVER 0.4


WEATHER CONDITIONS
 THE FOLLOWING WEATHER WAS RECORDED TODAY.
  NO SIGNIFICANT WEATHER WAS OBSERVED.


RELATIVE HUMIDITY (PERCENT)
 HIGHEST    92           400 AM
 LOWEST     30           300 PM
 AVERAGE    61

..........................................................


THE IDAHO FALLS ID CLIMATE NORMALS FOR TOMORROW
                         NORMAL    RECORD    YEAR
 MAXIMUM TEMPERATURE (F)   69        87      2010
                                             1963
 MINIMUM TEMPERATURE (F)   37        26      1970


SUNRISE AND SUNSET
SEPTEMBER 25 2017.....SUNRISE   719 AM MDT   SUNSET   720 PM MDT
SEPTEMBER 26 2017.....SUNRISE   720 AM MDT   SUNSET   718 PM MDT


-  INDICATES NEGATIVE NUMBERS.
R  INDICATES RECORD WAS SET OR TIED.
MM INDICATES DATA IS MISSING.
T  INDICATES TRACE AMOUNT.




$$
