000
CDUS45 KPIH 202321
CLIIDA


CLIMATE REPORT
NATIONAL WEATHER SERVICE POCATELLO ID
520 PM MDT THU JUL 20 2017


...................................

...THE IDAHO FALLS ID CLIMATE SUMMARY FOR JULY 20 2017...
VALID TODAY AS OF 0500 PM LOCAL TIME.

CLIMATE NORMAL PERIOD 1981 TO 2010
CLIMATE RECORD PERIOD 1948 TO 2017


WEATHER ITEM   OBSERVED TIME   RECORD YEAR NORMAL DEPARTURE LAST
                VALUE   (LST)  VALUE       VALUE  FROM      YEAR
                                                  NORMAL
..................................................................
TEMPERATURE (F)
 TODAY
  MAXIMUM         87    358 PM 101    1960  87      0       91
  MINIMUM         54   1247 AM  42    1952  51      3       49
  AVERAGE         71                        69      2       70

PRECIPITATION (IN)
  TODAY            0.01          0.33 1974   0.01   0.00     0.00
  MONTH TO DATE    0.18                      0.32  -0.14     0.19
  SINCE OCT 1      9.28                      8.83   0.45     7.67
  SINCE JAN 1      5.00                      6.26  -1.26     5.35

SNOWFALL (IN)
  TODAY           MM
  MONTH TO DATE   MM
  SINCE JUN 1     MM
  SINCE JUL 1     MM
  SNOW DEPTH      MM

DEGREE DAYS
 HEATING
  TODAY            0                         1     -1        0
  MONTH TO DATE    0                        24    -24       32
  SINCE JUN 1    108                       177    -69      106
  SINCE JUL 1      0                        24    -24       32

 COOLING
  TODAY            6                         5      1        5
  MONTH TO DATE  144                        73     71       52
  SINCE JUN 1    182                       103     79      112
  SINCE JAN 1    184                       105     79      112
..................................................................


WIND (MPH)
  HIGHEST WIND SPEED    20   HIGHEST WIND DIRECTION     S (170)
  HIGHEST GUST SPEED    24   HIGHEST GUST DIRECTION     S (170)
  AVERAGE WIND SPEED     6.7


SKY COVER
  POSSIBLE SUNSHINE  MM
  AVERAGE SKY COVER 0.4


WEATHER CONDITIONS
 THE FOLLOWING WEATHER WAS RECORDED TODAY.
  NO SIGNIFICANT WEATHER WAS OBSERVED.


RELATIVE HUMIDITY (PERCENT)
 HIGHEST    86           100 AM
 LOWEST     26           400 PM
 AVERAGE    56

..........................................................


THE IDAHO FALLS ID CLIMATE NORMALS FOR TOMORROW
                         NORMAL    RECORD    YEAR
 MAXIMUM TEMPERATURE (F)   88        99      1960
 MINIMUM TEMPERATURE (F)   51        37      1949


SUNRISE AND SUNSET
JULY 20 2017..........SUNRISE   606 AM MDT   SUNSET   903 PM MDT
JULY 21 2017..........SUNRISE   607 AM MDT   SUNSET   902 PM MDT


-  INDICATES NEGATIVE NUMBERS.
R  INDICATES RECORD WAS SET OR TIED.
MM INDICATES DATA IS MISSING.
T  INDICATES TRACE AMOUNT.




$$
