000
CDUS45 KPIH 302334
CLIIDA


CLIMATE REPORT
NATIONAL WEATHER SERVICE POCATELLO ID
531 PM MDT SUN AUG 30 2015


...................................

...THE IDAHO FALLS ID CLIMATE SUMMARY FOR AUGUST 30 2015...
VALID TODAY AS OF 0500 PM LOCAL TIME.

CLIMATE NORMAL PERIOD 1981 TO 2010
CLIMATE RECORD PERIOD 1948 TO 2015


WEATHER ITEM   OBSERVED TIME   RECORD YEAR NORMAL DEPARTURE LAST
                VALUE   (LST)  VALUE       VALUE  FROM      YEAR
                                                  NORMAL
..................................................................
TEMPERATURE (F)
 TODAY
  MAXIMUM         81    243 PM  99    1954  82     -1       74
  MINIMUM         57    459 AM  31    1964  46     11       51
  AVERAGE         69                        64      5       63

PRECIPITATION (IN)
  TODAY            T             0.55 1999   0.02  -0.02      T
  MONTH TO DATE    1.21                      0.52   0.69     2.29
  SINCE OCT 1      9.02                      9.53  -0.51     7.54
  SINCE JAN 1      7.56                      6.96   0.60     6.24

SNOWFALL (IN)
  TODAY           MM
  MONTH TO DATE   MM
  SINCE JUN 1     MM
  SINCE JUL 1     MM
  SNOW DEPTH      MM

DEGREE DAYS
 HEATING
  TODAY            0                         3     -3        2
  MONTH TO DATE   26                        34     -8       48
  SINCE JUN 1    114                       214   -100      178
  SINCE JUL 1     68                        61      7       50

 COOLING
  TODAY            4                         2      2        0
  MONTH TO DATE  108                        94     14       79
  SINCE JUN 1    303                       247     56      281
  SINCE JAN 1    304                       249     55      282
..................................................................


WIND (MPH)
  HIGHEST WIND SPEED    28   HIGHEST WIND DIRECTION     S (200)
  HIGHEST GUST SPEED    35   HIGHEST GUST DIRECTION     S (200)
  AVERAGE WIND SPEED    14.6


SKY COVER
  POSSIBLE SUNSHINE  MM
  AVERAGE SKY COVER 0.1


WEATHER CONDITIONS
 THE FOLLOWING WEATHER WAS RECORDED TODAY.
  THUNDERSTORM
  LIGHT RAIN


RELATIVE HUMIDITY (PERCENT)
 HIGHEST    93           400 AM
 LOWEST     20           400 PM
 AVERAGE    57

..........................................................


THE IDAHO FALLS ID CLIMATE NORMALS FOR TOMORROW
                         NORMAL    RECORD    YEAR
 MAXIMUM TEMPERATURE (F)   81        94      1991
 MINIMUM TEMPERATURE (F)   46        30      1965


SUNRISE AND SUNSET
AUGUST 30 2015........SUNRISE   650 AM MDT   SUNSET   807 PM MDT
AUGUST 31 2015........SUNRISE   651 AM MDT   SUNSET   806 PM MDT


-  INDICATES NEGATIVE NUMBERS.
R  INDICATES RECORD WAS SET OR TIED.
MM INDICATES DATA IS MISSING.
T  INDICATES TRACE AMOUNT.




$$
