000
CDUS45 KPIH 050742
CLIIDA


CLIMATE REPORT
NATIONAL WEATHER SERVICE POCATELLO ID
1238 AM MST THU MAR 5 2015


...................................

...THE IDAHO FALLS ID CLIMATE SUMMARY FOR MARCH 4 2015...

CLIMATE NORMAL PERIOD 1981 TO 2010
CLIMATE RECORD PERIOD 1948 TO 2015


WEATHER ITEM   OBSERVED TIME   RECORD YEAR NORMAL DEPARTURE LAST
                VALUE   (LST)  VALUE       VALUE  FROM      YEAR
                                                  NORMAL
..................................................................
TEMPERATURE (F)
 YESTERDAY
  MAXIMUM         35    452 PM  63    1987  41     -6       52
  MINIMUM          9    731 AM  -8    1989  21    -12       35
  AVERAGE         22                        31     -9       44

PRECIPITATION (IN)
  YESTERDAY        0.00          0.91 1991   0.03  -0.03      T
  MONTH TO DATE    T                         0.12  -0.12     0.22
  SINCE OCT 1      1.91                      4.04  -2.13     2.41
  SINCE JAN 1      0.45                      1.47  -1.02     1.11

SNOWFALL (IN)
  YESTERDAY       MM
  MONTH TO DATE   MM
  SINCE MAR 1     MM
  SINCE JUL 1     MM
  SNOW DEPTH      MM

DEGREE DAYS
 HEATING
  YESTERDAY       43                        34      9       21
  MONTH TO DATE  157                       138     19      114
  SINCE MAR 1    157                       138     19      114
  SINCE JUL 1   4975                      5940   -965     5631

 COOLING
  YESTERDAY        0                         0      0        0
  MONTH TO DATE    0                         0      0        0
  SINCE MAR 1      0                         0      0        0
  SINCE JAN 1      0                         0      0        0
..................................................................


WIND (MPH)
  HIGHEST WIND SPEED    13   HIGHEST WIND DIRECTION    SW (210)
  HIGHEST GUST SPEED    17   HIGHEST GUST DIRECTION     S (200)
  AVERAGE WIND SPEED     6.1


SKY COVER
  POSSIBLE SUNSHINE  MM
  AVERAGE SKY COVER 0.0


WEATHER CONDITIONS
 THE FOLLOWING WEATHER WAS RECORDED YESTERDAY.
  NO SIGNIFICANT WEATHER WAS OBSERVED.


RELATIVE HUMIDITY (PERCENT)
 HIGHEST    83           600 AM
 LOWEST     27           400 PM
 AVERAGE    55

..........................................................


THE IDAHO FALLS ID CLIMATE NORMALS FOR TODAY
                         NORMAL    RECORD    YEAR
 MAXIMUM TEMPERATURE (F)   42        62      1987
 MINIMUM TEMPERATURE (F)   21       -14      1955


SUNRISE AND SUNSET
MARCH  5 2015.........SUNRISE   658 AM MST   SUNSET   622 PM MST
MARCH  6 2015.........SUNRISE   656 AM MST   SUNSET   623 PM MST


-  INDICATES NEGATIVE NUMBERS.
R  INDICATES RECORD WAS SET OR TIED.
MM INDICATES DATA IS MISSING.
T  INDICATES TRACE AMOUNT.




$$
