000
CDUS45 KPIH 280735
CLIIDA


CLIMATE REPORT
NATIONAL WEATHER SERVICE POCATELLO ID
132 AM MDT SUN MAY 28 2017


...................................

...THE IDAHO FALLS ID CLIMATE SUMMARY FOR MAY 27 2017...

CLIMATE NORMAL PERIOD 1981 TO 2010
CLIMATE RECORD PERIOD 1948 TO 2017


WEATHER ITEM   OBSERVED TIME   RECORD YEAR NORMAL DEPARTURE LAST
                VALUE   (LST)  VALUE       VALUE  FROM      YEAR
                                                  NORMAL
..................................................................
TEMPERATURE (F)
 YESTERDAY
  MAXIMUM         68    457 PM  88    1966  70     -2       68
  MINIMUM         33    525 AM  29    1973  42     -9       41
  AVERAGE         51                        56     -5       55

PRECIPITATION (IN)
  YESTERDAY        0.00          0.36 1982   0.05  -0.05     0.00
  MONTH TO DATE    0.50                      1.30  -0.80     1.84
  SINCE OCT 1      8.29                      7.22   1.07     7.43
  SINCE JAN 1      4.01                      4.65  -0.64     5.11

SNOWFALL (IN)
  YESTERDAY       MM
  MONTH TO DATE   MM
  SINCE MAR 1     MM
  SINCE JUL 1     MM
  SNOW DEPTH      MM

DEGREE DAYS
 HEATING
  YESTERDAY       14                         9      5       10
  MONTH TO DATE  349                       343      6      322
  SINCE MAR 1   1717                      1854   -137     1614
  SINCE JUL 1   7514                      7656   -142     7196

 COOLING
  YESTERDAY        0                         0      0        0
  MONTH TO DATE    0                         0      0        0
  SINCE MAR 1      0                         0      0        0
  SINCE JAN 1      0                         0      0        0
..................................................................


WIND (MPH)
  HIGHEST WIND SPEED    10   HIGHEST WIND DIRECTION    NW (300)
  HIGHEST GUST SPEED    17   HIGHEST GUST DIRECTION     W (280)
  AVERAGE WIND SPEED     2.9


SKY COVER
  POSSIBLE SUNSHINE  MM
  AVERAGE SKY COVER 0.3


WEATHER CONDITIONS
 THE FOLLOWING WEATHER WAS RECORDED YESTERDAY.
  FOG


RELATIVE HUMIDITY (PERCENT)
 HIGHEST   100          1200 AM
 LOWEST     32           400 PM
 AVERAGE    66

..........................................................


THE IDAHO FALLS ID CLIMATE NORMALS FOR TODAY
                         NORMAL    RECORD    YEAR
 MAXIMUM TEMPERATURE (F)   70        94      2003
 MINIMUM TEMPERATURE (F)   42        30      1991


SUNRISE AND SUNSET
MAY 28 2017...........SUNRISE   552 AM MDT   SUNSET   859 PM MDT
MAY 29 2017...........SUNRISE   552 AM MDT   SUNSET   900 PM MDT


-  INDICATES NEGATIVE NUMBERS.
R  INDICATES RECORD WAS SET OR TIED.
MM INDICATES DATA IS MISSING.
T  INDICATES TRACE AMOUNT.




$$
