000
CDUS45 KPIH 300730
CLIIDA


CLIMATE REPORT
NATIONAL WEATHER SERVICE POCATELLO ID
129 AM MDT THU MAR 30 2017


...................................

...THE IDAHO FALLS ID CLIMATE SUMMARY FOR MARCH 29 2017...

CLIMATE NORMAL PERIOD 1981 TO 2010
CLIMATE RECORD PERIOD 1948 TO 2017


WEATHER ITEM   OBSERVED TIME   RECORD YEAR NORMAL DEPARTURE LAST
                VALUE   (LST)  VALUE       VALUE  FROM      YEAR
                                                  NORMAL
..................................................................
TEMPERATURE (F)
 YESTERDAY
  MAXIMUM         53    609 PM  70    1986  52      1       49
  MINIMUM         34    631 AM   8    1987  29      5       34
  AVERAGE         44                        40      4       42

PRECIPITATION (IN)
  YESTERDAY        T             0.22 2009   0.03  -0.03      T
  MONTH TO DATE    0.15                      0.80  -0.65     1.61
  SINCE OCT 1      6.57                      4.72   1.85     4.99
  SINCE JAN 1      2.29                      2.15   0.14     2.67

SNOWFALL (IN)
  YESTERDAY       MM
  MONTH TO DATE   MM
  SINCE MAR 1     MM
  SINCE JUL 1     MM
  SNOW DEPTH      MM

DEGREE DAYS
 HEATING
  YESTERDAY       21                        25     -4       23
  MONTH TO DATE  695                       854   -159      755
  SINCE MAR 1    695                       854   -159      755
  SINCE JUL 1   6492                      6656   -164     6337

 COOLING
  YESTERDAY        0                         0      0        0
  MONTH TO DATE    0                         0      0        0
  SINCE MAR 1      0                         0      0        0
  SINCE JAN 1      0                         0      0        0
..................................................................


WIND (MPH)
  HIGHEST WIND SPEED    23   HIGHEST WIND DIRECTION     S (200)
  HIGHEST GUST SPEED    30   HIGHEST GUST DIRECTION    SW (210)
  AVERAGE WIND SPEED    13.6


SKY COVER
  POSSIBLE SUNSHINE  MM
  AVERAGE SKY COVER 0.6


WEATHER CONDITIONS
 THE FOLLOWING WEATHER WAS RECORDED YESTERDAY.
  NO SIGNIFICANT WEATHER WAS OBSERVED.


RELATIVE HUMIDITY (PERCENT)
 HIGHEST    82           600 AM
 LOWEST     46           400 PM
 AVERAGE    64

..........................................................


THE IDAHO FALLS ID CLIMATE NORMALS FOR TODAY
                         NORMAL    RECORD    YEAR
 MAXIMUM TEMPERATURE (F)   52        72      2004
 MINIMUM TEMPERATURE (F)   29        15      1987


SUNRISE AND SUNSET
MARCH 30 2017.........SUNRISE   713 AM MDT   SUNSET   753 PM MDT
MARCH 31 2017.........SUNRISE   711 AM MDT   SUNSET   754 PM MDT


-  INDICATES NEGATIVE NUMBERS.
R  INDICATES RECORD WAS SET OR TIED.
MM INDICATES DATA IS MISSING.
T  INDICATES TRACE AMOUNT.




$$
