108
CDUS45 KPIH 230734
CLIIDA


CLIMATE REPORT
NATIONAL WEATHER SERVICE POCATELLO ID
1233 AM MST THU NOV 23 2017


...................................

...THE IDAHO FALLS ID CLIMATE SUMMARY FOR NOVEMBER 22 2017...

CLIMATE NORMAL PERIOD 1981 TO 2010
CLIMATE RECORD PERIOD 1948 TO 2017


WEATHER ITEM   OBSERVED TIME   RECORD YEAR NORMAL DEPARTURE LAST
                VALUE   (LST)  VALUE       VALUE  FROM      YEAR
                                                  NORMAL
..................................................................
TEMPERATURE (F)
 YESTERDAY
  MAXIMUM         54    323 PM  58    1954  38     16       39
  MINIMUM         34   1159 PM  -8    1985  20     14       29
  AVERAGE         44                        29     15       34

PRECIPITATION (IN)
  YESTERDAY        0.00          0.30 1992   0.03  -0.03     0.00
  MONTH TO DATE    0.59                      0.63  -0.04     0.07
  SINCE OCT 1      1.47                      1.46   0.01     2.84
  SINCE JAN 1     10.46                      9.28   1.18    10.06

SNOWFALL (IN)
  YESTERDAY       MM
  MONTH TO DATE   MM
  SINCE SEP 1     MM
  SINCE JUL 1     MM
  SNOW DEPTH      MM

DEGREE DAYS
 HEATING
  YESTERDAY       21                        36    -15       31
  MONTH TO DATE  607                       674    -67      502
  SINCE SEP 1   1597                      1531     66     1281
  SINCE JUL 1   1606                      1596     10     1358

 COOLING
  YESTERDAY        0                         0      0        0
  MONTH TO DATE    0                         0      0        0
  SINCE SEP 1     40                        12     28       16
  SINCE JAN 1    362                       264     98      260
..................................................................


WIND (MPH)
  HIGHEST WIND SPEED     9   HIGHEST WIND DIRECTION     N (350)
  HIGHEST GUST SPEED    13   HIGHEST GUST DIRECTION     N (340)
  AVERAGE WIND SPEED     2.7


SKY COVER
  POSSIBLE SUNSHINE  MM
  AVERAGE SKY COVER 0.6


WEATHER CONDITIONS
 THE FOLLOWING WEATHER WAS RECORDED YESTERDAY.
  FOG
  FOG W/VISIBILITY <= 1/4 MILE


RELATIVE HUMIDITY (PERCENT)
 HIGHEST   100           100 AM
 LOWEST     66           300 PM
 AVERAGE    83

..........................................................


THE IDAHO FALLS ID CLIMATE NORMALS FOR TODAY
                         NORMAL    RECORD    YEAR
 MAXIMUM TEMPERATURE (F)   38        59      1959
 MINIMUM TEMPERATURE (F)   19        -6      1985


SUNRISE AND SUNSET
NOVEMBER 23 2017......SUNRISE   732 AM MST   SUNSET   457 PM MST
NOVEMBER 24 2017......SUNRISE   734 AM MST   SUNSET   456 PM MST


-  INDICATES NEGATIVE NUMBERS.
R  INDICATES RECORD WAS SET OR TIED.
MM INDICATES DATA IS MISSING.
T  INDICATES TRACE AMOUNT.




$$
