000
CDUS43 KUNR 230848
CLIIEN


CLIMATE REPORT
NATIONAL WEATHER SERVICE RAPID CITY SD
244 AM MDT WED JUL 23 2014


...................................

...THE PINE RIDGE SD CLIMATE SUMMARY FOR JULY 22 2014...

CLIMATE NORMAL PERIOD 1981 TO 2010
CLIMATE RECORD PERIOD 9999 TO 9999


WEATHER ITEM   OBSERVED TIME   NORMAL DEPARTURE LAST
                VALUE   (LST)  VALUE  FROM      YEAR
                                      NORMAL
......................................................
TEMPERATURE (F)
 YESTERDAY
  MAXIMUM         86    320 PM  90     -4       88
  MINIMUM         59    432 AM  59      0       64
  AVERAGE         73            75     -2       76

PRECIPITATION (IN)
  YESTERDAY        0.20          0.06   0.14     0.15
  MONTH TO DATE    2.12          1.56   0.56     1.36
  SINCE JUN 1      6.66          4.99   1.67     3.47
  SINCE JAN 1     14.26         11.23   3.03    11.23

DEGREE DAYS
 HEATING
  YESTERDAY        0             0      0        0
  MONTH TO DATE   24             4     20        0
  SINCE JUN 1    132            91     41       78
  SINCE JUL 1     24             4     20        0

 COOLING
  YESTERDAY        8            10     -2       11
  MONTH TO DATE  131           189    -58      234
  SINCE JUN 1    188           299   -111      317
  SINCE JAN 1    213           316   -103      334
......................................................


WIND (MPH)
  HIGHEST WIND SPEED    28   HIGHEST WIND DIRECTION     E (80)
  HIGHEST GUST SPEED    38   HIGHEST GUST DIRECTION     E (70)
  AVERAGE WIND SPEED     8.8


SKY COVER
  AVERAGE SKY COVER 0.0


WEATHER CONDITIONS
 THE FOLLOWING WEATHER WAS RECORDED YESTERDAY.
  THUNDERSTORM
  HEAVY RAIN
  RAIN
  LIGHT RAIN
  FOG


RELATIVE HUMIDITY (PERCENT)
 HIGHEST    97           500 AM
 LOWEST     48           100 PM
 AVERAGE    73

..........................................................




SUNRISE AND SUNSET
JULY 23 2014..........SUNRISE   532 AM MDT   SUNSET   821 PM MDT
JULY 24 2014..........SUNRISE   533 AM MDT   SUNSET   820 PM MDT


-  INDICATES NEGATIVE NUMBERS.
R  INDICATES RECORD WAS SET OR TIED.
MM INDICATES DATA IS MISSING.
T  INDICATES TRACE AMOUNT.




$$
