000
CDUS43 KUNR 280838
CLIIEN


CLIMATE REPORT
NATIONAL WEATHER SERVICE RAPID CITY SD
237 AM MDT FRI AUG 28 2015


...................................

...THE PINE RIDGE SD CLIMATE SUMMARY FOR AUGUST 27 2015...

CLIMATE NORMAL PERIOD 1981 TO 2010
CLIMATE RECORD PERIOD 9999 TO 9999


WEATHER ITEM   OBSERVED TIME   NORMAL DEPARTURE LAST
                VALUE   (LST)  VALUE  FROM      YEAR
                                      NORMAL
......................................................
TEMPERATURE (F)
 YESTERDAY
  MAXIMUM         77   1129 AM  86     -9       77
  MINIMUM         51   1138 PM  53     -2       51
  AVERAGE         64            69     -5       64

PRECIPITATION (IN)
  YESTERDAY        0.00          0.05  -0.05     0.27
  MONTH TO DATE    0.22          1.66  -1.44     3.30
  SINCE JUN 1      6.63          7.36  -0.73    10.40
  SINCE JAN 1     16.31         13.60   2.71    18.00

DEGREE DAYS
 HEATING
  YESTERDAY        1             1      0        1
  MONTH TO DATE   42            15     27        7
  SINCE JUN 1     60           114    -54      143
  SINCE JUL 1     50            27     23       35

 COOLING
  YESTERDAY        0             6     -6        0
  MONTH TO DATE  155           221    -66      157
  SINCE JUN 1    472           612   -140      390
  SINCE JAN 1    472           629   -157      415
......................................................


WIND (MPH)
  HIGHEST WIND SPEED    24   HIGHEST WIND DIRECTION    NE (40)
  HIGHEST GUST SPEED    32   HIGHEST GUST DIRECTION    NE (40)
  AVERAGE WIND SPEED     7.8


SKY COVER
  AVERAGE SKY COVER 0.2


WEATHER CONDITIONS
 THE FOLLOWING WEATHER WAS RECORDED YESTERDAY.
  FOG
  HAZE


RELATIVE HUMIDITY (PERCENT)
 HIGHEST    93          1100 PM
 LOWEST     54          1200 PM
 AVERAGE    74

..........................................................




SUNRISE AND SUNSET
AUGUST 28 2015........SUNRISE   610 AM MDT   SUNSET   732 PM MDT
AUGUST 29 2015........SUNRISE   611 AM MDT   SUNSET   730 PM MDT


-  INDICATES NEGATIVE NUMBERS.
R  INDICATES RECORD WAS SET OR TIED.
MM INDICATES DATA IS MISSING.
T  INDICATES TRACE AMOUNT.




$$
