000
CDUS43 KUNR 020854
CLIIEN


CLIMATE REPORT
NATIONAL WEATHER SERVICE RAPID CITY SD
252 AM MDT TUE JUN 2 2015


...................................

...THE PINE RIDGE SD CLIMATE SUMMARY FOR JUNE 1 2015...

CLIMATE NORMAL PERIOD 1981 TO 2010
CLIMATE RECORD PERIOD 9999 TO 9999


WEATHER ITEM   OBSERVED TIME   NORMAL DEPARTURE LAST
                VALUE   (LST)  VALUE  FROM      YEAR
                                      NORMAL
......................................................
TEMPERATURE (F)
 YESTERDAY
  MAXIMUM         85    339 PM  75     10       72
  MINIMUM         54   1207 AM  47      7       48
  AVERAGE         70            61      9       60

PRECIPITATION (IN)
  YESTERDAY        0.00          0.10  -0.10     0.07
  MONTH TO DATE    0.00          0.10  -0.10     0.07
  SINCE JUN 1      0.00          0.10  -0.10     0.07
  SINCE JAN 1      9.68          6.34   3.34     7.67

DEGREE DAYS
 HEATING
  YESTERDAY        0             6     -6        5
  MONTH TO DATE    0             6     -6        5
  SINCE JUN 1      0             6     -6        5
  SINCE JUL 1   6864          7133   -269     7365

 COOLING
  YESTERDAY        5             2      3        0
  MONTH TO DATE    5             2      3        0
  SINCE JUN 1      5             2      3        0
  SINCE JAN 1      5            19    -14       25
......................................................


WIND (MPH)
  HIGHEST WIND SPEED    22   HIGHEST WIND DIRECTION     S (180)
  HIGHEST GUST SPEED    29   HIGHEST GUST DIRECTION     S (190)
  AVERAGE WIND SPEED    11.5


SKY COVER
  AVERAGE SKY COVER 0.0


WEATHER CONDITIONS
 THE FOLLOWING WEATHER WAS RECORDED YESTERDAY.
  NO SIGNIFICANT WEATHER WAS OBSERVED.


RELATIVE HUMIDITY (PERCENT)
 HIGHEST    89          1200 AM
 LOWEST     37           200 PM
 AVERAGE    63

..........................................................




SUNRISE AND SUNSET
JUNE  2 2015..........SUNRISE   513 AM MDT   SUNSET   823 PM MDT
JUNE  3 2015..........SUNRISE   513 AM MDT   SUNSET   824 PM MDT


-  INDICATES NEGATIVE NUMBERS.
R  INDICATES RECORD WAS SET OR TIED.
MM INDICATES DATA IS MISSING.
T  INDICATES TRACE AMOUNT.




$$
