000
CDUS43 KUNR 280842
CLIIEN


CLIMATE REPORT
NATIONAL WEATHER SERVICE RAPID CITY SD
240 AM MDT SAT MAR 28 2015


...................................

...THE PINE RIDGE SD CLIMATE SUMMARY FOR MARCH 27 2015...

CLIMATE NORMAL PERIOD 1981 TO 2010
CLIMATE RECORD PERIOD 9999 TO 9999


WEATHER ITEM   OBSERVED TIME   NORMAL DEPARTURE LAST
                VALUE   (LST)  VALUE  FROM      YEAR
                                      NORMAL
......................................................
TEMPERATURE (F)
 YESTERDAY
  MAXIMUM         69    354 PM  54     15       38
  MINIMUM         31   1159 PM  26      5       22
  AVERAGE         50            40     10       30

PRECIPITATION (IN)
  YESTERDAY        0.00          0.04  -0.04      T
  MONTH TO DATE    0.18          0.72  -0.54     0.25
  SINCE MAR 1      0.18          0.72  -0.54     0.25
  SINCE JAN 1      0.64          1.51  -0.87     0.52

DEGREE DAYS
 HEATING
  YESTERDAY       15            25    -10       35
  MONTH TO DATE  656           790   -134      830
  SINCE MAR 1    656           790   -134      830
  SINCE JUL 1   5866          6140   -274     6312

 COOLING
  YESTERDAY        0             0      0        0
  MONTH TO DATE    0             0      0        0
  SINCE MAR 1      0             0      0        0
  SINCE JAN 1      0             0      0        0
......................................................


WIND (MPH)
  HIGHEST WIND SPEED    24   HIGHEST WIND DIRECTION    NW (310)
  HIGHEST GUST SPEED    32   HIGHEST GUST DIRECTION    NW (310)
  AVERAGE WIND SPEED     8.8


SKY COVER
  AVERAGE SKY COVER 0.5


WEATHER CONDITIONS
 THE FOLLOWING WEATHER WAS RECORDED YESTERDAY.
  NO SIGNIFICANT WEATHER WAS OBSERVED.


RELATIVE HUMIDITY (PERCENT)
 HIGHEST    89           100 AM
 LOWEST     27           300 PM
 AVERAGE    58

..........................................................




SUNRISE AND SUNSET
MARCH 28 2015.........SUNRISE   640 AM MDT   SUNSET   712 PM MDT
MARCH 29 2015.........SUNRISE   638 AM MDT   SUNSET   713 PM MDT


-  INDICATES NEGATIVE NUMBERS.
R  INDICATES RECORD WAS SET OR TIED.
MM INDICATES DATA IS MISSING.
T  INDICATES TRACE AMOUNT.




$$
