000
CDUS43 KUNR 250831
CLIIEN


CLIMATE REPORT
NATIONAL WEATHER SERVICE RAPID CITY SD
131 AM MST THU DEC 25 2014


...................................

...THE PINE RIDGE SD CLIMATE SUMMARY FOR DECEMBER 24 2014...

CLIMATE NORMAL PERIOD 1981 TO 2010
CLIMATE RECORD PERIOD 9999 TO 9999


WEATHER ITEM   OBSERVED TIME   NORMAL DEPARTURE LAST
                VALUE   (LST)  VALUE  FROM      YEAR
                                      NORMAL
......................................................
TEMPERATURE (F)
 YESTERDAY
  MAXIMUM         38    156 PM  35      3       35
  MINIMUM         -4    654 AM   9    -13       20
  AVERAGE         17            22     -5       28

PRECIPITATION (IN)
  YESTERDAY        0.00          0.01  -0.01     0.06
  MONTH TO DATE    0.42          0.27   0.15     0.23
  SINCE DEC 1      0.42          0.27   0.15     0.23
  SINCE JAN 1     22.52         17.44   5.08    20.19

DEGREE DAYS
 HEATING
  YESTERDAY       48            43      5       37
  MONTH TO DATE  803          1002   -199     1023
  SINCE DEC 1    803          1002   -199     1023
  SINCE JUL 1   2602          2692    -90     2738

 COOLING
  YESTERDAY        0             0      0        0
  MONTH TO DATE    0             0      0        0
  SINCE DEC 1      0             0      0        0
  SINCE JAN 1    482           717   -235      804
......................................................


WIND (MPH)
  HIGHEST WIND SPEED    15   HIGHEST WIND DIRECTION     W (270)
  HIGHEST GUST SPEED    17   HIGHEST GUST DIRECTION     W (270)
  AVERAGE WIND SPEED     4.5


SKY COVER
  AVERAGE SKY COVER 0.1


WEATHER CONDITIONS
 THE FOLLOWING WEATHER WAS RECORDED YESTERDAY.
  NO SIGNIFICANT WEATHER WAS OBSERVED.


RELATIVE HUMIDITY (PERCENT)
 HIGHEST    92           900 AM
 LOWEST     48          1200 PM
 AVERAGE    70

..........................................................




SUNRISE AND SUNSET
DECEMBER 25 2014......SUNRISE   720 AM MST   SUNSET   421 PM MST
DECEMBER 26 2014......SUNRISE   720 AM MST   SUNSET   421 PM MST


-  INDICATES NEGATIVE NUMBERS.
R  INDICATES RECORD WAS SET OR TIED.
MM INDICATES DATA IS MISSING.
T  INDICATES TRACE AMOUNT.




$$
