000
CDUS43 KUNR 240836
CLIIEN


CLIMATE REPORT
NATIONAL WEATHER SERVICE RAPID CITY SD
135 AM MST FRI FEB 24 2017


...................................

...THE PINE RIDGE SD CLIMATE SUMMARY FOR FEBRUARY 23 2017...

CLIMATE NORMAL PERIOD 1981 TO 2010
CLIMATE RECORD PERIOD 9999 TO 9999


WEATHER ITEM   OBSERVED TIME   NORMAL DEPARTURE LAST
                VALUE   (LST)  VALUE  FROM      YEAR
                                      NORMAL
......................................................
TEMPERATURE (F)
 YESTERDAY
  MAXIMUM         32   1223 AM  42    -10       47
  MINIMUM         23   1159 PM  15      8       16
  AVERAGE         28            29     -1       32

PRECIPITATION (IN)
  YESTERDAY       MM             0.01  MM        0.00
  MONTH TO DATE    0.41          0.37   0.04     0.21
  SINCE DEC 1      1.65          1.04   0.61     1.44
  SINCE JAN 1      0.82          0.69   0.13     0.42

DEGREE DAYS
 HEATING
  YESTERDAY       37            36      1       33
  MONTH TO DATE  734           897   -163      683
  SINCE DEC 1   3761          3484    277     3226
  SINCE JUL 1   4934          5174   -240     4714

 COOLING
  YESTERDAY        0             0      0        0
  MONTH TO DATE    0             0      0        0
  SINCE DEC 1      0             0      0        0
  SINCE JAN 1      0             0      0        0
......................................................


WIND (MPH)
  HIGHEST WIND SPEED    24   HIGHEST WIND DIRECTION    NE (40)
  HIGHEST GUST SPEED    32   HIGHEST GUST DIRECTION    NE (30)
  AVERAGE WIND SPEED    14.0


SKY COVER
  AVERAGE SKY COVER 1.0


WEATHER CONDITIONS
 THE FOLLOWING WEATHER WAS RECORDED YESTERDAY.
  SNOW
  LIGHT SNOW
  FOG
  FOG W/VISIBILITY <= 1/4 MILE


RELATIVE HUMIDITY (PERCENT)
 HIGHEST   100           100 AM
 LOWEST     81           100 PM
 AVERAGE    91

..........................................................




SUNRISE AND SUNSET
FEBRUARY 24 2017......SUNRISE   634 AM MST   SUNSET   533 PM MST
FEBRUARY 25 2017......SUNRISE   632 AM MST   SUNSET   535 PM MST


-  INDICATES NEGATIVE NUMBERS.
R  INDICATES RECORD WAS SET OR TIED.
MM INDICATES DATA IS MISSING.
T  INDICATES TRACE AMOUNT.




$$
