000
CDUS43 KUNR 160832
CLIIEN


CLIMATE REPORT
NATIONAL WEATHER SERVICE RAPID CITY SD
131 AM MST MON JAN 16 2017


...................................

...THE PINE RIDGE SD CLIMATE SUMMARY FOR JANUARY 15 2017...

CLIMATE NORMAL PERIOD 1981 TO 2010
CLIMATE RECORD PERIOD 9999 TO 9999


WEATHER ITEM   OBSERVED TIME   NORMAL DEPARTURE LAST
                VALUE   (LST)  VALUE  FROM      YEAR
                                      NORMAL
......................................................
TEMPERATURE (F)
 YESTERDAY
  MAXIMUM         32   1256 PM  37     -5       34
  MINIMUM          4    711 AM  10     -6       24
  AVERAGE         18            24     -6       29

PRECIPITATION (IN)
  YESTERDAY        0.00          0.01  -0.01      T
  MONTH TO DATE    0.05          0.12  -0.07     0.07
  SINCE DEC 1      0.88          0.47   0.41     1.09
  SINCE JAN 1      0.05          0.12  -0.07     0.07

DEGREE DAYS
 HEATING
  YESTERDAY       47            41      6       36
  MONTH TO DATE  818           630    188      672
  SINCE DEC 1   2391          1930    461     1964
  SINCE JUL 1   3564          3620    -56     3452

 COOLING
  YESTERDAY        0             0      0        0
  MONTH TO DATE    0             0      0        0
  SINCE DEC 1      0             0      0        0
  SINCE JAN 1      0             0      0        0
......................................................


WIND (MPH)
  HIGHEST WIND SPEED     6   HIGHEST WIND DIRECTION     W (260)
  HIGHEST GUST SPEED     6   HIGHEST GUST DIRECTION     E (90)
  AVERAGE WIND SPEED     1.6


SKY COVER
  AVERAGE SKY COVER 0.1


WEATHER CONDITIONS
 THE FOLLOWING WEATHER WAS RECORDED YESTERDAY.
  NO SIGNIFICANT WEATHER WAS OBSERVED.


RELATIVE HUMIDITY (PERCENT)
 HIGHEST    92           300 AM
 LOWEST     72           100 PM
 AVERAGE    82

..........................................................




SUNRISE AND SUNSET
JANUARY 16 2017.......SUNRISE   718 AM MST   SUNSET   442 PM MST
JANUARY 17 2017.......SUNRISE   717 AM MST   SUNSET   444 PM MST


-  INDICATES NEGATIVE NUMBERS.
R  INDICATES RECORD WAS SET OR TIED.
MM INDICATES DATA IS MISSING.
T  INDICATES TRACE AMOUNT.




$$
