000
CDUS43 KUNR 130833
CLIIEN


CLIMATE REPORT
NATIONAL WEATHER SERVICE RAPID CITY SD
232 AM MDT SUN JUL 13 2014


...................................

...THE PINE RIDGE SD CLIMATE SUMMARY FOR JULY 12 2014...

CLIMATE NORMAL PERIOD 1981 TO 2010
CLIMATE RECORD PERIOD 9999 TO 9999


WEATHER ITEM   OBSERVED TIME   NORMAL DEPARTURE LAST
                VALUE   (LST)  VALUE  FROM      YEAR
                                      NORMAL
......................................................
TEMPERATURE (F)
 YESTERDAY
  MAXIMUM         82    415 PM  89     -7       92
  MINIMUM         59   1154 PM  58      1       72
  AVERAGE         71            74     -3       82

PRECIPITATION (IN)
  YESTERDAY        0.01          0.07  -0.06      T
  MONTH TO DATE    1.61          0.96   0.65     0.57
  SINCE JUN 1      6.15          4.39   1.76     2.68
  SINCE JAN 1     13.75         10.63   3.12    10.44

DEGREE DAYS
 HEATING
  YESTERDAY        0             0      0        0
  MONTH TO DATE   13             4      9        0
  SINCE JUN 1    121            91     30       78
  SINCE JUL 1     13             4      9        0

 COOLING
  YESTERDAY        6             9     -3       17
  MONTH TO DATE   72            93    -21      126
  SINCE JUN 1    129           203    -74      209
  SINCE JAN 1    154           220    -66      226
......................................................


WIND (MPH)
  HIGHEST WIND SPEED    16   HIGHEST WIND DIRECTION    NW (320)
  HIGHEST GUST SPEED    20   HIGHEST GUST DIRECTION    NW (310)
  AVERAGE WIND SPEED     3.4


SKY COVER
  AVERAGE SKY COVER 0.5


WEATHER CONDITIONS
 THE FOLLOWING WEATHER WAS RECORDED YESTERDAY.
  FOG
  FOG W/VISIBILITY <= 1/4 MILE


RELATIVE HUMIDITY (PERCENT)
 HIGHEST   100           900 PM
 LOWEST     51           400 PM
 AVERAGE    76

..........................................................




SUNRISE AND SUNSET
JULY 13 2014..........SUNRISE   523 AM MDT   SUNSET   828 PM MDT
JULY 14 2014..........SUNRISE   524 AM MDT   SUNSET   828 PM MDT


-  INDICATES NEGATIVE NUMBERS.
R  INDICATES RECORD WAS SET OR TIED.
MM INDICATES DATA IS MISSING.
T  INDICATES TRACE AMOUNT.




$$
