000
CDUS43 KUNR 210838
CLIIEN


CLIMATE REPORT
NATIONAL WEATHER SERVICE RAPID CITY SD
237 AM MDT FRI JUL 21 2017


...................................

...THE PINE RIDGE SD CLIMATE SUMMARY FOR JULY 20 2017...

CLIMATE NORMAL PERIOD 1981 TO 2010
CLIMATE RECORD PERIOD 9999 TO 9999


WEATHER ITEM   OBSERVED TIME   NORMAL DEPARTURE LAST
                VALUE   (LST)  VALUE  FROM      YEAR
                                      NORMAL
......................................................
TEMPERATURE (F)
 YESTERDAY
  MAXIMUM         93    252 PM  90      3      105
  MINIMUM         66    532 AM  59      7       66
  AVERAGE         80            75      5       86

PRECIPITATION (IN)
  YESTERDAY        0.09          0.06   0.03     0.00
  MONTH TO DATE    0.92          1.45  -0.53     2.22
  SINCE JUN 1      2.43          4.88  -2.45     3.72
  SINCE JAN 1     11.89         11.12   0.77     9.80

DEGREE DAYS
 HEATING
  YESTERDAY        0             0      0        0
  MONTH TO DATE    0             4     -4        2
  SINCE JUN 1     35            91    -56       28
  SINCE JUL 1      0             4     -4        2

 COOLING
  YESTERDAY       15            10      5       21
  MONTH TO DATE  256           169     87      175
  SINCE JUN 1    354           279     75      392
  SINCE JAN 1    370           296     74      400
......................................................


WIND (MPH)
  HIGHEST WIND SPEED    29   HIGHEST WIND DIRECTION    SW (210)
  HIGHEST GUST SPEED    32   HIGHEST GUST DIRECTION    SW (210)
  AVERAGE WIND SPEED     7.2


SKY COVER
  AVERAGE SKY COVER 0.1


WEATHER CONDITIONS
 THE FOLLOWING WEATHER WAS RECORDED YESTERDAY.
  THUNDERSTORM
  RAIN
  LIGHT RAIN
  FOG


RELATIVE HUMIDITY (PERCENT)
 HIGHEST   100           200 AM
 LOWEST     33           300 PM
 AVERAGE    67

..........................................................




SUNRISE AND SUNSET
JULY 21 2017..........SUNRISE   530 AM MDT   SUNSET   822 PM MDT
JULY 22 2017..........SUNRISE   531 AM MDT   SUNSET   821 PM MDT


-  INDICATES NEGATIVE NUMBERS.
R  INDICATES RECORD WAS SET OR TIED.
MM INDICATES DATA IS MISSING.
T  INDICATES TRACE AMOUNT.




$$
