000
CDUS43 KUNR 260837
CLIIEN


CLIMATE REPORT
NATIONAL WEATHER SERVICE RAPID CITY SD
233 AM MDT SUN MAR 26 2017


...................................

...THE PINE RIDGE SD CLIMATE SUMMARY FOR MARCH 25 2017...

CLIMATE NORMAL PERIOD 1981 TO 2010
CLIMATE RECORD PERIOD 9999 TO 9999


WEATHER ITEM   OBSERVED TIME   NORMAL DEPARTURE LAST
                VALUE   (LST)  VALUE  FROM      YEAR
                                      NORMAL
......................................................
TEMPERATURE (F)
 YESTERDAY
  MAXIMUM         70    220 PM  54     16       42
  MINIMUM         36    246 AM  26     10       26
  AVERAGE         53            40     13       34

PRECIPITATION (IN)
  YESTERDAY        0.00          0.04  -0.04     0.02
  MONTH TO DATE    0.41          0.64  -0.23     0.94
  SINCE MAR 1      0.41          0.64  -0.23     0.94
  SINCE JAN 1      1.55          1.43   0.12     1.44

DEGREE DAYS
 HEATING
  YESTERDAY       12            25    -13       31
  MONTH TO DATE  569           740   -171      591
  SINCE MAR 1    569           740   -171      591
  SINCE JUL 1   5735          6090   -355     5460

 COOLING
  YESTERDAY        0             0      0        0
  MONTH TO DATE    0             0      0        0
  SINCE MAR 1      0             0      0        0
  SINCE JAN 1      0             0      0        0
......................................................


WIND (MPH)
  HIGHEST WIND SPEED    24   HIGHEST WIND DIRECTION     S (190)
  HIGHEST GUST SPEED    29   HIGHEST GUST DIRECTION     S (190)
  AVERAGE WIND SPEED    10.5


SKY COVER
  AVERAGE SKY COVER 0.0


WEATHER CONDITIONS
 THE FOLLOWING WEATHER WAS RECORDED YESTERDAY.
  NO SIGNIFICANT WEATHER WAS OBSERVED.


RELATIVE HUMIDITY (PERCENT)
 HIGHEST    76           400 AM
 LOWEST     23           200 PM
 AVERAGE    50

..........................................................




SUNRISE AND SUNSET
MARCH 26 2017.........SUNRISE   642 AM MDT   SUNSET   710 PM MDT
MARCH 27 2017.........SUNRISE   640 AM MDT   SUNSET   711 PM MDT


-  INDICATES NEGATIVE NUMBERS.
R  INDICATES RECORD WAS SET OR TIED.
MM INDICATES DATA IS MISSING.
T  INDICATES TRACE AMOUNT.




$$
