000
CDUS45 KVEF 310025
CLIIGM


CLIMATE REPORT
NATIONAL WEATHER SERVICE LAS VEGAS, NV
525 PM PDT THU OCT 30 2014


...................................

...THE KINGMAN AZ CLIMATE SUMMARY FOR OCTOBER 30 2014...
VALID TODAY AS OF 0500 PM LOCAL TIME.

CLIMATE NORMAL PERIOD 1981 TO 2010
CLIMATE RECORD PERIOD 1901 TO 2014


WEATHER ITEM   OBSERVED TIME   RECORD YEAR NORMAL DEPARTURE LAST
                VALUE   (LST)  VALUE       VALUE  FROM      YEAR
                                                  NORMAL
..................................................................
TEMPERATURE (F)
 TODAY
  MAXIMUM         84   1218 PM  87    1934  72     12       61
  MINIMUM         45    601 AM  23    1971  43      2       37
  AVERAGE         65                        57      8       49

PRECIPITATION (IN)
  TODAY            0.00          0.90 1987   0.03  -0.03     0.01
  MONTH TO DATE    0.76                      0.68   0.08     0.13
  SINCE OCT 1      0.76                      0.68   0.08     0.13
  SINCE JAN 1      7.25                      6.97   0.28     5.97

DEGREE DAYS
 HEATING
  TODAY            0                         8     -8       16
  MONTH TO DATE   23                       123   -100      195
  SINCE SEP 1     27                       129   -102      221
  SINCE JUL 1     27                       129   -102      221

 COOLING
  TODAY            0                         0      0        0
  MONTH TO DATE   47                        66    -19        7
  SINCE SEP 1    385                       391     -6      232
  SINCE JAN 1   2067                      2092    -25     2106
..................................................................


WIND (MPH)
  RESULTANT WIND SPEED   2   RESULTANT WIND DIRECTION   S (190)
  HIGHEST WIND SPEED    16   HIGHEST WIND DIRECTION     E (110)
  HIGHEST GUST SPEED    21   HIGHEST GUST DIRECTION    SW (230)
  AVERAGE WIND SPEED     5.3


SKY COVER
  POSSIBLE SUNSHINE  MM
  AVERAGE SKY COVER 0.0


WEATHER CONDITIONS
 THE FOLLOWING WEATHER WAS RECORDED TODAY.
  NO SIGNIFICANT WEATHER WAS OBSERVED.


RELATIVE HUMIDITY (PERCENT)
 HIGHEST    58           400 AM
 LOWEST     16           100 PM
 AVERAGE    37

..........................................................


THE KINGMAN AZ CLIMATE NORMALS FOR TOMORROW
                         NORMAL    RECORD    YEAR
 MAXIMUM TEMPERATURE (F)   71        85      1965
 MINIMUM TEMPERATURE (F)   42        28      1971


SUNRISE AND SUNSET
OCTOBER 30 2014.......SUNRISE   655 AM MST   SUNSET   543 PM MST
OCTOBER 31 2014.......SUNRISE   656 AM MST   SUNSET   542 PM MST


-  INDICATES NEGATIVE NUMBERS.
R  INDICATES RECORD WAS SET OR TIED.
MM INDICATES DATA IS MISSING.
T  INDICATES TRACE AMOUNT.




$$
