413
CDUS45 KVEF 170831
CLIIGM


CLIMATE REPORT
NATIONAL WEATHER SERVICE LAS VEGAS, NV
1231 AM PST TUE JAN 17 2017


...................................

...THE KINGMAN AZ CLIMATE SUMMARY FOR JANUARY 16 2017...

CLIMATE NORMAL PERIOD 1981 TO 2010
CLIMATE RECORD PERIOD 1901 TO 2017


WEATHER ITEM   OBSERVED TIME   RECORD YEAR NORMAL DEPARTURE LAST
                VALUE   (LST)  VALUE       VALUE  FROM      YEAR
                                                  NORMAL
..................................................................
TEMPERATURE (F)
 YESTERDAY
  MAXIMUM         49    359 PM  72    1902  57     -8       55
  MINIMUM         32    120 AM  17    2007  31      1       28
  AVERAGE         41                        44     -3       42

PRECIPITATION (IN)
  YESTERDAY        0.00          0.46 1955   0.04  -0.04     0.00
  MONTH TO DATE    0.42                      0.49  -0.07     0.61
  SINCE OCT 1      3.98                      2.59   1.39     2.13
  SINCE JAN 1      0.42                      0.49  -0.07     0.61

DEGREE DAYS
 HEATING
  YESTERDAY       24                        21      3       23
  MONTH TO DATE  296                       349    -53      380
  SINCE DEC 1    937                      1032    -95     1110
  SINCE JUL 1   1259                      1598   -339     1686

 COOLING
  YESTERDAY        0                         0      0        0
  MONTH TO DATE    0                         0      0        0
  SINCE DEC 1      0                         0      0        0
  SINCE JAN 1      0                         0      0        0
..................................................................


WIND (MPH)
  RESULTANT WIND SPEED   6   RESULTANT WIND DIRECTION  NE (60)
  HIGHEST WIND SPEED    15   HIGHEST WIND DIRECTION     N (360)
  HIGHEST GUST SPEED    20   HIGHEST GUST DIRECTION     N (360)
  AVERAGE WIND SPEED     8.5


SKY COVER
  POSSIBLE SUNSHINE  MM
  AVERAGE SKY COVER 0.0


WEATHER CONDITIONS
 THE FOLLOWING WEATHER WAS RECORDED YESTERDAY.
  NO SIGNIFICANT WEATHER WAS OBSERVED.


RELATIVE HUMIDITY (PERCENT)
 HIGHEST    89           200 AM
 LOWEST     36           400 PM
 AVERAGE    63

..........................................................


THE KINGMAN AZ CLIMATE NORMALS FOR TODAY
                         NORMAL    RECORD    YEAR
 MAXIMUM TEMPERATURE (F)   57        74      1976
 MINIMUM TEMPERATURE (F)   31        14      1917


SUNRISE AND SUNSET
JANUARY 17 2017.......SUNRISE   743 AM MST   SUNSET   549 PM MST
JANUARY 18 2017.......SUNRISE   743 AM MST   SUNSET   550 PM MST


-  INDICATES NEGATIVE NUMBERS.
R  INDICATES RECORD WAS SET OR TIED.
MM INDICATES DATA IS MISSING.
T  INDICATES TRACE AMOUNT.




$$
