000
CDUS45 KVEF 240834
CLIIGM


CLIMATE REPORT
NATIONAL WEATHER SERVICE LAS VEGAS, NV
133 AM PDT WED AUG 24 2016


...................................

...THE KINGMAN AZ CLIMATE SUMMARY FOR AUGUST 23 2016...

CLIMATE NORMAL PERIOD 1981 TO 2010
CLIMATE RECORD PERIOD 1901 TO 2016


WEATHER ITEM   OBSERVED TIME   RECORD YEAR NORMAL DEPARTURE LAST
                VALUE   (LST)  VALUE       VALUE  FROM      YEAR
                                                  NORMAL
..................................................................
TEMPERATURE (F)
 YESTERDAY
  MAXIMUM         85    544 PM 106    1919  95    -10       99
  MINIMUM         60    101 AM  52    1968  69     -9       70
  AVERAGE         73                        82     -9       85

PRECIPITATION (IN)
  YESTERDAY        0.14          1.70 1922   0.03   0.11     0.00
  MONTH TO DATE    3.00                      0.58   2.42     0.99
  SINCE OCT 1      8.60                      6.98   1.62     8.52
  SINCE JAN 1      7.08                      4.88   2.20     6.39

DEGREE DAYS
 HEATING
  YESTERDAY        0                         0      0        0
  MONTH TO DATE    0                         0      0        0
  SINCE JUN 1      0                         3     -3        0
  SINCE JUL 1      0                         0      0        0

 COOLING
  YESTERDAY        8                        17     -9       20
  MONTH TO DATE  402                       414    -12      440
  SINCE JUN 1   1629                      1375    254     1430
  SINCE JAN 1   1769                      1573    196     1536
..................................................................


WIND (MPH)
  RESULTANT WIND SPEED   1   RESULTANT WIND DIRECTION  SE (150)
  HIGHEST WIND SPEED    22   HIGHEST WIND DIRECTION     N (360)
  HIGHEST GUST SPEED    26   HIGHEST GUST DIRECTION     N (360)
  AVERAGE WIND SPEED     5.7


SKY COVER
  POSSIBLE SUNSHINE  MM
  AVERAGE SKY COVER 0.3


WEATHER CONDITIONS
 THE FOLLOWING WEATHER WAS RECORDED YESTERDAY.
  RAIN
  LIGHT RAIN
  FOG


RELATIVE HUMIDITY (PERCENT)
 HIGHEST    97           100 AM
 LOWEST     32           600 PM
 AVERAGE    65

..........................................................


THE KINGMAN AZ CLIMATE NORMALS FOR TODAY
                         NORMAL    RECORD    YEAR
 MAXIMUM TEMPERATURE (F)   95       107      2011
 MINIMUM TEMPERATURE (F)   68        52      1927


SUNRISE AND SUNSET
AUGUST 24 2016........SUNRISE   603 AM MST   SUNSET   713 PM MST
AUGUST 25 2016........SUNRISE   603 AM MST   SUNSET   711 PM MST


-  INDICATES NEGATIVE NUMBERS.
R  INDICATES RECORD WAS SET OR TIED.
MM INDICATES DATA IS MISSING.
T  INDICATES TRACE AMOUNT.




$$
