000
CDUS45 KIGM 160827
CLIIGM


CLIMATE REPORT
NATIONAL WEATHER SERVICE LAS VEGAS, NV
127 AM PDT WED APR 16 2014


...................................

...THE KINGMAN AZ CLIMATE SUMMARY FOR APRIL 15 2014...

CLIMATE NORMAL PERIOD 1981 TO 2010
CLIMATE RECORD PERIOD 1901 TO 2014


WEATHER ITEM   OBSERVED TIME   RECORD YEAR NORMAL DEPARTURE LAST
                VALUE   (LST)  VALUE       VALUE  FROM      YEAR
                                                  NORMAL
..................................................................
TEMPERATURE (F)
 YESTERDAY
  MAXIMUM         77    316 PM  91    1936  73      4       73
  MINIMUM         40    348 AM  29    1998  44     -4       57
  AVERAGE         59                        58      1       65

PRECIPITATION (IN)
  YESTERDAY        0.00          0.42 2003   0.01  -0.01     0.00
  MONTH TO DATE    T                         0.25  -0.25     0.05
  SINCE OCT 1      1.43                      5.27  -3.84     2.35
  SINCE JAN 1      0.55                      3.17  -2.62     1.18

DEGREE DAYS
 HEATING
  YESTERDAY        6                         7     -1        0
  MONTH TO DATE  106                       135    -29       80
  SINCE MAR 1    412                       553   -141      338
  SINCE JUL 1   2734                      2966   -232     2805

 COOLING
  YESTERDAY        0                         1     -1        0
  MONTH TO DATE   15                         8      7        2
  SINCE MAR 1     15                        11      4        8
  SINCE JAN 1     15                        11      4        8
..................................................................


WIND (MPH)
  RESULTANT WIND SPEED   5   RESULTANT WIND DIRECTION   S (190)
  HIGHEST WIND SPEED    20   HIGHEST WIND DIRECTION    SW (230)
  HIGHEST GUST SPEED    24   HIGHEST GUST DIRECTION    SW (240)
  AVERAGE WIND SPEED     8.9


SKY COVER
  POSSIBLE SUNSHINE  MM
  AVERAGE SKY COVER 0.0


WEATHER CONDITIONS
 THE FOLLOWING WEATHER WAS RECORDED YESTERDAY.
  NO SIGNIFICANT WEATHER WAS OBSERVED.


RELATIVE HUMIDITY (PERCENT)
 HIGHEST    18           200 AM
 LOWEST      3           300 PM
 AVERAGE    11

..........................................................


THE KINGMAN AZ CLIMATE NORMALS FOR TODAY
                         NORMAL    RECORD    YEAR
 MAXIMUM TEMPERATURE (F)   74        91      1936
 MINIMUM TEMPERATURE (F)   44        26      1998


SUNRISE AND SUNSET
APRIL 16 2014.........SUNRISE   602 AM MST   SUNSET   709 PM MST
APRIL 17 2014.........SUNRISE   601 AM MST   SUNSET   710 PM MST


-  INDICATES NEGATIVE NUMBERS.
R  INDICATES RECORD WAS SET OR TIED.
MM INDICATES DATA IS MISSING.
T  INDICATES TRACE AMOUNT.




$$
