000
CDUS45 KVEF 250829
CLIIGM


CLIMATE REPORT
NATIONAL WEATHER SERVICE LAS VEGAS, NV
127 AM PDT SUN JUN 25 2017


...................................

...THE KINGMAN AZ CLIMATE SUMMARY FOR JUNE 24 2017...

CLIMATE NORMAL PERIOD 1981 TO 2010
CLIMATE RECORD PERIOD 1901 TO 2017


WEATHER ITEM   OBSERVED TIME   RECORD YEAR NORMAL DEPARTURE LAST
                VALUE   (LST)  VALUE       VALUE  FROM      YEAR
                                                  NORMAL
..................................................................
TEMPERATURE (F)
 YESTERDAY
  MAXIMUM        112R   237 PM 107    1938  95     17      101
  MINIMUM         71    516 AM  47    1907  65      6       71
  AVERAGE         92                        80     12       86

PRECIPITATION (IN)
  YESTERDAY        0.00          T    2006   0.00   0.00     0.00
  MONTH TO DATE    0.00                      0.04  -0.04     0.00
  SINCE OCT 1      6.45                      5.60   0.85     4.61
  SINCE JAN 1      2.89                      3.50  -0.61     3.09

DEGREE DAYS
 HEATING
  YESTERDAY        0                         0      0        0
  MONTH TO DATE    0                         0      0        0
  SINCE JUN 1      0                         0      0        0
  SINCE JUL 1   2491                      3100   -609     2828

 COOLING
  YESTERDAY       27                        15     12       21
  MONTH TO DATE  393                       289    104      427
  SINCE JUN 1    393                       289    104      427
  SINCE JAN 1    553                       487     66      567
..................................................................


WIND (MPH)
  RESULTANT WIND SPEED   0   RESULTANT WIND DIRECTION   S (190)
  HIGHEST WIND SPEED    17   HIGHEST WIND DIRECTION     S (200)
  HIGHEST GUST SPEED    22   HIGHEST GUST DIRECTION     W (290)
  AVERAGE WIND SPEED     7.7


SKY COVER
  POSSIBLE SUNSHINE  MM
  AVERAGE SKY COVER 0.0


WEATHER CONDITIONS
 THE FOLLOWING WEATHER WAS RECORDED YESTERDAY.
  NO SIGNIFICANT WEATHER WAS OBSERVED.


RELATIVE HUMIDITY (PERCENT)
 HIGHEST    25           500 AM
 LOWEST      7           500 PM
 AVERAGE    16

..........................................................


THE KINGMAN AZ CLIMATE NORMALS FOR TODAY
                         NORMAL    RECORD    YEAR
 MAXIMUM TEMPERATURE (F)   95       109      1970
 MINIMUM TEMPERATURE (F)   66        43      1941


SUNRISE AND SUNSET
JUNE 25 2017..........SUNRISE   523 AM MST   SUNSET   754 PM MST
JUNE 26 2017..........SUNRISE   523 AM MST   SUNSET   754 PM MST


-  INDICATES NEGATIVE NUMBERS.
R  INDICATES RECORD WAS SET OR TIED.
MM INDICATES DATA IS MISSING.
T  INDICATES TRACE AMOUNT.




$$
