000
CDUS45 KVEF 030826
CLIIGM


CLIMATE REPORT
NATIONAL WEATHER SERVICE LAS VEGAS, NV
1226 AM PST SAT DEC 3 2016


...................................

...THE KINGMAN AZ CLIMATE SUMMARY FOR DECEMBER 2 2016...

CLIMATE NORMAL PERIOD 1981 TO 2010
CLIMATE RECORD PERIOD 1901 TO 2016


WEATHER ITEM   OBSERVED TIME   RECORD YEAR NORMAL DEPARTURE LAST
                VALUE   (LST)  VALUE       VALUE  FROM      YEAR
                                                  NORMAL
..................................................................
TEMPERATURE (F)
 YESTERDAY
  MAXIMUM         50    235 PM  76    1949  57     -7       62
  MINIMUM         35    717 AM  20    1991  33      2       25
  AVERAGE         43                        45     -2       44

PRECIPITATION (IN)
  YESTERDAY        0.00          1.10 1978   0.02  -0.02     0.00
  MONTH TO DATE    0.00                      0.04  -0.04     0.00
  SINCE OCT 1      0.93                      1.40  -0.47     1.28
  SINCE JAN 1      8.36                      7.69   0.67     7.96

DEGREE DAYS
 HEATING
  YESTERDAY       22                        20      2       21
  MONTH TO DATE   48                        40      8       47
  SINCE DEC 1     48                        40      8       47
  SINCE JUL 1    370                       606   -236      623

 COOLING
  YESTERDAY        0                         0      0        0
  MONTH TO DATE    0                         0      0        0
  SINCE DEC 1      0                         0      0        0
  SINCE JAN 1   2244                      2093    151     2235
..................................................................


WIND (MPH)
  RESULTANT WIND SPEED  12   RESULTANT WIND DIRECTION   N (20)
  HIGHEST WIND SPEED    31   HIGHEST WIND DIRECTION     N (340)
  HIGHEST GUST SPEED    36   HIGHEST GUST DIRECTION     N (340)
  AVERAGE WIND SPEED    15.2


SKY COVER
  POSSIBLE SUNSHINE  MM
  AVERAGE SKY COVER 0.5


WEATHER CONDITIONS
 THE FOLLOWING WEATHER WAS RECORDED YESTERDAY.
  NO SIGNIFICANT WEATHER WAS OBSERVED.


RELATIVE HUMIDITY (PERCENT)
 HIGHEST    48          1200 AM
 LOWEST     23           400 PM
 AVERAGE    36

..........................................................


THE KINGMAN AZ CLIMATE NORMALS FOR TODAY
                         NORMAL    RECORD    YEAR
 MAXIMUM TEMPERATURE (F)   57        74      1946
 MINIMUM TEMPERATURE (F)   33        21      1955


SUNRISE AND SUNSET
DECEMBER  3 2016......SUNRISE   728 AM MST   SUNSET   523 PM MST
DECEMBER  4 2016......SUNRISE   729 AM MST   SUNSET   523 PM MST


-  INDICATES NEGATIVE NUMBERS.
R  INDICATES RECORD WAS SET OR TIED.
MM INDICATES DATA IS MISSING.
T  INDICATES TRACE AMOUNT.




$$
