000
CDUS45 KVEF 060027
CLIIGM


CLIMATE REPORT
NATIONAL WEATHER SERVICE LAS VEGAS, NV
426 PM PST THU MAR 5 2015


...................................

...THE KINGMAN AZ CLIMATE SUMMARY FOR MARCH 5 2015...
VALID TODAY AS OF 0400 PM LOCAL TIME.

CLIMATE NORMAL PERIOD 1981 TO 2010
CLIMATE RECORD PERIOD 1901 TO 2015


WEATHER ITEM   OBSERVED TIME   RECORD YEAR NORMAL DEPARTURE LAST
                VALUE   (LST)  VALUE       VALUE  FROM      YEAR
                                                  NORMAL
..................................................................
TEMPERATURE (F)
 TODAY
  MAXIMUM         62    457 PM  86    1910  63     -1       72
  MINIMUM         29    653 AM  24    1976  36     -7       39
  AVERAGE         46                        50     -4       56

PRECIPITATION (IN)
  TODAY            0.00          1.03 1945   0.04  -0.04     0.00
  MONTH TO DATE    1.27                      0.19   1.08     0.11
  SINCE OCT 1      4.83                      4.45   0.38     1.43
  SINCE JAN 1      2.70                      2.35   0.35     0.55

DEGREE DAYS
 HEATING
  TODAY           19                        15      4        9
  MONTH TO DATE  105                        79     26       62
  SINCE MAR 1    105                        79     26       62
  SINCE JUL 1   2085                      2492   -407     2384

 COOLING
  TODAY            0                         0      0        0
  MONTH TO DATE    0                         0      0        0
  SINCE MAR 1      0                         0      0        0
  SINCE JAN 1      0                         0      0        0
..................................................................


WIND (MPH)
  RESULTANT WIND SPEED   4   RESULTANT WIND DIRECTION  NE (50)
  HIGHEST WIND SPEED    15   HIGHEST WIND DIRECTION     N (10)
  HIGHEST GUST SPEED    19   HIGHEST GUST DIRECTION     N (360)
  AVERAGE WIND SPEED     7.0


SKY COVER
  POSSIBLE SUNSHINE  MM
  AVERAGE SKY COVER 0.0


WEATHER CONDITIONS
 THE FOLLOWING WEATHER WAS RECORDED TODAY.
  NO SIGNIFICANT WEATHER WAS OBSERVED.


RELATIVE HUMIDITY (PERCENT)
 HIGHEST    78           600 AM
 LOWEST     21           400 PM
 AVERAGE    50

..........................................................


THE KINGMAN AZ CLIMATE NORMALS FOR TOMORROW
                         NORMAL    RECORD    YEAR
 MAXIMUM TEMPERATURE (F)   63        86      1910
 MINIMUM TEMPERATURE (F)   36        24      1976


SUNRISE AND SUNSET
MARCH  5 2015.........SUNRISE   700 AM MST   SUNSET   635 PM MST
MARCH  6 2015.........SUNRISE   659 AM MST   SUNSET   636 PM MST


-  INDICATES NEGATIVE NUMBERS.
R  INDICATES RECORD WAS SET OR TIED.
MM INDICATES DATA IS MISSING.
T  INDICATES TRACE AMOUNT.




$$
