000
CDUS45 KVEF 080036
CLIIGM


CLIMATE REPORT
NATIONAL WEATHER SERVICE LAS VEGAS, NV
536 PM PDT TUE JUL 7 2015


...................................

...THE KINGMAN AZ CLIMATE SUMMARY FOR JULY 7 2015...
VALID TODAY AS OF 0500 PM LOCAL TIME.

CLIMATE NORMAL PERIOD 1981 TO 2010
CLIMATE RECORD PERIOD 1901 TO 2015


WEATHER ITEM   OBSERVED TIME   RECORD YEAR NORMAL DEPARTURE LAST
                VALUE   (LST)  VALUE       VALUE  FROM      YEAR
                                                  NORMAL
..................................................................
TEMPERATURE (F)
 TODAY
  MAXIMUM         98    236 PM 109    1905  97      1       98
  MINIMUM         65    547 AM  54    1935  69     -4       70
  AVERAGE         82                        83     -1       84

PRECIPITATION (IN)
  TODAY            T             0.84 1919   0.01  -0.01      T
  MONTH TO DATE    0.03                      0.10  -0.07     0.06
  SINCE OCT 1      6.64                      5.75   0.89     1.73
  SINCE JAN 1      4.51                      3.65   0.86     0.85

DEGREE DAYS
 HEATING
  TODAY            0                         0      0        0
  MONTH TO DATE    0                         0      0        0
  SINCE JUN 1      0                         3     -3        0
  SINCE JUL 1      0                         0      0        0

 COOLING
  TODAY           17                        18     -1       19
  MONTH TO DATE  133                       122     11      142
  SINCE JUN 1    610                       507    103      582
  SINCE JAN 1    716                       705     11      807
..................................................................


WIND (MPH)
  RESULTANT WIND SPEED   2   RESULTANT WIND DIRECTION   S (190)
  HIGHEST WIND SPEED    24   HIGHEST WIND DIRECTION     W (270)
  HIGHEST GUST SPEED    29   HIGHEST GUST DIRECTION     W (270)
  AVERAGE WIND SPEED     7.5


SKY COVER
  POSSIBLE SUNSHINE  MM
  AVERAGE SKY COVER 0.0


WEATHER CONDITIONS
 THE FOLLOWING WEATHER WAS RECORDED TODAY.
  THUNDERSTORM
  LIGHT RAIN


RELATIVE HUMIDITY (PERCENT)
 HIGHEST    63           500 AM
 LOWEST     15           200 PM
 AVERAGE    39

..........................................................


THE KINGMAN AZ CLIMATE NORMALS FOR TOMORROW
                         NORMAL    RECORD    YEAR
 MAXIMUM TEMPERATURE (F)   97       108      1985
 MINIMUM TEMPERATURE (F)   69        50      1948


SUNRISE AND SUNSET
JULY  7 2015..........SUNRISE   528 AM MST   SUNSET   754 PM MST
JULY  8 2015..........SUNRISE   528 AM MST   SUNSET   753 PM MST


-  INDICATES NEGATIVE NUMBERS.
R  INDICATES RECORD WAS SET OR TIED.
MM INDICATES DATA IS MISSING.
T  INDICATES TRACE AMOUNT.




$$
