347
CDUS41 KPHI 310629
CLIILG


CLIMATE REPORT
NATIONAL WEATHER SERVICE MOUNT HOLLY NJ
229 AM EDT WED AUG 31 2016


...................................

...THE WILMINGTON DE CLIMATE SUMMARY FOR AUGUST 30 2016...

CLIMATE NORMAL PERIOD 1981 TO 2010
CLIMATE RECORD PERIOD 1894 TO 2016


WEATHER ITEM   OBSERVED TIME   RECORD YEAR NORMAL DEPARTURE LAST
                VALUE   (LST)  VALUE       VALUE  FROM      YEAR
                                                  NORMAL
..................................................................
TEMPERATURE (F)
 YESTERDAY
  MAXIMUM         90    421 PM 101    1953  82      8       89
  MINIMUM         68    554 AM  45    1986  64      4       66
  AVERAGE         79                        73      6       78

PRECIPITATION (IN)
  YESTERDAY        0.00          1.70 1911   0.09  -0.09     0.00
  MONTH TO DATE    1.44                      3.15  -1.71     1.52
  SINCE JUN 1     11.48                     11.60  -0.12    16.36
  SINCE JAN 1     29.15                     28.66   0.49    35.04

SNOWFALL (IN)
  YESTERDAY        0.0           0.0  1894   0.0    0.0      0.0
  MONTH TO DATE    0.0                       0.0    0.0      0.0
  SINCE JUN 1      0.0                       0.0    0.0      0.0
  SINCE JUL 1      0.0                       0.0    0.0      0.0
  SNOW DEPTH       0

DEGREE DAYS
 HEATING
  YESTERDAY        0                         0      0        0
  MONTH TO DATE    0                         0      0        0
  SINCE JUN 1      5                        15    -10       18
  SINCE JUL 1      0                         0      0        0

 COOLING
  YESTERDAY       14                         8      6       13
  MONTH TO DATE  437                       307    130      321
  SINCE JUN 1   1118                       905    213      962
  SINCE JAN 1   1210                       984    226     1130
..................................................................


WIND (MPH)
  HIGHEST WIND SPEED    13   HIGHEST WIND DIRECTION    NE (50)
  HIGHEST GUST SPEED    16   HIGHEST GUST DIRECTION     W (290)
  AVERAGE WIND SPEED     5.3


SKY COVER
  POSSIBLE SUNSHINE  MM
  AVERAGE SKY COVER 0.0


WEATHER CONDITIONS
 THE FOLLOWING WEATHER WAS RECORDED YESTERDAY.
  NO SIGNIFICANT WEATHER WAS OBSERVED.


RELATIVE HUMIDITY (PERCENT)
 HIGHEST    79          1000 PM
 LOWEST     31           300 PM
 AVERAGE    55

..........................................................


THE WILMINGTON DE CLIMATE NORMALS FOR TODAY
                         NORMAL    RECORD    YEAR
 MAXIMUM TEMPERATURE (F)   82       101      1953
 MINIMUM TEMPERATURE (F)   64        47      1934


SUNRISE AND SUNSET
AUGUST 31 2016........SUNRISE   630 AM EDT   SUNSET   734 PM EDT
SEPTEMBER  1 2016.....SUNRISE   631 AM EDT   SUNSET   733 PM EDT


-  INDICATES NEGATIVE NUMBERS.
R  INDICATES RECORD WAS SET OR TIED.
MM INDICATES DATA IS MISSING.
T  INDICATES TRACE AMOUNT.




$$
