000
CDUS41 KPHI 050629
CLIILG


CLIMATE REPORT
NATIONAL WEATHER SERVICE MOUNT HOLLY NJ
129 AM EST MON DEC 5 2016


...................................

...THE WILMINGTON DE CLIMATE SUMMARY FOR DECEMBER 4 2016...

CLIMATE NORMAL PERIOD 1981 TO 2010
CLIMATE RECORD PERIOD 1894 TO 2016


WEATHER ITEM   OBSERVED TIME   RECORD YEAR NORMAL DEPARTURE LAST
                VALUE   (LST)  VALUE       VALUE  FROM      YEAR
                                                  NORMAL
..................................................................
TEMPERATURE (F)
 YESTERDAY
  MAXIMUM         48    146 PM  75    1998  48      0       51
  MINIMUM         39    739 AM  10    1940  32      7       34
  AVERAGE         44                        40      4       43

PRECIPITATION (IN)
  YESTERDAY        0.00          1.75 1900   0.13  -0.13     0.00
  MONTH TO DATE    0.03                      0.50  -0.47     1.26
  SINCE DEC 1      0.03                      0.50  -0.47     1.26
  SINCE JAN 1     38.22                     40.10  -1.88    44.79

SNOWFALL (IN)
  YESTERDAY        0.0           9.1  1957   0.1   -0.1      0.0
  MONTH TO DATE    0.0                       0.3   -0.3      0.0
  SINCE DEC 1      0.0                       0.3   -0.3      0.0
  SINCE JUL 1      0.0                       0.7   -0.7      0.0
  SNOW DEPTH       0

DEGREE DAYS
 HEATING
  YESTERDAY       21                        25     -4       22
  MONTH TO DATE   74                        97    -23       67
  SINCE DEC 1     74                        97    -23       67
  SINCE JUL 1    798                       995   -197      771

 COOLING
  YESTERDAY        0                         0      0        0
  MONTH TO DATE    0                         0      0        0
  SINCE DEC 1      0                         0      0        0
  SINCE JAN 1   1489                      1145    344     1388
..................................................................


WIND (MPH)
  HIGHEST WIND SPEED    14   HIGHEST WIND DIRECTION     N (350)
  HIGHEST GUST SPEED    18   HIGHEST GUST DIRECTION     N (350)
  AVERAGE WIND SPEED     6.2


SKY COVER
  POSSIBLE SUNSHINE  MM
  AVERAGE SKY COVER 0.4


WEATHER CONDITIONS
 THE FOLLOWING WEATHER WAS RECORDED YESTERDAY.
  NO SIGNIFICANT WEATHER WAS OBSERVED.


RELATIVE HUMIDITY (PERCENT)
 HIGHEST    70           400 AM
 LOWEST     45          1000 AM
 AVERAGE    58

..........................................................


THE WILMINGTON DE CLIMATE NORMALS FOR TODAY
                         NORMAL    RECORD    YEAR
 MAXIMUM TEMPERATURE (F)   48        72      1982
 MINIMUM TEMPERATURE (F)   32        12      1926


SUNRISE AND SUNSET
DECEMBER  5 2016......SUNRISE   708 AM EST   SUNSET   438 PM EST
DECEMBER  6 2016......SUNRISE   709 AM EST   SUNSET   438 PM EST


-  INDICATES NEGATIVE NUMBERS.
R  INDICATES RECORD WAS SET OR TIED.
MM INDICATES DATA IS MISSING.
T  INDICATES TRACE AMOUNT.




$$
