000
CDUS41 KPHI 030636
CLIILG


CLIMATE REPORT
NATIONAL WEATHER SERVICE MOUNT HOLLY NJ
132 AM EST TUE MAR 3 2015


...................................

...THE WILMINGTON DE CLIMATE SUMMARY FOR MARCH 2 2015...

CLIMATE NORMAL PERIOD 1981 TO 2010
CLIMATE RECORD PERIOD 1894 TO 2015


WEATHER ITEM   OBSERVED TIME   RECORD YEAR NORMAL DEPARTURE LAST
                VALUE   (LST)  VALUE       VALUE  FROM      YEAR
                                                  NORMAL
..................................................................
TEMPERATURE (F)
 YESTERDAY
  MAXIMUM         38    346 PM  77    1972  48    -10       43
  MINIMUM         27   1129 PM  10    1980  30     -3       30
  AVERAGE         33                        39     -6       37

PRECIPITATION (IN)
  YESTERDAY        0.00          1.33 2007   0.11  -0.11     0.09
  MONTH TO DATE    0.54                      0.21   0.33     0.09
  SINCE MAR 1      0.54                      0.21   0.33     0.09
  SINCE JAN 1      7.15                      5.90   1.25     8.67

SNOWFALL (IN)
  YESTERDAY        0.0           5.8  2009   0.2   -0.2      0.0
  MONTH TO DATE    0.3                       0.3    0.0      0.0
  SINCE MAR 1      0.3                       0.3    0.0      0.0
  SINCE JUL 1     15.1                      18.3   -3.2     48.4
  SNOW DEPTH       2

DEGREE DAYS
 HEATING
  YESTERDAY       32                        26      6       28
  MONTH TO DATE   72                        53     19       66
  SINCE MAR 1     72                        53     19       66
  SINCE JUL 1   3911                      3676    235     3921

 COOLING
  YESTERDAY        0                         0      0        0
  MONTH TO DATE    0                         0      0        0
  SINCE MAR 1      0                         0      0        0
  SINCE JAN 1      0                         0      0        0
..................................................................


WIND (MPH)
  HIGHEST WIND SPEED    28   HIGHEST WIND DIRECTION    NW (310)
  HIGHEST GUST SPEED    36   HIGHEST GUST DIRECTION    NW (300)
  AVERAGE WIND SPEED    12.4


SKY COVER
  POSSIBLE SUNSHINE  MM
  AVERAGE SKY COVER 0.5


WEATHER CONDITIONS
 THE FOLLOWING WEATHER WAS RECORDED YESTERDAY.
  FOG
  HAZE


RELATIVE HUMIDITY (PERCENT)
 HIGHEST   100          1200 AM
 LOWEST     44           300 PM
 AVERAGE    72

..........................................................


THE WILMINGTON DE CLIMATE NORMALS FOR TODAY
                         NORMAL    RECORD    YEAR
 MAXIMUM TEMPERATURE (F)   48        69      1923
 MINIMUM TEMPERATURE (F)   30         8      2014


SUNRISE AND SUNSET
MARCH  3 2015.........SUNRISE   633 AM EST   SUNSET   556 PM EST
MARCH  4 2015.........SUNRISE   631 AM EST   SUNSET   558 PM EST


-  INDICATES NEGATIVE NUMBERS.
R  INDICATES RECORD WAS SET OR TIED.
MM INDICATES DATA IS MISSING.
T  INDICATES TRACE AMOUNT.




$$
