000
CDUS42 KILM 070943
CLIILM


CLIMATE REPORT
NATIONAL WEATHER SERVICE WILMINGTON NC
443 AM EST SUN FEB 7 2016


...................................

...THE WILMINGTON NC CLIMATE SUMMARY FOR FEBRUARY 6 2016...

CLIMATE NORMAL PERIOD 1981 TO 2010
CLIMATE RECORD PERIOD 1871 TO 2016


WEATHER ITEM   OBSERVED TIME   RECORD YEAR NORMAL DEPARTURE LAST
                VALUE   (LST)  VALUE       VALUE  FROM      YEAR
                                                  NORMAL
..................................................................
TEMPERATURE (F)
 YESTERDAY
  MAXIMUM         53    245 PM  81    1927  58     -5       44
  MINIMUM         31    451 AM  15    1886  37     -6       22
  AVERAGE         42                        48     -6       33

PRECIPITATION (IN)
  YESTERDAY        0.08          1.39 1967   0.13  -0.05     0.00
  MONTH TO DATE    4.31                      0.77   3.54     1.10
  SINCE DEC 1     14.26                      8.15   6.11    11.07
  SINCE JAN 1      8.76                      4.53   4.23     6.08

SNOWFALL (IN)
  YESTERDAY        0.0           0.3  1980   0.0    0.0      0.0
  MONTH TO DATE    0.0                       0.1   -0.1      0.0
  SINCE DEC 1      T                         1.3   -1.3      0.0
  SINCE JUL 1      T                         1.3   -1.3      0.0
  SNOW DEPTH       0

DEGREE DAYS
 HEATING
  YESTERDAY       23                        17      6       32
  MONTH TO DATE   54                       107    -53      140
  SINCE DEC 1    857                      1213   -356     1198
  SINCE JUL 1   1087                      1582   -495     1651

 COOLING
  YESTERDAY        0                         0      0        0
  MONTH TO DATE    0                         0      0        0
  SINCE DEC 1     76                         7     69        6
  SINCE JAN 1      0                         2     -2        6
..................................................................


WIND (MPH)
  HIGHEST WIND SPEED    17   HIGHEST WIND DIRECTION    NE (30)
  HIGHEST GUST SPEED    20   HIGHEST GUST DIRECTION    NE (40)
  AVERAGE WIND SPEED     7.2


SKY COVER
  POSSIBLE SUNSHINE  MM
  AVERAGE SKY COVER 0.7


WEATHER CONDITIONS
 THE FOLLOWING WEATHER WAS RECORDED YESTERDAY.
  RAIN
  LIGHT RAIN


RELATIVE HUMIDITY (PERCENT)
 HIGHEST    92           300 AM
 LOWEST     32           200 PM
 AVERAGE    62

..........................................................


THE WILMINGTON NC CLIMATE NORMALS FOR TODAY
                         NORMAL    RECORD    YEAR
 MAXIMUM TEMPERATURE (F)   59        75      1989
 MINIMUM TEMPERATURE (F)   37        18      1978


SUNRISE AND SUNSET
FEBRUARY  7 2016......SUNRISE   705 AM EST   SUNSET   547 PM EST
FEBRUARY  8 2016......SUNRISE   704 AM EST   SUNSET   548 PM EST


-  INDICATES NEGATIVE NUMBERS.
R  INDICATES RECORD WAS SET OR TIED.
MM INDICATES DATA IS MISSING.
T  INDICATES TRACE AMOUNT.




$$
