000
CDUS42 KILM 282044
CLIILM


CLIMATE REPORT
NATIONAL WEATHER SERVICE WILMINGTON NC
444 PM EDT SAT MAY 28 2016


...................................

...THE WILMINGTON NC CLIMATE SUMMARY FOR MAY 28 2016...
VALID TODAY AS OF 0400 PM LOCAL TIME.

CLIMATE NORMAL PERIOD 1981 TO 2010
CLIMATE RECORD PERIOD 1871 TO 2016


WEATHER ITEM   OBSERVED TIME   RECORD YEAR NORMAL DEPARTURE LAST
                VALUE   (LST)  VALUE       VALUE  FROM      YEAR
                                                  NORMAL
..................................................................
TEMPERATURE (F)
 TODAY
  MAXIMUM         82   1240 PM  97    1967  83     -1       82
  MINIMUM         63    448 AM  44    1961  64     -1       64
  AVERAGE         73                        73      0       73

PRECIPITATION (IN)
  TODAY            0.00          2.97 1988   0.17  -0.17     0.00
  MONTH TO DATE    4.50                      3.98   0.52     5.66
  SINCE MAR 1      9.24                     11.01  -1.77    11.25
  SINCE JAN 1     21.31                     18.39   2.92    20.57

DEGREE DAYS
 HEATING
  TODAY            0                         0      0        0
  MONTH TO DATE   19                        25     -6       10
  SINCE MAR 1    319                       478   -159      414
  SINCE JUL 1   1806                      2407   -601     2597

 COOLING
  TODAY            8                         9     -1        8
  MONTH TO DATE  157                       166     -9      177
  SINCE MAR 1    300                       249     51      260
  SINCE JAN 1    303                       254     49      266
..................................................................


WIND (MPH)
  HIGHEST WIND SPEED    20   HIGHEST WIND DIRECTION     E (90)
  HIGHEST GUST SPEED    25   HIGHEST GUST DIRECTION     E (100)
  AVERAGE WIND SPEED     8.9


SKY COVER
  POSSIBLE SUNSHINE  MM
  AVERAGE SKY COVER 0.2


WEATHER CONDITIONS
 THE FOLLOWING WEATHER WAS RECORDED TODAY.
  FOG


RELATIVE HUMIDITY (PERCENT)
 HIGHEST    93          1200 AM
 LOWEST     58          1200 PM
 AVERAGE    76

..........................................................


THE WILMINGTON NC CLIMATE NORMALS FOR TOMORROW
                         NORMAL    RECORD    YEAR
 MAXIMUM TEMPERATURE (F)   83        96      1967
 MINIMUM TEMPERATURE (F)   64        49      1926
                                             1922


SUNRISE AND SUNSET
MAY 28 2016...........SUNRISE   602 AM EDT   SUNSET   816 PM EDT
MAY 29 2016...........SUNRISE   602 AM EDT   SUNSET   817 PM EDT


-  INDICATES NEGATIVE NUMBERS.
R  INDICATES RECORD WAS SET OR TIED.
MM INDICATES DATA IS MISSING.
T  INDICATES TRACE AMOUNT.




$$
