000
CDUS42 KILM 300900
CLIILM


CLIMATE REPORT
NATIONAL WEATHER SERVICE WILMINGTON NC
500 AM EDT SAT JUL 30 2016


...................................

...THE WILMINGTON NC CLIMATE SUMMARY FOR JULY 29 2016...

CLIMATE NORMAL PERIOD 1981 TO 2010
CLIMATE RECORD PERIOD 1871 TO 2016


WEATHER ITEM   OBSERVED TIME   RECORD YEAR NORMAL DEPARTURE LAST
                VALUE   (LST)  VALUE       VALUE  FROM      YEAR
                                                  NORMAL
..................................................................
TEMPERATURE (F)
 YESTERDAY
  MAXIMUM         96    215 PM 101    1993  89      7       89
  MINIMUM         80    600 AM  62    1924  73      7       71
                                      1920
  AVERAGE         88                        81      7       80

PRECIPITATION (IN)
  YESTERDAY        0.00          3.25 1960   0.25  -0.25     0.00
  MONTH TO DATE    4.60                      6.98  -2.38     3.00
  SINCE JUN 1     11.23                     12.16  -0.93    10.11
  SINCE JAN 1     33.92                     31.06   2.86    30.68

DEGREE DAYS
 HEATING
  YESTERDAY        0                         0      0        0
  MONTH TO DATE    0                         0      0        0
  SINCE JUN 1      0                         2     -2        0
  SINCE JUL 1      0                         0      0        0

 COOLING
  YESTERDAY       23                        16      7       15
  MONTH TO DATE  543                       464     79      515
  SINCE JUN 1    961                       849    112     1009
  SINCE JAN 1   1296                      1130    166     1302
..................................................................


WIND (MPH)
  HIGHEST WIND SPEED    21   HIGHEST WIND DIRECTION     W (260)
  HIGHEST GUST SPEED    28   HIGHEST GUST DIRECTION     W (260)
  AVERAGE WIND SPEED    10.8


SKY COVER
  POSSIBLE SUNSHINE  MM
  AVERAGE SKY COVER 0.0


WEATHER CONDITIONS
 THE FOLLOWING WEATHER WAS RECORDED YESTERDAY.
  THUNDERSTORM


RELATIVE HUMIDITY (PERCENT)
 HIGHEST    91           300 AM
 LOWEST     49          1200 PM
 AVERAGE    70

..........................................................


THE WILMINGTON NC CLIMATE NORMALS FOR TODAY
                         NORMAL    RECORD    YEAR
 MAXIMUM TEMPERATURE (F)   89       101      2011
 MINIMUM TEMPERATURE (F)   73        61      1914


SUNRISE AND SUNSET
JULY 30 2016..........SUNRISE   621 AM EDT   SUNSET   814 PM EDT
JULY 31 2016..........SUNRISE   622 AM EDT   SUNSET   813 PM EDT


-  INDICATES NEGATIVE NUMBERS.
R  INDICATES RECORD WAS SET OR TIED.
MM INDICATES DATA IS MISSING.
T  INDICATES TRACE AMOUNT.




$$
