954
CDUS42 KILM 222140
CLIILM


CLIMATE REPORT
NATIONAL WEATHER SERVICE WILMINGTON NC
440 PM EST SUN JAN 22 2017


...................................

...THE WILMINGTON NC CLIMATE SUMMARY FOR JANUARY 22 2017...
VALID TODAY AS OF 0400 PM LOCAL TIME.

CLIMATE NORMAL PERIOD 1981 TO 2010
CLIMATE RECORD PERIOD 1871 TO 2017


WEATHER ITEM   OBSERVED TIME   RECORD YEAR NORMAL DEPARTURE LAST
                VALUE   (LST)  VALUE       VALUE  FROM      YEAR
                                                  NORMAL
..................................................................
TEMPERATURE (F)
 TODAY
  MAXIMUM         62    254 PM  78    1999  57      5       45
  MINIMUM         57    230 AM  14    1970  36     21       32
  AVERAGE         60                        46     14       39

PRECIPITATION (IN)
  TODAY            0.32          1.82 2016   0.11   0.21     1.82
  MONTH TO DATE    2.19                      2.65  -0.46     4.24
  SINCE DEC 1      7.55                      6.27   1.28     9.74
  SINCE JAN 1      2.19                      2.65  -0.46     4.24

SNOWFALL (IN)
  TODAY            0.0          MM      MM   0.0    0.0      0.0
  MONTH TO DATE    T                         0.3   -0.3      0.0
  SINCE DEC 1      T                         1.1   -1.1      0.0
  SINCE JUL 1      T                         1.1   -1.1      0.0
  SNOW DEPTH       0

DEGREE DAYS
 HEATING
  TODAY            5                        19    -14       26
  MONTH TO DATE  288                       418   -130      458
  SINCE DEC 1    758                       933   -175      634
  SINCE JUL 1   1117                      1302   -185      864

 COOLING
  TODAY            0                         0      0        0
  MONTH TO DATE    0                         0      0        0
  SINCE DEC 1      3                         5     -2       76
  SINCE JAN 1      0                         0      0        0
..................................................................


WIND (MPH)
  HIGHEST WIND SPEED    16   HIGHEST WIND DIRECTION    SW (240)
  HIGHEST GUST SPEED    21   HIGHEST GUST DIRECTION    SW (240)
  AVERAGE WIND SPEED     6.8


SKY COVER
  POSSIBLE SUNSHINE  MM
  AVERAGE SKY COVER 0.7


WEATHER CONDITIONS
 THE FOLLOWING WEATHER WAS RECORDED TODAY.
  RAIN
  LIGHT RAIN
  FOG


RELATIVE HUMIDITY (PERCENT)
 HIGHEST   100           900 AM
 LOWEST     90           100 AM
 AVERAGE    95

..........................................................


THE WILMINGTON NC CLIMATE NORMALS FOR TOMORROW
                         NORMAL    RECORD    YEAR
 MAXIMUM TEMPERATURE (F)   57        80      1937
 MINIMUM TEMPERATURE (F)   36        17      2011
                                             2003


SUNRISE AND SUNSET
JANUARY 22 2017.......SUNRISE   715 AM EST   SUNSET   532 PM EST
JANUARY 23 2017.......SUNRISE   714 AM EST   SUNSET   533 PM EST


-  INDICATES NEGATIVE NUMBERS.
R  INDICATES RECORD WAS SET OR TIED.
MM INDICATES DATA IS MISSING.
T  INDICATES TRACE AMOUNT.




$$
