000
CDUS42 KILM 220841
CLIILM


CLIMATE REPORT
NATIONAL WEATHER SERVICE WILMINGTON NC
440 AM EDT TUE AUG 22 2017


...................................

...THE WILMINGTON NC CLIMATE SUMMARY FOR AUGUST 21 2017...

CLIMATE NORMAL PERIOD 1981 TO 2010
CLIMATE RECORD PERIOD 1871 TO 2017


WEATHER ITEM   OBSERVED TIME   RECORD YEAR NORMAL DEPARTURE LAST
                VALUE   (LST)  VALUE       VALUE  FROM      YEAR
                                                  NORMAL
..................................................................
TEMPERATURE (F)
 YESTERDAY
  MAXIMUM         88   1228 PM 100    2007  88      0       95
                                      1983
                                      1968
  MINIMUM         76   1159 PM  60    1953  71      5       75
                                      1918
  AVERAGE         82                        79      3       85

PRECIPITATION (IN)
  YESTERDAY        T             3.29 1950   0.24  -0.24     0.00
  MONTH TO DATE    7.44                      5.02   2.42     6.37
  SINCE JUN 1     24.14                     17.68   6.46    17.71
  SINCE JAN 1     44.64                     36.58   8.06    40.40

DEGREE DAYS
 HEATING
  YESTERDAY        0                         0      0        0
  MONTH TO DATE    0                         0      0        0
  SINCE JUN 1      2                         2      0        0
  SINCE JUL 1      0                         0      0        0

 COOLING
  YESTERDAY       17                        14      3       20
  MONTH TO DATE  320                       319      1      385
  SINCE JUN 1   1245                      1205     40     1390
  SINCE JAN 1   1682                      1486    196     1725
..................................................................


WIND (MPH)
  HIGHEST WIND SPEED    13   HIGHEST WIND DIRECTION     E (110)
  HIGHEST GUST SPEED    17   HIGHEST GUST DIRECTION     E (90)
  AVERAGE WIND SPEED     4.8


SKY COVER
  POSSIBLE SUNSHINE  MM
  AVERAGE SKY COVER 0.2


WEATHER CONDITIONS
 THE FOLLOWING WEATHER WAS RECORDED YESTERDAY.
  LIGHT RAIN


RELATIVE HUMIDITY (PERCENT)
 HIGHEST   100           200 AM
 LOWEST     68          1200 PM
 AVERAGE    84

..........................................................


THE WILMINGTON NC CLIMATE NORMALS FOR TODAY
                         NORMAL    RECORD    YEAR
 MAXIMUM TEMPERATURE (F)   88       100      1983
 MINIMUM TEMPERATURE (F)   71        60      1886


SUNRISE AND SUNSET
AUGUST 22 2017........SUNRISE   638 AM EDT   SUNSET   750 PM EDT
AUGUST 23 2017........SUNRISE   639 AM EDT   SUNSET   749 PM EDT


-  INDICATES NEGATIVE NUMBERS.
R  INDICATES RECORD WAS SET OR TIED.
MM INDICATES DATA IS MISSING.
T  INDICATES TRACE AMOUNT.




$$
