000
CDUS42 KILM 282042
CLIILM


CLIMATE REPORT
NATIONAL WEATHER SERVICE WILMINGTON NC
441 PM EDT THU APR 28 2016


...................................

...THE WILMINGTON NC CLIMATE SUMMARY FOR APRIL 28 2016...
VALID TODAY AS OF 0400 PM LOCAL TIME.

CLIMATE NORMAL PERIOD 1981 TO 2010
CLIMATE RECORD PERIOD 1871 TO 2016


WEATHER ITEM   OBSERVED TIME   RECORD YEAR NORMAL DEPARTURE LAST
                VALUE   (LST)  VALUE       VALUE  FROM      YEAR
                                                  NORMAL
..................................................................
TEMPERATURE (F)
 TODAY
  MAXIMUM         84    259 PM  90    1981  77      7       70
  MINIMUM         69    628 AM  40    1993  55     14       45
                                      1898
  AVERAGE         77                        66     11       58

PRECIPITATION (IN)
  TODAY            0.02          1.47 1999   0.09  -0.07     0.00
  MONTH TO DATE    1.91                      2.63  -0.72     1.83
  SINCE MAR 1      4.74                      6.84  -2.10     5.26
  SINCE JAN 1     16.81                     14.22   2.59    14.58

SNOWFALL (IN)
  TODAY            0.0          MM      MM   0.0    0.0      0.0
  MONTH TO DATE    0.0                       0.0    0.0      0.0
  SINCE MAR 1      0.0                       0.2   -0.2      0.0
  SINCE JUL 1      T                         1.7   -1.7      0.3
  SNOW DEPTH       0

DEGREE DAYS
 HEATING
  TODAY            0                         2     -2        7
  MONTH TO DATE  126                       127     -1       79
  SINCE MAR 1    299                       450   -151      392
  SINCE JUL 1   1786                      2379   -593     2575

 COOLING
  TODAY           12                         3      9        0
  MONTH TO DATE   63                        59      4       63
  SINCE MAR 1    135                        75     60       83
  SINCE JAN 1    138                        80     58       89
..................................................................


WIND (MPH)
  HIGHEST WIND SPEED    21   HIGHEST WIND DIRECTION     S (200)
  HIGHEST GUST SPEED    27   HIGHEST GUST DIRECTION     S (190)
  AVERAGE WIND SPEED    10.6


SKY COVER
  POSSIBLE SUNSHINE  MM
  AVERAGE SKY COVER 0.4


WEATHER CONDITIONS
 THE FOLLOWING WEATHER WAS RECORDED TODAY.
  THUNDERSTORM
  LIGHT RAIN


RELATIVE HUMIDITY (PERCENT)
 HIGHEST    90           300 AM
 LOWEST     54           200 PM
 AVERAGE    72

..........................................................


THE WILMINGTON NC CLIMATE NORMALS FOR TOMORROW
                         NORMAL    RECORD    YEAR
 MAXIMUM TEMPERATURE (F)   77        92      1975
 MINIMUM TEMPERATURE (F)   55        40      1993


SUNRISE AND SUNSET
APRIL 28 2016.........SUNRISE   625 AM EDT   SUNSET   754 PM EDT
APRIL 29 2016.........SUNRISE   624 AM EDT   SUNSET   755 PM EDT


-  INDICATES NEGATIVE NUMBERS.
R  INDICATES RECORD WAS SET OR TIED.
MM INDICATES DATA IS MISSING.
T  INDICATES TRACE AMOUNT.




$$
