000
CDUS42 KILM 012049
CLIILM


CLIMATE REPORT
NATIONAL WEATHER SERVICE WILMINGTON NC
448 PM EDT TUE SEP 1 2015


...................................

...THE WILMINGTON NC CLIMATE SUMMARY FOR SEPTEMBER 1 2015...
VALID TODAY AS OF 0400 PM LOCAL TIME.

CLIMATE NORMAL PERIOD 1981 TO 2010
CLIMATE RECORD PERIOD 1871 TO 2015


WEATHER ITEM   OBSERVED TIME   RECORD YEAR NORMAL DEPARTURE LAST
                VALUE   (LST)  VALUE       VALUE  FROM      YEAR
                                                  NORMAL
..................................................................
TEMPERATURE (F)
 TODAY
  MAXIMUM         88    259 PM  96    2012  87      1       91
                                      1993
                                      1912
  MINIMUM         72    556 AM  56    1887  70      2       73
  AVERAGE         80                        78      2       82

PRECIPITATION (IN)
  TODAY            0.00          3.19 1877   0.28  -0.28      T
  MONTH TO DATE    0.00                      0.28  -0.28      T
  SINCE SEP 1      0.00                      0.28  -0.28      T
  SINCE JAN 1     39.94                     39.25   0.69    42.51

DEGREE DAYS
 HEATING
  TODAY            0                         0      0        0
  MONTH TO DATE    0                         0      0        0
  SINCE SEP 1      0                         0      0        0
  SINCE JUL 1      0                         0      0        0

 COOLING
  TODAY           15                        13      2       17
  MONTH TO DATE   15                        13      2       17
  SINCE SEP 1     15                        13      2       17
  SINCE JAN 1   1800                      1636    164     1774
..................................................................


WIND (MPH)
  HIGHEST WIND SPEED    12   HIGHEST WIND DIRECTION    NW (300)
  HIGHEST GUST SPEED    13   HIGHEST GUST DIRECTION    NW (300)
  AVERAGE WIND SPEED     6.0


SKY COVER
  POSSIBLE SUNSHINE  MM
  AVERAGE SKY COVER 0.8


WEATHER CONDITIONS
 THE FOLLOWING WEATHER WAS RECORDED TODAY.
  FOG


RELATIVE HUMIDITY (PERCENT)
 HIGHEST   100           100 AM
 LOWEST     59           300 PM
 AVERAGE    80

..........................................................


THE WILMINGTON NC CLIMATE NORMALS FOR TOMORROW
                         NORMAL    RECORD    YEAR
 MAXIMUM TEMPERATURE (F)   86        96      1912
 MINIMUM TEMPERATURE (F)   69        56      1887


SUNRISE AND SUNSET
SEPTEMBER  1 2015.....SUNRISE   645 AM EDT   SUNSET   738 PM EDT
SEPTEMBER  2 2015.....SUNRISE   646 AM EDT   SUNSET   737 PM EDT


-  INDICATES NEGATIVE NUMBERS.
R  INDICATES RECORD WAS SET OR TIED.
MM INDICATES DATA IS MISSING.
T  INDICATES TRACE AMOUNT.




$$
