000
CDUS42 KILM 220941
CLIILM


CLIMATE REPORT
NATIONAL WEATHER SERVICE WILMINGTON NC
440 AM EST MON DEC 22 2014


...................................

...THE WILMINGTON NC CLIMATE SUMMARY FOR DECEMBER 21 2014...

CLIMATE NORMAL PERIOD 1981 TO 2010
CLIMATE RECORD PERIOD 1871 TO 2014


WEATHER ITEM   OBSERVED TIME   RECORD YEAR NORMAL DEPARTURE LAST
                VALUE   (LST)  VALUE       VALUE  FROM      YEAR
                                                  NORMAL
..................................................................
TEMPERATURE (F)
 YESTERDAY
  MAXIMUM         50    425 PM  78    2013  58     -8       78
  MINIMUM         36    153 AM  13    1981  37     -1       50
  AVERAGE         43                        47     -4       64

PRECIPITATION (IN)
  YESTERDAY        0.04          1.50 1972   0.12  -0.08      T
  MONTH TO DATE    0.46                      2.46  -2.00     1.21
  SINCE DEC 1      0.46                      2.46  -2.00     1.21
  SINCE JAN 1     55.24                     56.45  -1.21    50.62

SNOWFALL (IN)
  YESTERDAY        0.0           6.5  1915   0.1   -0.1      0.0
  MONTH TO DATE    0.0                       0.5   -0.5      0.0
  SINCE DEC 1      0.0                       0.5   -0.5      0.0
  SINCE JUL 1      0.0                       0.5   -0.5       T
  SNOW DEPTH       0

DEGREE DAYS
 HEATING
  YESTERDAY       22                        18      4        1
  MONTH TO DATE  324                       327     -3      259
  SINCE DEC 1    324                       327     -3      259
  SINCE JUL 1    777                       696     81      661

 COOLING
  YESTERDAY        0                         0      0        0
  MONTH TO DATE    0                         0      0        9
  SINCE DEC 1      0                         0      0        9
  SINCE JAN 1   2190                      2037    153     1901
..................................................................


WIND (MPH)
  HIGHEST WIND SPEED    15   HIGHEST WIND DIRECTION    NE (30)
  HIGHEST GUST SPEED    18   HIGHEST GUST DIRECTION     N (20)
  AVERAGE WIND SPEED     9.2


SKY COVER
  POSSIBLE SUNSHINE  MM
  AVERAGE SKY COVER 1.0


WEATHER CONDITIONS
 THE FOLLOWING WEATHER WAS RECORDED YESTERDAY.
  LIGHT RAIN
  FOG


RELATIVE HUMIDITY (PERCENT)
 HIGHEST   100          1200 AM
 LOWEST     61           100 PM
 AVERAGE    81

..........................................................


THE WILMINGTON NC CLIMATE NORMALS FOR TODAY
                         NORMAL    RECORD    YEAR
 MAXIMUM TEMPERATURE (F)   58        80      2013
                                             1998
 MINIMUM TEMPERATURE (F)   37        16      1901


SUNRISE AND SUNSET
DECEMBER 22 2014......SUNRISE   714 AM EST   SUNSET   506 PM EST
DECEMBER 23 2014......SUNRISE   715 AM EST   SUNSET   507 PM EST


-  INDICATES NEGATIVE NUMBERS.
R  INDICATES RECORD WAS SET OR TIED.
MM INDICATES DATA IS MISSING.
T  INDICATES TRACE AMOUNT.




$$
