000
CDUS42 KILM 280844
CLIILM


CLIMATE REPORT
NATIONAL WEATHER SERVICE WILMINGTON NC
444 AM EDT THU AUG 28 2014


...................................

...THE WILMINGTON NC CLIMATE SUMMARY FOR AUGUST 27 2014...

CLIMATE NORMAL PERIOD 1981 TO 2010
CLIMATE RECORD PERIOD 1871 TO 2014


WEATHER ITEM   OBSERVED TIME   RECORD YEAR NORMAL DEPARTURE LAST
                VALUE   (LST)  VALUE       VALUE  FROM      YEAR
                                                  NORMAL
..................................................................
TEMPERATURE (F)
 YESTERDAY
  MAXIMUM         88    330 PM  96    1965  87      1       86
                                      1903
  MINIMUM         67   1156 PM  58    1874  70     -3       64
  AVERAGE         78                        79     -1       75

PRECIPITATION (IN)
  YESTERDAY        0.00          3.01 2008   0.23  -0.23     0.00
  MONTH TO DATE    8.79                      6.44   2.35     8.67
  SINCE JUN 1     23.27                     19.10   4.17    25.77
  SINCE JAN 1     42.51                     38.00   4.51    42.48

DEGREE DAYS
 HEATING
  YESTERDAY        0                         0      0        0
  MONTH TO DATE    0                         0      0        0
  SINCE JUN 1      0                         2     -2        0
  SINCE JUL 1      0                         0      0        0

 COOLING
  YESTERDAY       13                        14     -1       10
  MONTH TO DATE  385                       403    -18      359
  SINCE JUN 1   1293                      1289      4     1206
  SINCE JAN 1   1700                      1570    130     1432
..................................................................


WIND (MPH)
  HIGHEST WIND SPEED    17   HIGHEST WIND DIRECTION     N (350)
  HIGHEST GUST SPEED    21   HIGHEST GUST DIRECTION     N (20)
  AVERAGE WIND SPEED     7.2


SKY COVER
  POSSIBLE SUNSHINE  MM
  AVERAGE SKY COVER 0.1


WEATHER CONDITIONS
 THE FOLLOWING WEATHER WAS RECORDED YESTERDAY.
  NO SIGNIFICANT WEATHER WAS OBSERVED.


RELATIVE HUMIDITY (PERCENT)
 HIGHEST    93           400 AM
 LOWEST     53           300 PM
 AVERAGE    73

..........................................................


THE WILMINGTON NC CLIMATE NORMALS FOR TODAY
                         NORMAL    RECORD    YEAR
 MAXIMUM TEMPERATURE (F)   87        97      1903
 MINIMUM TEMPERATURE (F)   70        56      1874


SUNRISE AND SUNSET
AUGUST 28 2014........SUNRISE   642 AM EDT   SUNSET   743 PM EDT
AUGUST 29 2014........SUNRISE   643 AM EDT   SUNSET   742 PM EDT


-  INDICATES NEGATIVE NUMBERS.
R  INDICATES RECORD WAS SET OR TIED.
MM INDICATES DATA IS MISSING.
T  INDICATES TRACE AMOUNT.




$$
