000
CDUS43 KILX 192139
CLIILX


CLIMATE REPORT
NATIONAL WEATHER SERVICE LINCOLN IL
438 PM CDT THU OCT 19 2017


...................................

...THE LINCOLN IL CLIMATE SUMMARY FOR OCTOBER 19 2017...
VALID TODAY AS OF 0400 PM LOCAL TIME.

CLIMATE NORMAL PERIOD 1981 TO 2010
CLIMATE RECORD PERIOD 1905 TO 2017


WEATHER ITEM   OBSERVED TIME   RECORD YEAR NORMAL DEPARTURE LAST
                VALUE   (LST)  VALUE       VALUE  FROM      YEAR
                                                  NORMAL
..................................................................
TEMPERATURE (F)
 TODAY
  MAXIMUM         78        MM  86    1953  64     14       71
  MINIMUM         43        MM  22    1972  41      2       48
  AVERAGE         61                        53      8       60

PRECIPITATION (IN)
  TODAY            0.00          0.94 1937   0.10  -0.10     0.15
  MONTH TO DATE    3.80                      1.85   1.95     1.36
  SINCE SEP 1      4.51                      5.06  -0.55     5.79
  SINCE JAN 1     29.63                     32.48  -2.85    35.23

SNOWFALL (IN)
  TODAY            0.0           T    1925   0.0    0.0      0.0
  MONTH TO DATE    0.0                       0.0    0.0      0.0
  SINCE SEP 1      0.0                       0.0    0.0      0.0
  SINCE JUL 1      T                         0.0    0.0      0.0
  SNOW DEPTH       0

DEGREE DAYS
 HEATING
  TODAY            4                        12     -8        5
  MONTH TO DATE   68                       186   -118       75
  SINCE SEP 1    140                       272   -132       90
  SINCE JUL 1    146                       281   -135       99

 COOLING
  TODAY            0                         0      0        0
  MONTH TO DATE   41                        11     30       41
  SINCE SEP 1    182                       125     57      235
  SINCE JAN 1    981                      1014    -33     1226
..................................................................







THE LINCOLN IL CLIMATE NORMALS FOR TOMORROW
                         NORMAL    RECORD    YEAR
 MAXIMUM TEMPERATURE (F)   64        87      1953
 MINIMUM TEMPERATURE (F)   41        17      1930


SUNRISE AND SUNSET
OCTOBER 19 2017.......SUNRISE   712 AM CDT   SUNSET   611 PM CDT
OCTOBER 20 2017.......SUNRISE   714 AM CDT   SUNSET   610 PM CDT


-  INDICATES NEGATIVE NUMBERS.
R  INDICATES RECORD WAS SET OR TIED.
MM INDICATES DATA IS MISSING.
T  INDICATES TRACE AMOUNT.




$$
