000
CDUS43 KILX 220641
CLIILX


CLIMATE REPORT
NATIONAL WEATHER SERVICE LINCOLN IL
135 AM CDT THU JUN 22 2017


...................................

...THE LINCOLN IL CLIMATE SUMMARY FOR JUNE 21 2017...

CLIMATE NORMAL PERIOD 1981 TO 2010
CLIMATE RECORD PERIOD 1905 TO 2017


WEATHER ITEM   OBSERVED TIME   RECORD YEAR NORMAL DEPARTURE LAST
                VALUE   (LST)  VALUE       VALUE  FROM      YEAR
                                                  NORMAL
..................................................................
TEMPERATURE (F)
 YESTERDAY
  MAXIMUM         87        MM  99    1988  85      2       83
  MINIMUM         63        MM  42    1963  63      0       67
  AVERAGE         75                        74      1       75

PRECIPITATION (IN)
  YESTERDAY        T             4.09 1919   0.15  -0.15     0.00
  MONTH TO DATE    0.59                      2.94  -2.35     1.32
  SINCE JUN 1      0.59                      2.94  -2.35     1.32
  SINCE JAN 1     16.72                     17.06  -0.34    13.27

SNOWFALL (IN)
  YESTERDAY        0.0           0.0    MM   0.0    0.0      0.0
  MONTH TO DATE    0.0                       0.0    0.0      0.0
  SINCE JUN 1      0.0                       0.0    0.0      0.0
  SINCE JUL 1     10.9                      20.5   -9.6     12.3
  SNOW DEPTH       0

DEGREE DAYS
 HEATING
  YESTERDAY        0                         0      0        0
  MONTH TO DATE    0                        15    -15        1
  SINCE JUN 1      0                        15    -15        1
  SINCE JUL 1   4713                      5706   -993     4874

 COOLING
  YESTERDAY       10                         9      1       10
  MONTH TO DATE  218                       145     73      206
  SINCE JUN 1    218                       145     73      206
  SINCE JAN 1    308                       236     72      293
..................................................................


WIND (MPH)
  HIGHEST WIND SPEED    MM   HIGHEST WIND DIRECTION    MM
  HIGHEST GUST SPEED    MM   HIGHEST GUST DIRECTION    MM
  AVERAGE WIND SPEED    MM


SKY COVER
  POSSIBLE SUNSHINE  MM


WEATHER CONDITIONS
 THE FOLLOWING WEATHER WAS RECORDED YESTERDAY.
  LIGHT RAIN


..........................................................


THE LINCOLN IL CLIMATE NORMALS FOR TODAY
                         NORMAL    RECORD    YEAR
 MAXIMUM TEMPERATURE (F)   85       100      1988
 MINIMUM TEMPERATURE (F)   63        44      1912


SUNRISE AND SUNSET
JUNE 22 2017..........SUNRISE   528 AM CDT   SUNSET   830 PM CDT
JUNE 23 2017..........SUNRISE   529 AM CDT   SUNSET   831 PM CDT


-  INDICATES NEGATIVE NUMBERS.
R  INDICATES RECORD WAS SET OR TIED.
MM INDICATES DATA IS MISSING.
T  INDICATES TRACE AMOUNT.




$$
