000
CDUS43 KIND 290531
CLIIND


CLIMATE REPORT
NATIONAL WEATHER SERVICE INDIANAPOLIS IN
131 AM EDT FRI AUG 29 2014


...................................

...THE INDIANAPOLIS IN CLIMATE SUMMARY FOR AUGUST 28 2014...

CLIMATE NORMAL PERIOD 1981 TO 2010
CLIMATE RECORD PERIOD 1871 TO 2014


WEATHER ITEM   OBSERVED TIME   RECORD YEAR NORMAL DEPARTURE LAST
                VALUE   (LST)  VALUE       VALUE  FROM      YEAR
                                                  NORMAL
..................................................................
TEMPERATURE (F)
 YESTERDAY
  MAXIMUM         84    343 PM  96    1953  83      1       94
                                      1936
                                      1913
  MINIMUM         66    627 AM  43    1986  63      3       74
  AVERAGE         75                        73      2       84

PRECIPITATION (IN)
  YESTERDAY        0.00          2.44 1914   0.10  -0.10      T
  MONTH TO DATE    2.92                      2.83   0.09     0.85
  SINCE JUN 1     13.06                     11.63   1.43     7.80
  SINCE JAN 1     30.49                     29.03   1.46    29.63

SNOWFALL (IN)
  YESTERDAY        0.0           0.0    MM   0.0    0.0      0.0
  MONTH TO DATE    0.0                       0.0    0.0      0.0
  SINCE JUN 1      0.0                       0.0    0.0      0.0
  SINCE JUL 1      0.0                       0.0    0.0      0.0
  SNOW DEPTH       0

DEGREE DAYS
 HEATING
  YESTERDAY        0                         0      0        0
  MONTH TO DATE    2                         0      2        5
  SINCE JUN 1      8                        17     -9       17
  SINCE JUL 1      6                         1      5        8

 COOLING
  YESTERDAY       10                         8      2       19
  MONTH TO DATE  249                       266    -17      268
  SINCE JUN 1    659                       815   -156      779
  SINCE JAN 1    763                       899   -136      908
..................................................................


WIND (MPH)
  HIGHEST WIND SPEED    12   HIGHEST WIND DIRECTION     E (100)
  HIGHEST GUST SPEED    15   HIGHEST GUST DIRECTION     E (90)
  AVERAGE WIND SPEED     7.1


SKY COVER
  AVERAGE SKY COVER 0.4


WEATHER CONDITIONS
 THE FOLLOWING WEATHER WAS RECORDED YESTERDAY.
  NO SIGNIFICANT WEATHER WAS OBSERVED.


RELATIVE HUMIDITY (PERCENT)
 HIGHEST    87           400 AM
 LOWEST     51           300 PM
 AVERAGE    69

..........................................................


THE INDIANAPOLIS IN CLIMATE NORMALS FOR TODAY
                         NORMAL    RECORD    YEAR
 MAXIMUM TEMPERATURE (F)   83        97      1953
 MINIMUM TEMPERATURE (F)   63        41      1965


SUNRISE AND SUNSET
AUGUST 29 2014........SUNRISE   710 AM EDT   SUNSET   821 PM EDT
AUGUST 30 2014........SUNRISE   711 AM EDT   SUNSET   819 PM EDT


-  INDICATES NEGATIVE NUMBERS.
R  INDICATES RECORD WAS SET OR TIED.
MM INDICATES DATA IS MISSING.
T  INDICATES TRACE AMOUNT.




$$
