000
CDUS43 KIND 280534
CLIIND


CLIMATE REPORT
NATIONAL WEATHER SERVICE INDIANAPOLIS IN
132 AM EDT FRI APR 28 2017


...................................

...THE INDIANAPOLIS IN CLIMATE SUMMARY FOR APRIL 27 2017...

CLIMATE NORMAL PERIOD 1981 TO 2010
CLIMATE RECORD PERIOD 1871 TO 2017


WEATHER ITEM   OBSERVED TIME   RECORD YEAR NORMAL DEPARTURE LAST
                VALUE   (LST)  VALUE       VALUE  FROM      YEAR
                                                  NORMAL
..................................................................
TEMPERATURE (F)
 YESTERDAY
  MAXIMUM         72   1206 AM  84    1990  67      5       61
                                      1986
                                      1962
  MINIMUM         46   1159 PM  30    1976  47     -1       49
                                      1946
  AVERAGE         59                        57      2       55

PRECIPITATION (IN)
  YESTERDAY        0.12          1.56 2002   0.13  -0.01     0.35
  MONTH TO DATE    1.59                      3.39  -1.80     4.24
  SINCE MAR 1      6.31                      6.95  -0.64     8.44
  SINCE JAN 1     11.76                     11.93  -0.17    12.15

SNOWFALL (IN)
  YESTERDAY        0.0           T    1932   0.0    0.0      0.0
  MONTH TO DATE    0.0                       0.2   -0.2       T
  SINCE MAR 1      1.0                       2.8   -1.8      1.2
  SINCE JUL 1      9.7                      25.9  -16.2     13.3
  SNOW DEPTH       0

DEGREE DAYS
 HEATING
  YESTERDAY        6                         9     -3       10
  MONTH TO DATE  178                       346   -168      332
  SINCE MAR 1    829                      1053   -224      814
  SINCE JUL 1   4113                      5196  -1083     4267

 COOLING
  YESTERDAY        0                         1     -1        0
  MONTH TO DATE   29                        10     19       18
  SINCE MAR 1     31                        12     19       18
  SINCE JAN 1     31                        12     19       18
..................................................................


WIND (MPH)
  HIGHEST WIND SPEED    29   HIGHEST WIND DIRECTION     W (250)
  HIGHEST GUST SPEED    35   HIGHEST GUST DIRECTION    SW (240)
  AVERAGE WIND SPEED    14.6


SKY COVER
  AVERAGE SKY COVER 0.9


WEATHER CONDITIONS
 THE FOLLOWING WEATHER WAS RECORDED YESTERDAY.
  THUNDERSTORM
  LIGHT RAIN
  FOG


RELATIVE HUMIDITY (PERCENT)
 HIGHEST    93           900 AM
 LOWEST     49          1200 AM
 AVERAGE    71

..........................................................


THE INDIANAPOLIS IN CLIMATE NORMALS FOR TODAY
                         NORMAL    RECORD    YEAR
 MAXIMUM TEMPERATURE (F)   68        86      1894
 MINIMUM TEMPERATURE (F)   47        28      1976


SUNRISE AND SUNSET
APRIL 28 2017.........SUNRISE   649 AM EDT   SUNSET   837 PM EDT
APRIL 29 2017.........SUNRISE   648 AM EDT   SUNSET   838 PM EDT


-  INDICATES NEGATIVE NUMBERS.
R  INDICATES RECORD WAS SET OR TIED.
MM INDICATES DATA IS MISSING.
T  INDICATES TRACE AMOUNT.




$$
