000
CDUS43 KIND 120537
CLIIND


CLIMATE REPORT
NATIONAL WEATHER SERVICE INDIANAPOLIS IN
1237 AM EST FRI FEB 12 2016


...................................

...THE INDIANAPOLIS IN CLIMATE SUMMARY FOR FEBRUARY 11 2016...

CLIMATE NORMAL PERIOD 1981 TO 2010
CLIMATE RECORD PERIOD 1871 TO 2016


WEATHER ITEM   OBSERVED TIME   RECORD YEAR NORMAL DEPARTURE LAST
                VALUE   (LST)  VALUE       VALUE  FROM      YEAR
                                                  NORMAL
..................................................................
TEMPERATURE (F)
 YESTERDAY
  MAXIMUM         27    349 PM  75    1999  39    -12       39
  MINIMUM          9    742 AM  -9    1885  23    -14       25
  AVERAGE         18                        31    -13       32

PRECIPITATION (IN)
  YESTERDAY        0.00          1.87 2009   0.08  -0.08      T
  MONTH TO DATE    0.36                      0.90  -0.54     0.37
  SINCE DEC 1      7.41                      6.73   0.68     4.73
  SINCE JAN 1      1.82                      3.56  -1.74     2.18

SNOWFALL (IN)
  YESTERDAY        0.0           4.6  2003   0.2   -0.2       T
  MONTH TO DATE    1.4                       2.9   -1.5      2.6
  SINCE DEC 1      7.8                      18.4  -10.6      5.8
  SINCE JUL 1      9.1                      19.5  -10.4      8.5
  SNOW DEPTH       1

DEGREE DAYS
 HEATING
  YESTERDAY       47                        34     13       33
  MONTH TO DATE  364                       387    -23      391
  SINCE DEC 1   2161                      2566   -405     2589
  SINCE JUL 1   2948                      3608   -660     3868

 COOLING
  YESTERDAY        0                         0      0        0
  MONTH TO DATE    0                         0      0        0
  SINCE DEC 1      0                         0      0        0
  SINCE JAN 1      0                         0      0        0
..................................................................


WIND (MPH)
  HIGHEST WIND SPEED    12   HIGHEST WIND DIRECTION    SW (240)
  HIGHEST GUST SPEED    14   HIGHEST GUST DIRECTION    SW (230)
  AVERAGE WIND SPEED     4.6


SKY COVER
  AVERAGE SKY COVER 0.6


WEATHER CONDITIONS
 THE FOLLOWING WEATHER WAS RECORDED YESTERDAY.
  NO SIGNIFICANT WEATHER WAS OBSERVED.


RELATIVE HUMIDITY (PERCENT)
 HIGHEST    76           200 AM
 LOWEST     42           400 PM
 AVERAGE    59

..........................................................


THE INDIANAPOLIS IN CLIMATE NORMALS FOR TODAY
                         NORMAL    RECORD    YEAR
 MAXIMUM TEMPERATURE (F)   39        66      1984
 MINIMUM TEMPERATURE (F)   23       -10      1899


SUNRISE AND SUNSET
FEBRUARY 12 2016......SUNRISE   742 AM EST   SUNSET   617 PM EST
FEBRUARY 13 2016......SUNRISE   741 AM EST   SUNSET   619 PM EST


-  INDICATES NEGATIVE NUMBERS.
R  INDICATES RECORD WAS SET OR TIED.
MM INDICATES DATA IS MISSING.
T  INDICATES TRACE AMOUNT.




$$
