000
CDUS43 KIND 170537
CLIIND


CLIMATE REPORT
NATIONAL WEATHER SERVICE INDIANAPOLIS IN
136 AM EDT THU APR 17 2014


...................................

...THE INDIANAPOLIS IN CLIMATE SUMMARY FOR APRIL 16 2014...

CLIMATE NORMAL PERIOD 1981 TO 2010
CLIMATE RECORD PERIOD 1871 TO 2014


WEATHER ITEM   OBSERVED TIME   RECORD YEAR NORMAL DEPARTURE LAST
                VALUE   (LST)  VALUE       VALUE  FROM      YEAR
                                                  NORMAL
..................................................................
TEMPERATURE (F)
 YESTERDAY
  MAXIMUM         50    404 PM  87    1896  64    -14       65
  MINIMUM         26    456 AM  21    1875  43    -17       49
  AVERAGE         38                        53    -15       57

PRECIPITATION (IN)
  YESTERDAY        0.00          2.08 2013   0.12  -0.12     2.08
  MONTH TO DATE    4.09                      1.96   2.13     3.04
  SINCE MAR 1      6.47                      5.52   0.95     5.00
  SINCE JAN 1     11.26                     10.50   0.76    12.78

SNOWFALL (IN)
  YESTERDAY        0.0           1.3  1961   0.0    0.0      0.0
  MONTH TO DATE    0.3                       0.2    0.1      0.0
  SINCE MAR 1      3.4                       2.8    0.6     14.5
  SINCE JUL 1     55.7                      25.9   29.8     34.5
  SNOW DEPTH       0

DEGREE DAYS
 HEATING
  YESTERDAY       27                        12     15        8
  MONTH TO DATE  239                       232      7      203
  SINCE MAR 1   1138                       939    199     1109
  SINCE JUL 1   5935                      5082    853     5120

 COOLING
  YESTERDAY        0                         0      0        0
  MONTH TO DATE    4                         0      4        9
  SINCE MAR 1      4                         2      2        9
  SINCE JAN 1      4                         2      2        9
..................................................................


WIND (MPH)
  HIGHEST WIND SPEED    22   HIGHEST WIND DIRECTION    SE (120)
  HIGHEST GUST SPEED    27   HIGHEST GUST DIRECTION    SE (130)
  AVERAGE WIND SPEED    11.8


SKY COVER
  AVERAGE SKY COVER 0.3


WEATHER CONDITIONS
 THE FOLLOWING WEATHER WAS RECORDED YESTERDAY.
  NO SIGNIFICANT WEATHER WAS OBSERVED.


RELATIVE HUMIDITY (PERCENT)
 HIGHEST    75           200 AM
 LOWEST     34           300 PM
 AVERAGE    55

..........................................................


THE INDIANAPOLIS IN CLIMATE NORMALS FOR TODAY
                         NORMAL    RECORD    YEAR
 MAXIMUM TEMPERATURE (F)   64        87      1896
 MINIMUM TEMPERATURE (F)   43        19      1875


SUNRISE AND SUNSET
APRIL 17 2014.........SUNRISE   705 AM EDT   SUNSET   825 PM EDT
APRIL 18 2014.........SUNRISE   703 AM EDT   SUNSET   826 PM EDT


-  INDICATES NEGATIVE NUMBERS.
R  INDICATES RECORD WAS SET OR TIED.
MM INDICATES DATA IS MISSING.
T  INDICATES TRACE AMOUNT.




$$
