658
CDUS43 KIND 280533
CLIIND


CLIMATE REPORT
NATIONAL WEATHER SERVICE INDIANAPOLIS IN
133 AM EDT WED JUN 28 2017


...................................

...THE INDIANAPOLIS IN CLIMATE SUMMARY FOR JUNE 27 2017...

CLIMATE NORMAL PERIOD 1981 TO 2010
CLIMATE RECORD PERIOD 1871 TO 2017


WEATHER ITEM   OBSERVED TIME   RECORD YEAR NORMAL DEPARTURE LAST
                VALUE   (LST)  VALUE       VALUE  FROM      YEAR
                                                  NORMAL
..................................................................
TEMPERATURE (F)
 YESTERDAY
  MAXIMUM         74    518 PM 100    1934  85    -11       90
  MINIMUM         51    551 AM  48    1926  65    -14       71
  AVERAGE         63                        75    -12       81

PRECIPITATION (IN)
  YESTERDAY        0.00          2.79 1932   0.14  -0.14     0.00
  MONTH TO DATE    4.38                      3.82   0.56     4.53
  SINCE JUN 1      4.38                      3.82   0.56     4.53
  SINCE JAN 1     28.66                     21.22   7.44    22.04

SNOWFALL (IN)
  YESTERDAY        0.0           T    1952   0.0    0.0      0.0
  MONTH TO DATE    0.0                       0.0    0.0      0.0
  SINCE JUN 1      0.0                       0.0    0.0      0.0
  SINCE JUL 1      9.7                      25.9  -16.2     13.3
  SNOW DEPTH       0

DEGREE DAYS
 HEATING
  YESTERDAY        2                         0      2        0
  MONTH TO DATE    3                        13    -10        1
  SINCE JUN 1      3                        13    -10        1
  SINCE JUL 1   4275                      5375  -1100     4445

 COOLING
  YESTERDAY        0                        10    -10       16
  MONTH TO DATE  193                       197     -4      284
  SINCE JUN 1    193                       197     -4      284
  SINCE JAN 1    299                       281     18      385
..................................................................


WIND (MPH)
  HIGHEST WIND SPEED    10   HIGHEST WIND DIRECTION     W (270)
  HIGHEST GUST SPEED    15   HIGHEST GUST DIRECTION     W (280)
  AVERAGE WIND SPEED     4.4


SKY COVER
  AVERAGE SKY COVER 0.1


WEATHER CONDITIONS
 THE FOLLOWING WEATHER WAS RECORDED YESTERDAY.
  NO SIGNIFICANT WEATHER WAS OBSERVED.


RELATIVE HUMIDITY (PERCENT)
 HIGHEST    89           300 AM
 LOWEST     38           400 PM
 AVERAGE    64

..........................................................


THE INDIANAPOLIS IN CLIMATE NORMALS FOR TODAY
                         NORMAL    RECORD    YEAR
 MAXIMUM TEMPERATURE (F)   85       104      2012
 MINIMUM TEMPERATURE (F)   65        50      1950


SUNRISE AND SUNSET
JUNE 28 2017..........SUNRISE   620 AM EDT   SUNSET   917 PM EDT
JUNE 29 2017..........SUNRISE   620 AM EDT   SUNSET   917 PM EDT


-  INDICATES NEGATIVE NUMBERS.
R  INDICATES RECORD WAS SET OR TIED.
MM INDICATES DATA IS MISSING.
T  INDICATES TRACE AMOUNT.




$$
