000
CDUS43 KIND 280530
CLIIND


CLIMATE REPORT
NATIONAL WEATHER SERVICE INDIANAPOLIS IN
1230 AM EST TUE FEB 28 2017


...................................

...THE INDIANAPOLIS IN CLIMATE SUMMARY FOR FEBRUARY 27 2017...

CLIMATE NORMAL PERIOD 1981 TO 2010
CLIMATE RECORD PERIOD 1871 TO 2017


WEATHER ITEM   OBSERVED TIME   RECORD YEAR NORMAL DEPARTURE LAST
                VALUE   (LST)  VALUE       VALUE  FROM      YEAR
                                                  NORMAL
..................................................................
TEMPERATURE (F)
 YESTERDAY
  MAXIMUM         53    252 PM  73    1996  45      8       55
  MINIMUM         39    439 AM  -7    1963  27     12       24
  AVERAGE         46                        36     10       40

PRECIPITATION (IN)
  YESTERDAY        T             1.11 2011   0.09  -0.09     0.00
  MONTH TO DATE    0.51                      2.23  -1.72     2.16
  SINCE DEC 1      6.38                      8.06  -1.68     9.21
  SINCE JAN 1      4.86                      4.89  -0.03     3.62

SNOWFALL (IN)
  YESTERDAY        0.0           6.8  1984   0.1   -0.1      0.0
  MONTH TO DATE    2.1                       6.3   -4.2      4.4
  SINCE DEC 1      8.7                      21.8  -13.1     10.8
  SINCE JUL 1      8.7                      22.9  -14.2     12.1
  SNOW DEPTH       0

DEGREE DAYS
 HEATING
  YESTERDAY       19                        29    -10       25
  MONTH TO DATE  589                       893   -304      839
  SINCE DEC 1   2581                      3072   -491     2636
  SINCE JUL 1   3274                      4114   -840     3423

 COOLING
  YESTERDAY        0                         0      0        0
  MONTH TO DATE    0                         0      0        0
  SINCE DEC 1      0                         0      0        0
  SINCE JAN 1      0                         0      0        0
..................................................................


WIND (MPH)
  HIGHEST WIND SPEED    16   HIGHEST WIND DIRECTION    SE (130)
  HIGHEST GUST SPEED    20   HIGHEST GUST DIRECTION    SE (130)
  AVERAGE WIND SPEED     9.3


SKY COVER
  AVERAGE SKY COVER 0.8


WEATHER CONDITIONS
 THE FOLLOWING WEATHER WAS RECORDED YESTERDAY.
  LIGHT RAIN


RELATIVE HUMIDITY (PERCENT)
 HIGHEST    89          1000 PM
 LOWEST     36           100 AM
 AVERAGE    63

..........................................................


THE INDIANAPOLIS IN CLIMATE NORMALS FOR TODAY
                         NORMAL    RECORD    YEAR
 MAXIMUM TEMPERATURE (F)   45        68      1895
 MINIMUM TEMPERATURE (F)   28         2      1993


SUNRISE AND SUNSET
FEBRUARY 28 2017......SUNRISE   719 AM EST   SUNSET   636 PM EST
MARCH  1 2017.........SUNRISE   718 AM EST   SUNSET   637 PM EST


-  INDICATES NEGATIVE NUMBERS.
R  INDICATES RECORD WAS SET OR TIED.
MM INDICATES DATA IS MISSING.
T  INDICATES TRACE AMOUNT.




$$
