000
CDUS43 KDLH 180622
CLIINL


CLIMATE REPORT
NATIONAL WEATHER SERVICE DULUTH MN
119 AM CDT FRI AUG 18 2017


...................................

...THE INTERNATIONAL FALLS MN CLIMATE SUMMARY FOR AUGUST 17 2017...

CLIMATE NORMAL PERIOD 1981 TO 2010
CLIMATE RECORD PERIOD 1895 TO 2017


WEATHER ITEM   OBSERVED TIME   RECORD YEAR NORMAL DEPARTURE LAST
                VALUE   (LST)  VALUE       VALUE  FROM      YEAR
                                                  NORMAL
..................................................................
TEMPERATURE (F)
 YESTERDAY
  MAXIMUM         69    618 PM  90    1906  76     -7       83
  MINIMUM         49   1155 PM  35    1954  51     -2       51
  AVERAGE         59                        64     -5       67

PRECIPITATION (IN)
  YESTERDAY        0.63          2.51 2005   0.08   0.55     0.00
  MONTH TO DATE    3.33                      1.55   1.78     2.17
  SINCE JUN 1      9.37                      9.17   0.20    11.52
  SINCE JAN 1     15.99                     15.70   0.29    19.32

SNOWFALL (IN)
  YESTERDAY        0.0           0.0  2002   0.0    0.0      0.0
                                      2001
  MONTH TO DATE    0.0                       0.0    0.0      0.0
  SINCE JUN 1      0.0                       0.0    0.0      0.0
  SINCE JUL 1      0.0                       0.0    0.0      0.0
  SNOW DEPTH       0

DEGREE DAYS
 HEATING
  YESTERDAY        6                         3      3        0
  MONTH TO DATE   57                        45     12       16
  SINCE JUN 1    248                       279    -31      226
  SINCE JUL 1    124                       115      9       59

 COOLING
  YESTERDAY        0                         2     -2        2
  MONTH TO DATE   10                        34    -24       30
  SINCE JUN 1     76                       148    -72      130
  SINCE JAN 1     76                       157    -81      132
..................................................................


WIND (MPH)
  HIGHEST WIND SPEED    14   HIGHEST WIND DIRECTION     N (350)
  HIGHEST GUST SPEED    18   HIGHEST GUST DIRECTION     N (360)
  AVERAGE WIND SPEED     5.4


SKY COVER
  AVERAGE SKY COVER 0.7


WEATHER CONDITIONS
 THE FOLLOWING WEATHER WAS RECORDED YESTERDAY.
  RAIN
  LIGHT RAIN
  FOG


RELATIVE HUMIDITY (PERCENT)
 HIGHEST   100          1000 PM
 LOWEST     70           600 PM
 AVERAGE    85

..........................................................


THE INTERNATIONAL FALLS MN CLIMATE NORMALS FOR TODAY
                         NORMAL    RECORD    YEAR
 MAXIMUM TEMPERATURE (F)   76        95      2003
                                             1955
 MINIMUM TEMPERATURE (F)   51        36      1910


SUNRISE AND SUNSET
AUGUST 18 2017........SUNRISE   612 AM CDT   SUNSET   822 PM CDT
AUGUST 19 2017........SUNRISE   613 AM CDT   SUNSET   820 PM CDT


-  INDICATES NEGATIVE NUMBERS.
R  INDICATES RECORD WAS SET OR TIED.
MM INDICATES DATA IS MISSING.
T  INDICATES TRACE AMOUNT.




$$
